Build Information
Failed to build PackageGeneratorPlugin, reference main (0b0914), with Swift 6.3 for Wasm on 7 Sep 2026 20:55:29 UTC.
Build Command
bash -c docker run --pull=always --rm -v "checkouts-54344849-0":/host -w "$PWD" -e JAVA_HOME="/root/.sdkman/candidates/java/current" -e SPI_BUILD="1" -e SPI_PROCESSING="1" registry.gitlab.com/saguaro1/spi-images:wasm-6.3-latest swift build --swift-sdk swift-6.3.2-RELEASE_wasm 2>&1Build Log
========================================
RunAll
========================================
Builder version: 5.0.2
Interrupt handler set up.
========================================
Checkout
========================================
Clone URL: https://github.com/mackoj/PackageGeneratorPlugin.git
Reference: main
Initialized empty Git repository in /host/spi-builder-workspace/.git/
hint: Using 'master' as the name for the initial branch. This default branch name
hint: is subject to change. To configure the initial branch name to use in all
hint: of your new repositories, which will suppress this warning, call:
hint:
hint: git config --global init.defaultBranch <name>
hint:
hint: Names commonly chosen instead of 'master' are 'main', 'trunk' and
hint: 'development'. The just-created branch can be renamed via this command:
hint:
hint: git branch -m <name>
From https://github.com/mackoj/PackageGeneratorPlugin
* branch main -> FETCH_HEAD
* [new branch] main -> origin/main
HEAD is now at 0b09143 Merge pull request #29 from mackoj/feat/product-name-override
Cloned https://github.com/mackoj/PackageGeneratorPlugin.git
Revision (git rev-parse @):
0b091434111e866c77ca0f46fe6c65114fb77066
SUCCESS checkout https://github.com/mackoj/PackageGeneratorPlugin.git at main
========================================
Build
========================================
Selected platform: wasm
Swift version: 6.3
Building package at path: $PWD
https://github.com/mackoj/PackageGeneratorPlugin.git
Running build ...
bash -c docker run --pull=always --rm -v "checkouts-54344849-0":/host -w "$PWD" -e JAVA_HOME="/root/.sdkman/candidates/java/current" -e SPI_BUILD="1" -e SPI_PROCESSING="1" registry.gitlab.com/saguaro1/spi-images:wasm-6.3-latest swift build --swift-sdk swift-6.3.2-RELEASE_wasm 2>&1
wasm-6.3-latest: Pulling from saguaro1/spi-images
Digest: sha256:e92e38b97676c18adb57b57429ddfb766786102cb50cb918e0d9e8055d05b35d
Status: Image is up to date for registry.gitlab.com/saguaro1/spi-images:wasm-6.3-latest
Fetching https://github.com/jpsim/Yams.git
[1/11861] Fetching yams
Fetched https://github.com/jpsim/Yams.git from cache (0.89s)
Computing version for https://github.com/jpsim/Yams.git
Computed https://github.com/jpsim/Yams.git at 6.2.2 (1.04s)
Creating working copy for https://github.com/jpsim/Yams.git
Working copy of https://github.com/jpsim/Yams.git resolved at 6.2.2
Downloading binary artifact https://github.com/mackoj/PackageGeneratorCLI/releases/download/0.7.0/package-generator-cli-arm64-apple-macosx.artifactbundle.zip
[770/3924491] Downloading https://github.com/mackoj/PackageGeneratorCLI/releases/download/0.7.0/package-generator-cli-arm64-apple-macosx.artifactbundle.zip
Downloaded https://github.com/mackoj/PackageGeneratorCLI/releases/download/0.7.0/package-generator-cli-arm64-apple-macosx.artifactbundle.zip (0.75s)
[1/1] Compiling plugin Package Generator
Building for debugging...
[1/26] Write sources
[4/26] Compiling reader.c
[5/26] Compiling writer.c
[6/26] Write sources
[7/26] Compiling parser.c
[8/26] Compiling writer.c
[9/26] Compiling api.c
[10/26] Write swift-version-24593BA9C3E375BF.txt
[11/26] Compiling reader.c
[12/26] Compiling emitter.c
[13/26] Compiling scanner.c
[14/26] Compiling emitter.c
[15/26] Compiling parser.c
[16/26] Compiling api.c
[17/46] Compiling scanner.c
[19/66] Emitting module Yams
[21/70] Compiling Yams Tag.swift
[22/70] Compiling Yams YamlAnchorProviding.swift
[23/70] Compiling Yams Mark.swift
[24/70] Compiling Yams Node.Alias.swift
[25/70] Compiling Yams Node.Mapping.swift
[26/70] Compiling Yams YamlError.swift
[27/70] Compiling Yams YamlTagProviding.swift
[31/70] Compiling Yams Parser.swift
/host/spi-builder-workspace/.build/checkouts/Yams/Sources/Yams/Representer.swift:342:45: error: cannot find 'DBL_DECIMAL_DIG' in scope
340 | // Since `NumberFormatter` creates a string with insufficient precision for Decode,
341 | // it uses with `String(format:...)`
342 | let string = String(format: "%.*g", DBL_DECIMAL_DIG, self)
| `- error: cannot find 'DBL_DECIMAL_DIG' in scope
343 | // "%*.g" does not use scientific notation if the exponent is less than –4.
344 | // So fallback to using `NumberFormatter` if string does not uses scientific notation.
[32/70] Compiling Yams RedundancyAliasingStrategy.swift
/host/spi-builder-workspace/.build/checkouts/Yams/Sources/Yams/Representer.swift:342:45: error: cannot find 'DBL_DECIMAL_DIG' in scope
340 | // Since `NumberFormatter` creates a string with insufficient precision for Decode,
341 | // it uses with `String(format:...)`
342 | let string = String(format: "%.*g", DBL_DECIMAL_DIG, self)
| `- error: cannot find 'DBL_DECIMAL_DIG' in scope
343 | // "%*.g" does not use scientific notation if the exponent is less than –4.
344 | // So fallback to using `NumberFormatter` if string does not uses scientific notation.
[33/70] Compiling Yams Representer.swift
/host/spi-builder-workspace/.build/checkouts/Yams/Sources/Yams/Representer.swift:342:45: error: cannot find 'DBL_DECIMAL_DIG' in scope
340 | // Since `NumberFormatter` creates a string with insufficient precision for Decode,
341 | // it uses with `String(format:...)`
342 | let string = String(format: "%.*g", DBL_DECIMAL_DIG, self)
| `- error: cannot find 'DBL_DECIMAL_DIG' in scope
343 | // "%*.g" does not use scientific notation if the exponent is less than –4.
344 | // So fallback to using `NumberFormatter` if string does not uses scientific notation.
[34/70] Compiling Yams Decoder.swift
[35/70] Compiling Yams Emitter.swift
[36/70] Compiling Yams Encoder.swift
[37/70] Compiling Yams AliasDereferencingStrategy.swift
[38/70] Compiling Yams Anchor.swift
[39/70] Compiling Yams Constructor.swift
[40/70] Compiling Yams Node.Scalar.swift
[41/70] Compiling Yams Node.Sequence.swift
[42/70] Compiling Yams Node.swift
[43/70] Compiling Yams Resolver.swift
[44/70] Compiling Yams String+Yams.swift
BUILD FAILURE 6.3 wasm