The Swift Package Index logo.Swift Package Index

Build Information

Failed to build OpenAIImages, reference main (09adc1), with Swift 6.4 for Android on 22 Sep 2026 16:39:44 UTC.

Build Command

bash -c docker run --pull=always --rm -v "checkouts-53886769-1":/host -w "$PWD" -e JAVA_HOME="/root/.sdkman/candidates/java/current" -e SPI_BUILD="1" -e SPI_PROCESSING="1" registry.gitlab.com/saguaro1/spi-images:android-6.4-latest swift build --swift-sdk aarch64-unknown-linux-android28 2>&1

Build Log

========================================
RunAll
========================================
Builder version: 5.1.0
Interrupt handler set up.
========================================
Checkout
========================================
Clone URL: https://github.com/m1guelpf/swift-openai-images.git
Reference: main
Initialized empty Git repository in /host/spi-builder-workspace/.git/
hint: Using 'master' as the name for the initial branch. This default branch name
hint: is subject to change. To configure the initial branch name to use in all
hint: of your new repositories, which will suppress this warning, call:
hint:
hint: 	git config --global init.defaultBranch <name>
hint:
hint: Names commonly chosen instead of 'master' are 'main', 'trunk' and
hint: 'development'. The just-created branch can be renamed via this command:
hint:
hint: 	git branch -m <name>
From https://github.com/m1guelpf/swift-openai-images
 * branch            main       -> FETCH_HEAD
 * [new branch]      main       -> origin/main
HEAD is now at 09adc16 api updates
Cloned https://github.com/m1guelpf/swift-openai-images.git
Revision (git rev-parse @):
09adc16cf4c3d1356f39998f1d7e0fcbba66a0b6
SPI manifest file found: $PWD/.spi.yml
SUCCESS checkout https://github.com/m1guelpf/swift-openai-images.git at main
========================================
Build
========================================
Selected platform:         android
Swift version:             6.4
Building package at path:  $PWD
https://github.com/m1guelpf/swift-openai-images.git
Running build ...
bash -c docker run --pull=always --rm -v "checkouts-53886769-1":/host -w "$PWD" -e JAVA_HOME="/root/.sdkman/candidates/java/current" -e SPI_BUILD="1" -e SPI_PROCESSING="1" registry.gitlab.com/saguaro1/spi-images:android-6.4-latest swift build --swift-sdk aarch64-unknown-linux-android28 2>&1
android-6.4-latest: Pulling from saguaro1/spi-images
Digest: sha256:abadcff584c273feba50641b454858d377ba30b35ea7287a94f45ebd8afd0ea0
Status: Image is up to date for registry.gitlab.com/saguaro1/spi-images:android-6.4-latest
Building for debugging...
[Planning deferred tasks]
error: SwiftCompile normal aarch64 failed with a nonzero exit code. Command line:     cd /host

/host/spi-builder-workspace/src/ImagesAPI.swift:7:23: error: cannot find type 'URLRequest' in scope
  5 | 	public enum Error: Swift.Error {
  6 | 		/// The provided request is invalid.
  7 | 		case invalidRequest(URLRequest)
    |                       `- error: cannot find type 'URLRequest' in scope
  8 |
  9 | 		/// The response was not a 200 or 400 status
/host/spi-builder-workspace/src/ImagesAPI.swift:10:24: error: 'URLResponse' is unavailable: This type has moved to the FoundationNetworking module. Import that module to use it.
  8 |
  9 | 		/// The response was not a 200 or 400 status
 10 | 		case invalidResponse(URLResponse)
    |                        `- error: 'URLResponse' is unavailable: This type has moved to the FoundationNetworking module. Import that module to use it.
 11 | 	}
 12 |
Foundation.URLResponse:2:18: note: 'URLResponse' has been explicitly marked unavailable here
1 | @available(*, unavailable, message: "This type has moved to the FoundationNetworking module. Import that module to use it.")
2 | public typealias URLResponse = AnyObject
  |                  `- note: 'URLResponse' has been explicitly marked unavailable here
/host/spi-builder-workspace/src/ImagesAPI.swift:10:8: warning: associated value 'invalidResponse' of 'Sendable'-conforming enum 'Error' has non-Sendable type 'AnyObject'
  8 |
  9 | 		/// The response was not a 200 or 400 status
 10 | 		case invalidResponse(URLResponse)
    |        `- warning: associated value 'invalidResponse' of 'Sendable'-conforming enum 'Error' has non-Sendable type 'AnyObject'
 11 | 	}
 12 |
/host/spi-builder-workspace/src/ImagesAPI.swift:13:23: error: cannot find type 'URLRequest' in scope
 11 | 	}
 12 |
 13 | 	private let request: URLRequest
    |                       `- error: cannot find type 'URLRequest' in scope
 14 |
 15 | 	private let encoder = {
/host/spi-builder-workspace/src/ImagesAPI.swift:32:36: error: cannot find type 'URLRequest' in scope
 30 | 	///
 31 | 	/// - Parameter request: The `URLRequest` to use for the API.
 32 | 	public init(connectingTo request: URLRequest) throws {
    |                                    `- error: cannot find type 'URLRequest' in scope
 33 | 		guard let url = request.url else { throw Error.invalidRequest(request) }
 34 |
/host/spi-builder-workspace/src/ImagesAPI.swift:217:21: error: cannot find type 'URLRequest' in scope
215 | 	///
216 | 	/// - Throws: If the request fails to send or has a non-200 status code.
217 | 	func send(request: URLRequest, expects statusCode: Int = 200) async throws -> Data {
    |                     `- error: cannot find type 'URLRequest' in scope
218 | 		let (data, res) = try await URLSession.shared.data(for: request)
219 |
/host/spi-builder-workspace/src/Support/FormData.swift:62:11: error: cannot find type 'URLRequest' in scope
60 | }
61 |
62 | extension URLRequest {
   |           `- error: cannot find type 'URLRequest' in scope
63 | 	mutating func attach(formData form: FormData) {
64 | 		httpBody = form.data
Failed frontend command:
/root/.local/share/swiftly/toolchains/6.4.x-snapshot-2026-09-04/usr/bin/swift-frontend -frontend -emit-module -experimental-skip-non-inlinable-function-bodies-without-types /host/spi-builder-workspace/src/ImagesAPI.swift /host/spi-builder-workspace/src/Models/CreateImageRequest.swift /host/spi-builder-workspace/src/Models/EditImageRequest.swift /host/spi-builder-workspace/src/Models/ErrorResponse.swift /host/spi-builder-workspace/src/Models/ImageBackground.swift /host/spi-builder-workspace/src/Models/ImageGenerationResponse.swift /host/spi-builder-workspace/src/Models/ImageModel.swift /host/spi-builder-workspace/src/Models/ImageOutputFormat.swift /host/spi-builder-workspace/src/Models/ImageQuality.swift /host/spi-builder-workspace/src/Models/ImageSize.swift /host/spi-builder-workspace/src/Support/FormData.swift -target aarch64-unknown-linux-android28 -Xllvm -aarch64-use-tbi -disable-objc-interop -sdk /android-ndk/android-ndk-r27d/toolchains/llvm/prebuilt/linux-x86_64/sysroot -sysroot /android-ndk/android-ndk-r27d/toolchains/llvm/prebuilt/linux-x86_64/sysroot -I /host/spi-builder-workspace/.build/out/Products/Debug-android-aarch64 -module-cache-path /host/spi-builder-workspace/.build/out/ModuleCache.noindex -color-diagnostics -Xcc -fcolor-diagnostics -enable-testing -g -debug-info-format\=dwarf -dwarf-version\=4 -swift-version 6 -Onone -D SWIFT_PACKAGE -D DEBUG -D SWIFT_MODULE_RESOURCE_BUNDLE_UNAVAILABLE -D Xcode -serialize-debugging-options -enable-experimental-feature DebugDescriptionMacro -empty-abi-descriptor -external-plugin-path /root/.local/share/swiftly/toolchains/6.4.x-snapshot-2026-09-04/usr/lib/swift/host/plugins/testing\#/root/.local/share/swiftly/toolchains/6.4.x-snapshot-2026-09-04/usr/bin/swift-plugin-server -validate-clang-modules-once -clang-build-session-file /host/spi-builder-workspace/.build/out/ModuleCache.noindex/Session.modulevalidation -Xcc -working-directory -Xcc /host -resource-dir /root/.swiftpm/swift-sdks/swift-6.4.x-DEVELOPMENT-SNAPSHOT-2026-09-04-a_android.artifactbundle/swift-android/swift-resources/usr/lib/swift-aarch64 -enable-anonymous-context-mangled-names -file-compilation-dir /host -Xcc -resource-dir -Xcc /android-ndk/android-ndk-r27d/toolchains/llvm/prebuilt/linux-x86_64/lib/clang/18 -Xcc -fno-omit-frame-pointer -Xcc -D_LIBCPP_HARDENING_MODE\=_LIBCPP_HARDENING_MODE_DEBUG -Xcc -fmodules-prune-interval\=86400 -Xcc -fmodules-prune-after\=345600 -Xcc -I/host/spi-builder-workspace/.build/out/Products/Debug-android-aarch64/include -Xcc -I/host/spi-builder-workspace/.build/out/Intermediates.noindex/OpenAIImages.build/Debug-android-aarch64/OpenAIImages-t.build/DerivedSources-normal/aarch64 -Xcc -I/host/spi-builder-workspace/.build/out/Intermediates.noindex/OpenAIImages.build/Debug-android-aarch64/OpenAIImages-t.build/DerivedSources/aarch64 -Xcc -I/host/spi-builder-workspace/.build/out/Intermediates.noindex/OpenAIImages.build/Debug-android-aarch64/OpenAIImages-t.build/DerivedSources -Xcc -DSWIFT_PACKAGE -Xcc -DDEBUG\=1 -no-auto-bridging-header-chaining -module-name OpenAIImages -package-name spi_builder_workspace -const-gather-protocols-file /host/spi-builder-workspace/.build/out/Intermediates.noindex/OpenAIImages.build/Debug-android-aarch64/OpenAIImages-t.build/Objects-normal/aarch64/OpenAIImages_const_extract_protocols.json -in-process-plugin-server-path /root/.local/share/swiftly/toolchains/6.4.x-snapshot-2026-09-04/usr/lib/swift/host/libSwiftInProcPluginServer.so -plugin-path /root/.local/share/swiftly/toolchains/6.4.x-snapshot-2026-09-04/usr/lib/swift/host/plugins -plugin-path /root/.local/share/swiftly/toolchains/6.4.x-snapshot-2026-09-04/usr/local/lib/swift/host/plugins -emit-module-doc-path /host/spi-builder-workspace/.build/out/Intermediates.noindex/OpenAIImages.build/Debug-android-aarch64/OpenAIImages-t.build/Objects-normal/aarch64/Modules/OpenAIImages.swiftdoc -emit-module-source-info-path /host/spi-builder-workspace/.build/out/Intermediates.noindex/OpenAIImages.build/Debug-android-aarch64/OpenAIImages-t.build/Objects-normal/aarch64/Modules/OpenAIImages.swiftsourceinfo -emit-objc-header-path /host/spi-builder-workspace/.build/out/Intermediates.noindex/OpenAIImages.build/Debug-android-aarch64/OpenAIImages-t.build/Objects-normal/aarch64/OpenAIImages-Swift.h -serialize-diagnostics-path /host/spi-builder-workspace/.build/out/Intermediates.noindex/OpenAIImages.build/Debug-android-aarch64/OpenAIImages-t.build/Objects-normal/aarch64/OpenAIImages-primary-emit-module.dia -emit-dependencies-path /host/spi-builder-workspace/.build/out/Intermediates.noindex/OpenAIImages.build/Debug-android-aarch64/OpenAIImages-t.build/Objects-normal/aarch64/OpenAIImages-primary-emit-module.d -parse-as-library -o /host/spi-builder-workspace/.build/out/Intermediates.noindex/OpenAIImages.build/Debug-android-aarch64/OpenAIImages-t.build/Objects-normal/aarch64/Modules/OpenAIImages.swiftmodule
error: Build failed
BUILD FAILURE 6.4 android