The Swift Package Index logo.Swift Package Index

Build Information

Failed to build AsyncMux, reference main (63fba1), with Swift 6.2 for Wasm on 20 Aug 2026 14:13:05 UTC.

Build Command

bash -c docker run --pull=always --rm -v "checkouts-53886770-1":/host -w "$PWD" -e JAVA_HOME="/root/.sdkman/candidates/java/current" -e SPI_BUILD="1" -e SPI_PROCESSING="1" registry.gitlab.com/saguaro1/spi-images:wasm-6.2-latest swift build --swift-sdk swift-6.2-RELEASE_wasm 2>&1

Build Log

========================================
RunAll
========================================
Builder version: 5.0.2
Interrupt handler set up.
========================================
Checkout
========================================
Clone URL: https://github.com/crontab/AsyncMux.git
Reference: main
Initialized empty Git repository in /host/spi-builder-workspace/.git/
hint: Using 'master' as the name for the initial branch. This default branch name
hint: is subject to change. To configure the initial branch name to use in all
hint: of your new repositories, which will suppress this warning, call:
hint:
hint: 	git config --global init.defaultBranch <name>
hint:
hint: Names commonly chosen instead of 'master' are 'main', 'trunk' and
hint: 'development'. The just-created branch can be renamed via this command:
hint:
hint: 	git branch -m <name>
From https://github.com/crontab/AsyncMux
 * branch            main       -> FETCH_HEAD
 * [new branch]      main       -> origin/main
HEAD is now at 63fba1d Fixed an age-old bug with refresh(): don't touch the memory cache
Cloned https://github.com/crontab/AsyncMux.git
Revision (git rev-parse @):
63fba1d280bc7f16dd18599507ab5f4607fe03ac
SUCCESS checkout https://github.com/crontab/AsyncMux.git at main
========================================
Build
========================================
Selected platform:         wasm
Swift version:             6.2
Building package at path:  $PWD
https://github.com/crontab/AsyncMux.git
Running build ...
bash -c docker run --pull=always --rm -v "checkouts-53886770-1":/host -w "$PWD" -e JAVA_HOME="/root/.sdkman/candidates/java/current" -e SPI_BUILD="1" -e SPI_PROCESSING="1" registry.gitlab.com/saguaro1/spi-images:wasm-6.2-latest swift build --swift-sdk swift-6.2-RELEASE_wasm 2>&1
wasm-6.2-latest: Pulling from saguaro1/spi-images
Digest: sha256:70428a4f4110aef5b17a27427e965f31cf3855e8cf1dfdc416ed61c780337965
Status: Image is up to date for registry.gitlab.com/saguaro1/spi-images:wasm-6.2-latest
Building for debugging...
[0/2] Write sources
[1/2] Write swift-version-24593BA9C3E375BF.txt
[3/11] Compiling AsyncMux MuxRepository.swift
/host/spi-builder-workspace/AsyncMux/Sources/AsyncUtils.swift:9:8: error: no such module 'CryptoKit'
 7 |
 8 | import Foundation
 9 | import CryptoKit
   |        `- error: no such module 'CryptoKit'
10 |
11 |
[4/11] Compiling AsyncMux MuxCacher.swift
/host/spi-builder-workspace/AsyncMux/Sources/AsyncUtils.swift:9:8: error: no such module 'CryptoKit'
 7 |
 8 | import Foundation
 9 | import CryptoKit
   |        `- error: no such module 'CryptoKit'
10 |
11 |
[5/12] Compiling AsyncMux MultiplexerMap.swift
/host/spi-builder-workspace/AsyncMux/Sources/AsyncUtils.swift:9:8: error: no such module 'CryptoKit'
 7 |
 8 | import Foundation
 9 | import CryptoKit
   |        `- error: no such module 'CryptoKit'
10 |
11 |
[6/12] Compiling AsyncMux Multiplexer.swift
/host/spi-builder-workspace/AsyncMux/Sources/AsyncUtils.swift:9:8: error: no such module 'CryptoKit'
 7 |
 8 | import Foundation
 9 | import CryptoKit
   |        `- error: no such module 'CryptoKit'
10 |
11 |
[7/12] Compiling AsyncMux MultiRequester.swift
/host/spi-builder-workspace/AsyncMux/Sources/AsyncUtils.swift:9:8: error: no such module 'CryptoKit'
 7 |
 8 | import Foundation
 9 | import CryptoKit
   |        `- error: no such module 'CryptoKit'
10 |
11 |
[8/12] Compiling AsyncMux Zip.swift
/host/spi-builder-workspace/AsyncMux/Sources/AsyncUtils.swift:9:8: error: no such module 'CryptoKit'
 7 |
 8 | import Foundation
 9 | import CryptoKit
   |        `- error: no such module 'CryptoKit'
10 |
11 |
error: emit-module command failed with exit code 1 (use -v to see invocation)
[9/12] Compiling AsyncMux AsyncUtils.swift
/host/spi-builder-workspace/AsyncMux/Sources/AsyncUtils.swift:9:8: error: no such module 'CryptoKit'
 7 |
 8 | import Foundation
 9 | import CryptoKit
   |        `- error: no such module 'CryptoKit'
10 |
11 |
[10/12] Emitting module AsyncMux
/host/spi-builder-workspace/AsyncMux/Sources/AsyncUtils.swift:9:8: error: no such module 'CryptoKit'
 7 |
 8 | import Foundation
 9 | import CryptoKit
   |        `- error: no such module 'CryptoKit'
10 |
11 |
[11/12] Compiling AsyncMux AsyncError.swift
/host/spi-builder-workspace/AsyncMux/Sources/AsyncUtils.swift:9:8: error: no such module 'CryptoKit'
 7 |
 8 | import Foundation
 9 | import CryptoKit
   |        `- error: no such module 'CryptoKit'
10 |
11 |
[12/12] Compiling AsyncMux AsyncMedia.swift
/host/spi-builder-workspace/AsyncMux/Sources/AsyncUtils.swift:9:8: error: no such module 'CryptoKit'
 7 |
 8 | import Foundation
 9 | import CryptoKit
   |        `- error: no such module 'CryptoKit'
10 |
11 |
BUILD FAILURE 6.2 wasm