The Swift Package Index logo.Swift Package Index

Build Information

Failed to build DeviceKit, reference master (19528a), with Swift 6.3 for Android on 28 Sep 2026 21:48:19 UTC.

Build Command

bash -c docker run --pull=always --rm -v "checkouts-53886770-0":/host -w "$PWD" -e JAVA_HOME="/root/.sdkman/candidates/java/current" -e SPI_BUILD="1" -e SPI_PROCESSING="1" registry.gitlab.com/saguaro1/spi-images:android-6.3-latest swift build --swift-sdk aarch64-unknown-linux-android28 2>&1

Build Log

========================================
RunAll
========================================
Builder version: 5.1.0
Interrupt handler set up.
========================================
Checkout
========================================
Clone URL: https://github.com/devicekit/DeviceKit.git
Reference: master
Initialized empty Git repository in /host/spi-builder-workspace/.git/
hint: Using 'master' as the name for the initial branch. This default branch name
hint: is subject to change. To configure the initial branch name to use in all
hint: of your new repositories, which will suppress this warning, call:
hint:
hint: 	git config --global init.defaultBranch <name>
hint:
hint: Names commonly chosen instead of 'master' are 'main', 'trunk' and
hint: 'development'. The just-created branch can be renamed via this command:
hint:
hint: 	git branch -m <name>
From https://github.com/devicekit/DeviceKit
 * branch            master     -> FETCH_HEAD
 * [new branch]      master     -> origin/master
HEAD is now at 19528aa Version bump. (v5.9.0) (#515)
Cloned https://github.com/devicekit/DeviceKit.git
Revision (git rev-parse @):
19528aa07e1426626ea9fb2c4a161edf43c4f9e8
SUCCESS checkout https://github.com/devicekit/DeviceKit.git at master
========================================
Build
========================================
Selected platform:         android
Swift version:             6.3
Building package at path:  $PWD
https://github.com/devicekit/DeviceKit.git
Running build ...
bash -c docker run --pull=always --rm -v "checkouts-53886770-0":/host -w "$PWD" -e JAVA_HOME="/root/.sdkman/candidates/java/current" -e SPI_BUILD="1" -e SPI_PROCESSING="1" registry.gitlab.com/saguaro1/spi-images:android-6.3-latest swift build --swift-sdk aarch64-unknown-linux-android28 2>&1
android-6.3-latest: Pulling from saguaro1/spi-images
Digest: sha256:8ca9e1e6d70fd53f5b05e4f64d92569d697563f7f457a1485802bc9eb2cd1382
Status: Image is up to date for registry.gitlab.com/saguaro1/spi-images:android-6.3-latest
Building for debugging...
[0/3] Copying PrivacyInfo.xcprivacy
[1/3] Write sources
[2/3] Write swift-version-272D24FF697CF451.txt
error: emit-module command failed with exit code 1 (use -v to see invocation)
[4/6] Compiling DeviceKit resource_bundle_accessor.swift
[5/6] Emitting module DeviceKit
/host/spi-builder-workspace/Source/Device.generated.swift:568:22: error: cannot find 'utsname' in scope
 566 |   /// Gets the identifier from the system, such as "iPhone7,1".
 567 |   public static var identifier: String = {
 568 |     var systemInfo = utsname()
     |                      `- error: cannot find 'utsname' in scope
 569 |     uname(&systemInfo)
 570 |     let mirror = Mirror(reflecting: systemInfo.machine)
/host/spi-builder-workspace/Source/Device.generated.swift:569:5: error: cannot find 'uname' in scope
 567 |   public static var identifier: String = {
 568 |     var systemInfo = utsname()
 569 |     uname(&systemInfo)
     |     `- error: cannot find 'uname' in scope
 570 |     let mirror = Mirror(reflecting: systemInfo.machine)
 571 |
[6/6] Compiling DeviceKit Device.generated.swift
/host/spi-builder-workspace/Source/Device.generated.swift:568:22: error: cannot find 'utsname' in scope
 566 |   /// Gets the identifier from the system, such as "iPhone7,1".
 567 |   public static var identifier: String = {
 568 |     var systemInfo = utsname()
     |                      `- error: cannot find 'utsname' in scope
 569 |     uname(&systemInfo)
 570 |     let mirror = Mirror(reflecting: systemInfo.machine)
/host/spi-builder-workspace/Source/Device.generated.swift:569:5: error: cannot find 'uname' in scope
 567 |   public static var identifier: String = {
 568 |     var systemInfo = utsname()
 569 |     uname(&systemInfo)
     |     `- error: cannot find 'uname' in scope
 570 |     let mirror = Mirror(reflecting: systemInfo.machine)
 571 |
/host/spi-builder-workspace/Source/Device.generated.swift:2510:12: error: 'ProcessInfo' initializer is inaccessible due to 'internal' protection level
2508 |   public var thermalState: ThermalState? {
2509 |     guard isCurrent else { return nil }
2510 |     switch ProcessInfo().thermalState {
     |            `- error: 'ProcessInfo' initializer is inaccessible due to 'internal' protection level
2511 |       case .nominal:
2512 |         return .nominal
FoundationEssentials.ProcessInfo.init:2:10: note: 'init()' declared here
1 | class ProcessInfo {
2 | internal init()}
  |          `- note: 'init()' declared here
3 |
/host/spi-builder-workspace/Source/Device.generated.swift:2510:26: error: value of type 'ProcessInfo' has no member 'thermalState'
2508 |   public var thermalState: ThermalState? {
2509 |     guard isCurrent else { return nil }
2510 |     switch ProcessInfo().thermalState {
     |                          `- error: value of type 'ProcessInfo' has no member 'thermalState'
2511 |       case .nominal:
2512 |         return .nominal
BUILD FAILURE 6.3 android