Build Information
Failed to build Nextbike, reference master (4066a8), with Swift 6.4 for macOS (Xcode) using Xcode 27.0 on 21 Sep 2026 03:10:41 UTC.
Build Command
env DEVELOPER_DIR=/Applications/Xcode-27.0.0-Release.Candidate.app xcrun xcodebuild -IDEClonedSourcePackagesDirPathOverride=$PWD/.dependencies -skipMacroValidation -skipPackagePluginValidation -derivedDataPath $PWD/.derivedData build -scheme Nextbike-Package -destination platform=macOS,arch=arm64Build Log
========================================
RunAll
========================================
Builder version: 5.1.0
Interrupt handler set up.
========================================
Checkout
========================================
Clone URL: https://github.com/kiliankoe/Nextbike.git
Reference: master
Initialized empty Git repository in /Users/admin/builder/spi-builder-workspace/.git/
From https://github.com/kiliankoe/Nextbike
* branch master -> FETCH_HEAD
* [new branch] master -> origin/master
HEAD is now at 4066a8f Add links to API documentations
Cloned https://github.com/kiliankoe/Nextbike.git
Revision (git rev-parse @):
4066a8f2a466703803590a1cd347d4aa8876c1e9
SUCCESS checkout https://github.com/kiliankoe/Nextbike.git at master
========================================
Build
========================================
Selected platform: macosXcodebuild
Swift version: 6.4
Building package at path: $PWD
https://github.com/kiliankoe/Nextbike.git
Command line invocation:
/Applications/Xcode-27.0.0-Release.Candidate.app/Contents/Developer/usr/bin/xcodebuild -IDEClonedSourcePackagesDirPathOverride=/Users/admin/builder/spi-builder-workspace/.dependencies -resolvePackageDependencies
Resolve Package Graph
Fetching from https://github.com/Flight-School/AnyCodable
Creating working copy of package ‘AnyCodable’
Checking out 0.6.7 of package ‘AnyCodable’
Resolved source packages:
AnyCodable: https://github.com/Flight-School/AnyCodable @ 0.6.7
resolved source packages: AnyCodable
{
"dependencies" : [
{
"identity" : "anycodable",
"requirement" : {
"range" : [
{
"lower_bound" : "0.6.0",
"upper_bound" : "1.0.0"
}
]
},
"type" : "sourceControl",
"url" : "https://github.com/Flight-School/AnyCodable"
}
],
"manifest_display_name" : "Nextbike",
"name" : "Nextbike",
"path" : "/Users/admin/builder/spi-builder-workspace",
"platforms" : [
{
"name" : "macos",
"version" : "10.15"
},
{
"name" : "ios",
"version" : "13.0"
}
],
"products" : [
{
"name" : "Nextbike",
"targets" : [
"Nextbike"
],
"type" : {
"library" : [
"automatic"
]
}
}
],
"targets" : [
{
"c99name" : "NextbikeTests",
"module_type" : "SwiftTarget",
"name" : "NextbikeTests",
"path" : "Tests/NextbikeTests",
"sources" : [
"NextbikeTests.swift"
],
"target_dependencies" : [
"Nextbike"
],
"type" : "test"
},
{
"c99name" : "Nextbike",
"module_type" : "SwiftTarget",
"name" : "Nextbike",
"path" : "Sources/Nextbike",
"product_dependencies" : [
"AnyCodable"
],
"product_memberships" : [
"Nextbike"
],
"sources" : [
"Endpoints/Bikes.swift",
"Endpoints/Maps.swift",
"Models/City.swift",
"Models/Country.swift",
"Models/FlexzoneResponse.swift",
"Models/Place.swift",
"Network/Endpoint.swift",
"Network/NetworkManager.swift",
"Nextbike.swift"
],
"type" : "library"
}
],
"tools_version" : "5.2"
}
{
"project" : {
"configurations" : [
"Debug",
"Release"
],
"name" : "Nextbike",
"schemes" : [
"Nextbike-Package"
],
"targets" : [
"NextbikeTests",
"Nextbike"
]
}
}
Running build ...
env DEVELOPER_DIR=/Applications/Xcode-27.0.0-Release.Candidate.app xcrun xcodebuild -IDEClonedSourcePackagesDirPathOverride=$PWD/.dependencies -skipMacroValidation -skipPackagePluginValidation -derivedDataPath $PWD/.derivedData build -scheme Nextbike-Package -destination platform=macOS,arch=arm64
Command line invocation:
/Applications/Xcode-27.0.0-Release.Candidate.app/Contents/Developer/usr/bin/xcodebuild -IDEClonedSourcePackagesDirPathOverride=/Users/admin/builder/spi-builder-workspace/.dependencies -skipMacroValidation -skipPackagePluginValidation -derivedDataPath /Users/admin/builder/spi-builder-workspace/.derivedData build -scheme Nextbike-Package -destination platform=macOS,arch=arm64
Resolve Package Graph
Resolved source packages:
AnyCodable: https://github.com/Flight-School/AnyCodable @ 0.6.7
ComputePackagePrebuildTargetDependencyGraph
Prepare packages
CreateBuildRequest
SendProjectDescription
CreateBuildOperation
ComputeTargetDependencyGraph
note: Building targets in dependency order
note: Target dependency graph (3 targets)
Target 'Nextbike' in project 'Nextbike'
➜ Explicit dependency on target 'AnyCodable-product' in project 'AnyCodable'
Target 'AnyCodable-product' in project 'AnyCodable'
➜ Explicit dependency on target 'AnyCodable' in project 'AnyCodable'
Target 'AnyCodable' in project 'AnyCodable' (no dependencies)
GatherProvisioningInputs
CreateBuildDescription
ExecuteExternalTool /Applications/Xcode-27.0.0-Release.Candidate.app/Contents/Developer/Toolchains/XcodeDefault.xctoolchain/usr/bin/swiftc --version
ExecuteExternalTool /Applications/Xcode-27.0.0-Release.Candidate.app/Contents/Developer/Toolchains/XcodeDefault.xctoolchain/usr/bin/clang -v -E -dM -isysroot /Applications/Xcode-27.0.0-Release.Candidate.app/Contents/Developer/Platforms/MacOSX.platform/Developer/SDKs/MacOSX27.0.sdk -x c -c /dev/null
ExecuteExternalTool /Applications/Xcode-27.0.0-Release.Candidate.app/Contents/Developer/Toolchains/XcodeDefault.xctoolchain/usr/bin/ld -version_details
Build description signature: 786b4ea83bbee32e3f4b18a0752e3d23
Build description path: /Users/admin/builder/spi-builder-workspace/.derivedData/Build/Intermediates.noindex/XCBuildData/786b4ea83bbee32e3f4b18a0752e3d23.xcbuilddata
/Users/admin/builder/spi-builder-workspace/Nextbike.xcodeproj: error: The macOS deployment target 'MACOSX_DEPLOYMENT_TARGET' is set to 11.0, but the range of supported deployment target versions is 12.0 to 27.0.x. (in target 'Nextbike' from project 'Nextbike')
** BUILD FAILED **
The following build commands failed:
Building project Nextbike with scheme Nextbike-Package
(1 failure)
Command line invocation:
/Applications/Xcode-27.0.0-Release.Candidate.app/Contents/Developer/usr/bin/xcodebuild -IDEClonedSourcePackagesDirPathOverride=/Users/admin/builder/spi-builder-workspace/.dependencies -resolvePackageDependencies
Resolve Package Graph
Resolved source packages:
AnyCodable: https://github.com/Flight-School/AnyCodable @ 0.6.7
resolved source packages: AnyCodable
{
"dependencies" : [
{
"identity" : "anycodable",
"requirement" : {
"range" : [
{
"lower_bound" : "0.6.0",
"upper_bound" : "1.0.0"
}
]
},
"type" : "sourceControl",
"url" : "https://github.com/Flight-School/AnyCodable"
}
],
"manifest_display_name" : "Nextbike",
"name" : "Nextbike",
"path" : "/Users/admin/builder/spi-builder-workspace",
"platforms" : [
{
"name" : "macos",
"version" : "10.15"
},
{
"name" : "ios",
"version" : "13.0"
}
],
"products" : [
{
"name" : "Nextbike",
"targets" : [
"Nextbike"
],
"type" : {
"library" : [
"automatic"
]
}
}
],
"targets" : [
{
"c99name" : "NextbikeTests",
"module_type" : "SwiftTarget",
"name" : "NextbikeTests",
"path" : "Tests/NextbikeTests",
"sources" : [
"NextbikeTests.swift"
],
"target_dependencies" : [
"Nextbike"
],
"type" : "test"
},
{
"c99name" : "Nextbike",
"module_type" : "SwiftTarget",
"name" : "Nextbike",
"path" : "Sources/Nextbike",
"product_dependencies" : [
"AnyCodable"
],
"product_memberships" : [
"Nextbike"
],
"sources" : [
"Endpoints/Bikes.swift",
"Endpoints/Maps.swift",
"Models/City.swift",
"Models/Country.swift",
"Models/FlexzoneResponse.swift",
"Models/Place.swift",
"Network/Endpoint.swift",
"Network/NetworkManager.swift",
"Nextbike.swift"
],
"type" : "library"
}
],
"tools_version" : "5.2"
}
{
"project" : {
"configurations" : [
"Debug",
"Release"
],
"name" : "Nextbike",
"schemes" : [
"Nextbike-Package"
],
"targets" : [
"NextbikeTests",
"Nextbike"
]
}
}
Running build ...
env DEVELOPER_DIR=/Applications/Xcode-27.0.0-Release.Candidate.app xcrun xcodebuild -IDEClonedSourcePackagesDirPathOverride=$PWD/.dependencies -skipMacroValidation -skipPackagePluginValidation -derivedDataPath $PWD/.derivedData build -scheme Nextbike-Package -destination platform=macOS,arch=arm64
Command line invocation:
/Applications/Xcode-27.0.0-Release.Candidate.app/Contents/Developer/usr/bin/xcodebuild -IDEClonedSourcePackagesDirPathOverride=/Users/admin/builder/spi-builder-workspace/.dependencies -skipMacroValidation -skipPackagePluginValidation -derivedDataPath /Users/admin/builder/spi-builder-workspace/.derivedData build -scheme Nextbike-Package -destination platform=macOS,arch=arm64
Resolve Package Graph
Resolved source packages:
AnyCodable: https://github.com/Flight-School/AnyCodable @ 0.6.7
ComputePackagePrebuildTargetDependencyGraph
Prepare packages
CreateBuildRequest
SendProjectDescription
CreateBuildOperation
ComputeTargetDependencyGraph
note: Building targets in dependency order
note: Target dependency graph (3 targets)
Target 'Nextbike' in project 'Nextbike'
➜ Explicit dependency on target 'AnyCodable-product' in project 'AnyCodable'
Target 'AnyCodable-product' in project 'AnyCodable'
➜ Explicit dependency on target 'AnyCodable' in project 'AnyCodable'
Target 'AnyCodable' in project 'AnyCodable' (no dependencies)
GatherProvisioningInputs
CreateBuildDescription
/Users/admin/builder/spi-builder-workspace/Nextbike.xcodeproj: error: The macOS deployment target 'MACOSX_DEPLOYMENT_TARGET' is set to 11.0, but the range of supported deployment target versions is 12.0 to 27.0.x. (in target 'Nextbike' from project 'Nextbike')
** BUILD FAILED **
The following build commands failed:
Building project Nextbike with scheme Nextbike-Package
(1 failure)
BUILD FAILURE 6.4 macosXcodebuild