The Swift Package Index logo.Swift Package Index

Build Information

Failed to build ObjectArchiveKit, reference main (96d782), with Swift 6.4 for Wasm on 24 Sep 2026 14:51:48 UTC.

Build Command

bash -c docker run --pull=always --rm -v "checkouts-54344845-0":/host -w "$PWD" -e JAVA_HOME="/root/.sdkman/candidates/java/current" -e SPI_BUILD="1" -e SPI_PROCESSING="1" registry.gitlab.com/saguaro1/spi-images:wasm-6.4-latest swift build --swift-sdk swift-6.4.x-DEVELOPMENT-SNAPSHOT-2026-09-04-a_wasm 2>&1

Build Log

========================================
RunAll
========================================
Builder version: 5.1.0
Interrupt handler set up.
========================================
Checkout
========================================
Clone URL: https://github.com/p-x9/ObjectArchiveKit.git
Reference: main
Initialized empty Git repository in /host/spi-builder-workspace/.git/
hint: Using 'master' as the name for the initial branch. This default branch name
hint: is subject to change. To configure the initial branch name to use in all
hint: of your new repositories, which will suppress this warning, call:
hint:
hint: 	git config --global init.defaultBranch <name>
hint:
hint: Names commonly chosen instead of 'master' are 'main', 'trunk' and
hint: 'development'. The just-created branch can be renamed via this command:
hint:
hint: 	git branch -m <name>
From https://github.com/p-x9/ObjectArchiveKit
 * branch            main       -> FETCH_HEAD
 * [new branch]      main       -> origin/main
HEAD is now at 96d782a Merge pull request #5 from asevko/fix-linux-compilation
Cloned https://github.com/p-x9/ObjectArchiveKit.git
Revision (git rev-parse @):
96d782a576273b73b277b577943a2a25b00b919e
SUCCESS checkout https://github.com/p-x9/ObjectArchiveKit.git at main
========================================
Build
========================================
Selected platform:         wasm
Swift version:             6.4
Building package at path:  $PWD
https://github.com/p-x9/ObjectArchiveKit.git
Running build ...
bash -c docker run --pull=always --rm -v "checkouts-54344845-0":/host -w "$PWD" -e JAVA_HOME="/root/.sdkman/candidates/java/current" -e SPI_BUILD="1" -e SPI_PROCESSING="1" registry.gitlab.com/saguaro1/spi-images:wasm-6.4-latest swift build --swift-sdk swift-6.4.x-DEVELOPMENT-SNAPSHOT-2026-09-04-a_wasm 2>&1
wasm-6.4-latest: Pulling from saguaro1/spi-images
Digest: sha256:4328fdb43c680d205c1d6761b1e3267aa38277eefdda9ddfb17b6a0f1a77857a
Status: Image is up to date for registry.gitlab.com/saguaro1/spi-images:wasm-6.4-latest
Fetching https://github.com/p-x9/swift-binary-parse-support.git
Fetching https://github.com/p-x9/swift-fileio-extra.git
Fetching https://github.com/p-x9/swift-fileio.git
[1/86] Fetching swift-fileio-extra
[87/328] Fetching swift-fileio-extra, swift-binary-parse-support
Fetched https://github.com/p-x9/swift-fileio-extra.git (0.47s)
[95/242] Fetching swift-binary-parse-support
[195/897] Fetching swift-binary-parse-support, swift-fileio
Fetched https://github.com/p-x9/swift-fileio.git (0.52s)
Fetched https://github.com/p-x9/swift-binary-parse-support.git (0.52s)
Computing version for https://github.com/p-x9/swift-binary-parse-support.git
Computed https://github.com/p-x9/swift-binary-parse-support.git at 0.2.1 (0.69s)
Computing version for https://github.com/p-x9/swift-fileio-extra.git
Computed https://github.com/p-x9/swift-fileio-extra.git at 0.3.0 (0.19s)
Computing version for https://github.com/p-x9/swift-fileio.git
Computed https://github.com/p-x9/swift-fileio.git at 0.15.1 (0.15s)
Creating working copy for https://github.com/p-x9/swift-binary-parse-support.git
Working copy of https://github.com/p-x9/swift-binary-parse-support.git resolved at 0.2.1
Creating working copy for https://github.com/p-x9/swift-fileio-extra.git
Working copy of https://github.com/p-x9/swift-fileio-extra.git resolved at 0.3.0
Creating working copy for https://github.com/p-x9/swift-fileio.git
Working copy of https://github.com/p-x9/swift-fileio.git resolved at 0.15.1
Building for debugging...
[Computing dependencies]
[Pre-planning 1 / 186]
error: SwiftCompile normal wasm32 failed with a nonzero exit code. Command line:     cd /host

/root/.swiftpm/swift-sdks/swift-6.4.x-DEVELOPMENT-SNAPSHOT-2026-09-04-a_wasm.artifactbundle/swift-6.4.x-DEVELOPMENT-SNAPSHOT-2026-09-04-a_wasm/wasm32-unknown-wasip1/swift.xctoolchain/usr/lib/swift_static/CoreFoundation/CoreFoundation.h:28:10: note: while building module 'wasi_emulated_signal' imported from /root/.swiftpm/swift-sdks/swift-6.4.x-DEVELOPMENT-SNAPSHOT-2026-09-04-a_wasm.artifactbundle/swift-6.4.x-DEVELOPMENT-SNAPSHOT-2026-09-04-a_wasm/wasm32-unknown-wasip1/swift.xctoolchain/usr/lib/swift_static/CoreFoundation/CoreFoundation.h:28:
 26 | #include <setjmp.h>
 27 | #endif
 28 | #include <signal.h>
    |          `- note: while building module 'wasi_emulated_signal' imported from /root/.swiftpm/swift-sdks/swift-6.4.x-DEVELOPMENT-SNAPSHOT-2026-09-04-a_wasm.artifactbundle/swift-6.4.x-DEVELOPMENT-SNAPSHOT-2026-09-04-a_wasm/wasm32-unknown-wasip1/swift.xctoolchain/usr/lib/swift_static/CoreFoundation/CoreFoundation.h:28:
 29 | #include <stddef.h>
 30 | #include <stdio.h>
<module-includes>:1:10: note: in file included from <module-includes>:1:
1 | #include "signal.h"
  |          `- note: in file included from <module-includes>:1:
2 |
/root/.swiftpm/swift-sdks/swift-6.4.x-DEVELOPMENT-SNAPSHOT-2026-09-04-a_wasm.artifactbundle/swift-6.4.x-DEVELOPMENT-SNAPSHOT-2026-09-04-a_wasm/wasm32-unknown-wasip1/WASI.sdk/include/wasm32-wasip1/signal.h:2:2: error: "wasm lacks signal support; to enable minimal signal emulation, compile with -D_WASI_EMULATED_SIGNAL and link with -lwasi-emulated-signal"
  1 | #ifndef _WASI_EMULATED_SIGNAL
  2 | #error "wasm lacks signal support; to enable minimal signal emulation, \
    |  `- error: "wasm lacks signal support; to enable minimal signal emulation, compile with -D_WASI_EMULATED_SIGNAL and link with -lwasi-emulated-signal"
  3 | compile with -D_WASI_EMULATED_SIGNAL and link with -lwasi-emulated-signal"
  4 | #else
<module-includes>:1:10: note: in file included from <module-includes>:1:
1 | #include "CoreFoundation.h"
  |          `- note: in file included from <module-includes>:1:
2 |
/root/.swiftpm/swift-sdks/swift-6.4.x-DEVELOPMENT-SNAPSHOT-2026-09-04-a_wasm.artifactbundle/swift-6.4.x-DEVELOPMENT-SNAPSHOT-2026-09-04-a_wasm/wasm32-unknown-wasip1/swift.xctoolchain/usr/lib/swift_static/CoreFoundation/CoreFoundation.h:28:10: error: could not build module 'wasi_emulated_signal'
 26 | #include <setjmp.h>
 27 | #endif
 28 | #include <signal.h>
    |          `- error: could not build module 'wasi_emulated_signal'
 29 | #include <stddef.h>
 30 | #include <stdio.h>
/root/.swiftpm/swift-sdks/swift-6.4.x-DEVELOPMENT-SNAPSHOT-2026-09-04-a_wasm.artifactbundle/swift-6.4.x-DEVELOPMENT-SNAPSHOT-2026-09-04-a_wasm/wasm32-unknown-wasip1/swift.xctoolchain/usr/lib/swift_static/CoreFoundation/ForSwiftFoundationOnly.h:86:10: note: while building module 'wasi_emulated_mman' imported from /root/.swiftpm/swift-sdks/swift-6.4.x-DEVELOPMENT-SNAPSHOT-2026-09-04-a_wasm.artifactbundle/swift-6.4.x-DEVELOPMENT-SNAPSHOT-2026-09-04-a_wasm/wasm32-unknown-wasip1/swift.xctoolchain/usr/lib/swift_static/CoreFoundation/ForSwiftFoundationOnly.h:86:
 84 | #undef _WASI_EMULATED_MMAN
 85 | #define _WASI_EMULATED_MMAN
 86 | #include <sys/mman.h>
    |          `- note: while building module 'wasi_emulated_mman' imported from /root/.swiftpm/swift-sdks/swift-6.4.x-DEVELOPMENT-SNAPSHOT-2026-09-04-a_wasm.artifactbundle/swift-6.4.x-DEVELOPMENT-SNAPSHOT-2026-09-04-a_wasm/wasm32-unknown-wasip1/swift.xctoolchain/usr/lib/swift_static/CoreFoundation/ForSwiftFoundationOnly.h:86:
 87 | #elif TARGET_OS_LINUX
 88 | #include <errno.h>
<module-includes>:1:10: note: in file included from <module-includes>:1:
1 | #include "sys/mman.h"
  |          `- note: in file included from <module-includes>:1:
2 |
/root/.swiftpm/swift-sdks/swift-6.4.x-DEVELOPMENT-SNAPSHOT-2026-09-04-a_wasm.artifactbundle/swift-6.4.x-DEVELOPMENT-SNAPSHOT-2026-09-04-a_wasm/wasm32-unknown-wasip1/WASI.sdk/include/wasm32-wasip1/sys/mman.h:2:2: error: "WASI lacks a true mmap; to enable minimal mmap emulation, compile with -D_WASI_EMULATED_MMAN and link with -lwasi-emulated-mman"
  1 | #ifndef _WASI_EMULATED_MMAN
  2 | #error "WASI lacks a true mmap; to enable minimal mmap emulation, \
    |  `- error: "WASI lacks a true mmap; to enable minimal mmap emulation, compile with -D_WASI_EMULATED_MMAN and link with -lwasi-emulated-mman"
  3 | compile with -D_WASI_EMULATED_MMAN and link with -lwasi-emulated-mman"
  4 | #else
/host/spi-builder-workspace/.build/checkouts/swift-binary-parse-support/Sources/BinaryParseSupport/Model/Endian.swift:8:8: error: could not build C module 'CoreFoundation'
 6 | //
 7 | //
 8 | import CoreFoundation
   |        `- error: could not build C module 'CoreFoundation'
 9 |
10 | public enum Endian: Sendable {
Failed frontend command:
/usr/bin/swift-frontend -frontend -emit-module -experimental-skip-non-inlinable-function-bodies-without-types /host/spi-builder-workspace/.build/checkouts/swift-binary-parse-support/Sources/BinaryParseSupport/BinaryParseSupport.swift /host/spi-builder-workspace/.build/checkouts/swift-binary-parse-support/Sources/BinaryParseSupport/Extension/Data+.swift /host/spi-builder-workspace/.build/checkouts/swift-binary-parse-support/Sources/BinaryParseSupport/Extension/FileHandle+.swift /host/spi-builder-workspace/.build/checkouts/swift-binary-parse-support/Sources/BinaryParseSupport/Extension/String+.swift /host/spi-builder-workspace/.build/checkouts/swift-binary-parse-support/Sources/BinaryParseSupport/Extension/UnsafePointer+.swift /host/spi-builder-workspace/.build/checkouts/swift-binary-parse-support/Sources/BinaryParseSupport/Model/Endian.swift /host/spi-builder-workspace/.build/checkouts/swift-binary-parse-support/Sources/BinaryParseSupport/Model/StringTableEntry.swift /host/spi-builder-workspace/.build/checkouts/swift-binary-parse-support/Sources/BinaryParseSupport/Protocol/BitFlags.swift /host/spi-builder-workspace/.build/checkouts/swift-binary-parse-support/Sources/BinaryParseSupport/Protocol/LayoutWrapper.swift /host/spi-builder-workspace/.build/checkouts/swift-binary-parse-support/Sources/BinaryParseSupport/Protocol/StringTable.swift /host/spi-builder-workspace/.build/checkouts/swift-binary-parse-support/Sources/BinaryParseSupport/Sequence/DataSequence.swift /host/spi-builder-workspace/.build/checkouts/swift-binary-parse-support/Sources/BinaryParseSupport/Sequence/MemorySequence.swift /host/spi-builder-workspace/.build/checkouts/swift-binary-parse-support/Sources/BinaryParseSupport/Sequence/UnicodeStrings.swift -target wasm32-unknown-wasip1 -disable-objc-interop -sdk /root/.swiftpm/swift-sdks/swift-6.4.x-DEVELOPMENT-SNAPSHOT-2026-09-04-a_wasm.artifactbundle/swift-6.4.x-DEVELOPMENT-SNAPSHOT-2026-09-04-a_wasm/wasm32-unknown-wasip1/WASI.sdk -sysroot /root/.swiftpm/swift-sdks/swift-6.4.x-DEVELOPMENT-SNAPSHOT-2026-09-04-a_wasm.artifactbundle/swift-6.4.x-DEVELOPMENT-SNAPSHOT-2026-09-04-a_wasm/wasm32-unknown-wasip1/WASI.sdk -I /host/spi-builder-workspace/.build/out/Products/Debug-webassembly-wasm32 -module-cache-path /host/spi-builder-workspace/.build/out/ModuleCache.noindex -color-diagnostics -Xcc -fcolor-diagnostics -enable-testing -g -debug-info-format\=dwarf -dwarf-version\=4 -suppress-warnings -swift-version 5 -Onone -D SWIFT_PACKAGE -D DEBUG -D SWIFT_MODULE_RESOURCE_BUNDLE_UNAVAILABLE -D Xcode -serialize-debugging-options -enable-experimental-feature DebugDescriptionMacro -empty-abi-descriptor -external-plugin-path /usr/lib/swift/host/plugins/testing\#/usr/bin/swift-plugin-server -validate-clang-modules-once -clang-build-session-file /host/spi-builder-workspace/.build/out/ModuleCache.noindex/Session.modulevalidation -Xcc -working-directory -Xcc /host -resource-dir /root/.swiftpm/swift-sdks/swift-6.4.x-DEVELOPMENT-SNAPSHOT-2026-09-04-a_wasm.artifactbundle/swift-6.4.x-DEVELOPMENT-SNAPSHOT-2026-09-04-a_wasm/wasm32-unknown-wasip1/swift.xctoolchain/usr/lib/swift_static -use-static-resource-dir -enable-anonymous-context-mangled-names -file-compilation-dir /host -Xcc -resource-dir -Xcc /root/.swiftpm/swift-sdks/swift-6.4.x-DEVELOPMENT-SNAPSHOT-2026-09-04-a_wasm.artifactbundle/swift-6.4.x-DEVELOPMENT-SNAPSHOT-2026-09-04-a_wasm/wasm32-unknown-wasip1/swift.xctoolchain/usr/lib/swift_static/clang -Xcc -D_LIBCPP_HARDENING_MODE\=_LIBCPP_HARDENING_MODE_DEBUG -Xcc -fmodules-prune-interval\=86400 -Xcc -fmodules-prune-after\=345600 -Xcc -I/host/spi-builder-workspace/.build/out/Products/Debug-webassembly-wasm32/include -Xcc -I/host/spi-builder-workspace/.build/out/Intermediates.noindex/swift-binary-parse-support.build/Debug-webassembly-wasm32/BinaryParseSupport-t.build/DerivedSources-normal/wasm32 -Xcc -I/host/spi-builder-workspace/.build/out/Intermediates.noindex/swift-binary-parse-support.build/Debug-webassembly-wasm32/BinaryParseSupport-t.build/DerivedSources/wasm32 -Xcc -I/host/spi-builder-workspace/.build/out/Intermediates.noindex/swift-binary-parse-support.build/Debug-webassembly-wasm32/BinaryParseSupport-t.build/DerivedSources -Xcc -DSWIFT_PACKAGE -Xcc -DDEBUG\=1 -no-auto-bridging-header-chaining -module-name BinaryParseSupport -package-name swift_binary_parse_support -const-gather-protocols-file /host/spi-builder-workspace/.build/out/Intermediates.noindex/swift-binary-parse-support.build/Debug-webassembly-wasm32/BinaryParseSupport-t.build/Objects-normal/wasm32/BinaryParseSupport_const_extract_protocols.json -in-process-plugin-server-path /usr/lib/swift/host/libSwiftInProcPluginServer.so -plugin-path /usr/lib/swift/host/plugins -plugin-path /usr/local/lib/swift/host/plugins -emit-module-doc-path /host/spi-builder-workspace/.build/out/Intermediates.noindex/swift-binary-parse-support.build/Debug-webassembly-wasm32/BinaryParseSupport-t.build/Objects-normal/wasm32/Modules/BinaryParseSupport.swiftdoc -emit-module-source-info-path /host/spi-builder-workspace/.build/out/Intermediates.noindex/swift-binary-parse-support.build/Debug-webassembly-wasm32/BinaryParseSupport-t.build/Objects-normal/wasm32/Modules/BinaryParseSupport.swiftsourceinfo -emit-objc-header-path /host/spi-builder-workspace/.build/out/Intermediates.noindex/swift-binary-parse-support.build/Debug-webassembly-wasm32/BinaryParseSupport-t.build/Objects-normal/wasm32/BinaryParseSupport-Swift.h -serialize-diagnostics-path /host/spi-builder-workspace/.build/out/Intermediates.noindex/swift-binary-parse-support.build/Debug-webassembly-wasm32/BinaryParseSupport-t.build/Objects-normal/wasm32/BinaryParseSupport-primary-emit-module.dia -emit-dependencies-path /host/spi-builder-workspace/.build/out/Intermediates.noindex/swift-binary-parse-support.build/Debug-webassembly-wasm32/BinaryParseSupport-t.build/Objects-normal/wasm32/BinaryParseSupport-primary-emit-module.d -parse-as-library -o /host/spi-builder-workspace/.build/out/Intermediates.noindex/swift-binary-parse-support.build/Debug-webassembly-wasm32/BinaryParseSupport-t.build/Objects-normal/wasm32/Modules/BinaryParseSupport.swiftmodule
error: Build failed
BUILD FAILURE 6.4 wasm