The Swift Package Index logo.Swift Package Index

Build Information

Failed to build PCloudSDKSwift, reference master (cc81e0), with Swift 6.4 for watchOS using Xcode 27.0 on 21 Sep 2026 10:43:53 UTC.

Build Command

env DEVELOPER_DIR=/Applications/Xcode-27.0.0-Release.Candidate.app xcrun xcodebuild -IDEClonedSourcePackagesDirPathOverride=$PWD/.dependencies -skipMacroValidation -skipPackagePluginValidation -derivedDataPath $PWD/.derivedData build -scheme PCloudSDKSwift -destination generic/platform=watchOS

Build Log

========================================
RunAll
========================================
Builder version: 5.1.0
Interrupt handler set up.
========================================
Checkout
========================================
Clone URL: https://github.com/pCloud/pcloud-sdk-swift.git
Reference: master
Initialized empty Git repository in /Users/admin/builder/spi-builder-workspace/.git/
From https://github.com/pCloud/pcloud-sdk-swift
 * branch            master     -> FETCH_HEAD
 * [new branch]      master     -> origin/master
HEAD is now at cc81e02 update version in podspec
Cloned https://github.com/pCloud/pcloud-sdk-swift.git
Revision (git rev-parse @):
cc81e0250a9f378019470c78ce9a8bb501dcaeda
SUCCESS checkout https://github.com/pCloud/pcloud-sdk-swift.git at master
========================================
Build
========================================
Selected platform:         watchOS
Swift version:             6.4
Building package at path:  $PWD
https://github.com/pCloud/pcloud-sdk-swift.git
Command line invocation:
    /Applications/Xcode-27.0.0-Release.Candidate.app/Contents/Developer/usr/bin/xcodebuild -IDEClonedSourcePackagesDirPathOverride=/Users/admin/builder/spi-builder-workspace/.dependencies -resolvePackageDependencies
Resolve Package Graph
Resolve Package Graph
Resolved source packages:
  PCloudSDKSwift: /Users/admin/builder/spi-builder-workspace
resolved source packages: PCloudSDKSwift
2026-09-21 06:43:09.355 xcodebuild[524:3018] [MT] IDERunDestination: Supported platforms for the buildables in the current scheme is empty.
{
  "dependencies" : [
  ],
  "manifest_display_name" : "PCloudSDKSwift",
  "name" : "PCloudSDKSwift",
  "path" : "/Users/admin/builder/spi-builder-workspace",
  "platforms" : [
    {
      "name" : "ios",
      "version" : "9.0"
    }
  ],
  "products" : [
    {
      "name" : "PCloudSDKSwift",
      "targets" : [
        "PCloudSDKSwift"
      ],
      "type" : {
        "library" : [
          "automatic"
        ]
      }
    }
  ],
  "targets" : [
    {
      "c99name" : "PCloudSDKSwiftTests",
      "module_type" : "SwiftTarget",
      "name" : "PCloudSDKSwiftTests",
      "path" : "PCloudSDKSwift/Tests",
      "sources" : [
        "Common/NetworkOperationMocks.swift",
        "Common/Utilities.swift",
        "Tests/APITaskBuildingTests.swift",
        "Tests/OAuthTests.swift",
        "Tests/PCloudAPITests.swift",
        "Tests/TaskTests.swift",
        "Tests/URLSessionBasedOperationsTests.swift",
        "Tests/URLSessionEventHubTests.swift",
        "Tests/URLSessionTaskBuilderTests.swift"
      ],
      "target_dependencies" : [
        "PCloudSDKSwift"
      ],
      "type" : "test"
    },
    {
      "c99name" : "PCloudSDKSwift",
      "module_type" : "SwiftTarget",
      "name" : "PCloudSDKSwift",
      "path" : "PCloudSDKSwift/Source",
      "product_memberships" : [
        "PCloudSDKSwift"
      ],
      "sources" : [
        "Common/APIServerRegion.swift",
        "Common/APITaskBuilding.swift",
        "Common/AnyCancellationToken.swift",
        "Common/Atomic.swift",
        "Common/Authenticator.swift",
        "Common/CallError.swift",
        "Common/CallTask.swift",
        "Common/Cancellable.swift",
        "Common/Content.swift",
        "Common/DownloadTask.swift",
        "Common/FileLink.swift",
        "Common/HostProvider.swift",
        "Common/Keychain.swift",
        "Common/Lock.swift",
        "Common/NetworkAPI.swift",
        "Common/OAuth.swift",
        "Common/OAuthAccessTokenBasedAuthenticator.swift",
        "Common/PCloud.swift",
        "Common/PCloudAPI.swift",
        "Common/PCloudClient.swift",
        "Common/Parser.swift",
        "Common/ResultUtilities.swift",
        "Common/UInt64+Clamping.swift",
        "Common/URLSessionBasedCallOperation.swift",
        "Common/URLSessionBasedDownloadOperation.swift",
        "Common/URLSessionBasedNetworkOperation.swift",
        "Common/URLSessionBasedNetworkOperationUtilities.swift",
        "Common/URLSessionBasedUploadOperation.swift",
        "Common/URLSessionEventHub.swift",
        "Common/URLSessionTaskBuilder.swift",
        "Common/UploadInfo.swift",
        "Common/UploadTask.swift",
        "Common/User.swift",
        "Common/VoidCancellationToken.swift",
        "iOS/OAuthWebViewMobile.swift",
        "iOS/PCloud+OAuthMobile.swift"
      ],
      "type" : "library"
    }
  ],
  "tools_version" : "5.3"
}
{
  "workspace" : {
    "name" : "PCloudSDKSwift",
    "schemes" : [
      "PCloudSDKSwift"
    ]
  }
}
2026-09-21 06:43:45.866 xcodebuild[622:3918] [MT] IDERunDestination: Supported platforms for the buildables in the current scheme is empty.
Running build ...
env DEVELOPER_DIR=/Applications/Xcode-27.0.0-Release.Candidate.app xcrun xcodebuild -IDEClonedSourcePackagesDirPathOverride=$PWD/.dependencies -skipMacroValidation -skipPackagePluginValidation -derivedDataPath $PWD/.derivedData build -scheme PCloudSDKSwift -destination generic/platform=watchOS
Command line invocation:
    /Applications/Xcode-27.0.0-Release.Candidate.app/Contents/Developer/usr/bin/xcodebuild -IDEClonedSourcePackagesDirPathOverride=/Users/admin/builder/spi-builder-workspace/.dependencies -skipMacroValidation -skipPackagePluginValidation -derivedDataPath /Users/admin/builder/spi-builder-workspace/.derivedData build -scheme PCloudSDKSwift -destination generic/platform=watchOS
Resolve Package Graph
Resolved source packages:
  PCloudSDKSwift: /Users/admin/builder/spi-builder-workspace
ComputePackagePrebuildTargetDependencyGraph
Prepare packages
CreateBuildRequest
SendProjectDescription
CreateBuildOperation
ComputeTargetDependencyGraph
note: Building targets in dependency order
note: Target dependency graph (2 targets)
    Target 'PCloudSDKSwift-product' in project 'PCloudSDKSwift'
        ➜ Explicit dependency on target 'PCloudSDKSwift' in project 'PCloudSDKSwift'
    Target 'PCloudSDKSwift' in project 'PCloudSDKSwift' (no dependencies)
GatherProvisioningInputs
CreateBuildDescription
ExecuteExternalTool /Applications/Xcode-27.0.0-Release.Candidate.app/Contents/Developer/Toolchains/XcodeDefault.xctoolchain/usr/bin/clang -v -E -dM -isysroot /Applications/Xcode-27.0.0-Release.Candidate.app/Contents/Developer/Platforms/WatchOS.platform/Developer/SDKs/WatchOS27.0.sdk -x c -c /dev/null
ExecuteExternalTool /Applications/Xcode-27.0.0-Release.Candidate.app/Contents/Developer/Toolchains/XcodeDefault.xctoolchain/usr/bin/swiftc --version
ExecuteExternalTool /Applications/Xcode-27.0.0-Release.Candidate.app/Contents/Developer/Toolchains/XcodeDefault.xctoolchain/usr/bin/ld -version_details
Build description signature: a57b50f2f0292588113ae8fde6a44e34
Build description path: /Users/admin/builder/spi-builder-workspace/.derivedData/Build/Intermediates.noindex/XCBuildData/a57b50f2f0292588113ae8fde6a44e34.xcbuilddata
CreateBuildDirectory /Users/admin/builder/spi-builder-workspace/.derivedData/CompilationCache.noindex
    cd /Users/admin/builder/spi-builder-workspace/.swiftpm/xcode
    builtin-create-build-directory /Users/admin/builder/spi-builder-workspace/.derivedData/CompilationCache.noindex
CreateBuildDirectory /Users/admin/builder/spi-builder-workspace/.derivedData/ModuleCache.noindex
    cd /Users/admin/builder/spi-builder-workspace/.swiftpm/xcode
    builtin-create-build-directory /Users/admin/builder/spi-builder-workspace/.derivedData/ModuleCache.noindex
CreateBuildDirectory /Users/admin/builder/spi-builder-workspace/.derivedData/SDKExplicitPrecompiledModules
    cd /Users/admin/builder/spi-builder-workspace/.swiftpm/xcode
    builtin-create-build-directory /Users/admin/builder/spi-builder-workspace/.derivedData/SDKExplicitPrecompiledModules
ClangStatCache /Applications/Xcode-27.0.0-Release.Candidate.app/Contents/Developer/Toolchains/XcodeDefault.xctoolchain/usr/bin/clang-stat-cache /Applications/Xcode-27.0.0-Release.Candidate.app/Contents/Developer/Platforms/WatchOS.platform/Developer/SDKs/WatchOS27.0.sdk /Users/admin/builder/spi-builder-workspace/.derivedData/SDKStatCaches.noindex/watchos27.0-24R360-e829b21a6f8c9b70876ba0858053c04477534ef55a1706bf4c1112bbb242f0a2.sdkstatcache
    cd /Users/admin/builder/spi-builder-workspace/.swiftpm/xcode
    /Applications/Xcode-27.0.0-Release.Candidate.app/Contents/Developer/Toolchains/XcodeDefault.xctoolchain/usr/bin/clang-stat-cache /Applications/Xcode-27.0.0-Release.Candidate.app/Contents/Developer/Platforms/WatchOS.platform/Developer/SDKs/WatchOS27.0.sdk -o /Users/admin/builder/spi-builder-workspace/.derivedData/SDKStatCaches.noindex/watchos27.0-24R360-e829b21a6f8c9b70876ba0858053c04477534ef55a1706bf4c1112bbb242f0a2.sdkstatcache
CreateBuildDirectory /Users/admin/builder/spi-builder-workspace/.derivedData/Build/Intermediates.noindex
    cd /Users/admin/builder/spi-builder-workspace/.swiftpm/xcode
    builtin-create-build-directory /Users/admin/builder/spi-builder-workspace/.derivedData/Build/Intermediates.noindex
CreateBuildDirectory /Users/admin/builder/spi-builder-workspace/.derivedData/Build/Products
    cd /Users/admin/builder/spi-builder-workspace/.swiftpm/xcode
    builtin-create-build-directory /Users/admin/builder/spi-builder-workspace/.derivedData/Build/Products
CreateBuildDirectory /Users/admin/builder/spi-builder-workspace/.derivedData/Build/Intermediates.noindex/SwiftExplicitPrecompiledModules
    cd /Users/admin/builder/spi-builder-workspace/.swiftpm/xcode
    builtin-create-build-directory /Users/admin/builder/spi-builder-workspace/.derivedData/Build/Intermediates.noindex/SwiftExplicitPrecompiledModules
CreateBuildDirectory /Users/admin/builder/spi-builder-workspace/.derivedData/Build/Intermediates.noindex/PrecompiledHeaders
    cd /Users/admin/builder/spi-builder-workspace/.swiftpm/xcode
    builtin-create-build-directory /Users/admin/builder/spi-builder-workspace/.derivedData/Build/Intermediates.noindex/PrecompiledHeaders
CreateBuildDirectory /Users/admin/builder/spi-builder-workspace/.derivedData/Build/Intermediates.noindex/ExplicitPrecompiledModules
    cd /Users/admin/builder/spi-builder-workspace/.swiftpm/xcode
    builtin-create-build-directory /Users/admin/builder/spi-builder-workspace/.derivedData/Build/Intermediates.noindex/ExplicitPrecompiledModules
CreateBuildDirectory /Users/admin/builder/spi-builder-workspace/.derivedData/Build/Intermediates.noindex/EagerLinkingTBDs/Debug-watchos
    cd /Users/admin/builder/spi-builder-workspace/.swiftpm/xcode
    builtin-create-build-directory /Users/admin/builder/spi-builder-workspace/.derivedData/Build/Intermediates.noindex/EagerLinkingTBDs/Debug-watchos
CreateBuildDirectory /Users/admin/builder/spi-builder-workspace/.derivedData/Build/Products/Debug-watchos
    cd /Users/admin/builder/spi-builder-workspace/.swiftpm/xcode
    builtin-create-build-directory /Users/admin/builder/spi-builder-workspace/.derivedData/Build/Products/Debug-watchos
CreateBuildDirectory /Users/admin/builder/spi-builder-workspace/.derivedData/Build/Products/Debug-watchos/PackageFrameworks
    cd /Users/admin/builder/spi-builder-workspace/.swiftpm/xcode
    builtin-create-build-directory /Users/admin/builder/spi-builder-workspace/.derivedData/Build/Products/Debug-watchos/PackageFrameworks
WriteAuxiliaryFile /Users/admin/builder/spi-builder-workspace/.derivedData/Build/Intermediates.noindex/PCloudSDKSwift.build/Debug-watchos/PCloudSDKSwift-t.build/PCloudSDKSwift.DependencyStaticMetadataFileList (in target 'PCloudSDKSwift' from project 'PCloudSDKSwift')
    cd /Users/admin/builder/spi-builder-workspace
    write-file /Users/admin/builder/spi-builder-workspace/.derivedData/Build/Intermediates.noindex/PCloudSDKSwift.build/Debug-watchos/PCloudSDKSwift-t.build/PCloudSDKSwift.DependencyStaticMetadataFileList
WriteAuxiliaryFile /Users/admin/builder/spi-builder-workspace/.derivedData/Build/Intermediates.noindex/PCloudSDKSwift.build/Debug-watchos/PCloudSDKSwift-t.build/PCloudSDKSwift.DependencyMetadataFileList (in target 'PCloudSDKSwift' from project 'PCloudSDKSwift')
    cd /Users/admin/builder/spi-builder-workspace
    write-file /Users/admin/builder/spi-builder-workspace/.derivedData/Build/Intermediates.noindex/PCloudSDKSwift.build/Debug-watchos/PCloudSDKSwift-t.build/PCloudSDKSwift.DependencyMetadataFileList
WriteAuxiliaryFile /Users/admin/builder/spi-builder-workspace/.derivedData/Build/Intermediates.noindex/PCloudSDKSwift.build/Debug-watchos/PCloudSDKSwift-t.build/PCloudSDKSwift.modulemap (in target 'PCloudSDKSwift' from project 'PCloudSDKSwift')
    cd /Users/admin/builder/spi-builder-workspace
    write-file /Users/admin/builder/spi-builder-workspace/.derivedData/Build/Intermediates.noindex/PCloudSDKSwift.build/Debug-watchos/PCloudSDKSwift-t.build/PCloudSDKSwift.modulemap
WriteAuxiliaryFile /Users/admin/builder/spi-builder-workspace/.derivedData/Build/Intermediates.noindex/PCloudSDKSwift.build/Debug-watchos/PCloudSDKSwift-t.build/Objects-normal/arm64_32/PCloudSDKSwift.LinkFileList (in target 'PCloudSDKSwift' from project 'PCloudSDKSwift')
    cd /Users/admin/builder/spi-builder-workspace
    write-file /Users/admin/builder/spi-builder-workspace/.derivedData/Build/Intermediates.noindex/PCloudSDKSwift.build/Debug-watchos/PCloudSDKSwift-t.build/Objects-normal/arm64_32/PCloudSDKSwift.LinkFileList
WriteAuxiliaryFile /Users/admin/builder/spi-builder-workspace/.derivedData/Build/Intermediates.noindex/PCloudSDKSwift.build/Debug-watchos/PCloudSDKSwift-t.build/Objects-normal/arm64_32/PCloudSDKSwift_const_extract_protocols.json (in target 'PCloudSDKSwift' from project 'PCloudSDKSwift')
    cd /Users/admin/builder/spi-builder-workspace
    write-file /Users/admin/builder/spi-builder-workspace/.derivedData/Build/Intermediates.noindex/PCloudSDKSwift.build/Debug-watchos/PCloudSDKSwift-t.build/Objects-normal/arm64_32/PCloudSDKSwift_const_extract_protocols.json
WriteAuxiliaryFile /Users/admin/builder/spi-builder-workspace/.derivedData/Build/Intermediates.noindex/PCloudSDKSwift.build/Debug-watchos/PCloudSDKSwift-t.build/Objects-normal/arm64_32/PCloudSDKSwift-OutputFileMap.json (in target 'PCloudSDKSwift' from project 'PCloudSDKSwift')
    cd /Users/admin/builder/spi-builder-workspace
    write-file /Users/admin/builder/spi-builder-workspace/.derivedData/Build/Intermediates.noindex/PCloudSDKSwift.build/Debug-watchos/PCloudSDKSwift-t.build/Objects-normal/arm64_32/PCloudSDKSwift-OutputFileMap.json
WriteAuxiliaryFile /Users/admin/builder/spi-builder-workspace/.derivedData/Build/Intermediates.noindex/PCloudSDKSwift.build/Debug-watchos/PCloudSDKSwift-t.build/Objects-normal/arm64_32/PCloudSDKSwift.SwiftConstValuesFileList (in target 'PCloudSDKSwift' from project 'PCloudSDKSwift')
    cd /Users/admin/builder/spi-builder-workspace
    write-file /Users/admin/builder/spi-builder-workspace/.derivedData/Build/Intermediates.noindex/PCloudSDKSwift.build/Debug-watchos/PCloudSDKSwift-t.build/Objects-normal/arm64_32/PCloudSDKSwift.SwiftConstValuesFileList
WriteAuxiliaryFile /Users/admin/builder/spi-builder-workspace/.derivedData/Build/Intermediates.noindex/PCloudSDKSwift.build/Debug-watchos/PCloudSDKSwift-t.build/Objects-normal/arm64_32/PCloudSDKSwift.SwiftFileList (in target 'PCloudSDKSwift' from project 'PCloudSDKSwift')
    cd /Users/admin/builder/spi-builder-workspace
    write-file /Users/admin/builder/spi-builder-workspace/.derivedData/Build/Intermediates.noindex/PCloudSDKSwift.build/Debug-watchos/PCloudSDKSwift-t.build/Objects-normal/arm64_32/PCloudSDKSwift.SwiftFileList
WriteAuxiliaryFile /Users/admin/builder/spi-builder-workspace/.derivedData/Build/Intermediates.noindex/PCloudSDKSwift.build/Debug-watchos/PCloudSDKSwift-t.build/Objects-normal/arm64/PCloudSDKSwift_const_extract_protocols.json (in target 'PCloudSDKSwift' from project 'PCloudSDKSwift')
    cd /Users/admin/builder/spi-builder-workspace
    write-file /Users/admin/builder/spi-builder-workspace/.derivedData/Build/Intermediates.noindex/PCloudSDKSwift.build/Debug-watchos/PCloudSDKSwift-t.build/Objects-normal/arm64/PCloudSDKSwift_const_extract_protocols.json
WriteAuxiliaryFile /Users/admin/builder/spi-builder-workspace/.derivedData/Build/Intermediates.noindex/PCloudSDKSwift.build/Debug-watchos/PCloudSDKSwift-t.build/Objects-normal/arm64/PCloudSDKSwift.SwiftFileList (in target 'PCloudSDKSwift' from project 'PCloudSDKSwift')
    cd /Users/admin/builder/spi-builder-workspace
    write-file /Users/admin/builder/spi-builder-workspace/.derivedData/Build/Intermediates.noindex/PCloudSDKSwift.build/Debug-watchos/PCloudSDKSwift-t.build/Objects-normal/arm64/PCloudSDKSwift.SwiftFileList
WriteAuxiliaryFile /Users/admin/builder/spi-builder-workspace/.derivedData/Build/Intermediates.noindex/PCloudSDKSwift.build/Debug-watchos/PCloudSDKSwift-t.build/Objects-normal/arm64/PCloudSDKSwift.SwiftConstValuesFileList (in target 'PCloudSDKSwift' from project 'PCloudSDKSwift')
    cd /Users/admin/builder/spi-builder-workspace
    write-file /Users/admin/builder/spi-builder-workspace/.derivedData/Build/Intermediates.noindex/PCloudSDKSwift.build/Debug-watchos/PCloudSDKSwift-t.build/Objects-normal/arm64/PCloudSDKSwift.SwiftConstValuesFileList
WriteAuxiliaryFile /Users/admin/builder/spi-builder-workspace/.derivedData/Build/Intermediates.noindex/PCloudSDKSwift.build/Debug-watchos/PCloudSDKSwift-t.build/Objects-normal/arm64/PCloudSDKSwift.LinkFileList (in target 'PCloudSDKSwift' from project 'PCloudSDKSwift')
    cd /Users/admin/builder/spi-builder-workspace
    write-file /Users/admin/builder/spi-builder-workspace/.derivedData/Build/Intermediates.noindex/PCloudSDKSwift.build/Debug-watchos/PCloudSDKSwift-t.build/Objects-normal/arm64/PCloudSDKSwift.LinkFileList
WriteAuxiliaryFile /Users/admin/builder/spi-builder-workspace/.derivedData/Build/Intermediates.noindex/PCloudSDKSwift.build/Debug-watchos/PCloudSDKSwift-t.build/Objects-normal/arm64/PCloudSDKSwift-OutputFileMap.json (in target 'PCloudSDKSwift' from project 'PCloudSDKSwift')
    cd /Users/admin/builder/spi-builder-workspace
    write-file /Users/admin/builder/spi-builder-workspace/.derivedData/Build/Intermediates.noindex/PCloudSDKSwift.build/Debug-watchos/PCloudSDKSwift-t.build/Objects-normal/arm64/PCloudSDKSwift-OutputFileMap.json
Copy /Users/admin/builder/spi-builder-workspace/.derivedData/Build/Intermediates.noindex/GeneratedModuleMaps-watchos/PCloudSDKSwift.modulemap /Users/admin/builder/spi-builder-workspace/.derivedData/Build/Intermediates.noindex/PCloudSDKSwift.build/Debug-watchos/PCloudSDKSwift-t.build/PCloudSDKSwift.modulemap (in target 'PCloudSDKSwift' from project 'PCloudSDKSwift')
    cd /Users/admin/builder/spi-builder-workspace
    builtin-copy -exclude .DS_Store -exclude CVS -exclude .svn -exclude .git -exclude .hg -resolve-src-symlinks /Users/admin/builder/spi-builder-workspace/.derivedData/Build/Intermediates.noindex/PCloudSDKSwift.build/Debug-watchos/PCloudSDKSwift-t.build/PCloudSDKSwift.modulemap /Users/admin/builder/spi-builder-workspace/.derivedData/Build/Intermediates.noindex/GeneratedModuleMaps-watchos
SwiftDriver PCloudSDKSwift normal arm64 com.apple.xcode.tools.swift.compiler (in target 'PCloudSDKSwift' from project 'PCloudSDKSwift')
    cd /Users/admin/builder/spi-builder-workspace/.swiftpm/xcode
    builtin-SwiftDriver -- /Applications/Xcode-27.0.0-Release.Candidate.app/Contents/Developer/Toolchains/XcodeDefault.xctoolchain/usr/bin/swiftc -parse-as-library -module-name PCloudSDKSwift -Onone @/Users/admin/builder/spi-builder-workspace/.derivedData/Build/Intermediates.noindex/PCloudSDKSwift.build/Debug-watchos/PCloudSDKSwift-t.build/Objects-normal/arm64/PCloudSDKSwift.SwiftFileList -DSWIFT_PACKAGE -DDEBUG -DSWIFT_MODULE_RESOURCE_BUNDLE_UNAVAILABLE -DXcode -plugin-path /Applications/Xcode-27.0.0-Release.Candidate.app/Contents/Developer/Toolchains/XcodeDefault.xctoolchain/usr/lib/swift/host/plugins/testing -enable-experimental-feature DebugDescriptionMacro -sdk /Applications/Xcode-27.0.0-Release.Candidate.app/Contents/Developer/Platforms/WatchOS.platform/Developer/SDKs/WatchOS27.0.sdk -target arm64-apple-watchos9.0 -g -module-cache-path /Users/admin/builder/spi-builder-workspace/.derivedData/ModuleCache.noindex -Xfrontend -serialize-debugging-options -profile-coverage-mapping -profile-generate -enable-testing -index-store-path /Users/admin/builder/spi-builder-workspace/.derivedData/Index.noindex/DataStore -Xcc -D_LIBCPP_HARDENING_MODE\=_LIBCPP_HARDENING_MODE_DEBUG -swift-version 5 -I /Users/admin/builder/spi-builder-workspace/.derivedData/Build/Products/Debug-watchos -Isystem /Applications/Xcode-27.0.0-Release.Candidate.app/Contents/Developer/Platforms/WatchOS.platform/Developer/usr/lib -F /Users/admin/builder/spi-builder-workspace/.derivedData/Build/Products/Debug-watchos -F /Applications/Xcode-27.0.0-Release.Candidate.app/Contents/Developer/Platforms/WatchOS.platform/Developer/Library/Frameworks -F /Applications/Xcode-27.0.0-Release.Candidate.app/Contents/Developer/Platforms/WatchOS.platform/Developer/SDKs/WatchOS27.0.sdk/Developer/Library/Frameworks -c -j10 -enable-batch-mode -incremental -Xcc -ivfsstatcache -Xcc /Users/admin/builder/spi-builder-workspace/.derivedData/SDKStatCaches.noindex/watchos27.0-24R360-e829b21a6f8c9b70876ba0858053c04477534ef55a1706bf4c1112bbb242f0a2.sdkstatcache -output-file-map /Users/admin/builder/spi-builder-workspace/.derivedData/Build/Intermediates.noindex/PCloudSDKSwift.build/Debug-watchos/PCloudSDKSwift-t.build/Objects-normal/arm64/PCloudSDKSwift-OutputFileMap.json -save-temps -no-color-diagnostics -explicit-module-build -module-cache-path /Users/admin/builder/spi-builder-workspace/.derivedData/Build/Intermediates.noindex/SwiftExplicitPrecompiledModules -clang-scanner-module-cache-path /Users/admin/builder/spi-builder-workspace/.derivedData/ModuleCache.noindex -sdk-module-cache-path /Users/admin/builder/spi-builder-workspace/.derivedData/SDKExplicitPrecompiledModules -emit-dependencies -emit-module -emit-module-path /Users/admin/builder/spi-builder-workspace/.derivedData/Build/Intermediates.noindex/PCloudSDKSwift.build/Debug-watchos/PCloudSDKSwift-t.build/Objects-normal/arm64/PCloudSDKSwift.swiftmodule -serialize-diagnostics -dependency-scan-serialize-diagnostics-path /Users/admin/builder/spi-builder-workspace/.derivedData/Build/Intermediates.noindex/PCloudSDKSwift.build/Debug-watchos/PCloudSDKSwift-t.build/Objects-normal/arm64/PCloudSDKSwift-dependency-scan.dia -validate-clang-modules-once -clang-build-session-file /Users/admin/builder/spi-builder-workspace/.derivedData/ModuleCache.noindex/Session.modulevalidation -Xcc -fmodules-prune-interval\=86400 -Xcc -fmodules-prune-after\=345600 -emit-const-values -const-gather-protocols-list /Users/admin/builder/spi-builder-workspace/.derivedData/Build/Intermediates.noindex/PCloudSDKSwift.build/Debug-watchos/PCloudSDKSwift-t.build/Objects-normal/arm64/PCloudSDKSwift_const_extract_protocols.json -Xcc -I/Users/admin/builder/spi-builder-workspace/.derivedData/Build/Products/Debug-watchos/include -Xcc -I/Users/admin/builder/spi-builder-workspace/.derivedData/Build/Intermediates.noindex/PCloudSDKSwift.build/Debug-watchos/PCloudSDKSwift-t.build/DerivedSources-normal/arm64 -Xcc -I/Users/admin/builder/spi-builder-workspace/.derivedData/Build/Intermediates.noindex/PCloudSDKSwift.build/Debug-watchos/PCloudSDKSwift-t.build/DerivedSources/arm64 -Xcc -I/Users/admin/builder/spi-builder-workspace/.derivedData/Build/Intermediates.noindex/PCloudSDKSwift.build/Debug-watchos/PCloudSDKSwift-t.build/DerivedSources -Xcc -DSWIFT_PACKAGE -Xcc -DDEBUG\=1 -emit-objc-header -emit-objc-header-path /Users/admin/builder/spi-builder-workspace/.derivedData/Build/Intermediates.noindex/PCloudSDKSwift.build/Debug-watchos/PCloudSDKSwift-t.build/Objects-normal/arm64/PCloudSDKSwift-Swift.h -working-directory /Users/admin/builder/spi-builder-workspace/.swiftpm/xcode -experimental-emit-module-separately -disable-cmo
/Users/admin/builder/spi-builder-workspace/PCloudSDKSwift/Source/iOS/OAuthWebViewMobile.swift:12:8: error: Unable to resolve module dependency: 'WebKit' (in target 'PCloudSDKSwift' from project 'PCloudSDKSwift')
    note: A dependency of main module 'PCloudSDKSwift'
/Users/admin/builder/spi-builder-workspace/PCloudSDKSwift/Source/iOS/OAuthWebViewMobile.swift:12:8: note: A dependency of main module 'PCloudSDKSwift'
import WebKit
       ^ (in target 'PCloudSDKSwift' from project 'PCloudSDKSwift')
SwiftDriver PCloudSDKSwift normal arm64_32 com.apple.xcode.tools.swift.compiler (in target 'PCloudSDKSwift' from project 'PCloudSDKSwift')
    cd /Users/admin/builder/spi-builder-workspace/.swiftpm/xcode
    builtin-SwiftDriver -- /Applications/Xcode-27.0.0-Release.Candidate.app/Contents/Developer/Toolchains/XcodeDefault.xctoolchain/usr/bin/swiftc -parse-as-library -module-name PCloudSDKSwift -Onone @/Users/admin/builder/spi-builder-workspace/.derivedData/Build/Intermediates.noindex/PCloudSDKSwift.build/Debug-watchos/PCloudSDKSwift-t.build/Objects-normal/arm64_32/PCloudSDKSwift.SwiftFileList -DSWIFT_PACKAGE -DDEBUG -DSWIFT_MODULE_RESOURCE_BUNDLE_UNAVAILABLE -DXcode -plugin-path /Applications/Xcode-27.0.0-Release.Candidate.app/Contents/Developer/Toolchains/XcodeDefault.xctoolchain/usr/lib/swift/host/plugins/testing -enable-experimental-feature DebugDescriptionMacro -sdk /Applications/Xcode-27.0.0-Release.Candidate.app/Contents/Developer/Platforms/WatchOS.platform/Developer/SDKs/WatchOS27.0.sdk -target arm64_32-apple-watchos9.0 -g -module-cache-path /Users/admin/builder/spi-builder-workspace/.derivedData/ModuleCache.noindex -Xfrontend -serialize-debugging-options -profile-coverage-mapping -profile-generate -enable-testing -index-store-path /Users/admin/builder/spi-builder-workspace/.derivedData/Index.noindex/DataStore -Xcc -D_LIBCPP_HARDENING_MODE\=_LIBCPP_HARDENING_MODE_DEBUG -swift-version 5 -I /Users/admin/builder/spi-builder-workspace/.derivedData/Build/Products/Debug-watchos -Isystem /Applications/Xcode-27.0.0-Release.Candidate.app/Contents/Developer/Platforms/WatchOS.platform/Developer/usr/lib -F /Users/admin/builder/spi-builder-workspace/.derivedData/Build/Products/Debug-watchos -F /Applications/Xcode-27.0.0-Release.Candidate.app/Contents/Developer/Platforms/WatchOS.platform/Developer/Library/Frameworks -F /Applications/Xcode-27.0.0-Release.Candidate.app/Contents/Developer/Platforms/WatchOS.platform/Developer/SDKs/WatchOS27.0.sdk/Developer/Library/Frameworks -c -j10 -enable-batch-mode -incremental -Xcc -ivfsstatcache -Xcc /Users/admin/builder/spi-builder-workspace/.derivedData/SDKStatCaches.noindex/watchos27.0-24R360-e829b21a6f8c9b70876ba0858053c04477534ef55a1706bf4c1112bbb242f0a2.sdkstatcache -output-file-map /Users/admin/builder/spi-builder-workspace/.derivedData/Build/Intermediates.noindex/PCloudSDKSwift.build/Debug-watchos/PCloudSDKSwift-t.build/Objects-normal/arm64_32/PCloudSDKSwift-OutputFileMap.json -save-temps -no-color-diagnostics -explicit-module-build -module-cache-path /Users/admin/builder/spi-builder-workspace/.derivedData/Build/Intermediates.noindex/SwiftExplicitPrecompiledModules -clang-scanner-module-cache-path /Users/admin/builder/spi-builder-workspace/.derivedData/ModuleCache.noindex -sdk-module-cache-path /Users/admin/builder/spi-builder-workspace/.derivedData/SDKExplicitPrecompiledModules -emit-dependencies -emit-module -emit-module-path /Users/admin/builder/spi-builder-workspace/.derivedData/Build/Intermediates.noindex/PCloudSDKSwift.build/Debug-watchos/PCloudSDKSwift-t.build/Objects-normal/arm64_32/PCloudSDKSwift.swiftmodule -serialize-diagnostics -dependency-scan-serialize-diagnostics-path /Users/admin/builder/spi-builder-workspace/.derivedData/Build/Intermediates.noindex/PCloudSDKSwift.build/Debug-watchos/PCloudSDKSwift-t.build/Objects-normal/arm64_32/PCloudSDKSwift-dependency-scan.dia -validate-clang-modules-once -clang-build-session-file /Users/admin/builder/spi-builder-workspace/.derivedData/ModuleCache.noindex/Session.modulevalidation -Xcc -fmodules-prune-interval\=86400 -Xcc -fmodules-prune-after\=345600 -emit-const-values -const-gather-protocols-list /Users/admin/builder/spi-builder-workspace/.derivedData/Build/Intermediates.noindex/PCloudSDKSwift.build/Debug-watchos/PCloudSDKSwift-t.build/Objects-normal/arm64_32/PCloudSDKSwift_const_extract_protocols.json -Xcc -I/Users/admin/builder/spi-builder-workspace/.derivedData/Build/Products/Debug-watchos/include -Xcc -I/Users/admin/builder/spi-builder-workspace/.derivedData/Build/Intermediates.noindex/PCloudSDKSwift.build/Debug-watchos/PCloudSDKSwift-t.build/DerivedSources-normal/arm64_32 -Xcc -I/Users/admin/builder/spi-builder-workspace/.derivedData/Build/Intermediates.noindex/PCloudSDKSwift.build/Debug-watchos/PCloudSDKSwift-t.build/DerivedSources/arm64_32 -Xcc -I/Users/admin/builder/spi-builder-workspace/.derivedData/Build/Intermediates.noindex/PCloudSDKSwift.build/Debug-watchos/PCloudSDKSwift-t.build/DerivedSources -Xcc -DSWIFT_PACKAGE -Xcc -DDEBUG\=1 -emit-objc-header -emit-objc-header-path /Users/admin/builder/spi-builder-workspace/.derivedData/Build/Intermediates.noindex/PCloudSDKSwift.build/Debug-watchos/PCloudSDKSwift-t.build/Objects-normal/arm64_32/PCloudSDKSwift-Swift.h -working-directory /Users/admin/builder/spi-builder-workspace/.swiftpm/xcode -experimental-emit-module-separately -disable-cmo
/Users/admin/builder/spi-builder-workspace/PCloudSDKSwift/Source/iOS/OAuthWebViewMobile.swift:12:8: error: Unable to resolve module dependency: 'WebKit' (in target 'PCloudSDKSwift' from project 'PCloudSDKSwift')
    note: A dependency of main module 'PCloudSDKSwift'
/Users/admin/builder/spi-builder-workspace/PCloudSDKSwift/Source/iOS/OAuthWebViewMobile.swift:12:8: note: A dependency of main module 'PCloudSDKSwift'
import WebKit
       ^ (in target 'PCloudSDKSwift' from project 'PCloudSDKSwift')
PruneExplicitPrecompiledModules /Users/admin/builder/spi-builder-workspace/.derivedData/Build/Intermediates.noindex/ExplicitPrecompiledModules
PruneExplicitPrecompiledModules /Users/admin/builder/spi-builder-workspace/.derivedData/Build/Intermediates.noindex/SwiftExplicitPrecompiledModules
PruneExplicitPrecompiledModules /Users/admin/builder/spi-builder-workspace/.derivedData/SDKExplicitPrecompiledModules
2026-09-21 06:43:47.353 xcodebuild[623:3962] [MT] IDERunDestination: Supported platforms for the buildables in the current scheme is empty.
** BUILD FAILED **
The following build commands failed:
	SwiftDriver PCloudSDKSwift normal arm64 com.apple.xcode.tools.swift.compiler (in target 'PCloudSDKSwift' from project 'PCloudSDKSwift')
	SwiftDriver PCloudSDKSwift normal arm64_32 com.apple.xcode.tools.swift.compiler (in target 'PCloudSDKSwift' from project 'PCloudSDKSwift')
	Building workspace PCloudSDKSwift with scheme PCloudSDKSwift
(3 failures)
Command line invocation:
    /Applications/Xcode-27.0.0-Release.Candidate.app/Contents/Developer/usr/bin/xcodebuild -IDEClonedSourcePackagesDirPathOverride=/Users/admin/builder/spi-builder-workspace/.dependencies -resolvePackageDependencies
Resolve Package Graph
Resolved source packages:
  PCloudSDKSwift: /Users/admin/builder/spi-builder-workspace
resolved source packages: PCloudSDKSwift
2026-09-21 06:43:50.849 xcodebuild[639:4223] [MT] IDERunDestination: Supported platforms for the buildables in the current scheme is empty.
{
  "dependencies" : [
  ],
  "manifest_display_name" : "PCloudSDKSwift",
  "name" : "PCloudSDKSwift",
  "path" : "/Users/admin/builder/spi-builder-workspace",
  "platforms" : [
    {
      "name" : "ios",
      "version" : "9.0"
    }
  ],
  "products" : [
    {
      "name" : "PCloudSDKSwift",
      "targets" : [
        "PCloudSDKSwift"
      ],
      "type" : {
        "library" : [
          "automatic"
        ]
      }
    }
  ],
  "targets" : [
    {
      "c99name" : "PCloudSDKSwiftTests",
      "module_type" : "SwiftTarget",
      "name" : "PCloudSDKSwiftTests",
      "path" : "PCloudSDKSwift/Tests",
      "sources" : [
        "Common/NetworkOperationMocks.swift",
        "Common/Utilities.swift",
        "Tests/APITaskBuildingTests.swift",
        "Tests/OAuthTests.swift",
        "Tests/PCloudAPITests.swift",
        "Tests/TaskTests.swift",
        "Tests/URLSessionBasedOperationsTests.swift",
        "Tests/URLSessionEventHubTests.swift",
        "Tests/URLSessionTaskBuilderTests.swift"
      ],
      "target_dependencies" : [
        "PCloudSDKSwift"
      ],
      "type" : "test"
    },
    {
      "c99name" : "PCloudSDKSwift",
      "module_type" : "SwiftTarget",
      "name" : "PCloudSDKSwift",
      "path" : "PCloudSDKSwift/Source",
      "product_memberships" : [
        "PCloudSDKSwift"
      ],
      "sources" : [
        "Common/APIServerRegion.swift",
        "Common/APITaskBuilding.swift",
        "Common/AnyCancellationToken.swift",
        "Common/Atomic.swift",
        "Common/Authenticator.swift",
        "Common/CallError.swift",
        "Common/CallTask.swift",
        "Common/Cancellable.swift",
        "Common/Content.swift",
        "Common/DownloadTask.swift",
        "Common/FileLink.swift",
        "Common/HostProvider.swift",
        "Common/Keychain.swift",
        "Common/Lock.swift",
        "Common/NetworkAPI.swift",
        "Common/OAuth.swift",
        "Common/OAuthAccessTokenBasedAuthenticator.swift",
        "Common/PCloud.swift",
        "Common/PCloudAPI.swift",
        "Common/PCloudClient.swift",
        "Common/Parser.swift",
        "Common/ResultUtilities.swift",
        "Common/UInt64+Clamping.swift",
        "Common/URLSessionBasedCallOperation.swift",
        "Common/URLSessionBasedDownloadOperation.swift",
        "Common/URLSessionBasedNetworkOperation.swift",
        "Common/URLSessionBasedNetworkOperationUtilities.swift",
        "Common/URLSessionBasedUploadOperation.swift",
        "Common/URLSessionEventHub.swift",
        "Common/URLSessionTaskBuilder.swift",
        "Common/UploadInfo.swift",
        "Common/UploadTask.swift",
        "Common/User.swift",
        "Common/VoidCancellationToken.swift",
        "iOS/OAuthWebViewMobile.swift",
        "iOS/PCloud+OAuthMobile.swift"
      ],
      "type" : "library"
    }
  ],
  "tools_version" : "5.3"
}
{
  "workspace" : {
    "name" : "PCloudSDKSwift",
    "schemes" : [
      "PCloudSDKSwift"
    ]
  }
}
2026-09-21 06:43:52.207 xcodebuild[667:4432] [MT] IDERunDestination: Supported platforms for the buildables in the current scheme is empty.
Running build ...
env DEVELOPER_DIR=/Applications/Xcode-27.0.0-Release.Candidate.app xcrun xcodebuild -IDEClonedSourcePackagesDirPathOverride=$PWD/.dependencies -skipMacroValidation -skipPackagePluginValidation -derivedDataPath $PWD/.derivedData build -scheme PCloudSDKSwift -destination generic/platform=watchOS
Command line invocation:
    /Applications/Xcode-27.0.0-Release.Candidate.app/Contents/Developer/usr/bin/xcodebuild -IDEClonedSourcePackagesDirPathOverride=/Users/admin/builder/spi-builder-workspace/.dependencies -skipMacroValidation -skipPackagePluginValidation -derivedDataPath /Users/admin/builder/spi-builder-workspace/.derivedData build -scheme PCloudSDKSwift -destination generic/platform=watchOS
Resolve Package Graph
Resolved source packages:
  PCloudSDKSwift: /Users/admin/builder/spi-builder-workspace
ComputePackagePrebuildTargetDependencyGraph
Prepare packages
CreateBuildRequest
SendProjectDescription
CreateBuildOperation
ComputeTargetDependencyGraph
note: Building targets in dependency order
note: Target dependency graph (2 targets)
    Target 'PCloudSDKSwift-product' in project 'PCloudSDKSwift'
        ➜ Explicit dependency on target 'PCloudSDKSwift' in project 'PCloudSDKSwift'
    Target 'PCloudSDKSwift' in project 'PCloudSDKSwift' (no dependencies)
GatherProvisioningInputs
CreateBuildDescription
ClangStatCache /Applications/Xcode-27.0.0-Release.Candidate.app/Contents/Developer/Toolchains/XcodeDefault.xctoolchain/usr/bin/clang-stat-cache /Applications/Xcode-27.0.0-Release.Candidate.app/Contents/Developer/Platforms/WatchOS.platform/Developer/SDKs/WatchOS27.0.sdk /Users/admin/builder/spi-builder-workspace/.derivedData/SDKStatCaches.noindex/watchos27.0-24R360-e829b21a6f8c9b70876ba0858053c04477534ef55a1706bf4c1112bbb242f0a2.sdkstatcache
    cd /Users/admin/builder/spi-builder-workspace/.swiftpm/xcode
    /Applications/Xcode-27.0.0-Release.Candidate.app/Contents/Developer/Toolchains/XcodeDefault.xctoolchain/usr/bin/clang-stat-cache /Applications/Xcode-27.0.0-Release.Candidate.app/Contents/Developer/Platforms/WatchOS.platform/Developer/SDKs/WatchOS27.0.sdk -o /Users/admin/builder/spi-builder-workspace/.derivedData/SDKStatCaches.noindex/watchos27.0-24R360-e829b21a6f8c9b70876ba0858053c04477534ef55a1706bf4c1112bbb242f0a2.sdkstatcache
SwiftDriver PCloudSDKSwift normal arm64_32 com.apple.xcode.tools.swift.compiler (in target 'PCloudSDKSwift' from project 'PCloudSDKSwift')
    cd /Users/admin/builder/spi-builder-workspace/.swiftpm/xcode
    builtin-SwiftDriver -- /Applications/Xcode-27.0.0-Release.Candidate.app/Contents/Developer/Toolchains/XcodeDefault.xctoolchain/usr/bin/swiftc -parse-as-library -module-name PCloudSDKSwift -Onone @/Users/admin/builder/spi-builder-workspace/.derivedData/Build/Intermediates.noindex/PCloudSDKSwift.build/Debug-watchos/PCloudSDKSwift-t.build/Objects-normal/arm64_32/PCloudSDKSwift.SwiftFileList -DSWIFT_PACKAGE -DDEBUG -DSWIFT_MODULE_RESOURCE_BUNDLE_UNAVAILABLE -DXcode -plugin-path /Applications/Xcode-27.0.0-Release.Candidate.app/Contents/Developer/Toolchains/XcodeDefault.xctoolchain/usr/lib/swift/host/plugins/testing -enable-experimental-feature DebugDescriptionMacro -sdk /Applications/Xcode-27.0.0-Release.Candidate.app/Contents/Developer/Platforms/WatchOS.platform/Developer/SDKs/WatchOS27.0.sdk -target arm64_32-apple-watchos9.0 -g -module-cache-path /Users/admin/builder/spi-builder-workspace/.derivedData/ModuleCache.noindex -Xfrontend -serialize-debugging-options -profile-coverage-mapping -profile-generate -enable-testing -index-store-path /Users/admin/builder/spi-builder-workspace/.derivedData/Index.noindex/DataStore -Xcc -D_LIBCPP_HARDENING_MODE\=_LIBCPP_HARDENING_MODE_DEBUG -swift-version 5 -I /Users/admin/builder/spi-builder-workspace/.derivedData/Build/Products/Debug-watchos -Isystem /Applications/Xcode-27.0.0-Release.Candidate.app/Contents/Developer/Platforms/WatchOS.platform/Developer/usr/lib -F /Users/admin/builder/spi-builder-workspace/.derivedData/Build/Products/Debug-watchos -F /Applications/Xcode-27.0.0-Release.Candidate.app/Contents/Developer/Platforms/WatchOS.platform/Developer/Library/Frameworks -F /Applications/Xcode-27.0.0-Release.Candidate.app/Contents/Developer/Platforms/WatchOS.platform/Developer/SDKs/WatchOS27.0.sdk/Developer/Library/Frameworks -c -j10 -enable-batch-mode -incremental -Xcc -ivfsstatcache -Xcc /Users/admin/builder/spi-builder-workspace/.derivedData/SDKStatCaches.noindex/watchos27.0-24R360-e829b21a6f8c9b70876ba0858053c04477534ef55a1706bf4c1112bbb242f0a2.sdkstatcache -output-file-map /Users/admin/builder/spi-builder-workspace/.derivedData/Build/Intermediates.noindex/PCloudSDKSwift.build/Debug-watchos/PCloudSDKSwift-t.build/Objects-normal/arm64_32/PCloudSDKSwift-OutputFileMap.json -save-temps -no-color-diagnostics -explicit-module-build -module-cache-path /Users/admin/builder/spi-builder-workspace/.derivedData/Build/Intermediates.noindex/SwiftExplicitPrecompiledModules -clang-scanner-module-cache-path /Users/admin/builder/spi-builder-workspace/.derivedData/ModuleCache.noindex -sdk-module-cache-path /Users/admin/builder/spi-builder-workspace/.derivedData/SDKExplicitPrecompiledModules -emit-dependencies -emit-module -emit-module-path /Users/admin/builder/spi-builder-workspace/.derivedData/Build/Intermediates.noindex/PCloudSDKSwift.build/Debug-watchos/PCloudSDKSwift-t.build/Objects-normal/arm64_32/PCloudSDKSwift.swiftmodule -serialize-diagnostics -dependency-scan-serialize-diagnostics-path /Users/admin/builder/spi-builder-workspace/.derivedData/Build/Intermediates.noindex/PCloudSDKSwift.build/Debug-watchos/PCloudSDKSwift-t.build/Objects-normal/arm64_32/PCloudSDKSwift-dependency-scan.dia -validate-clang-modules-once -clang-build-session-file /Users/admin/builder/spi-builder-workspace/.derivedData/ModuleCache.noindex/Session.modulevalidation -Xcc -fmodules-prune-interval\=86400 -Xcc -fmodules-prune-after\=345600 -emit-const-values -const-gather-protocols-list /Users/admin/builder/spi-builder-workspace/.derivedData/Build/Intermediates.noindex/PCloudSDKSwift.build/Debug-watchos/PCloudSDKSwift-t.build/Objects-normal/arm64_32/PCloudSDKSwift_const_extract_protocols.json -Xcc -I/Users/admin/builder/spi-builder-workspace/.derivedData/Build/Products/Debug-watchos/include -Xcc -I/Users/admin/builder/spi-builder-workspace/.derivedData/Build/Intermediates.noindex/PCloudSDKSwift.build/Debug-watchos/PCloudSDKSwift-t.build/DerivedSources-normal/arm64_32 -Xcc -I/Users/admin/builder/spi-builder-workspace/.derivedData/Build/Intermediates.noindex/PCloudSDKSwift.build/Debug-watchos/PCloudSDKSwift-t.build/DerivedSources/arm64_32 -Xcc -I/Users/admin/builder/spi-builder-workspace/.derivedData/Build/Intermediates.noindex/PCloudSDKSwift.build/Debug-watchos/PCloudSDKSwift-t.build/DerivedSources -Xcc -DSWIFT_PACKAGE -Xcc -DDEBUG\=1 -emit-objc-header -emit-objc-header-path /Users/admin/builder/spi-builder-workspace/.derivedData/Build/Intermediates.noindex/PCloudSDKSwift.build/Debug-watchos/PCloudSDKSwift-t.build/Objects-normal/arm64_32/PCloudSDKSwift-Swift.h -working-directory /Users/admin/builder/spi-builder-workspace/.swiftpm/xcode -experimental-emit-module-separately -disable-cmo
/Users/admin/builder/spi-builder-workspace/PCloudSDKSwift/Source/iOS/OAuthWebViewMobile.swift:12:8: error: Unable to resolve module dependency: 'WebKit' (in target 'PCloudSDKSwift' from project 'PCloudSDKSwift')
    note: A dependency of main module 'PCloudSDKSwift'
/Users/admin/builder/spi-builder-workspace/PCloudSDKSwift/Source/iOS/OAuthWebViewMobile.swift:12:8: note: A dependency of main module 'PCloudSDKSwift'
import WebKit
       ^ (in target 'PCloudSDKSwift' from project 'PCloudSDKSwift')
SwiftDriver PCloudSDKSwift normal arm64 com.apple.xcode.tools.swift.compiler (in target 'PCloudSDKSwift' from project 'PCloudSDKSwift')
    cd /Users/admin/builder/spi-builder-workspace/.swiftpm/xcode
    builtin-SwiftDriver -- /Applications/Xcode-27.0.0-Release.Candidate.app/Contents/Developer/Toolchains/XcodeDefault.xctoolchain/usr/bin/swiftc -parse-as-library -module-name PCloudSDKSwift -Onone @/Users/admin/builder/spi-builder-workspace/.derivedData/Build/Intermediates.noindex/PCloudSDKSwift.build/Debug-watchos/PCloudSDKSwift-t.build/Objects-normal/arm64/PCloudSDKSwift.SwiftFileList -DSWIFT_PACKAGE -DDEBUG -DSWIFT_MODULE_RESOURCE_BUNDLE_UNAVAILABLE -DXcode -plugin-path /Applications/Xcode-27.0.0-Release.Candidate.app/Contents/Developer/Toolchains/XcodeDefault.xctoolchain/usr/lib/swift/host/plugins/testing -enable-experimental-feature DebugDescriptionMacro -sdk /Applications/Xcode-27.0.0-Release.Candidate.app/Contents/Developer/Platforms/WatchOS.platform/Developer/SDKs/WatchOS27.0.sdk -target arm64-apple-watchos9.0 -g -module-cache-path /Users/admin/builder/spi-builder-workspace/.derivedData/ModuleCache.noindex -Xfrontend -serialize-debugging-options -profile-coverage-mapping -profile-generate -enable-testing -index-store-path /Users/admin/builder/spi-builder-workspace/.derivedData/Index.noindex/DataStore -Xcc -D_LIBCPP_HARDENING_MODE\=_LIBCPP_HARDENING_MODE_DEBUG -swift-version 5 -I /Users/admin/builder/spi-builder-workspace/.derivedData/Build/Products/Debug-watchos -Isystem /Applications/Xcode-27.0.0-Release.Candidate.app/Contents/Developer/Platforms/WatchOS.platform/Developer/usr/lib -F /Users/admin/builder/spi-builder-workspace/.derivedData/Build/Products/Debug-watchos -F /Applications/Xcode-27.0.0-Release.Candidate.app/Contents/Developer/Platforms/WatchOS.platform/Developer/Library/Frameworks -F /Applications/Xcode-27.0.0-Release.Candidate.app/Contents/Developer/Platforms/WatchOS.platform/Developer/SDKs/WatchOS27.0.sdk/Developer/Library/Frameworks -c -j10 -enable-batch-mode -incremental -Xcc -ivfsstatcache -Xcc /Users/admin/builder/spi-builder-workspace/.derivedData/SDKStatCaches.noindex/watchos27.0-24R360-e829b21a6f8c9b70876ba0858053c04477534ef55a1706bf4c1112bbb242f0a2.sdkstatcache -output-file-map /Users/admin/builder/spi-builder-workspace/.derivedData/Build/Intermediates.noindex/PCloudSDKSwift.build/Debug-watchos/PCloudSDKSwift-t.build/Objects-normal/arm64/PCloudSDKSwift-OutputFileMap.json -save-temps -no-color-diagnostics -explicit-module-build -module-cache-path /Users/admin/builder/spi-builder-workspace/.derivedData/Build/Intermediates.noindex/SwiftExplicitPrecompiledModules -clang-scanner-module-cache-path /Users/admin/builder/spi-builder-workspace/.derivedData/ModuleCache.noindex -sdk-module-cache-path /Users/admin/builder/spi-builder-workspace/.derivedData/SDKExplicitPrecompiledModules -emit-dependencies -emit-module -emit-module-path /Users/admin/builder/spi-builder-workspace/.derivedData/Build/Intermediates.noindex/PCloudSDKSwift.build/Debug-watchos/PCloudSDKSwift-t.build/Objects-normal/arm64/PCloudSDKSwift.swiftmodule -serialize-diagnostics -dependency-scan-serialize-diagnostics-path /Users/admin/builder/spi-builder-workspace/.derivedData/Build/Intermediates.noindex/PCloudSDKSwift.build/Debug-watchos/PCloudSDKSwift-t.build/Objects-normal/arm64/PCloudSDKSwift-dependency-scan.dia -validate-clang-modules-once -clang-build-session-file /Users/admin/builder/spi-builder-workspace/.derivedData/ModuleCache.noindex/Session.modulevalidation -Xcc -fmodules-prune-interval\=86400 -Xcc -fmodules-prune-after\=345600 -emit-const-values -const-gather-protocols-list /Users/admin/builder/spi-builder-workspace/.derivedData/Build/Intermediates.noindex/PCloudSDKSwift.build/Debug-watchos/PCloudSDKSwift-t.build/Objects-normal/arm64/PCloudSDKSwift_const_extract_protocols.json -Xcc -I/Users/admin/builder/spi-builder-workspace/.derivedData/Build/Products/Debug-watchos/include -Xcc -I/Users/admin/builder/spi-builder-workspace/.derivedData/Build/Intermediates.noindex/PCloudSDKSwift.build/Debug-watchos/PCloudSDKSwift-t.build/DerivedSources-normal/arm64 -Xcc -I/Users/admin/builder/spi-builder-workspace/.derivedData/Build/Intermediates.noindex/PCloudSDKSwift.build/Debug-watchos/PCloudSDKSwift-t.build/DerivedSources/arm64 -Xcc -I/Users/admin/builder/spi-builder-workspace/.derivedData/Build/Intermediates.noindex/PCloudSDKSwift.build/Debug-watchos/PCloudSDKSwift-t.build/DerivedSources -Xcc -DSWIFT_PACKAGE -Xcc -DDEBUG\=1 -emit-objc-header -emit-objc-header-path /Users/admin/builder/spi-builder-workspace/.derivedData/Build/Intermediates.noindex/PCloudSDKSwift.build/Debug-watchos/PCloudSDKSwift-t.build/Objects-normal/arm64/PCloudSDKSwift-Swift.h -working-directory /Users/admin/builder/spi-builder-workspace/.swiftpm/xcode -experimental-emit-module-separately -disable-cmo
/Users/admin/builder/spi-builder-workspace/PCloudSDKSwift/Source/iOS/OAuthWebViewMobile.swift:12:8: error: Unable to resolve module dependency: 'WebKit' (in target 'PCloudSDKSwift' from project 'PCloudSDKSwift')
    note: A dependency of main module 'PCloudSDKSwift'
/Users/admin/builder/spi-builder-workspace/PCloudSDKSwift/Source/iOS/OAuthWebViewMobile.swift:12:8: note: A dependency of main module 'PCloudSDKSwift'
import WebKit
       ^ (in target 'PCloudSDKSwift' from project 'PCloudSDKSwift')
PruneExplicitPrecompiledModules /Users/admin/builder/spi-builder-workspace/.derivedData/SDKExplicitPrecompiledModules
PruneExplicitPrecompiledModules /Users/admin/builder/spi-builder-workspace/.derivedData/Build/Intermediates.noindex/ExplicitPrecompiledModules
PruneExplicitPrecompiledModules /Users/admin/builder/spi-builder-workspace/.derivedData/Build/Intermediates.noindex/SwiftExplicitPrecompiledModules
2026-09-21 06:43:53.176 xcodebuild[678:4509] [MT] IDERunDestination: Supported platforms for the buildables in the current scheme is empty.
** BUILD FAILED **
The following build commands failed:
	SwiftDriver PCloudSDKSwift normal arm64_32 com.apple.xcode.tools.swift.compiler (in target 'PCloudSDKSwift' from project 'PCloudSDKSwift')
	SwiftDriver PCloudSDKSwift normal arm64 com.apple.xcode.tools.swift.compiler (in target 'PCloudSDKSwift' from project 'PCloudSDKSwift')
	Building workspace PCloudSDKSwift with scheme PCloudSDKSwift
(3 failures)
BUILD FAILURE 6.4 watchOS