Build Information
Failed to build SwiftKeyExchange, reference main (dbbc4a), with Swift 6.1 for Linux on 30 Sep 2026 20:07:43 UTC.
Build Command
bash -c docker run --pull=always --rm -v "checkouts-53886770-0":/host -w "$PWD" -e JAVA_HOME="/root/.sdkman/candidates/java/current" -e SPI_BUILD="1" -e SPI_PROCESSING="1" registry.gitlab.com/saguaro1/spi-images:basic-6.1-latest swift build --triple x86_64-unknown-linux-gnu 2>&1Build Log
========================================
RunAll
========================================
Builder version: 5.1.1
Interrupt handler set up.
========================================
Checkout
========================================
Clone URL: https://github.com/imclaren/SwiftKeyExchange.git
Reference: main
Initialized empty Git repository in /host/spi-builder-workspace/.git/
hint: Using 'master' as the name for the initial branch. This default branch name
hint: is subject to change. To configure the initial branch name to use in all
hint: of your new repositories, which will suppress this warning, call:
hint:
hint: git config --global init.defaultBranch <name>
hint:
hint: Names commonly chosen instead of 'master' are 'main', 'trunk' and
hint: 'development'. The just-created branch can be renamed via this command:
hint:
hint: git branch -m <name>
From https://github.com/imclaren/SwiftKeyExchange
* branch main -> FETCH_HEAD
* [new branch] main -> origin/main
HEAD is now at dbbc4a4 Ignore the SwiftPM build directory
Cloned https://github.com/imclaren/SwiftKeyExchange.git
Revision (git rev-parse @):
dbbc4a4df3942eec5eeb9a4007b719d18e490f67
SUCCESS checkout https://github.com/imclaren/SwiftKeyExchange.git at main
========================================
Build
========================================
Selected platform: linux
Swift version: 6.1
Building package at path: $PWD
https://github.com/imclaren/SwiftKeyExchange.git
https://github.com/imclaren/SwiftKeyExchange.git
WARNING: environment variable SUPPRESS_SWIFT_6_FLAGS is not set
Running build ...
bash -c docker run --pull=always --rm -v "checkouts-53886770-0":/host -w "$PWD" -e JAVA_HOME="/root/.sdkman/candidates/java/current" -e SPI_BUILD="1" -e SPI_PROCESSING="1" registry.gitlab.com/saguaro1/spi-images:basic-6.1-latest swift build --triple x86_64-unknown-linux-gnu -Xswiftc -Xfrontend -Xswiftc -stats-output-dir -Xswiftc -Xfrontend -Xswiftc .stats -Xswiftc -strict-concurrency=complete -Xswiftc -enable-upcoming-feature -Xswiftc StrictConcurrency -Xswiftc -enable-upcoming-feature -Xswiftc DisableOutwardActorInference -Xswiftc -enable-upcoming-feature -Xswiftc GlobalActorIsolatedTypesUsability -Xswiftc -enable-upcoming-feature -Xswiftc InferSendableFromCaptures 2>&1
basic-6.1-latest: Pulling from saguaro1/spi-images
Digest: sha256:bebe373f64586285d153a73cebf57004d534988a7110464fd581e50dd24c756b
Status: Image is up to date for registry.gitlab.com/saguaro1/spi-images:basic-6.1-latest
Building for debugging...
[0/2] Write sources
[1/2] Write swift-version-24593BA9C3E375BF.txt
[3/17] Compiling SwiftKeyExchange AEAD.swift
/host/spi-builder-workspace/Sources/SwiftKeyExchange/AEAD.swift:9:8: error: no such module 'CryptoKit'
7 |
8 | import Foundation
9 | import CryptoKit
| `- error: no such module 'CryptoKit'
10 |
11 | /// Random nonce for the provided type of authenticated encryption with associated data (AEAD).
[4/17] Compiling SwiftKeyExchange AESGCM.swift
/host/spi-builder-workspace/Sources/SwiftKeyExchange/AEAD.swift:9:8: error: no such module 'CryptoKit'
7 |
8 | import Foundation
9 | import CryptoKit
| `- error: no such module 'CryptoKit'
10 |
11 | /// Random nonce for the provided type of authenticated encryption with associated data (AEAD).
[5/19] Compiling SwiftKeyExchange Models.swift
/host/spi-builder-workspace/Sources/SwiftKeyExchange/AEAD.swift:9:8: error: no such module 'CryptoKit'
7 |
8 | import Foundation
9 | import CryptoKit
| `- error: no such module 'CryptoKit'
10 |
11 | /// Random nonce for the provided type of authenticated encryption with associated data (AEAD).
[6/19] Compiling SwiftKeyExchange P256.swift
/host/spi-builder-workspace/Sources/SwiftKeyExchange/AEAD.swift:9:8: error: no such module 'CryptoKit'
7 |
8 | import Foundation
9 | import CryptoKit
| `- error: no such module 'CryptoKit'
10 |
11 | /// Random nonce for the provided type of authenticated encryption with associated data (AEAD).
[7/19] Compiling SwiftKeyExchange Curve25519.swift
/host/spi-builder-workspace/Sources/SwiftKeyExchange/AEAD.swift:9:8: error: no such module 'CryptoKit'
7 |
8 | import Foundation
9 | import CryptoKit
| `- error: no such module 'CryptoKit'
10 |
11 | /// Random nonce for the provided type of authenticated encryption with associated data (AEAD).
[8/19] Compiling SwiftKeyExchange KeyExchangeStore.swift
/host/spi-builder-workspace/Sources/SwiftKeyExchange/AEAD.swift:9:8: error: no such module 'CryptoKit'
7 |
8 | import Foundation
9 | import CryptoKit
| `- error: no such module 'CryptoKit'
10 |
11 | /// Random nonce for the provided type of authenticated encryption with associated data (AEAD).
[9/19] Compiling SwiftKeyExchange P384.swift
/host/spi-builder-workspace/Sources/SwiftKeyExchange/AEAD.swift:9:8: error: no such module 'CryptoKit'
7 |
8 | import Foundation
9 | import CryptoKit
| `- error: no such module 'CryptoKit'
10 |
11 | /// Random nonce for the provided type of authenticated encryption with associated data (AEAD).
[10/19] Compiling SwiftKeyExchange P521.swift
/host/spi-builder-workspace/Sources/SwiftKeyExchange/AEAD.swift:9:8: error: no such module 'CryptoKit'
7 |
8 | import Foundation
9 | import CryptoKit
| `- error: no such module 'CryptoKit'
10 |
11 | /// Random nonce for the provided type of authenticated encryption with associated data (AEAD).
[11/19] Compiling SwiftKeyExchange PEM.swift
/host/spi-builder-workspace/Sources/SwiftKeyExchange/AEAD.swift:9:8: error: no such module 'CryptoKit'
7 |
8 | import Foundation
9 | import CryptoKit
| `- error: no such module 'CryptoKit'
10 |
11 | /// Random nonce for the provided type of authenticated encryption with associated data (AEAD).
[12/19] Compiling SwiftKeyExchange RandomData.swift
/host/spi-builder-workspace/Sources/SwiftKeyExchange/AEAD.swift:9:8: error: no such module 'CryptoKit'
7 |
8 | import Foundation
9 | import CryptoKit
| `- error: no such module 'CryptoKit'
10 |
11 | /// Random nonce for the provided type of authenticated encryption with associated data (AEAD).
[13/19] Compiling SwiftKeyExchange ChaChaPoly.swift
/host/spi-builder-workspace/Sources/SwiftKeyExchange/AEAD.swift:9:8: error: no such module 'CryptoKit'
7 |
8 | import Foundation
9 | import CryptoKit
| `- error: no such module 'CryptoKit'
10 |
11 | /// Random nonce for the provided type of authenticated encryption with associated data (AEAD).
[14/19] Compiling SwiftKeyExchange Curve.swift
/host/spi-builder-workspace/Sources/SwiftKeyExchange/AEAD.swift:9:8: error: no such module 'CryptoKit'
7 |
8 | import Foundation
9 | import CryptoKit
| `- error: no such module 'CryptoKit'
10 |
11 | /// Random nonce for the provided type of authenticated encryption with associated data (AEAD).
error: emit-module command failed with exit code 1 (use -v to see invocation)
[15/19] Emitting module SwiftKeyExchange
/host/spi-builder-workspace/Sources/SwiftKeyExchange/AEAD.swift:9:8: error: no such module 'CryptoKit'
7 |
8 | import Foundation
9 | import CryptoKit
| `- error: no such module 'CryptoKit'
10 |
11 | /// Random nonce for the provided type of authenticated encryption with associated data (AEAD).
[16/19] Compiling SwiftKeyExchange SharedSecret.swift
/host/spi-builder-workspace/Sources/SwiftKeyExchange/AEAD.swift:9:8: error: no such module 'CryptoKit'
7 |
8 | import Foundation
9 | import CryptoKit
| `- error: no such module 'CryptoKit'
10 |
11 | /// Random nonce for the provided type of authenticated encryption with associated data (AEAD).
[17/19] Compiling SwiftKeyExchange SymmetricKey.swift
/host/spi-builder-workspace/Sources/SwiftKeyExchange/AEAD.swift:9:8: error: no such module 'CryptoKit'
7 |
8 | import Foundation
9 | import CryptoKit
| `- error: no such module 'CryptoKit'
10 |
11 | /// Random nonce for the provided type of authenticated encryption with associated data (AEAD).
[18/19] Compiling SwiftKeyExchange Timestamp.swift
/host/spi-builder-workspace/Sources/SwiftKeyExchange/AEAD.swift:9:8: error: no such module 'CryptoKit'
7 |
8 | import Foundation
9 | import CryptoKit
| `- error: no such module 'CryptoKit'
10 |
11 | /// Random nonce for the provided type of authenticated encryption with associated data (AEAD).
[19/19] Compiling SwiftKeyExchange URLSessionWebSocketTask.Message.swift
/host/spi-builder-workspace/Sources/SwiftKeyExchange/AEAD.swift:9:8: error: no such module 'CryptoKit'
7 |
8 | import Foundation
9 | import CryptoKit
| `- error: no such module 'CryptoKit'
10 |
11 | /// Random nonce for the provided type of authenticated encryption with associated data (AEAD).
Running build ...
bash -c docker run --pull=always --rm -v "checkouts-53886770-0":/host -w "$PWD" -e JAVA_HOME="/root/.sdkman/candidates/java/current" -e SPI_BUILD="1" -e SPI_PROCESSING="1" registry.gitlab.com/saguaro1/spi-images:basic-6.1-latest swift build --triple x86_64-unknown-linux-gnu 2>&1
basic-6.1-latest: Pulling from saguaro1/spi-images
Digest: sha256:bebe373f64586285d153a73cebf57004d534988a7110464fd581e50dd24c756b
Status: Image is up to date for registry.gitlab.com/saguaro1/spi-images:basic-6.1-latest
[0/1] Planning build
Building for debugging...
[0/1] Write swift-version-24593BA9C3E375BF.txt
[2/16] Compiling SwiftKeyExchange PEM.swift
/host/spi-builder-workspace/Sources/SwiftKeyExchange/AEAD.swift:9:8: error: no such module 'CryptoKit'
7 |
8 | import Foundation
9 | import CryptoKit
| `- error: no such module 'CryptoKit'
10 |
11 | /// Random nonce for the provided type of authenticated encryption with associated data (AEAD).
[3/16] Compiling SwiftKeyExchange RandomData.swift
/host/spi-builder-workspace/Sources/SwiftKeyExchange/AEAD.swift:9:8: error: no such module 'CryptoKit'
7 |
8 | import Foundation
9 | import CryptoKit
| `- error: no such module 'CryptoKit'
10 |
11 | /// Random nonce for the provided type of authenticated encryption with associated data (AEAD).
[4/16] Compiling SwiftKeyExchange SharedSecret.swift
/host/spi-builder-workspace/Sources/SwiftKeyExchange/AEAD.swift:9:8: error: no such module 'CryptoKit'
7 |
8 | import Foundation
9 | import CryptoKit
| `- error: no such module 'CryptoKit'
10 |
11 | /// Random nonce for the provided type of authenticated encryption with associated data (AEAD).
[5/16] Compiling SwiftKeyExchange SymmetricKey.swift
/host/spi-builder-workspace/Sources/SwiftKeyExchange/AEAD.swift:9:8: error: no such module 'CryptoKit'
7 |
8 | import Foundation
9 | import CryptoKit
| `- error: no such module 'CryptoKit'
10 |
11 | /// Random nonce for the provided type of authenticated encryption with associated data (AEAD).
[6/18] Compiling SwiftKeyExchange AEAD.swift
/host/spi-builder-workspace/Sources/SwiftKeyExchange/AEAD.swift:9:8: error: no such module 'CryptoKit'
7 |
8 | import Foundation
9 | import CryptoKit
| `- error: no such module 'CryptoKit'
10 |
11 | /// Random nonce for the provided type of authenticated encryption with associated data (AEAD).
[7/18] Compiling SwiftKeyExchange AESGCM.swift
/host/spi-builder-workspace/Sources/SwiftKeyExchange/AEAD.swift:9:8: error: no such module 'CryptoKit'
7 |
8 | import Foundation
9 | import CryptoKit
| `- error: no such module 'CryptoKit'
10 |
11 | /// Random nonce for the provided type of authenticated encryption with associated data (AEAD).
error: emit-module command failed with exit code 1 (use -v to see invocation)
[8/18] Emitting module SwiftKeyExchange
/host/spi-builder-workspace/Sources/SwiftKeyExchange/AEAD.swift:9:8: error: no such module 'CryptoKit'
7 |
8 | import Foundation
9 | import CryptoKit
| `- error: no such module 'CryptoKit'
10 |
11 | /// Random nonce for the provided type of authenticated encryption with associated data (AEAD).
[9/18] Compiling SwiftKeyExchange Curve25519.swift
/host/spi-builder-workspace/Sources/SwiftKeyExchange/AEAD.swift:9:8: error: no such module 'CryptoKit'
7 |
8 | import Foundation
9 | import CryptoKit
| `- error: no such module 'CryptoKit'
10 |
11 | /// Random nonce for the provided type of authenticated encryption with associated data (AEAD).
[10/18] Compiling SwiftKeyExchange KeyExchangeStore.swift
/host/spi-builder-workspace/Sources/SwiftKeyExchange/AEAD.swift:9:8: error: no such module 'CryptoKit'
7 |
8 | import Foundation
9 | import CryptoKit
| `- error: no such module 'CryptoKit'
10 |
11 | /// Random nonce for the provided type of authenticated encryption with associated data (AEAD).
[11/18] Compiling SwiftKeyExchange ChaChaPoly.swift
/host/spi-builder-workspace/Sources/SwiftKeyExchange/AEAD.swift:9:8: error: no such module 'CryptoKit'
7 |
8 | import Foundation
9 | import CryptoKit
| `- error: no such module 'CryptoKit'
10 |
11 | /// Random nonce for the provided type of authenticated encryption with associated data (AEAD).
[12/18] Compiling SwiftKeyExchange Curve.swift
/host/spi-builder-workspace/Sources/SwiftKeyExchange/AEAD.swift:9:8: error: no such module 'CryptoKit'
7 |
8 | import Foundation
9 | import CryptoKit
| `- error: no such module 'CryptoKit'
10 |
11 | /// Random nonce for the provided type of authenticated encryption with associated data (AEAD).
[13/18] Compiling SwiftKeyExchange Models.swift
/host/spi-builder-workspace/Sources/SwiftKeyExchange/AEAD.swift:9:8: error: no such module 'CryptoKit'
7 |
8 | import Foundation
9 | import CryptoKit
| `- error: no such module 'CryptoKit'
10 |
11 | /// Random nonce for the provided type of authenticated encryption with associated data (AEAD).
[14/18] Compiling SwiftKeyExchange P256.swift
/host/spi-builder-workspace/Sources/SwiftKeyExchange/AEAD.swift:9:8: error: no such module 'CryptoKit'
7 |
8 | import Foundation
9 | import CryptoKit
| `- error: no such module 'CryptoKit'
10 |
11 | /// Random nonce for the provided type of authenticated encryption with associated data (AEAD).
[15/18] Compiling SwiftKeyExchange P384.swift
/host/spi-builder-workspace/Sources/SwiftKeyExchange/AEAD.swift:9:8: error: no such module 'CryptoKit'
7 |
8 | import Foundation
9 | import CryptoKit
| `- error: no such module 'CryptoKit'
10 |
11 | /// Random nonce for the provided type of authenticated encryption with associated data (AEAD).
[16/18] Compiling SwiftKeyExchange P521.swift
/host/spi-builder-workspace/Sources/SwiftKeyExchange/AEAD.swift:9:8: error: no such module 'CryptoKit'
7 |
8 | import Foundation
9 | import CryptoKit
| `- error: no such module 'CryptoKit'
10 |
11 | /// Random nonce for the provided type of authenticated encryption with associated data (AEAD).
[17/18] Compiling SwiftKeyExchange Timestamp.swift
/host/spi-builder-workspace/Sources/SwiftKeyExchange/AEAD.swift:9:8: error: no such module 'CryptoKit'
7 |
8 | import Foundation
9 | import CryptoKit
| `- error: no such module 'CryptoKit'
10 |
11 | /// Random nonce for the provided type of authenticated encryption with associated data (AEAD).
[18/18] Compiling SwiftKeyExchange URLSessionWebSocketTask.Message.swift
/host/spi-builder-workspace/Sources/SwiftKeyExchange/AEAD.swift:9:8: error: no such module 'CryptoKit'
7 |
8 | import Foundation
9 | import CryptoKit
| `- error: no such module 'CryptoKit'
10 |
11 | /// Random nonce for the provided type of authenticated encryption with associated data (AEAD).
BUILD FAILURE 6.1 linux