The Swift Package Index logo.Swift Package Index

Build Information

Failed to build ZMarkupParser, reference main (413d78), with Swift 6.4 for visionOS using Xcode 27.0 on 25 Sep 2026 04:29:22 UTC.

Build Command

env DEVELOPER_DIR=/Applications/Xcode-27.0.0-Release.Candidate.app xcrun xcodebuild -IDEClonedSourcePackagesDirPathOverride=$PWD/.dependencies -skipMacroValidation -skipPackagePluginValidation -derivedDataPath $PWD/.derivedData build -scheme ZMarkupParser -destination generic/platform=xrOS

Build Log

SwiftCompile normal arm64 /Users/admin/builder/spi-builder-workspace/Sources/ZMarkupParser/Core/MarkupStyle/MarkupStyleColorName.swift (in target 'ZMarkupParser' from project 'ZMarkupParser')
    cd /Users/admin/builder/spi-builder-workspace/.swiftpm/xcode
    builtin-SwiftPerFileCompile MarkupStyleColorName.swift
SwiftCompile normal arm64 /Users/admin/builder/spi-builder-workspace/Sources/ZMarkupParser/Core/MarkupStyle/MarkupStyleFont.swift (in target 'ZMarkupParser' from project 'ZMarkupParser')
    cd /Users/admin/builder/spi-builder-workspace/.swiftpm/xcode
    builtin-SwiftPerFileCompile MarkupStyleFont.swift
SwiftCompile normal arm64 /Users/admin/builder/spi-builder-workspace/Sources/ZMarkupParser/Core/MarkupStyle/MarkupStyleList.swift (in target 'ZMarkupParser' from project 'ZMarkupParser')
    cd /Users/admin/builder/spi-builder-workspace/.swiftpm/xcode
    builtin-SwiftPerFileCompile MarkupStyleList.swift
SwiftCompile normal arm64 /Users/admin/builder/spi-builder-workspace/Sources/ZMarkupParser/Core/MarkupStyle/MarkupStyleParagraphStyle.swift (in target 'ZMarkupParser' from project 'ZMarkupParser')
    cd /Users/admin/builder/spi-builder-workspace/.swiftpm/xcode
    builtin-SwiftPerFileCompile MarkupStyleParagraphStyle.swift
SwiftCompile normal arm64 /Users/admin/builder/spi-builder-workspace/Sources/ZMarkupParser/Core/MarkupStyle/MarkupStyleSponsorColor.swift (in target 'ZMarkupParser' from project 'ZMarkupParser')
    cd /Users/admin/builder/spi-builder-workspace/.swiftpm/xcode
    builtin-SwiftPerFileCompile MarkupStyleSponsorColor.swift
SwiftCompile normal arm64 /Users/admin/builder/spi-builder-workspace/Sources/ZMarkupParser/Core/MarkupStyle/MarkupStyleVendorColor.swift (in target 'ZMarkupParser' from project 'ZMarkupParser')
    cd /Users/admin/builder/spi-builder-workspace/.swiftpm/xcode
    builtin-SwiftPerFileCompile MarkupStyleVendorColor.swift
SwiftCompile normal arm64 /Users/admin/builder/spi-builder-workspace/Sources/ZMarkupParser/Core/Pipeline/HTMLScanner.swift (in target 'ZMarkupParser' from project 'ZMarkupParser')
    cd /Users/admin/builder/spi-builder-workspace/.swiftpm/xcode
    builtin-SwiftPerFileCompile HTMLScanner.swift
SwiftCompile normal arm64 /Users/admin/builder/spi-builder-workspace/Sources/ZMarkupParser/Core/Pipeline/Token.swift (in target 'ZMarkupParser' from project 'ZMarkupParser')
    cd /Users/admin/builder/spi-builder-workspace/.swiftpm/xcode
    builtin-SwiftPerFileCompile Token.swift
SwiftCompile normal arm64 /Users/admin/builder/spi-builder-workspace/Sources/ZMarkupParser/Core/Processor/MarkupNSAttributedStringVisitor.swift (in target 'ZMarkupParser' from project 'ZMarkupParser')
    cd /Users/admin/builder/spi-builder-workspace/.swiftpm/xcode
    builtin-SwiftPerFileCompile MarkupNSAttributedStringVisitor.swift
SwiftCompile normal arm64 /Users/admin/builder/spi-builder-workspace/Sources/ZMarkupParser/Core/Processor/MarkupRenderProcessor.swift (in target 'ZMarkupParser' from project 'ZMarkupParser')
    cd /Users/admin/builder/spi-builder-workspace/.swiftpm/xcode
    builtin-SwiftPerFileCompile MarkupRenderProcessor.swift
SwiftCompile normal arm64 /Users/admin/builder/spi-builder-workspace/Sources/ZMarkupParser/Core/Processor/MarkupStripperProcessor.swift (in target 'ZMarkupParser' from project 'ZMarkupParser')
    cd /Users/admin/builder/spi-builder-workspace/.swiftpm/xcode
    builtin-SwiftPerFileCompile MarkupStripperProcessor.swift
SwiftCompile normal arm64 Compiling\ RootMarkup.swift,\ TableColumnMarkup.swift,\ TableMarkup.swift,\ TableRowMarkup.swift,\ UnderlineMarkup.swift,\ MarkupComponent.swift,\ HTMLElementMarkupComponent.swift,\ MarkupStyleComponent.swift,\ MarkupStyle+Extension.swift,\ MarkupStyle.swift,\ MarkupStyleColor.swift /Users/admin/builder/spi-builder-workspace/Sources/ZMarkupParser/Core/Markup/Markups/RootMarkup.swift /Users/admin/builder/spi-builder-workspace/Sources/ZMarkupParser/Core/Markup/Markups/TableColumnMarkup.swift /Users/admin/builder/spi-builder-workspace/Sources/ZMarkupParser/Core/Markup/Markups/TableMarkup.swift /Users/admin/builder/spi-builder-workspace/Sources/ZMarkupParser/Core/Markup/Markups/TableRowMarkup.swift /Users/admin/builder/spi-builder-workspace/Sources/ZMarkupParser/Core/Markup/Markups/UnderlineMarkup.swift /Users/admin/builder/spi-builder-workspace/Sources/ZMarkupParser/Core/MarkupComponent/MarkupComponent.swift /Users/admin/builder/spi-builder-workspace/Sources/ZMarkupParser/Core/MarkupComponent/MarkupComponents/HTMLElementMarkupComponent.swift /Users/admin/builder/spi-builder-workspace/Sources/ZMarkupParser/Core/MarkupComponent/MarkupComponents/MarkupStyleComponent.swift /Users/admin/builder/spi-builder-workspace/Sources/ZMarkupParser/Core/MarkupStyle/MarkupStyle+Extension.swift /Users/admin/builder/spi-builder-workspace/Sources/ZMarkupParser/Core/MarkupStyle/MarkupStyle.swift /Users/admin/builder/spi-builder-workspace/Sources/ZMarkupParser/Core/MarkupStyle/MarkupStyleColor.swift (in target 'ZMarkupParser' from project 'ZMarkupParser')
/Users/admin/builder/spi-builder-workspace/Sources/ZMarkupParser/Core/MarkupComponent/MarkupComponent.swift:31:44: warning: conditional cast from 'Self.Element.T' to 'Self.Element.T' always succeeds
29 |         dict.reserveCapacity(underestimatedCount)
30 |         for component in self {
31 |             if let value = component.value as? Element.T {
   |                                            `- warning: conditional cast from 'Self.Element.T' to 'Self.Element.T' always succeeds
32 |                 dict[ObjectIdentifier(component.markup)] = value
33 |             }
/Users/admin/builder/spi-builder-workspace/Sources/ZMarkupParser/Core/MarkupStyle/MarkupStyle.swift:190:19: warning: 'obliqueness' was deprecated in visionOS 1.0: This attribute is not supported with TextKit 2 [#DeprecatedDeclaration]
188 |         }
189 |         if let obliqueness = self.obliqueness {
190 |             data[.obliqueness] = obliqueness
    |                   `- warning: 'obliqueness' was deprecated in visionOS 1.0: This attribute is not supported with TextKit 2 [#DeprecatedDeclaration]
191 |         }
192 |         if let expansion = self.expansion {
/Users/admin/builder/spi-builder-workspace/Sources/ZMarkupParser/Core/MarkupStyle/MarkupStyle.swift:193:19: warning: 'expansion' was deprecated in visionOS 1.0: This attribute is not supported with TextKit 2 [#DeprecatedDeclaration]
191 |         }
192 |         if let expansion = self.expansion {
193 |             data[.expansion] = expansion
    |                   `- warning: 'expansion' was deprecated in visionOS 1.0: This attribute is not supported with TextKit 2 [#DeprecatedDeclaration]
194 |         }
195 |         if let writingDirection = self.writingDirection {
/Users/admin/builder/spi-builder-workspace/Sources/ZMarkupParser/Core/MarkupStyle/MarkupStyle.swift:199:19: warning: 'verticalGlyphForm' was deprecated in visionOS 1.0: This attribute is not supported with TextKit 2 [#DeprecatedDeclaration]
197 |         }
198 |         if let verticalGlyphForm = self.verticalGlyphForm {
199 |             data[.verticalGlyphForm] = verticalGlyphForm
    |                   `- warning: 'verticalGlyphForm' was deprecated in visionOS 1.0: This attribute is not supported with TextKit 2 [#DeprecatedDeclaration]
200 |         }
201 |         return data
[#DeprecatedDeclaration]: <https://docs.swift.org/compiler/documentation/diagnostics/deprecated-declaration>
SwiftCompile normal arm64 /Users/admin/builder/spi-builder-workspace/Sources/ZMarkupParser/Core/Markup/Markups/RootMarkup.swift (in target 'ZMarkupParser' from project 'ZMarkupParser')
    cd /Users/admin/builder/spi-builder-workspace/.swiftpm/xcode
    builtin-SwiftPerFileCompile RootMarkup.swift
SwiftCompile normal arm64 /Users/admin/builder/spi-builder-workspace/Sources/ZMarkupParser/Core/Markup/Markups/TableColumnMarkup.swift (in target 'ZMarkupParser' from project 'ZMarkupParser')
    cd /Users/admin/builder/spi-builder-workspace/.swiftpm/xcode
    builtin-SwiftPerFileCompile TableColumnMarkup.swift
SwiftCompile normal arm64 /Users/admin/builder/spi-builder-workspace/Sources/ZMarkupParser/Core/Markup/Markups/TableMarkup.swift (in target 'ZMarkupParser' from project 'ZMarkupParser')
    cd /Users/admin/builder/spi-builder-workspace/.swiftpm/xcode
    builtin-SwiftPerFileCompile TableMarkup.swift
SwiftCompile normal arm64 /Users/admin/builder/spi-builder-workspace/Sources/ZMarkupParser/Core/Markup/Markups/TableRowMarkup.swift (in target 'ZMarkupParser' from project 'ZMarkupParser')
    cd /Users/admin/builder/spi-builder-workspace/.swiftpm/xcode
    builtin-SwiftPerFileCompile TableRowMarkup.swift
SwiftCompile normal arm64 /Users/admin/builder/spi-builder-workspace/Sources/ZMarkupParser/Core/Markup/Markups/UnderlineMarkup.swift (in target 'ZMarkupParser' from project 'ZMarkupParser')
    cd /Users/admin/builder/spi-builder-workspace/.swiftpm/xcode
    builtin-SwiftPerFileCompile UnderlineMarkup.swift
SwiftCompile normal arm64 /Users/admin/builder/spi-builder-workspace/Sources/ZMarkupParser/Core/MarkupComponent/MarkupComponent.swift (in target 'ZMarkupParser' from project 'ZMarkupParser')
    cd /Users/admin/builder/spi-builder-workspace/.swiftpm/xcode
    builtin-SwiftPerFileCompile MarkupComponent.swift
SwiftCompile normal arm64 /Users/admin/builder/spi-builder-workspace/Sources/ZMarkupParser/Core/MarkupComponent/MarkupComponents/HTMLElementMarkupComponent.swift (in target 'ZMarkupParser' from project 'ZMarkupParser')
    cd /Users/admin/builder/spi-builder-workspace/.swiftpm/xcode
    builtin-SwiftPerFileCompile HTMLElementMarkupComponent.swift
SwiftCompile normal arm64 /Users/admin/builder/spi-builder-workspace/Sources/ZMarkupParser/Core/MarkupComponent/MarkupComponents/MarkupStyleComponent.swift (in target 'ZMarkupParser' from project 'ZMarkupParser')
    cd /Users/admin/builder/spi-builder-workspace/.swiftpm/xcode
    builtin-SwiftPerFileCompile MarkupStyleComponent.swift
SwiftCompile normal arm64 /Users/admin/builder/spi-builder-workspace/Sources/ZMarkupParser/Core/MarkupStyle/MarkupStyle+Extension.swift (in target 'ZMarkupParser' from project 'ZMarkupParser')
    cd /Users/admin/builder/spi-builder-workspace/.swiftpm/xcode
    builtin-SwiftPerFileCompile MarkupStyle+Extension.swift
SwiftCompile normal arm64 /Users/admin/builder/spi-builder-workspace/Sources/ZMarkupParser/Core/MarkupStyle/MarkupStyle.swift (in target 'ZMarkupParser' from project 'ZMarkupParser')
    cd /Users/admin/builder/spi-builder-workspace/.swiftpm/xcode
    builtin-SwiftPerFileCompile MarkupStyle.swift
SwiftCompile normal arm64 /Users/admin/builder/spi-builder-workspace/Sources/ZMarkupParser/Core/MarkupStyle/MarkupStyleColor.swift (in target 'ZMarkupParser' from project 'ZMarkupParser')
    cd /Users/admin/builder/spi-builder-workspace/.swiftpm/xcode
    builtin-SwiftPerFileCompile MarkupStyleColor.swift
SwiftCompile normal arm64 Compiling\ NSTextCheckingResult+Extension.swift,\ ParserProcessor.swift,\ ParserRegexr.swift,\ HTMLTag.swift,\ HTMLTagClassAttribute.swift,\ HTMLTagIdAttribute.swift,\ HTMLTagName.swift,\ HTMLTagNameVisitor.swift,\ A_HTMLTagName.swift,\ BLOCKQUOTE_HTMLTagName.swift,\ BR_HTMLTagName.swift /Users/admin/builder/spi-builder-workspace/Sources/ZMarkupParser/Core/Processor/NSTextCheckingResult+Extension.swift /Users/admin/builder/spi-builder-workspace/Sources/ZMarkupParser/Core/Processor/ParserProcessor.swift /Users/admin/builder/spi-builder-workspace/Sources/ZMarkupParser/Core/Processor/ParserRegexr.swift /Users/admin/builder/spi-builder-workspace/Sources/ZMarkupParser/HTML/HTMLTag/HTMLTag.swift /Users/admin/builder/spi-builder-workspace/Sources/ZMarkupParser/HTML/HTMLTag/HTMLTagClassAttribute.swift /Users/admin/builder/spi-builder-workspace/Sources/ZMarkupParser/HTML/HTMLTag/HTMLTagIdAttribute.swift /Users/admin/builder/spi-builder-workspace/Sources/ZMarkupParser/HTML/HTMLTag/HTMLTagName.swift /Users/admin/builder/spi-builder-workspace/Sources/ZMarkupParser/HTML/HTMLTag/HTMLTagNameVisitor.swift /Users/admin/builder/spi-builder-workspace/Sources/ZMarkupParser/HTML/HTMLTag/HTMLTagNames/A_HTMLTagName.swift /Users/admin/builder/spi-builder-workspace/Sources/ZMarkupParser/HTML/HTMLTag/HTMLTagNames/BLOCKQUOTE_HTMLTagName.swift /Users/admin/builder/spi-builder-workspace/Sources/ZMarkupParser/HTML/HTMLTag/HTMLTagNames/BR_HTMLTagName.swift (in target 'ZMarkupParser' from project 'ZMarkupParser')
SwiftCompile normal arm64 /Users/admin/builder/spi-builder-workspace/Sources/ZMarkupParser/Core/Processor/NSTextCheckingResult+Extension.swift (in target 'ZMarkupParser' from project 'ZMarkupParser')
    cd /Users/admin/builder/spi-builder-workspace/.swiftpm/xcode
    builtin-SwiftPerFileCompile NSTextCheckingResult+Extension.swift
SwiftCompile normal arm64 /Users/admin/builder/spi-builder-workspace/Sources/ZMarkupParser/Core/Processor/ParserProcessor.swift (in target 'ZMarkupParser' from project 'ZMarkupParser')
    cd /Users/admin/builder/spi-builder-workspace/.swiftpm/xcode
    builtin-SwiftPerFileCompile ParserProcessor.swift
SwiftCompile normal arm64 /Users/admin/builder/spi-builder-workspace/Sources/ZMarkupParser/Core/Processor/ParserRegexr.swift (in target 'ZMarkupParser' from project 'ZMarkupParser')
    cd /Users/admin/builder/spi-builder-workspace/.swiftpm/xcode
    builtin-SwiftPerFileCompile ParserRegexr.swift
SwiftCompile normal arm64 /Users/admin/builder/spi-builder-workspace/Sources/ZMarkupParser/HTML/HTMLTag/HTMLTag.swift (in target 'ZMarkupParser' from project 'ZMarkupParser')
    cd /Users/admin/builder/spi-builder-workspace/.swiftpm/xcode
    builtin-SwiftPerFileCompile HTMLTag.swift
SwiftCompile normal arm64 /Users/admin/builder/spi-builder-workspace/Sources/ZMarkupParser/HTML/HTMLTag/HTMLTagClassAttribute.swift (in target 'ZMarkupParser' from project 'ZMarkupParser')
    cd /Users/admin/builder/spi-builder-workspace/.swiftpm/xcode
    builtin-SwiftPerFileCompile HTMLTagClassAttribute.swift
SwiftCompile normal arm64 /Users/admin/builder/spi-builder-workspace/Sources/ZMarkupParser/HTML/HTMLTag/HTMLTagIdAttribute.swift (in target 'ZMarkupParser' from project 'ZMarkupParser')
    cd /Users/admin/builder/spi-builder-workspace/.swiftpm/xcode
    builtin-SwiftPerFileCompile HTMLTagIdAttribute.swift
SwiftCompile normal arm64 /Users/admin/builder/spi-builder-workspace/Sources/ZMarkupParser/HTML/HTMLTag/HTMLTagName.swift (in target 'ZMarkupParser' from project 'ZMarkupParser')
    cd /Users/admin/builder/spi-builder-workspace/.swiftpm/xcode
    builtin-SwiftPerFileCompile HTMLTagName.swift
SwiftCompile normal arm64 /Users/admin/builder/spi-builder-workspace/Sources/ZMarkupParser/HTML/HTMLTag/HTMLTagNameVisitor.swift (in target 'ZMarkupParser' from project 'ZMarkupParser')
    cd /Users/admin/builder/spi-builder-workspace/.swiftpm/xcode
    builtin-SwiftPerFileCompile HTMLTagNameVisitor.swift
SwiftCompile normal arm64 /Users/admin/builder/spi-builder-workspace/Sources/ZMarkupParser/HTML/HTMLTag/HTMLTagNames/A_HTMLTagName.swift (in target 'ZMarkupParser' from project 'ZMarkupParser')
    cd /Users/admin/builder/spi-builder-workspace/.swiftpm/xcode
    builtin-SwiftPerFileCompile A_HTMLTagName.swift
SwiftCompile normal arm64 /Users/admin/builder/spi-builder-workspace/Sources/ZMarkupParser/HTML/HTMLTag/HTMLTagNames/BLOCKQUOTE_HTMLTagName.swift (in target 'ZMarkupParser' from project 'ZMarkupParser')
    cd /Users/admin/builder/spi-builder-workspace/.swiftpm/xcode
    builtin-SwiftPerFileCompile BLOCKQUOTE_HTMLTagName.swift
SwiftCompile normal arm64 /Users/admin/builder/spi-builder-workspace/Sources/ZMarkupParser/HTML/HTMLTag/HTMLTagNames/BR_HTMLTagName.swift (in target 'ZMarkupParser' from project 'ZMarkupParser')
    cd /Users/admin/builder/spi-builder-workspace/.swiftpm/xcode
    builtin-SwiftPerFileCompile BR_HTMLTagName.swift
SwiftCompile normal arm64 Compiling\ HTMLString.swift,\ Mappings.swift,\ ListIndexLookup.swift,\ Markup.swift,\ MarkupVisitor.swift,\ BlockQuoteMarkup.swift,\ BoldMarkup.swift,\ BreakLineMarkup.swift,\ CodeMarkup.swift,\ ColorMarkup.swift,\ DeletelineMarkup.swift /Users/admin/builder/spi-builder-workspace/Sources/HTMLString/HTMLString.swift /Users/admin/builder/spi-builder-workspace/Sources/HTMLString/Mappings.swift /Users/admin/builder/spi-builder-workspace/Sources/ZMarkupParser/Core/Markup/ListIndexLookup.swift /Users/admin/builder/spi-builder-workspace/Sources/ZMarkupParser/Core/Markup/Markup.swift /Users/admin/builder/spi-builder-workspace/Sources/ZMarkupParser/Core/Markup/MarkupVisitor.swift /Users/admin/builder/spi-builder-workspace/Sources/ZMarkupParser/Core/Markup/Markups/BlockQuoteMarkup.swift /Users/admin/builder/spi-builder-workspace/Sources/ZMarkupParser/Core/Markup/Markups/BoldMarkup.swift /Users/admin/builder/spi-builder-workspace/Sources/ZMarkupParser/Core/Markup/Markups/BreakLineMarkup.swift /Users/admin/builder/spi-builder-workspace/Sources/ZMarkupParser/Core/Markup/Markups/CodeMarkup.swift /Users/admin/builder/spi-builder-workspace/Sources/ZMarkupParser/Core/Markup/Markups/ColorMarkup.swift /Users/admin/builder/spi-builder-workspace/Sources/ZMarkupParser/Core/Markup/Markups/DeletelineMarkup.swift (in target 'ZMarkupParser' from project 'ZMarkupParser')
SwiftCompile normal arm64 /Users/admin/builder/spi-builder-workspace/Sources/HTMLString/HTMLString.swift (in target 'ZMarkupParser' from project 'ZMarkupParser')
    cd /Users/admin/builder/spi-builder-workspace/.swiftpm/xcode
    builtin-SwiftPerFileCompile HTMLString.swift
SwiftCompile normal arm64 /Users/admin/builder/spi-builder-workspace/Sources/HTMLString/Mappings.swift (in target 'ZMarkupParser' from project 'ZMarkupParser')
    cd /Users/admin/builder/spi-builder-workspace/.swiftpm/xcode
    builtin-SwiftPerFileCompile Mappings.swift
SwiftCompile normal arm64 /Users/admin/builder/spi-builder-workspace/Sources/ZMarkupParser/Core/Markup/ListIndexLookup.swift (in target 'ZMarkupParser' from project 'ZMarkupParser')
    cd /Users/admin/builder/spi-builder-workspace/.swiftpm/xcode
    builtin-SwiftPerFileCompile ListIndexLookup.swift
SwiftCompile normal arm64 /Users/admin/builder/spi-builder-workspace/Sources/ZMarkupParser/Core/Markup/Markup.swift (in target 'ZMarkupParser' from project 'ZMarkupParser')
    cd /Users/admin/builder/spi-builder-workspace/.swiftpm/xcode
    builtin-SwiftPerFileCompile Markup.swift
SwiftCompile normal arm64 /Users/admin/builder/spi-builder-workspace/Sources/ZMarkupParser/Core/Markup/MarkupVisitor.swift (in target 'ZMarkupParser' from project 'ZMarkupParser')
    cd /Users/admin/builder/spi-builder-workspace/.swiftpm/xcode
    builtin-SwiftPerFileCompile MarkupVisitor.swift
SwiftCompile normal arm64 /Users/admin/builder/spi-builder-workspace/Sources/ZMarkupParser/Core/Markup/Markups/BlockQuoteMarkup.swift (in target 'ZMarkupParser' from project 'ZMarkupParser')
    cd /Users/admin/builder/spi-builder-workspace/.swiftpm/xcode
    builtin-SwiftPerFileCompile BlockQuoteMarkup.swift
SwiftCompile normal arm64 /Users/admin/builder/spi-builder-workspace/Sources/ZMarkupParser/Core/Markup/Markups/BoldMarkup.swift (in target 'ZMarkupParser' from project 'ZMarkupParser')
    cd /Users/admin/builder/spi-builder-workspace/.swiftpm/xcode
    builtin-SwiftPerFileCompile BoldMarkup.swift
SwiftCompile normal arm64 /Users/admin/builder/spi-builder-workspace/Sources/ZMarkupParser/Core/Markup/Markups/BreakLineMarkup.swift (in target 'ZMarkupParser' from project 'ZMarkupParser')
    cd /Users/admin/builder/spi-builder-workspace/.swiftpm/xcode
    builtin-SwiftPerFileCompile BreakLineMarkup.swift
SwiftCompile normal arm64 /Users/admin/builder/spi-builder-workspace/Sources/ZMarkupParser/Core/Markup/Markups/CodeMarkup.swift (in target 'ZMarkupParser' from project 'ZMarkupParser')
    cd /Users/admin/builder/spi-builder-workspace/.swiftpm/xcode
    builtin-SwiftPerFileCompile CodeMarkup.swift
SwiftCompile normal arm64 /Users/admin/builder/spi-builder-workspace/Sources/ZMarkupParser/Core/Markup/Markups/ColorMarkup.swift (in target 'ZMarkupParser' from project 'ZMarkupParser')
    cd /Users/admin/builder/spi-builder-workspace/.swiftpm/xcode
    builtin-SwiftPerFileCompile ColorMarkup.swift
SwiftCompile normal arm64 /Users/admin/builder/spi-builder-workspace/Sources/ZMarkupParser/Core/Markup/Markups/DeletelineMarkup.swift (in target 'ZMarkupParser' from project 'ZMarkupParser')
    cd /Users/admin/builder/spi-builder-workspace/.swiftpm/xcode
    builtin-SwiftPerFileCompile DeletelineMarkup.swift
SwiftCompile normal arm64 Compiling\ B_HTMLTagName.swift,\ CODE_HTMLTagName.swift,\ DEL_HTMLTagName.swift,\ DIV_HTMLTagName.swift,\ EM_HTMLTagName.swift,\ ExtendTagName.swift,\ FONT_HTMLTagName.swift,\ H1_HTMLTagName.swift,\ H2_HTMLTagName.swift,\ H3_HTMLTagName.swift,\ H4_HTMLTagName.swift /Users/admin/builder/spi-builder-workspace/Sources/ZMarkupParser/HTML/HTMLTag/HTMLTagNames/B_HTMLTagName.swift /Users/admin/builder/spi-builder-workspace/Sources/ZMarkupParser/HTML/HTMLTag/HTMLTagNames/CODE_HTMLTagName.swift /Users/admin/builder/spi-builder-workspace/Sources/ZMarkupParser/HTML/HTMLTag/HTMLTagNames/DEL_HTMLTagName.swift /Users/admin/builder/spi-builder-workspace/Sources/ZMarkupParser/HTML/HTMLTag/HTMLTagNames/DIV_HTMLTagName.swift /Users/admin/builder/spi-builder-workspace/Sources/ZMarkupParser/HTML/HTMLTag/HTMLTagNames/EM_HTMLTagName.swift /Users/admin/builder/spi-builder-workspace/Sources/ZMarkupParser/HTML/HTMLTag/HTMLTagNames/ExtendTagName.swift /Users/admin/builder/spi-builder-workspace/Sources/ZMarkupParser/HTML/HTMLTag/HTMLTagNames/FONT_HTMLTagName.swift /Users/admin/builder/spi-builder-workspace/Sources/ZMarkupParser/HTML/HTMLTag/HTMLTagNames/H1_HTMLTagName.swift /Users/admin/builder/spi-builder-workspace/Sources/ZMarkupParser/HTML/HTMLTag/HTMLTagNames/H2_HTMLTagName.swift /Users/admin/builder/spi-builder-workspace/Sources/ZMarkupParser/HTML/HTMLTag/HTMLTagNames/H3_HTMLTagName.swift /Users/admin/builder/spi-builder-workspace/Sources/ZMarkupParser/HTML/HTMLTag/HTMLTagNames/H4_HTMLTagName.swift (in target 'ZMarkupParser' from project 'ZMarkupParser')
SwiftCompile normal arm64 /Users/admin/builder/spi-builder-workspace/Sources/ZMarkupParser/HTML/HTMLTag/HTMLTagNames/B_HTMLTagName.swift (in target 'ZMarkupParser' from project 'ZMarkupParser')
    cd /Users/admin/builder/spi-builder-workspace/.swiftpm/xcode
    builtin-SwiftPerFileCompile B_HTMLTagName.swift
SwiftCompile normal arm64 /Users/admin/builder/spi-builder-workspace/Sources/ZMarkupParser/HTML/HTMLTag/HTMLTagNames/CODE_HTMLTagName.swift (in target 'ZMarkupParser' from project 'ZMarkupParser')
    cd /Users/admin/builder/spi-builder-workspace/.swiftpm/xcode
    builtin-SwiftPerFileCompile CODE_HTMLTagName.swift
SwiftCompile normal arm64 /Users/admin/builder/spi-builder-workspace/Sources/ZMarkupParser/HTML/HTMLTag/HTMLTagNames/DEL_HTMLTagName.swift (in target 'ZMarkupParser' from project 'ZMarkupParser')
    cd /Users/admin/builder/spi-builder-workspace/.swiftpm/xcode
    builtin-SwiftPerFileCompile DEL_HTMLTagName.swift
SwiftCompile normal arm64 /Users/admin/builder/spi-builder-workspace/Sources/ZMarkupParser/HTML/HTMLTag/HTMLTagNames/DIV_HTMLTagName.swift (in target 'ZMarkupParser' from project 'ZMarkupParser')
    cd /Users/admin/builder/spi-builder-workspace/.swiftpm/xcode
    builtin-SwiftPerFileCompile DIV_HTMLTagName.swift
SwiftCompile normal arm64 /Users/admin/builder/spi-builder-workspace/Sources/ZMarkupParser/HTML/HTMLTag/HTMLTagNames/EM_HTMLTagName.swift (in target 'ZMarkupParser' from project 'ZMarkupParser')
    cd /Users/admin/builder/spi-builder-workspace/.swiftpm/xcode
    builtin-SwiftPerFileCompile EM_HTMLTagName.swift
SwiftCompile normal arm64 /Users/admin/builder/spi-builder-workspace/Sources/ZMarkupParser/HTML/HTMLTag/HTMLTagNames/ExtendTagName.swift (in target 'ZMarkupParser' from project 'ZMarkupParser')
    cd /Users/admin/builder/spi-builder-workspace/.swiftpm/xcode
    builtin-SwiftPerFileCompile ExtendTagName.swift
SwiftCompile normal arm64 /Users/admin/builder/spi-builder-workspace/Sources/ZMarkupParser/HTML/HTMLTag/HTMLTagNames/FONT_HTMLTagName.swift (in target 'ZMarkupParser' from project 'ZMarkupParser')
    cd /Users/admin/builder/spi-builder-workspace/.swiftpm/xcode
    builtin-SwiftPerFileCompile FONT_HTMLTagName.swift
SwiftCompile normal arm64 /Users/admin/builder/spi-builder-workspace/Sources/ZMarkupParser/HTML/HTMLTag/HTMLTagNames/H1_HTMLTagName.swift (in target 'ZMarkupParser' from project 'ZMarkupParser')
    cd /Users/admin/builder/spi-builder-workspace/.swiftpm/xcode
    builtin-SwiftPerFileCompile H1_HTMLTagName.swift
SwiftCompile normal arm64 /Users/admin/builder/spi-builder-workspace/Sources/ZMarkupParser/HTML/HTMLTag/HTMLTagNames/H2_HTMLTagName.swift (in target 'ZMarkupParser' from project 'ZMarkupParser')
    cd /Users/admin/builder/spi-builder-workspace/.swiftpm/xcode
    builtin-SwiftPerFileCompile H2_HTMLTagName.swift
SwiftCompile normal arm64 /Users/admin/builder/spi-builder-workspace/Sources/ZMarkupParser/HTML/HTMLTag/HTMLTagNames/H3_HTMLTagName.swift (in target 'ZMarkupParser' from project 'ZMarkupParser')
    cd /Users/admin/builder/spi-builder-workspace/.swiftpm/xcode
    builtin-SwiftPerFileCompile H3_HTMLTagName.swift
SwiftCompile normal arm64 /Users/admin/builder/spi-builder-workspace/Sources/ZMarkupParser/HTML/HTMLTag/HTMLTagNames/H4_HTMLTagName.swift (in target 'ZMarkupParser' from project 'ZMarkupParser')
    cd /Users/admin/builder/spi-builder-workspace/.swiftpm/xcode
    builtin-SwiftPerFileCompile H4_HTMLTagName.swift
SwiftCompile normal arm64 Compiling\ ExtendHTMLTagStyleAttribute.swift,\ FontFamilyHTMLTagStyleAttribute.swift,\ FontSizeHTMLTagStyleAttribute.swift,\ FontWeightHTMLTagStyleAttribute.swift,\ LineHeightHTMLTagStyleAttribute.swift,\ ListStyleTypeHTMLTagStyleAttribute.swift,\ TextAlignHTMLTagStyleAttribute.swift,\ WordSpacingHTMLTagStyleAttribute.swift,\ WC3HTMLTagName.swift,\ HTMLElementMarkupComponentMarkupStyleVisitor.swift,\ HTMLElementWithMarkupToMarkupStyleProcessor.swift /Users/admin/builder/spi-builder-workspace/Sources/ZMarkupParser/HTML/HTMLTag/HTMLTagStyleAttribute/HTMLTagStyleAttributes/ExtendHTMLTagStyleAttribute.swift /Users/admin/builder/spi-builder-workspace/Sources/ZMarkupParser/HTML/HTMLTag/HTMLTagStyleAttribute/HTMLTagStyleAttributes/FontFamilyHTMLTagStyleAttribute.swift /Users/admin/builder/spi-builder-workspace/Sources/ZMarkupParser/HTML/HTMLTag/HTMLTagStyleAttribute/HTMLTagStyleAttributes/FontSizeHTMLTagStyleAttribute.swift /Users/admin/builder/spi-builder-workspace/Sources/ZMarkupParser/HTML/HTMLTag/HTMLTagStyleAttribute/HTMLTagStyleAttributes/FontWeightHTMLTagStyleAttribute.swift /Users/admin/builder/spi-builder-workspace/Sources/ZMarkupParser/HTML/HTMLTag/HTMLTagStyleAttribute/HTMLTagStyleAttributes/LineHeightHTMLTagStyleAttribute.swift /Users/admin/builder/spi-builder-workspace/Sources/ZMarkupParser/HTML/HTMLTag/HTMLTagStyleAttribute/HTMLTagStyleAttributes/ListStyleTypeHTMLTagStyleAttribute.swift /Users/admin/builder/spi-builder-workspace/Sources/ZMarkupParser/HTML/HTMLTag/HTMLTagStyleAttribute/HTMLTagStyleAttributes/TextAlignHTMLTagStyleAttribute.swift /Users/admin/builder/spi-builder-workspace/Sources/ZMarkupParser/HTML/HTMLTag/HTMLTagStyleAttribute/HTMLTagStyleAttributes/WordSpacingHTMLTagStyleAttribute.swift /Users/admin/builder/spi-builder-workspace/Sources/ZMarkupParser/HTML/HTMLTag/WC3HTMLTagName.swift /Users/admin/builder/spi-builder-workspace/Sources/ZMarkupParser/HTML/Processor/HTMLElementMarkupComponentMarkupStyleVisitor.swift /Users/admin/builder/spi-builder-workspace/Sources/ZMarkupParser/HTML/Processor/HTMLElementWithMarkupToMarkupStyleProcessor.swift (in target 'ZMarkupParser' from project 'ZMarkupParser')
SwiftCompile normal arm64 /Users/admin/builder/spi-builder-workspace/Sources/ZMarkupParser/HTML/HTMLTag/HTMLTagStyleAttribute/HTMLTagStyleAttributes/ExtendHTMLTagStyleAttribute.swift (in target 'ZMarkupParser' from project 'ZMarkupParser')
    cd /Users/admin/builder/spi-builder-workspace/.swiftpm/xcode
    builtin-SwiftPerFileCompile ExtendHTMLTagStyleAttribute.swift
SwiftCompile normal arm64 /Users/admin/builder/spi-builder-workspace/Sources/ZMarkupParser/HTML/HTMLTag/HTMLTagStyleAttribute/HTMLTagStyleAttributes/FontFamilyHTMLTagStyleAttribute.swift (in target 'ZMarkupParser' from project 'ZMarkupParser')
    cd /Users/admin/builder/spi-builder-workspace/.swiftpm/xcode
    builtin-SwiftPerFileCompile FontFamilyHTMLTagStyleAttribute.swift
SwiftCompile normal arm64 /Users/admin/builder/spi-builder-workspace/Sources/ZMarkupParser/HTML/HTMLTag/HTMLTagStyleAttribute/HTMLTagStyleAttributes/FontSizeHTMLTagStyleAttribute.swift (in target 'ZMarkupParser' from project 'ZMarkupParser')
    cd /Users/admin/builder/spi-builder-workspace/.swiftpm/xcode
    builtin-SwiftPerFileCompile FontSizeHTMLTagStyleAttribute.swift
SwiftCompile normal arm64 /Users/admin/builder/spi-builder-workspace/Sources/ZMarkupParser/HTML/HTMLTag/HTMLTagStyleAttribute/HTMLTagStyleAttributes/FontWeightHTMLTagStyleAttribute.swift (in target 'ZMarkupParser' from project 'ZMarkupParser')
    cd /Users/admin/builder/spi-builder-workspace/.swiftpm/xcode
    builtin-SwiftPerFileCompile FontWeightHTMLTagStyleAttribute.swift
SwiftCompile normal arm64 /Users/admin/builder/spi-builder-workspace/Sources/ZMarkupParser/HTML/HTMLTag/HTMLTagStyleAttribute/HTMLTagStyleAttributes/LineHeightHTMLTagStyleAttribute.swift (in target 'ZMarkupParser' from project 'ZMarkupParser')
    cd /Users/admin/builder/spi-builder-workspace/.swiftpm/xcode
    builtin-SwiftPerFileCompile LineHeightHTMLTagStyleAttribute.swift
SwiftCompile normal arm64 /Users/admin/builder/spi-builder-workspace/Sources/ZMarkupParser/HTML/HTMLTag/HTMLTagStyleAttribute/HTMLTagStyleAttributes/ListStyleTypeHTMLTagStyleAttribute.swift (in target 'ZMarkupParser' from project 'ZMarkupParser')
    cd /Users/admin/builder/spi-builder-workspace/.swiftpm/xcode
    builtin-SwiftPerFileCompile ListStyleTypeHTMLTagStyleAttribute.swift
SwiftCompile normal arm64 /Users/admin/builder/spi-builder-workspace/Sources/ZMarkupParser/HTML/HTMLTag/HTMLTagStyleAttribute/HTMLTagStyleAttributes/TextAlignHTMLTagStyleAttribute.swift (in target 'ZMarkupParser' from project 'ZMarkupParser')
    cd /Users/admin/builder/spi-builder-workspace/.swiftpm/xcode
    builtin-SwiftPerFileCompile TextAlignHTMLTagStyleAttribute.swift
SwiftCompile normal arm64 /Users/admin/builder/spi-builder-workspace/Sources/ZMarkupParser/HTML/HTMLTag/HTMLTagStyleAttribute/HTMLTagStyleAttributes/WordSpacingHTMLTagStyleAttribute.swift (in target 'ZMarkupParser' from project 'ZMarkupParser')
    cd /Users/admin/builder/spi-builder-workspace/.swiftpm/xcode
    builtin-SwiftPerFileCompile WordSpacingHTMLTagStyleAttribute.swift
SwiftCompile normal arm64 /Users/admin/builder/spi-builder-workspace/Sources/ZMarkupParser/HTML/HTMLTag/WC3HTMLTagName.swift (in target 'ZMarkupParser' from project 'ZMarkupParser')
    cd /Users/admin/builder/spi-builder-workspace/.swiftpm/xcode
    builtin-SwiftPerFileCompile WC3HTMLTagName.swift
SwiftCompile normal arm64 /Users/admin/builder/spi-builder-workspace/Sources/ZMarkupParser/HTML/Processor/HTMLElementMarkupComponentMarkupStyleVisitor.swift (in target 'ZMarkupParser' from project 'ZMarkupParser')
    cd /Users/admin/builder/spi-builder-workspace/.swiftpm/xcode
    builtin-SwiftPerFileCompile HTMLElementMarkupComponentMarkupStyleVisitor.swift
SwiftCompile normal arm64 /Users/admin/builder/spi-builder-workspace/Sources/ZMarkupParser/HTML/Processor/HTMLElementWithMarkupToMarkupStyleProcessor.swift (in target 'ZMarkupParser' from project 'ZMarkupParser')
    cd /Users/admin/builder/spi-builder-workspace/.swiftpm/xcode
    builtin-SwiftPerFileCompile HTMLElementWithMarkupToMarkupStyleProcessor.swift
SwiftCompile normal arm64 Compiling\ H5_HTMLTagName.swift,\ H6_HTMLTagName.swift,\ HR_HTMLTagName.swift,\ IMG_HTMLTagName.swift,\ I_HTMLTagName.swift,\ LI_HTMLTagName.swift,\ OL_HTMLTagName.swift,\ PRE_HTMLTagName.swift,\ P_HTMLTagName.swift,\ SPAN_HTMLTagName.swift,\ STRONG_HTMLTagName.swift /Users/admin/builder/spi-builder-workspace/Sources/ZMarkupParser/HTML/HTMLTag/HTMLTagNames/H5_HTMLTagName.swift /Users/admin/builder/spi-builder-workspace/Sources/ZMarkupParser/HTML/HTMLTag/HTMLTagNames/H6_HTMLTagName.swift /Users/admin/builder/spi-builder-workspace/Sources/ZMarkupParser/HTML/HTMLTag/HTMLTagNames/HR_HTMLTagName.swift /Users/admin/builder/spi-builder-workspace/Sources/ZMarkupParser/HTML/HTMLTag/HTMLTagNames/IMG_HTMLTagName.swift /Users/admin/builder/spi-builder-workspace/Sources/ZMarkupParser/HTML/HTMLTag/HTMLTagNames/I_HTMLTagName.swift /Users/admin/builder/spi-builder-workspace/Sources/ZMarkupParser/HTML/HTMLTag/HTMLTagNames/LI_HTMLTagName.swift /Users/admin/builder/spi-builder-workspace/Sources/ZMarkupParser/HTML/HTMLTag/HTMLTagNames/OL_HTMLTagName.swift /Users/admin/builder/spi-builder-workspace/Sources/ZMarkupParser/HTML/HTMLTag/HTMLTagNames/PRE_HTMLTagName.swift /Users/admin/builder/spi-builder-workspace/Sources/ZMarkupParser/HTML/HTMLTag/HTMLTagNames/P_HTMLTagName.swift /Users/admin/builder/spi-builder-workspace/Sources/ZMarkupParser/HTML/HTMLTag/HTMLTagNames/SPAN_HTMLTagName.swift /Users/admin/builder/spi-builder-workspace/Sources/ZMarkupParser/HTML/HTMLTag/HTMLTagNames/STRONG_HTMLTagName.swift (in target 'ZMarkupParser' from project 'ZMarkupParser')
SwiftCompile normal arm64 /Users/admin/builder/spi-builder-workspace/Sources/ZMarkupParser/HTML/HTMLTag/HTMLTagNames/H5_HTMLTagName.swift (in target 'ZMarkupParser' from project 'ZMarkupParser')
    cd /Users/admin/builder/spi-builder-workspace/.swiftpm/xcode
    builtin-SwiftPerFileCompile H5_HTMLTagName.swift
SwiftCompile normal arm64 /Users/admin/builder/spi-builder-workspace/Sources/ZMarkupParser/HTML/HTMLTag/HTMLTagNames/H6_HTMLTagName.swift (in target 'ZMarkupParser' from project 'ZMarkupParser')
    cd /Users/admin/builder/spi-builder-workspace/.swiftpm/xcode
    builtin-SwiftPerFileCompile H6_HTMLTagName.swift
SwiftCompile normal arm64 /Users/admin/builder/spi-builder-workspace/Sources/ZMarkupParser/HTML/HTMLTag/HTMLTagNames/HR_HTMLTagName.swift (in target 'ZMarkupParser' from project 'ZMarkupParser')
    cd /Users/admin/builder/spi-builder-workspace/.swiftpm/xcode
    builtin-SwiftPerFileCompile HR_HTMLTagName.swift
SwiftCompile normal arm64 /Users/admin/builder/spi-builder-workspace/Sources/ZMarkupParser/HTML/HTMLTag/HTMLTagNames/IMG_HTMLTagName.swift (in target 'ZMarkupParser' from project 'ZMarkupParser')
    cd /Users/admin/builder/spi-builder-workspace/.swiftpm/xcode
    builtin-SwiftPerFileCompile IMG_HTMLTagName.swift
SwiftCompile normal arm64 /Users/admin/builder/spi-builder-workspace/Sources/ZMarkupParser/HTML/HTMLTag/HTMLTagNames/I_HTMLTagName.swift (in target 'ZMarkupParser' from project 'ZMarkupParser')
    cd /Users/admin/builder/spi-builder-workspace/.swiftpm/xcode
    builtin-SwiftPerFileCompile I_HTMLTagName.swift
SwiftCompile normal arm64 /Users/admin/builder/spi-builder-workspace/Sources/ZMarkupParser/HTML/HTMLTag/HTMLTagNames/LI_HTMLTagName.swift (in target 'ZMarkupParser' from project 'ZMarkupParser')
    cd /Users/admin/builder/spi-builder-workspace/.swiftpm/xcode
    builtin-SwiftPerFileCompile LI_HTMLTagName.swift
SwiftCompile normal arm64 /Users/admin/builder/spi-builder-workspace/Sources/ZMarkupParser/HTML/HTMLTag/HTMLTagNames/OL_HTMLTagName.swift (in target 'ZMarkupParser' from project 'ZMarkupParser')
    cd /Users/admin/builder/spi-builder-workspace/.swiftpm/xcode
    builtin-SwiftPerFileCompile OL_HTMLTagName.swift
SwiftCompile normal arm64 /Users/admin/builder/spi-builder-workspace/Sources/ZMarkupParser/HTML/HTMLTag/HTMLTagNames/PRE_HTMLTagName.swift (in target 'ZMarkupParser' from project 'ZMarkupParser')
    cd /Users/admin/builder/spi-builder-workspace/.swiftpm/xcode
    builtin-SwiftPerFileCompile PRE_HTMLTagName.swift
SwiftCompile normal arm64 /Users/admin/builder/spi-builder-workspace/Sources/ZMarkupParser/HTML/HTMLTag/HTMLTagNames/P_HTMLTagName.swift (in target 'ZMarkupParser' from project 'ZMarkupParser')
    cd /Users/admin/builder/spi-builder-workspace/.swiftpm/xcode
    builtin-SwiftPerFileCompile P_HTMLTagName.swift
SwiftCompile normal arm64 /Users/admin/builder/spi-builder-workspace/Sources/ZMarkupParser/HTML/HTMLTag/HTMLTagNames/SPAN_HTMLTagName.swift (in target 'ZMarkupParser' from project 'ZMarkupParser')
    cd /Users/admin/builder/spi-builder-workspace/.swiftpm/xcode
    builtin-SwiftPerFileCompile SPAN_HTMLTagName.swift
SwiftCompile normal arm64 /Users/admin/builder/spi-builder-workspace/Sources/ZMarkupParser/HTML/HTMLTag/HTMLTagNames/STRONG_HTMLTagName.swift (in target 'ZMarkupParser' from project 'ZMarkupParser')
    cd /Users/admin/builder/spi-builder-workspace/.swiftpm/xcode
    builtin-SwiftPerFileCompile STRONG_HTMLTagName.swift
SwiftEmitModule normal arm64 Emitting\ module\ for\ ZMarkupParser (in target 'ZMarkupParser' from project 'ZMarkupParser')
SwiftCompile normal arm64 (in target 'ZMarkupParser' from project 'ZMarkupParser')
    cd /Users/admin/builder/spi-builder-workspace/.swiftpm/xcode

SwiftCompile normal arm64 Compiling\ S_HTMLTagName.swift,\ TABLE_HTMLTagName.swift,\ TD_HTMLTagName.swift,\ TH_HTMLTagName.swift,\ TR_HTMLTagName.swift,\ UL_HTMLTagName.swift,\ U_HTMLTagName.swift,\ HTMLTagStyleAttribute.swift,\ HTMLTagStyleAttributeVisitor.swift,\ BackgroundColorHTMLTagStyleAttribute.swift,\ ColorHTMLTagStyleAttribute.swift /Users/admin/builder/spi-builder-workspace/Sources/ZMarkupParser/HTML/HTMLTag/HTMLTagNames/S_HTMLTagName.swift /Users/admin/builder/spi-builder-workspace/Sources/ZMarkupParser/HTML/HTMLTag/HTMLTagNames/TABLE_HTMLTagName.swift /Users/admin/builder/spi-builder-workspace/Sources/ZMarkupParser/HTML/HTMLTag/HTMLTagNames/TD_HTMLTagName.swift /Users/admin/builder/spi-builder-workspace/Sources/ZMarkupParser/HTML/HTMLTag/HTMLTagNames/TH_HTMLTagName.swift /Users/admin/builder/spi-builder-workspace/Sources/ZMarkupParser/HTML/HTMLTag/HTMLTagNames/TR_HTMLTagName.swift /Users/admin/builder/spi-builder-workspace/Sources/ZMarkupParser/HTML/HTMLTag/HTMLTagNames/UL_HTMLTagName.swift /Users/admin/builder/spi-builder-workspace/Sources/ZMarkupParser/HTML/HTMLTag/HTMLTagNames/U_HTMLTagName.swift /Users/admin/builder/spi-builder-workspace/Sources/ZMarkupParser/HTML/HTMLTag/HTMLTagStyleAttribute/HTMLTagStyleAttribute.swift /Users/admin/builder/spi-builder-workspace/Sources/ZMarkupParser/HTML/HTMLTag/HTMLTagStyleAttribute/HTMLTagStyleAttributeVisitor.swift /Users/admin/builder/spi-builder-workspace/Sources/ZMarkupParser/HTML/HTMLTag/HTMLTagStyleAttribute/HTMLTagStyleAttributes/BackgroundColorHTMLTagStyleAttribute.swift /Users/admin/builder/spi-builder-workspace/Sources/ZMarkupParser/HTML/HTMLTag/HTMLTagStyleAttribute/HTMLTagStyleAttributes/ColorHTMLTagStyleAttribute.swift (in target 'ZMarkupParser' from project 'ZMarkupParser')
SwiftCompile normal arm64 /Users/admin/builder/spi-builder-workspace/Sources/ZMarkupParser/HTML/HTMLTag/HTMLTagNames/S_HTMLTagName.swift (in target 'ZMarkupParser' from project 'ZMarkupParser')
    cd /Users/admin/builder/spi-builder-workspace/.swiftpm/xcode
    builtin-SwiftPerFileCompile S_HTMLTagName.swift
SwiftCompile normal arm64 /Users/admin/builder/spi-builder-workspace/Sources/ZMarkupParser/HTML/HTMLTag/HTMLTagNames/TABLE_HTMLTagName.swift (in target 'ZMarkupParser' from project 'ZMarkupParser')
    cd /Users/admin/builder/spi-builder-workspace/.swiftpm/xcode
    builtin-SwiftPerFileCompile TABLE_HTMLTagName.swift
SwiftCompile normal arm64 /Users/admin/builder/spi-builder-workspace/Sources/ZMarkupParser/HTML/HTMLTag/HTMLTagNames/TD_HTMLTagName.swift (in target 'ZMarkupParser' from project 'ZMarkupParser')
    cd /Users/admin/builder/spi-builder-workspace/.swiftpm/xcode
    builtin-SwiftPerFileCompile TD_HTMLTagName.swift
SwiftCompile normal arm64 /Users/admin/builder/spi-builder-workspace/Sources/ZMarkupParser/HTML/HTMLTag/HTMLTagNames/TH_HTMLTagName.swift (in target 'ZMarkupParser' from project 'ZMarkupParser')
    cd /Users/admin/builder/spi-builder-workspace/.swiftpm/xcode
    builtin-SwiftPerFileCompile TH_HTMLTagName.swift
SwiftCompile normal arm64 /Users/admin/builder/spi-builder-workspace/Sources/ZMarkupParser/HTML/HTMLTag/HTMLTagNames/TR_HTMLTagName.swift (in target 'ZMarkupParser' from project 'ZMarkupParser')
    cd /Users/admin/builder/spi-builder-workspace/.swiftpm/xcode
    builtin-SwiftPerFileCompile TR_HTMLTagName.swift
SwiftCompile normal arm64 /Users/admin/builder/spi-builder-workspace/Sources/ZMarkupParser/HTML/HTMLTag/HTMLTagNames/UL_HTMLTagName.swift (in target 'ZMarkupParser' from project 'ZMarkupParser')
    cd /Users/admin/builder/spi-builder-workspace/.swiftpm/xcode
    builtin-SwiftPerFileCompile UL_HTMLTagName.swift
SwiftCompile normal arm64 /Users/admin/builder/spi-builder-workspace/Sources/ZMarkupParser/HTML/HTMLTag/HTMLTagNames/U_HTMLTagName.swift (in target 'ZMarkupParser' from project 'ZMarkupParser')
    cd /Users/admin/builder/spi-builder-workspace/.swiftpm/xcode
    builtin-SwiftPerFileCompile U_HTMLTagName.swift
SwiftCompile normal arm64 /Users/admin/builder/spi-builder-workspace/Sources/ZMarkupParser/HTML/HTMLTag/HTMLTagStyleAttribute/HTMLTagStyleAttribute.swift (in target 'ZMarkupParser' from project 'ZMarkupParser')
    cd /Users/admin/builder/spi-builder-workspace/.swiftpm/xcode
    builtin-SwiftPerFileCompile HTMLTagStyleAttribute.swift
SwiftCompile normal arm64 /Users/admin/builder/spi-builder-workspace/Sources/ZMarkupParser/HTML/HTMLTag/HTMLTagStyleAttribute/HTMLTagStyleAttributeVisitor.swift (in target 'ZMarkupParser' from project 'ZMarkupParser')
    cd /Users/admin/builder/spi-builder-workspace/.swiftpm/xcode
    builtin-SwiftPerFileCompile HTMLTagStyleAttributeVisitor.swift
SwiftCompile normal arm64 /Users/admin/builder/spi-builder-workspace/Sources/ZMarkupParser/HTML/HTMLTag/HTMLTagStyleAttribute/HTMLTagStyleAttributes/BackgroundColorHTMLTagStyleAttribute.swift (in target 'ZMarkupParser' from project 'ZMarkupParser')
    cd /Users/admin/builder/spi-builder-workspace/.swiftpm/xcode
    builtin-SwiftPerFileCompile BackgroundColorHTMLTagStyleAttribute.swift
SwiftCompile normal arm64 /Users/admin/builder/spi-builder-workspace/Sources/ZMarkupParser/HTML/HTMLTag/HTMLTagStyleAttribute/HTMLTagStyleAttributes/ColorHTMLTagStyleAttribute.swift (in target 'ZMarkupParser' from project 'ZMarkupParser')
    cd /Users/admin/builder/spi-builder-workspace/.swiftpm/xcode
    builtin-SwiftPerFileCompile ColorHTMLTagStyleAttribute.swift
SwiftDriverJobDiscovery normal arm64 Compiling H5_HTMLTagName.swift, H6_HTMLTagName.swift, HR_HTMLTagName.swift, IMG_HTMLTagName.swift, I_HTMLTagName.swift, LI_HTMLTagName.swift, OL_HTMLTagName.swift, PRE_HTMLTagName.swift, P_HTMLTagName.swift, SPAN_HTMLTagName.swift, STRONG_HTMLTagName.swift (in target 'ZMarkupParser' from project 'ZMarkupParser')
SwiftCompile normal arm64 Compiling\ HTMLParsedResult.swift,\ HTMLParsedResultFormatterProcessor.swift,\ HTMLParsedResultToHTMLElementWithRootMarkupProcessor.swift,\ HTMLSelector.swift,\ HTMLStringToParsedResultProcessor.swift,\ HTMLTagAttributeToMarkupStyleVisitor.swift,\ HTMLTagNameToHTMLMarkupVisitor.swift,\ ZHTMLParser+UIExtension.swift,\ ZHTMLParser.swift,\ ZHTMLParserBuilder.swift /Users/admin/builder/spi-builder-workspace/Sources/ZMarkupParser/HTML/Processor/HTMLParsedResult.swift /Users/admin/builder/spi-builder-workspace/Sources/ZMarkupParser/HTML/Processor/HTMLParsedResultFormatterProcessor.swift /Users/admin/builder/spi-builder-workspace/Sources/ZMarkupParser/HTML/Processor/HTMLParsedResultToHTMLElementWithRootMarkupProcessor.swift /Users/admin/builder/spi-builder-workspace/Sources/ZMarkupParser/HTML/Processor/HTMLSelector.swift /Users/admin/builder/spi-builder-workspace/Sources/ZMarkupParser/HTML/Processor/HTMLStringToParsedResultProcessor.swift /Users/admin/builder/spi-builder-workspace/Sources/ZMarkupParser/HTML/Processor/HTMLTagAttributeToMarkupStyleVisitor.swift /Users/admin/builder/spi-builder-workspace/Sources/ZMarkupParser/HTML/Processor/HTMLTagNameToHTMLMarkupVisitor.swift /Users/admin/builder/spi-builder-workspace/Sources/ZMarkupParser/HTML/ZHTMLParser+UIExtension.swift /Users/admin/builder/spi-builder-workspace/Sources/ZMarkupParser/HTML/ZHTMLParser.swift /Users/admin/builder/spi-builder-workspace/Sources/ZMarkupParser/HTML/ZHTMLParserBuilder.swift (in target 'ZMarkupParser' from project 'ZMarkupParser')
SwiftCompile normal arm64 /Users/admin/builder/spi-builder-workspace/Sources/ZMarkupParser/HTML/Processor/HTMLParsedResult.swift (in target 'ZMarkupParser' from project 'ZMarkupParser')
    cd /Users/admin/builder/spi-builder-workspace/.swiftpm/xcode
    builtin-SwiftPerFileCompile HTMLParsedResult.swift
SwiftCompile normal arm64 /Users/admin/builder/spi-builder-workspace/Sources/ZMarkupParser/HTML/Processor/HTMLParsedResultFormatterProcessor.swift (in target 'ZMarkupParser' from project 'ZMarkupParser')
    cd /Users/admin/builder/spi-builder-workspace/.swiftpm/xcode
    builtin-SwiftPerFileCompile HTMLParsedResultFormatterProcessor.swift
SwiftCompile normal arm64 /Users/admin/builder/spi-builder-workspace/Sources/ZMarkupParser/HTML/Processor/HTMLParsedResultToHTMLElementWithRootMarkupProcessor.swift (in target 'ZMarkupParser' from project 'ZMarkupParser')
    cd /Users/admin/builder/spi-builder-workspace/.swiftpm/xcode
    builtin-SwiftPerFileCompile HTMLParsedResultToHTMLElementWithRootMarkupProcessor.swift
SwiftCompile normal arm64 /Users/admin/builder/spi-builder-workspace/Sources/ZMarkupParser/HTML/Processor/HTMLSelector.swift (in target 'ZMarkupParser' from project 'ZMarkupParser')
    cd /Users/admin/builder/spi-builder-workspace/.swiftpm/xcode
    builtin-SwiftPerFileCompile HTMLSelector.swift
SwiftCompile normal arm64 /Users/admin/builder/spi-builder-workspace/Sources/ZMarkupParser/HTML/Processor/HTMLStringToParsedResultProcessor.swift (in target 'ZMarkupParser' from project 'ZMarkupParser')
    cd /Users/admin/builder/spi-builder-workspace/.swiftpm/xcode
    builtin-SwiftPerFileCompile HTMLStringToParsedResultProcessor.swift
SwiftCompile normal arm64 /Users/admin/builder/spi-builder-workspace/Sources/ZMarkupParser/HTML/Processor/HTMLTagAttributeToMarkupStyleVisitor.swift (in target 'ZMarkupParser' from project 'ZMarkupParser')
    cd /Users/admin/builder/spi-builder-workspace/.swiftpm/xcode
    builtin-SwiftPerFileCompile HTMLTagAttributeToMarkupStyleVisitor.swift
SwiftCompile normal arm64 /Users/admin/builder/spi-builder-workspace/Sources/ZMarkupParser/HTML/Processor/HTMLTagNameToHTMLMarkupVisitor.swift (in target 'ZMarkupParser' from project 'ZMarkupParser')
    cd /Users/admin/builder/spi-builder-workspace/.swiftpm/xcode
    builtin-SwiftPerFileCompile HTMLTagNameToHTMLMarkupVisitor.swift
SwiftCompile normal arm64 /Users/admin/builder/spi-builder-workspace/Sources/ZMarkupParser/HTML/ZHTMLParser+UIExtension.swift (in target 'ZMarkupParser' from project 'ZMarkupParser')
    cd /Users/admin/builder/spi-builder-workspace/.swiftpm/xcode
    builtin-SwiftPerFileCompile ZHTMLParser+UIExtension.swift
SwiftCompile normal arm64 /Users/admin/builder/spi-builder-workspace/Sources/ZMarkupParser/HTML/ZHTMLParser.swift (in target 'ZMarkupParser' from project 'ZMarkupParser')
    cd /Users/admin/builder/spi-builder-workspace/.swiftpm/xcode
    builtin-SwiftPerFileCompile ZHTMLParser.swift
SwiftCompile normal arm64 /Users/admin/builder/spi-builder-workspace/Sources/ZMarkupParser/HTML/ZHTMLParserBuilder.swift (in target 'ZMarkupParser' from project 'ZMarkupParser')
    cd /Users/admin/builder/spi-builder-workspace/.swiftpm/xcode
    builtin-SwiftPerFileCompile ZHTMLParserBuilder.swift
SwiftDriverJobDiscovery normal arm64 Compiling B_HTMLTagName.swift, CODE_HTMLTagName.swift, DEL_HTMLTagName.swift, DIV_HTMLTagName.swift, EM_HTMLTagName.swift, ExtendTagName.swift, FONT_HTMLTagName.swift, H1_HTMLTagName.swift, H2_HTMLTagName.swift, H3_HTMLTagName.swift, H4_HTMLTagName.swift (in target 'ZMarkupParser' from project 'ZMarkupParser')
SwiftDriverJobDiscovery normal arm64 Compiling ExtendMarkup.swift, HeadMarkup.swift, HorizontalLineMarkup.swift, ImageMarkup.swift, InlineMarkup.swift, ItalicMarkup.swift, LinkMarkup.swift, ListItemMarkup.swift, ListMarkup.swift, ParagraphMarkup.swift, RawStringMarkup.swift (in target 'ZMarkupParser' from project 'ZMarkupParser')
SwiftDriverJobDiscovery normal arm64 Compiling NSTextCheckingResult+Extension.swift, ParserProcessor.swift, ParserRegexr.swift, HTMLTag.swift, HTMLTagClassAttribute.swift, HTMLTagIdAttribute.swift, HTMLTagName.swift, HTMLTagNameVisitor.swift, A_HTMLTagName.swift, BLOCKQUOTE_HTMLTagName.swift, BR_HTMLTagName.swift (in target 'ZMarkupParser' from project 'ZMarkupParser')
SwiftDriverJobDiscovery normal arm64 Compiling HTMLString.swift, Mappings.swift, ListIndexLookup.swift, Markup.swift, MarkupVisitor.swift, BlockQuoteMarkup.swift, BoldMarkup.swift, BreakLineMarkup.swift, CodeMarkup.swift, ColorMarkup.swift, DeletelineMarkup.swift (in target 'ZMarkupParser' from project 'ZMarkupParser')
SwiftDriverJobDiscovery normal arm64 Compiling SwiftUIView.swift, UIBezierPath.swift, UIImage.swift (in target 'SnapshotTesting' from project 'swift-snapshot-testing')
SwiftDriver\ Compilation SnapshotTesting normal arm64 com.apple.xcode.tools.swift.compiler (in target 'SnapshotTesting' from project 'swift-snapshot-testing')
    cd /Users/admin/builder/spi-builder-workspace/.swiftpm/xcode
    builtin-Swift-Compilation -- /Applications/Xcode-27.0.0-Release.Candidate.app/Contents/Developer/Toolchains/XcodeDefault.xctoolchain/usr/bin/swiftc -parse-as-library -module-name SnapshotTesting -Onone @/Users/admin/builder/spi-builder-workspace/.derivedData/Build/Intermediates.noindex/swift-snapshot-testing.build/Debug-xros/SnapshotTesting-t.build/Objects-normal/arm64/SnapshotTesting.SwiftFileList -DSWIFT_PACKAGE -DDEBUG -DSWIFT_MODULE_RESOURCE_BUNDLE_UNAVAILABLE -DXcode -plugin-path /Applications/Xcode-27.0.0-Release.Candidate.app/Contents/Developer/Toolchains/XcodeDefault.xctoolchain/usr/lib/swift/host/plugins/testing -enable-experimental-feature DebugDescriptionMacro -sdk /Applications/Xcode-27.0.0-Release.Candidate.app/Contents/Developer/Platforms/XROS.platform/Developer/SDKs/XROS27.0.sdk -target arm64-apple-xros1.0 -g -module-cache-path /Users/admin/builder/spi-builder-workspace/.derivedData/ModuleCache.noindex -Xfrontend -serialize-debugging-options -profile-coverage-mapping -profile-generate -enable-testing -suppress-warnings -index-store-path /Users/admin/builder/spi-builder-workspace/.derivedData/Index.noindex/DataStore -Xcc -D_LIBCPP_HARDENING_MODE\=_LIBCPP_HARDENING_MODE_DEBUG -swift-version 5 -I /Users/admin/builder/spi-builder-workspace/.derivedData/Build/Products/Debug-xros -Isystem /Applications/Xcode-27.0.0-Release.Candidate.app/Contents/Developer/Platforms/XROS.platform/Developer/usr/lib -F /Users/admin/builder/spi-builder-workspace/.derivedData/Build/Products/Debug-xros -F /Applications/Xcode-27.0.0-Release.Candidate.app/Contents/Developer/Platforms/XROS.platform/Developer/Library/Frameworks -F /Applications/Xcode-27.0.0-Release.Candidate.app/Contents/Developer/Platforms/XROS.platform/Developer/SDKs/XROS27.0.sdk/Developer/Library/Frameworks -c -j10 -enable-batch-mode -incremental -Xcc -ivfsstatcache -Xcc /Users/admin/builder/spi-builder-workspace/.derivedData/SDKStatCaches.noindex/xros27.0-24M361-e829b21a6f8c9b70876ba0858053c044735bd543db762f57723cac368afd1ce4.sdkstatcache -output-file-map /Users/admin/builder/spi-builder-workspace/.derivedData/Build/Intermediates.noindex/swift-snapshot-testing.build/Debug-xros/SnapshotTesting-t.build/Objects-normal/arm64/SnapshotTesting-OutputFileMap.json -save-temps -no-color-diagnostics -explicit-module-build -module-cache-path /Users/admin/builder/spi-builder-workspace/.derivedData/Build/Intermediates.noindex/SwiftExplicitPrecompiledModules -clang-scanner-module-cache-path /Users/admin/builder/spi-builder-workspace/.derivedData/ModuleCache.noindex -sdk-module-cache-path /Users/admin/builder/spi-builder-workspace/.derivedData/SDKExplicitPrecompiledModules -emit-dependencies -emit-module -emit-module-path /Users/admin/builder/spi-builder-workspace/.derivedData/Build/Intermediates.noindex/swift-snapshot-testing.build/Debug-xros/SnapshotTesting-t.build/Objects-normal/arm64/SnapshotTesting.swiftmodule -serialize-diagnostics -dependency-scan-serialize-diagnostics-path /Users/admin/builder/spi-builder-workspace/.derivedData/Build/Intermediates.noindex/swift-snapshot-testing.build/Debug-xros/SnapshotTesting-t.build/Objects-normal/arm64/SnapshotTesting-dependency-scan.dia -validate-clang-modules-once -clang-build-session-file /Users/admin/builder/spi-builder-workspace/.derivedData/ModuleCache.noindex/Session.modulevalidation -Xcc -fmodules-prune-interval\=86400 -Xcc -fmodules-prune-after\=345600 -emit-const-values -const-gather-protocols-list /Users/admin/builder/spi-builder-workspace/.derivedData/Build/Intermediates.noindex/swift-snapshot-testing.build/Debug-xros/SnapshotTesting-t.build/Objects-normal/arm64/SnapshotTesting_const_extract_protocols.json -Xcc -I/Users/admin/builder/spi-builder-workspace/.derivedData/Build/Products/Debug-xros/include -Xcc -I/Users/admin/builder/spi-builder-workspace/.derivedData/Build/Intermediates.noindex/swift-snapshot-testing.build/Debug-xros/SnapshotTesting-t.build/DerivedSources-normal/arm64 -Xcc -I/Users/admin/builder/spi-builder-workspace/.derivedData/Build/Intermediates.noindex/swift-snapshot-testing.build/Debug-xros/SnapshotTesting-t.build/DerivedSources/arm64 -Xcc -I/Users/admin/builder/spi-builder-workspace/.derivedData/Build/Intermediates.noindex/swift-snapshot-testing.build/Debug-xros/SnapshotTesting-t.build/DerivedSources -Xcc -DSWIFT_PACKAGE -Xcc -DDEBUG\=1 -emit-objc-header -emit-objc-header-path /Users/admin/builder/spi-builder-workspace/.derivedData/Build/Intermediates.noindex/swift-snapshot-testing.build/Debug-xros/SnapshotTesting-t.build/Objects-normal/arm64/SnapshotTesting-Swift.h -working-directory /Users/admin/builder/spi-builder-workspace/.swiftpm/xcode -experimental-emit-module-separately -disable-cmo
Ld /Users/admin/builder/spi-builder-workspace/.derivedData/Build/Products/Debug-xros/SnapshotTesting.o normal (in target 'SnapshotTesting' from project 'swift-snapshot-testing')
    cd /Users/admin/builder/spi-builder-workspace/.dependencies/checkouts/swift-snapshot-testing
    /Applications/Xcode-27.0.0-Release.Candidate.app/Contents/Developer/Toolchains/XcodeDefault.xctoolchain/usr/bin/clang -Xlinker -reproducible -target arm64-apple-xros1.0 -r -isysroot /Applications/Xcode-27.0.0-Release.Candidate.app/Contents/Developer/Platforms/XROS.platform/Developer/SDKs/XROS27.0.sdk -O0 -w -Xlinker -no_warn_duplicate_libraries -F/Users/admin/builder/spi-builder-workspace/.derivedData/Build/Intermediates.noindex/EagerLinkingTBDs/Debug-xros -F/Users/admin/builder/spi-builder-workspace/.derivedData/Build/Products/Debug-xros -iframework /Applications/Xcode-27.0.0-Release.Candidate.app/Contents/Developer/Platforms/XROS.platform/Developer/Library/Frameworks -iframework /Applications/Xcode-27.0.0-Release.Candidate.app/Contents/Developer/Platforms/XROS.platform/Developer/SDKs/XROS27.0.sdk/Developer/Library/Frameworks -filelist /Users/admin/builder/spi-builder-workspace/.derivedData/Build/Intermediates.noindex/swift-snapshot-testing.build/Debug-xros/SnapshotTesting-t.build/Objects-normal/arm64/SnapshotTesting.LinkFileList -nostdlib -Xlinker -object_path_lto -Xlinker /Users/admin/builder/spi-builder-workspace/.derivedData/Build/Intermediates.noindex/swift-snapshot-testing.build/Debug-xros/SnapshotTesting-t.build/Objects-normal/arm64/SnapshotTesting_lto.o -Xlinker -no_deduplicate -Xlinker -debug_variant -Xlinker -dependency_info -Xlinker /Users/admin/builder/spi-builder-workspace/.derivedData/Build/Intermediates.noindex/swift-snapshot-testing.build/Debug-xros/SnapshotTesting-t.build/Objects-normal/arm64/SnapshotTesting_dependency_info.dat -fobjc-link-runtime -L/Applications/Xcode-27.0.0-Release.Candidate.app/Contents/Developer/Toolchains/XcodeDefault.xctoolchain/usr/lib/swift/xros -L/usr/lib/swift -Xlinker -add_ast_path -Xlinker /Users/admin/builder/spi-builder-workspace/.derivedData/Build/Intermediates.noindex/swift-snapshot-testing.build/Debug-xros/SnapshotTesting-t.build/Objects-normal/arm64/SnapshotTesting.swiftmodule -o /Users/admin/builder/spi-builder-workspace/.derivedData/Build/Products/Debug-xros/SnapshotTesting.o
SwiftDriverJobDiscovery normal arm64 Emitting module for ZMarkupParser (in target 'ZMarkupParser' from project 'ZMarkupParser')
SwiftDriver\ Compilation\ Requirements ZMarkupParser normal arm64 com.apple.xcode.tools.swift.compiler (in target 'ZMarkupParser' from project 'ZMarkupParser')
    cd /Users/admin/builder/spi-builder-workspace/.swiftpm/xcode
    builtin-Swift-Compilation-Requirements -- /Applications/Xcode-27.0.0-Release.Candidate.app/Contents/Developer/Toolchains/XcodeDefault.xctoolchain/usr/bin/swiftc -parse-as-library -module-name ZMarkupParser -Onone @/Users/admin/builder/spi-builder-workspace/.derivedData/Build/Intermediates.noindex/ZMarkupParser.build/Debug-xros/ZMarkupParser-t.build/Objects-normal/arm64/ZMarkupParser.SwiftFileList -DSWIFT_PACKAGE -DDEBUG -DSWIFT_MODULE_RESOURCE_BUNDLE_UNAVAILABLE -DXcode -plugin-path /Applications/Xcode-27.0.0-Release.Candidate.app/Contents/Developer/Toolchains/XcodeDefault.xctoolchain/usr/lib/swift/host/plugins/testing -enable-experimental-feature DebugDescriptionMacro -sdk /Applications/Xcode-27.0.0-Release.Candidate.app/Contents/Developer/Platforms/XROS.platform/Developer/SDKs/XROS27.0.sdk -target arm64-apple-xros1.0 -g -module-cache-path /Users/admin/builder/spi-builder-workspace/.derivedData/ModuleCache.noindex -Xfrontend -serialize-debugging-options -profile-coverage-mapping -profile-generate -enable-testing -index-store-path /Users/admin/builder/spi-builder-workspace/.derivedData/Index.noindex/DataStore -Xcc -D_LIBCPP_HARDENING_MODE\=_LIBCPP_HARDENING_MODE_DEBUG -swift-version 5 -I /Users/admin/builder/spi-builder-workspace/.derivedData/Build/Products/Debug-xros -Isystem /Applications/Xcode-27.0.0-Release.Candidate.app/Contents/Developer/Platforms/XROS.platform/Developer/usr/lib -F /Users/admin/builder/spi-builder-workspace/.derivedData/Build/Products/Debug-xros/PackageFrameworks -F /Users/admin/builder/spi-builder-workspace/.derivedData/Build/Products/Debug-xros -F /Applications/Xcode-27.0.0-Release.Candidate.app/Contents/Developer/Platforms/XROS.platform/Developer/Library/Frameworks -F /Applications/Xcode-27.0.0-Release.Candidate.app/Contents/Developer/Platforms/XROS.platform/Developer/SDKs/XROS27.0.sdk/Developer/Library/Frameworks -c -j10 -enable-batch-mode -incremental -Xcc -ivfsstatcache -Xcc /Users/admin/builder/spi-builder-workspace/.derivedData/SDKStatCaches.noindex/xros27.0-24M361-e829b21a6f8c9b70876ba0858053c044735bd543db762f57723cac368afd1ce4.sdkstatcache -output-file-map /Users/admin/builder/spi-builder-workspace/.derivedData/Build/Intermediates.noindex/ZMarkupParser.build/Debug-xros/ZMarkupParser-t.build/Objects-normal/arm64/ZMarkupParser-OutputFileMap.json -save-temps -no-color-diagnostics -explicit-module-build -module-cache-path /Users/admin/builder/spi-builder-workspace/.derivedData/Build/Intermediates.noindex/SwiftExplicitPrecompiledModules -clang-scanner-module-cache-path /Users/admin/builder/spi-builder-workspace/.derivedData/ModuleCache.noindex -sdk-module-cache-path /Users/admin/builder/spi-builder-workspace/.derivedData/SDKExplicitPrecompiledModules -emit-dependencies -emit-module -emit-module-path /Users/admin/builder/spi-builder-workspace/.derivedData/Build/Intermediates.noindex/ZMarkupParser.build/Debug-xros/ZMarkupParser-t.build/Objects-normal/arm64/ZMarkupParser.swiftmodule -serialize-diagnostics -dependency-scan-serialize-diagnostics-path /Users/admin/builder/spi-builder-workspace/.derivedData/Build/Intermediates.noindex/ZMarkupParser.build/Debug-xros/ZMarkupParser-t.build/Objects-normal/arm64/ZMarkupParser-dependency-scan.dia -validate-clang-modules-once -clang-build-session-file /Users/admin/builder/spi-builder-workspace/.derivedData/ModuleCache.noindex/Session.modulevalidation -Xcc -fmodules-prune-interval\=86400 -Xcc -fmodules-prune-after\=345600 -emit-const-values -const-gather-protocols-list /Users/admin/builder/spi-builder-workspace/.derivedData/Build/Intermediates.noindex/ZMarkupParser.build/Debug-xros/ZMarkupParser-t.build/Objects-normal/arm64/ZMarkupParser_const_extract_protocols.json -Xcc -I/Users/admin/builder/spi-builder-workspace/.derivedData/Build/Products/Debug-xros/include -Xcc -I/Users/admin/builder/spi-builder-workspace/.derivedData/Build/Intermediates.noindex/ZMarkupParser.build/Debug-xros/ZMarkupParser-t.build/DerivedSources-normal/arm64 -Xcc -I/Users/admin/builder/spi-builder-workspace/.derivedData/Build/Intermediates.noindex/ZMarkupParser.build/Debug-xros/ZMarkupParser-t.build/DerivedSources/arm64 -Xcc -I/Users/admin/builder/spi-builder-workspace/.derivedData/Build/Intermediates.noindex/ZMarkupParser.build/Debug-xros/ZMarkupParser-t.build/DerivedSources -Xcc -DSWIFT_PACKAGE -Xcc -DDEBUG\=1 -emit-objc-header -emit-objc-header-path /Users/admin/builder/spi-builder-workspace/.derivedData/Build/Intermediates.noindex/ZMarkupParser.build/Debug-xros/ZMarkupParser-t.build/Objects-normal/arm64/ZMarkupParser-Swift.h -working-directory /Users/admin/builder/spi-builder-workspace/.swiftpm/xcode -experimental-emit-module-separately -disable-cmo
SwiftMergeGeneratedHeaders /Users/admin/builder/spi-builder-workspace/.derivedData/Build/Intermediates.noindex/GeneratedModuleMaps-xros/ZMarkupParser-Swift.h /Users/admin/builder/spi-builder-workspace/.derivedData/Build/Intermediates.noindex/ZMarkupParser.build/Debug-xros/ZMarkupParser-t.build/Objects-normal/arm64/ZMarkupParser-Swift.h (in target 'ZMarkupParser' from project 'ZMarkupParser')
    cd /Users/admin/builder/spi-builder-workspace
    builtin-swiftHeaderTool -arch arm64 /Users/admin/builder/spi-builder-workspace/.derivedData/Build/Intermediates.noindex/ZMarkupParser.build/Debug-xros/ZMarkupParser-t.build/Objects-normal/arm64/ZMarkupParser-Swift.h -o /Users/admin/builder/spi-builder-workspace/.derivedData/Build/Intermediates.noindex/GeneratedModuleMaps-xros/ZMarkupParser-Swift.h
Copy /Users/admin/builder/spi-builder-workspace/.derivedData/Build/Products/Debug-xros/ZMarkupParser.swiftmodule/arm64-apple-xros.abi.json /Users/admin/builder/spi-builder-workspace/.derivedData/Build/Intermediates.noindex/ZMarkupParser.build/Debug-xros/ZMarkupParser-t.build/Objects-normal/arm64/ZMarkupParser.abi.json (in target 'ZMarkupParser' from project 'ZMarkupParser')
    cd /Users/admin/builder/spi-builder-workspace
    builtin-copy -exclude .DS_Store -exclude CVS -exclude .svn -exclude .git -exclude .hg -resolve-src-symlinks -rename /Users/admin/builder/spi-builder-workspace/.derivedData/Build/Intermediates.noindex/ZMarkupParser.build/Debug-xros/ZMarkupParser-t.build/Objects-normal/arm64/ZMarkupParser.abi.json /Users/admin/builder/spi-builder-workspace/.derivedData/Build/Products/Debug-xros/ZMarkupParser.swiftmodule/arm64-apple-xros.abi.json
Copy /Users/admin/builder/spi-builder-workspace/.derivedData/Build/Products/Debug-xros/ZMarkupParser.swiftmodule/arm64-apple-xros.swiftdoc /Users/admin/builder/spi-builder-workspace/.derivedData/Build/Intermediates.noindex/ZMarkupParser.build/Debug-xros/ZMarkupParser-t.build/Objects-normal/arm64/ZMarkupParser.swiftdoc (in target 'ZMarkupParser' from project 'ZMarkupParser')
    cd /Users/admin/builder/spi-builder-workspace
    builtin-copy -exclude .DS_Store -exclude CVS -exclude .svn -exclude .git -exclude .hg -resolve-src-symlinks -rename /Users/admin/builder/spi-builder-workspace/.derivedData/Build/Intermediates.noindex/ZMarkupParser.build/Debug-xros/ZMarkupParser-t.build/Objects-normal/arm64/ZMarkupParser.swiftdoc /Users/admin/builder/spi-builder-workspace/.derivedData/Build/Products/Debug-xros/ZMarkupParser.swiftmodule/arm64-apple-xros.swiftdoc
Copy /Users/admin/builder/spi-builder-workspace/.derivedData/Build/Products/Debug-xros/ZMarkupParser.swiftmodule/arm64-apple-xros.swiftmodule /Users/admin/builder/spi-builder-workspace/.derivedData/Build/Intermediates.noindex/ZMarkupParser.build/Debug-xros/ZMarkupParser-t.build/Objects-normal/arm64/ZMarkupParser.swiftmodule (in target 'ZMarkupParser' from project 'ZMarkupParser')
    cd /Users/admin/builder/spi-builder-workspace
    builtin-copy -exclude .DS_Store -exclude CVS -exclude .svn -exclude .git -exclude .hg -resolve-src-symlinks -rename /Users/admin/builder/spi-builder-workspace/.derivedData/Build/Intermediates.noindex/ZMarkupParser.build/Debug-xros/ZMarkupParser-t.build/Objects-normal/arm64/ZMarkupParser.swiftmodule /Users/admin/builder/spi-builder-workspace/.derivedData/Build/Products/Debug-xros/ZMarkupParser.swiftmodule/arm64-apple-xros.swiftmodule
Copy /Users/admin/builder/spi-builder-workspace/.derivedData/Build/Products/Debug-xros/ZMarkupParser.swiftmodule/Project/arm64-apple-xros.swiftsourceinfo /Users/admin/builder/spi-builder-workspace/.derivedData/Build/Intermediates.noindex/ZMarkupParser.build/Debug-xros/ZMarkupParser-t.build/Objects-normal/arm64/ZMarkupParser.swiftsourceinfo (in target 'ZMarkupParser' from project 'ZMarkupParser')
    cd /Users/admin/builder/spi-builder-workspace
    builtin-copy -exclude .DS_Store -exclude CVS -exclude .svn -exclude .git -exclude .hg -resolve-src-symlinks -rename /Users/admin/builder/spi-builder-workspace/.derivedData/Build/Intermediates.noindex/ZMarkupParser.build/Debug-xros/ZMarkupParser-t.build/Objects-normal/arm64/ZMarkupParser.swiftsourceinfo /Users/admin/builder/spi-builder-workspace/.derivedData/Build/Products/Debug-xros/ZMarkupParser.swiftmodule/Project/arm64-apple-xros.swiftsourceinfo
ExtractAppIntentsMetadata (in target 'SnapshotTesting' from project 'swift-snapshot-testing')
    cd /Users/admin/builder/spi-builder-workspace/.dependencies/checkouts/swift-snapshot-testing
    /Applications/Xcode-27.0.0-Release.Candidate.app/Contents/Developer/Toolchains/XcodeDefault.xctoolchain/usr/bin/appintentsmetadataprocessor --toolchain-dir /var/run/com.apple.security.cryptexd/mnt/com.apple.MobileAsset.MetalToolchain-v27.1.266.1.zGuiiq/Metal.xctoolchain --module-name SnapshotTesting --sdk-root /Applications/Xcode-27.0.0-Release.Candidate.app/Contents/Developer/Platforms/XROS.platform/Developer/SDKs/XROS27.0.sdk --xcode-version 27A266a --platform-family xrOS --deployment-target 1.0 --bundle-identifier swift-snapshot-testing.SnapshotTesting --output /Users/admin/builder/spi-builder-workspace/.derivedData/Build/Products/Debug-xros/SnapshotTesting.appintents --target-triple arm64-apple-xros1.0 --binary-file /Users/admin/builder/spi-builder-workspace/.derivedData/Build/Products/Debug-xros/SnapshotTesting.o --dependency-file /Users/admin/builder/spi-builder-workspace/.derivedData/Build/Intermediates.noindex/swift-snapshot-testing.build/Debug-xros/SnapshotTesting-t.build/Objects-normal/arm64/SnapshotTesting_dependency_info.dat --stringsdata-file /Users/admin/builder/spi-builder-workspace/.derivedData/Build/Intermediates.noindex/swift-snapshot-testing.build/Debug-xros/SnapshotTesting-t.build/Objects-normal/arm64/ExtractedAppShortcutsMetadata.stringsdata --source-file-list /Users/admin/builder/spi-builder-workspace/.derivedData/Build/Intermediates.noindex/swift-snapshot-testing.build/Debug-xros/SnapshotTesting-t.build/Objects-normal/arm64/SnapshotTesting.SwiftFileList --metadata-file-list /Users/admin/builder/spi-builder-workspace/.derivedData/Build/Intermediates.noindex/swift-snapshot-testing.build/Debug-xros/SnapshotTesting-t.build/SnapshotTesting.DependencyMetadataFileList --static-metadata-file-list /Users/admin/builder/spi-builder-workspace/.derivedData/Build/Intermediates.noindex/swift-snapshot-testing.build/Debug-xros/SnapshotTesting-t.build/SnapshotTesting.DependencyStaticMetadataFileList --swift-const-vals-list /Users/admin/builder/spi-builder-workspace/.derivedData/Build/Intermediates.noindex/swift-snapshot-testing.build/Debug-xros/SnapshotTesting-t.build/Objects-normal/arm64/SnapshotTesting.SwiftConstValuesFileList --force --compile-time-extraction --deployment-aware-processing --no-app-shortcuts-localization
2026-09-25 00:29:14.167 appintentsmetadataprocessor[934:5646] Starting appintentsmetadataprocessor export
2026-09-25 00:29:14.238 appintentsmetadataprocessor[934:5646] Extracted no relevant App Intents symbols, skipping writing output
SwiftDriver ZMarkupParserTests normal arm64 com.apple.xcode.tools.swift.compiler (in target 'ZMarkupParserTests-product' from project 'ZMarkupParser')
    cd /Users/admin/builder/spi-builder-workspace/.swiftpm/xcode
    builtin-SwiftDriver -- /Applications/Xcode-27.0.0-Release.Candidate.app/Contents/Developer/Toolchains/XcodeDefault.xctoolchain/usr/bin/swiftc -parse-as-library -module-name ZMarkupParserTests -Onone @/Users/admin/builder/spi-builder-workspace/.derivedData/Build/Intermediates.noindex/ZMarkupParser.build/Debug-xros/ZMarkupParserTests-p.build/Objects-normal/arm64/ZMarkupParserTests.SwiftFileList -DSWIFT_PACKAGE -DDEBUG -DXcode -plugin-path /Applications/Xcode-27.0.0-Release.Candidate.app/Contents/Developer/Toolchains/XcodeDefault.xctoolchain/usr/lib/swift/host/plugins/testing -enable-experimental-feature DebugDescriptionMacro -sdk /Applications/Xcode-27.0.0-Release.Candidate.app/Contents/Developer/Platforms/XROS.platform/Developer/SDKs/XROS27.0.sdk -target arm64-apple-xros1.0 -g -module-cache-path /Users/admin/builder/spi-builder-workspace/.derivedData/ModuleCache.noindex -Xfrontend -serialize-debugging-options -profile-coverage-mapping -profile-generate -enable-testing -index-store-path /Users/admin/builder/spi-builder-workspace/.derivedData/Index.noindex/DataStore -Xcc -D_LIBCPP_HARDENING_MODE\=_LIBCPP_HARDENING_MODE_DEBUG -swift-version 5 -I /Users/admin/builder/spi-builder-workspace/.derivedData/Build/Products/Debug-xros -Isystem /Applications/Xcode-27.0.0-Release.Candidate.app/Contents/Developer/Platforms/XROS.platform/Developer/usr/lib -F /Users/admin/builder/spi-builder-workspace/.derivedData/Build/Products/Debug-xros/PackageFrameworks -F /Users/admin/builder/spi-builder-workspace/.derivedData/Build/Products/Debug-xros -F /Applications/Xcode-27.0.0-Release.Candidate.app/Contents/Developer/Platforms/XROS.platform/Developer/Library/Frameworks -F /Applications/Xcode-27.0.0-Release.Candidate.app/Contents/Developer/Platforms/XROS.platform/Developer/SDKs/XROS27.0.sdk/Developer/Library/Frameworks -c -j10 -enable-batch-mode -incremental -Xcc -ivfsstatcache -Xcc /Users/admin/builder/spi-builder-workspace/.derivedData/SDKStatCaches.noindex/xros27.0-24M361-e829b21a6f8c9b70876ba0858053c044735bd543db762f57723cac368afd1ce4.sdkstatcache -output-file-map /Users/admin/builder/spi-builder-workspace/.derivedData/Build/Intermediates.noindex/ZMarkupParser.build/Debug-xros/ZMarkupParserTests-p.build/Objects-normal/arm64/ZMarkupParserTests-OutputFileMap.json -save-temps -no-color-diagnostics -explicit-module-build -module-cache-path /Users/admin/builder/spi-builder-workspace/.derivedData/Build/Intermediates.noindex/SwiftExplicitPrecompiledModules -clang-scanner-module-cache-path /Users/admin/builder/spi-builder-workspace/.derivedData/ModuleCache.noindex -sdk-module-cache-path /Users/admin/builder/spi-builder-workspace/.derivedData/SDKExplicitPrecompiledModules -emit-dependencies -emit-module -emit-module-path /Users/admin/builder/spi-builder-workspace/.derivedData/Build/Intermediates.noindex/ZMarkupParser.build/Debug-xros/ZMarkupParserTests-p.build/Objects-normal/arm64/ZMarkupParserTests.swiftmodule -serialize-diagnostics -dependency-scan-serialize-diagnostics-path /Users/admin/builder/spi-builder-workspace/.derivedData/Build/Intermediates.noindex/ZMarkupParser.build/Debug-xros/ZMarkupParserTests-p.build/Objects-normal/arm64/ZMarkupParserTests-dependency-scan.dia -validate-clang-modules-once -clang-build-session-file /Users/admin/builder/spi-builder-workspace/.derivedData/ModuleCache.noindex/Session.modulevalidation -Xcc -fmodules-prune-interval\=86400 -Xcc -fmodules-prune-after\=345600 -emit-const-values -const-gather-protocols-list /Users/admin/builder/spi-builder-workspace/.derivedData/Build/Intermediates.noindex/ZMarkupParser.build/Debug-xros/ZMarkupParserTests-p.build/Objects-normal/arm64/ZMarkupParserTests_const_extract_protocols.json -Xcc -I/Users/admin/builder/spi-builder-workspace/.derivedData/Build/Products/Debug-xros/include -Xcc -I/Users/admin/builder/spi-builder-workspace/.derivedData/Build/Intermediates.noindex/ZMarkupParser.build/Debug-xros/ZMarkupParserTests-p.build/DerivedSources-normal/arm64 -Xcc -I/Users/admin/builder/spi-builder-workspace/.derivedData/Build/Intermediates.noindex/ZMarkupParser.build/Debug-xros/ZMarkupParserTests-p.build/DerivedSources/arm64 -Xcc -I/Users/admin/builder/spi-builder-workspace/.derivedData/Build/Intermediates.noindex/ZMarkupParser.build/Debug-xros/ZMarkupParserTests-p.build/DerivedSources -Xcc -DSWIFT_PACKAGE -Xcc -DDEBUG\=1 -working-directory /Users/admin/builder/spi-builder-workspace/.swiftpm/xcode -experimental-emit-module-separately -disable-cmo
SwiftDriver ZMarkupParserSnapshotTests normal arm64 com.apple.xcode.tools.swift.compiler (in target 'ZMarkupParserSnapshotTests-product' from project 'ZMarkupParser')
    cd /Users/admin/builder/spi-builder-workspace/.swiftpm/xcode
    builtin-SwiftDriver -- /Applications/Xcode-27.0.0-Release.Candidate.app/Contents/Developer/Toolchains/XcodeDefault.xctoolchain/usr/bin/swiftc -parse-as-library -module-name ZMarkupParserSnapshotTests -Onone @/Users/admin/builder/spi-builder-workspace/.derivedData/Build/Intermediates.noindex/ZMarkupParser.build/Debug-xros/ZMarkupParserSnapshotTests-p.build/Objects-normal/arm64/ZMarkupParserSnapshotTests.SwiftFileList -DSWIFT_PACKAGE -DDEBUG -DXcode -plugin-path /Applications/Xcode-27.0.0-Release.Candidate.app/Contents/Developer/Toolchains/XcodeDefault.xctoolchain/usr/lib/swift/host/plugins/testing -enable-experimental-feature DebugDescriptionMacro -sdk /Applications/Xcode-27.0.0-Release.Candidate.app/Contents/Developer/Platforms/XROS.platform/Developer/SDKs/XROS27.0.sdk -target arm64-apple-xros1.0 -g -module-cache-path /Users/admin/builder/spi-builder-workspace/.derivedData/ModuleCache.noindex -Xfrontend -serialize-debugging-options -profile-coverage-mapping -profile-generate -enable-testing -index-store-path /Users/admin/builder/spi-builder-workspace/.derivedData/Index.noindex/DataStore -Xcc -D_LIBCPP_HARDENING_MODE\=_LIBCPP_HARDENING_MODE_DEBUG -swift-version 5 -I /Users/admin/builder/spi-builder-workspace/.derivedData/Build/Products/Debug-xros -Isystem /Applications/Xcode-27.0.0-Release.Candidate.app/Contents/Developer/Platforms/XROS.platform/Developer/usr/lib -F /Users/admin/builder/spi-builder-workspace/.derivedData/Build/Products/Debug-xros/PackageFrameworks -F /Users/admin/builder/spi-builder-workspace/.derivedData/Build/Products/Debug-xros -F /Applications/Xcode-27.0.0-Release.Candidate.app/Contents/Developer/Platforms/XROS.platform/Developer/Library/Frameworks -F /Applications/Xcode-27.0.0-Release.Candidate.app/Contents/Developer/Platforms/XROS.platform/Developer/SDKs/XROS27.0.sdk/Developer/Library/Frameworks -c -j10 -enable-batch-mode -incremental -Xcc -ivfsstatcache -Xcc /Users/admin/builder/spi-builder-workspace/.derivedData/SDKStatCaches.noindex/xros27.0-24M361-e829b21a6f8c9b70876ba0858053c044735bd543db762f57723cac368afd1ce4.sdkstatcache -output-file-map /Users/admin/builder/spi-builder-workspace/.derivedData/Build/Intermediates.noindex/ZMarkupParser.build/Debug-xros/ZMarkupParserSnapshotTests-p.build/Objects-normal/arm64/ZMarkupParserSnapshotTests-OutputFileMap.json -save-temps -no-color-diagnostics -explicit-module-build -module-cache-path /Users/admin/builder/spi-builder-workspace/.derivedData/Build/Intermediates.noindex/SwiftExplicitPrecompiledModules -clang-scanner-module-cache-path /Users/admin/builder/spi-builder-workspace/.derivedData/ModuleCache.noindex -sdk-module-cache-path /Users/admin/builder/spi-builder-workspace/.derivedData/SDKExplicitPrecompiledModules -emit-dependencies -emit-module -emit-module-path /Users/admin/builder/spi-builder-workspace/.derivedData/Build/Intermediates.noindex/ZMarkupParser.build/Debug-xros/ZMarkupParserSnapshotTests-p.build/Objects-normal/arm64/ZMarkupParserSnapshotTests.swiftmodule -serialize-diagnostics -dependency-scan-serialize-diagnostics-path /Users/admin/builder/spi-builder-workspace/.derivedData/Build/Intermediates.noindex/ZMarkupParser.build/Debug-xros/ZMarkupParserSnapshotTests-p.build/Objects-normal/arm64/ZMarkupParserSnapshotTests-dependency-scan.dia -validate-clang-modules-once -clang-build-session-file /Users/admin/builder/spi-builder-workspace/.derivedData/ModuleCache.noindex/Session.modulevalidation -Xcc -fmodules-prune-interval\=86400 -Xcc -fmodules-prune-after\=345600 -emit-const-values -const-gather-protocols-list /Users/admin/builder/spi-builder-workspace/.derivedData/Build/Intermediates.noindex/ZMarkupParser.build/Debug-xros/ZMarkupParserSnapshotTests-p.build/Objects-normal/arm64/ZMarkupParserSnapshotTests_const_extract_protocols.json -Xcc -I/Users/admin/builder/spi-builder-workspace/.derivedData/Build/Products/Debug-xros/include -Xcc -I/Users/admin/builder/spi-builder-workspace/.derivedData/Build/Intermediates.noindex/ZMarkupParser.build/Debug-xros/ZMarkupParserSnapshotTests-p.build/DerivedSources-normal/arm64 -Xcc -I/Users/admin/builder/spi-builder-workspace/.derivedData/Build/Intermediates.noindex/ZMarkupParser.build/Debug-xros/ZMarkupParserSnapshotTests-p.build/DerivedSources/arm64 -Xcc -I/Users/admin/builder/spi-builder-workspace/.derivedData/Build/Intermediates.noindex/ZMarkupParser.build/Debug-xros/ZMarkupParserSnapshotTests-p.build/DerivedSources -Xcc -DSWIFT_PACKAGE -Xcc -DDEBUG\=1 -working-directory /Users/admin/builder/spi-builder-workspace/.swiftpm/xcode -experimental-emit-module-separately -disable-cmo
SwiftDriverJobDiscovery normal arm64 Compiling S_HTMLTagName.swift, TABLE_HTMLTagName.swift, TD_HTMLTagName.swift, TH_HTMLTagName.swift, TR_HTMLTagName.swift, UL_HTMLTagName.swift, U_HTMLTagName.swift, HTMLTagStyleAttribute.swift, HTMLTagStyleAttributeVisitor.swift, BackgroundColorHTMLTagStyleAttribute.swift, ColorHTMLTagStyleAttribute.swift (in target 'ZMarkupParser' from project 'ZMarkupParser')
SwiftDriverJobDiscovery normal arm64 Compiling ExtendHTMLTagStyleAttribute.swift, FontFamilyHTMLTagStyleAttribute.swift, FontSizeHTMLTagStyleAttribute.swift, FontWeightHTMLTagStyleAttribute.swift, LineHeightHTMLTagStyleAttribute.swift, ListStyleTypeHTMLTagStyleAttribute.swift, TextAlignHTMLTagStyleAttribute.swift, WordSpacingHTMLTagStyleAttribute.swift, WC3HTMLTagName.swift, HTMLElementMarkupComponentMarkupStyleVisitor.swift, HTMLElementWithMarkupToMarkupStyleProcessor.swift (in target 'ZMarkupParser' from project 'ZMarkupParser')
SwiftDriverJobDiscovery normal arm64 Compiling RootMarkup.swift, TableColumnMarkup.swift, TableMarkup.swift, TableRowMarkup.swift, UnderlineMarkup.swift, MarkupComponent.swift, HTMLElementMarkupComponent.swift, MarkupStyleComponent.swift, MarkupStyle+Extension.swift, MarkupStyle.swift, MarkupStyleColor.swift (in target 'ZMarkupParser' from project 'ZMarkupParser')
SwiftDriverJobDiscovery normal arm64 Compiling MarkupStyleColorName.swift, MarkupStyleFont.swift, MarkupStyleList.swift, MarkupStyleParagraphStyle.swift, MarkupStyleSponsorColor.swift, MarkupStyleVendorColor.swift, HTMLScanner.swift, Token.swift, MarkupNSAttributedStringVisitor.swift, MarkupRenderProcessor.swift, MarkupStripperProcessor.swift (in target 'ZMarkupParser' from project 'ZMarkupParser')
SwiftCompile normal arm64 Compiling\ MarkupStyleFontTests.swift,\ MarkupStyleTests.swift /Users/admin/builder/spi-builder-workspace/Tests/ZMarkupParserTests/Core/MarkupStyleFontTests.swift /Users/admin/builder/spi-builder-workspace/Tests/ZMarkupParserTests/Core/MarkupStyleTests.swift (in target 'ZMarkupParserTests-product' from project 'ZMarkupParser')
SwiftCompile normal arm64 /Users/admin/builder/spi-builder-workspace/Tests/ZMarkupParserTests/Core/MarkupStyleFontTests.swift (in target 'ZMarkupParserTests-product' from project 'ZMarkupParser')
    cd /Users/admin/builder/spi-builder-workspace/.swiftpm/xcode
    builtin-SwiftPerFileCompile MarkupStyleFontTests.swift
SwiftCompile normal arm64 /Users/admin/builder/spi-builder-workspace/Tests/ZMarkupParserTests/Core/MarkupStyleTests.swift (in target 'ZMarkupParserTests-product' from project 'ZMarkupParser')
    cd /Users/admin/builder/spi-builder-workspace/.swiftpm/xcode
    builtin-SwiftPerFileCompile MarkupStyleTests.swift
SwiftCompile normal arm64 Compiling\ HTMLScannerTests.swift,\ HTMLStringTests.swift,\ MarkupComponentLookupTests.swift /Users/admin/builder/spi-builder-workspace/Tests/ZMarkupParserTests/Core/HTMLScannerTests.swift /Users/admin/builder/spi-builder-workspace/Tests/ZMarkupParserTests/Core/HTMLStringTests.swift /Users/admin/builder/spi-builder-workspace/Tests/ZMarkupParserTests/Core/MarkupComponentLookupTests.swift (in target 'ZMarkupParserTests-product' from project 'ZMarkupParser')
SwiftCompile normal arm64 /Users/admin/builder/spi-builder-workspace/Tests/ZMarkupParserTests/Core/HTMLScannerTests.swift (in target 'ZMarkupParserTests-product' from project 'ZMarkupParser')
    cd /Users/admin/builder/spi-builder-workspace/.swiftpm/xcode
    builtin-SwiftPerFileCompile HTMLScannerTests.swift
SwiftCompile normal arm64 /Users/admin/builder/spi-builder-workspace/Tests/ZMarkupParserTests/Core/HTMLStringTests.swift (in target 'ZMarkupParserTests-product' from project 'ZMarkupParser')
    cd /Users/admin/builder/spi-builder-workspace/.swiftpm/xcode
    builtin-SwiftPerFileCompile HTMLStringTests.swift
SwiftCompile normal arm64 /Users/admin/builder/spi-builder-workspace/Tests/ZMarkupParserTests/Core/MarkupComponentLookupTests.swift (in target 'ZMarkupParserTests-product' from project 'ZMarkupParser')
    cd /Users/admin/builder/spi-builder-workspace/.swiftpm/xcode
    builtin-SwiftPerFileCompile MarkupComponentLookupTests.swift
SwiftCompile normal arm64 Compiling\ MarkupNSAttributedStringVisitorTests.swift,\ MarkupStyleColorTests.swift /Users/admin/builder/spi-builder-workspace/Tests/ZMarkupParserTests/Core/MarkupNSAttributedStringVisitorTests.swift /Users/admin/builder/spi-builder-workspace/Tests/ZMarkupParserTests/Core/MarkupStyleColorTests.swift (in target 'ZMarkupParserTests-product' from project 'ZMarkupParser')
SwiftCompile normal arm64 /Users/admin/builder/spi-builder-workspace/Tests/ZMarkupParserTests/Core/MarkupNSAttributedStringVisitorTests.swift (in target 'ZMarkupParserTests-product' from project 'ZMarkupParser')
    cd /Users/admin/builder/spi-builder-workspace/.swiftpm/xcode
    builtin-SwiftPerFileCompile MarkupNSAttributedStringVisitorTests.swift
SwiftCompile normal arm64 /Users/admin/builder/spi-builder-workspace/Tests/ZMarkupParserTests/Core/MarkupStyleColorTests.swift (in target 'ZMarkupParserTests-product' from project 'ZMarkupParser')
    cd /Users/admin/builder/spi-builder-workspace/.swiftpm/xcode
    builtin-SwiftPerFileCompile MarkupStyleColorTests.swift
SwiftCompile normal arm64 Compiling\ AllMarkupsHasAddToBuilderDefaultListTests.swift,\ AllTagStyleAttributesHasAddToBuilderDefaultListTests.swift /Users/admin/builder/spi-builder-workspace/Tests/ZMarkupParserTests/HTML/AllMarkupsHasAddToBuilderDefaultListTests.swift /Users/admin/builder/spi-builder-workspace/Tests/ZMarkupParserTests/HTML/AllTagStyleAttributesHasAddToBuilderDefaultListTests.swift (in target 'ZMarkupParserTests-product' from project 'ZMarkupParser')
SwiftCompile normal arm64 /Users/admin/builder/spi-builder-workspace/Tests/ZMarkupParserTests/HTML/AllMarkupsHasAddToBuilderDefaultListTests.swift (in target 'ZMarkupParserTests-product' from project 'ZMarkupParser')
    cd /Users/admin/builder/spi-builder-workspace/.swiftpm/xcode
    builtin-SwiftPerFileCompile AllMarkupsHasAddToBuilderDefaultListTests.swift
SwiftCompile normal arm64 /Users/admin/builder/spi-builder-workspace/Tests/ZMarkupParserTests/HTML/AllTagStyleAttributesHasAddToBuilderDefaultListTests.swift (in target 'ZMarkupParserTests-product' from project 'ZMarkupParser')
    cd /Users/admin/builder/spi-builder-workspace/.swiftpm/xcode
    builtin-SwiftPerFileCompile AllTagStyleAttributesHasAddToBuilderDefaultListTests.swift
SwiftEmitModule normal arm64 Emitting\ module\ for\ ZMarkupParserTests (in target 'ZMarkupParserTests-product' from project 'ZMarkupParser')
SwiftCompile normal arm64 (in target 'ZMarkupParserTests-product' from project 'ZMarkupParser')
    cd /Users/admin/builder/spi-builder-workspace/.swiftpm/xcode

SwiftCompile normal arm64 Compiling\ HTMLStringToParsedResultProcessorTests.swift,\ HTMLTagStyleAttributeToMarkupStyleVisitorTests.swift /Users/admin/builder/spi-builder-workspace/Tests/ZMarkupParserTests/HTML/HTMLStringToParsedResultProcessorTests.swift /Users/admin/builder/spi-builder-workspace/Tests/ZMarkupParserTests/HTML/HTMLTagStyleAttributeToMarkupStyleVisitorTests.swift (in target 'ZMarkupParserTests-product' from project 'ZMarkupParser')
SwiftCompile normal arm64 /Users/admin/builder/spi-builder-workspace/Tests/ZMarkupParserTests/HTML/HTMLStringToParsedResultProcessorTests.swift (in target 'ZMarkupParserTests-product' from project 'ZMarkupParser')
    cd /Users/admin/builder/spi-builder-workspace/.swiftpm/xcode
    builtin-SwiftPerFileCompile HTMLStringToParsedResultProcessorTests.swift
SwiftCompile normal arm64 /Users/admin/builder/spi-builder-workspace/Tests/ZMarkupParserTests/HTML/HTMLTagStyleAttributeToMarkupStyleVisitorTests.swift (in target 'ZMarkupParserTests-product' from project 'ZMarkupParser')
    cd /Users/admin/builder/spi-builder-workspace/.swiftpm/xcode
    builtin-SwiftPerFileCompile HTMLTagStyleAttributeToMarkupStyleVisitorTests.swift
SwiftCompile normal arm64 Compiling\ HTMLElementMarkupComponentMarkupStyleVisitorTests.swift,\ HTMLParsedResultFormatterProcessorTests.swift /Users/admin/builder/spi-builder-workspace/Tests/ZMarkupParserTests/HTML/HTMLElementMarkupComponentMarkupStyleVisitorTests.swift /Users/admin/builder/spi-builder-workspace/Tests/ZMarkupParserTests/HTML/HTMLParsedResultFormatterProcessorTests.swift (in target 'ZMarkupParserTests-product' from project 'ZMarkupParser')
SwiftCompile normal arm64 /Users/admin/builder/spi-builder-workspace/Tests/ZMarkupParserTests/HTML/HTMLElementMarkupComponentMarkupStyleVisitorTests.swift (in target 'ZMarkupParserTests-product' from project 'ZMarkupParser')
    cd /Users/admin/builder/spi-builder-workspace/.swiftpm/xcode
    builtin-SwiftPerFileCompile HTMLElementMarkupComponentMarkupStyleVisitorTests.swift
SwiftCompile normal arm64 /Users/admin/builder/spi-builder-workspace/Tests/ZMarkupParserTests/HTML/HTMLParsedResultFormatterProcessorTests.swift (in target 'ZMarkupParserTests-product' from project 'ZMarkupParser')
    cd /Users/admin/builder/spi-builder-workspace/.swiftpm/xcode
    builtin-SwiftPerFileCompile HTMLParsedResultFormatterProcessorTests.swift
SwiftCompile normal arm64 Compiling\ ZHTMLParserBuilderTests.swift,\ ZHTMLParserTests.swift /Users/admin/builder/spi-builder-workspace/Tests/ZMarkupParserTests/HTML/ZHTMLParserBuilderTests.swift /Users/admin/builder/spi-builder-workspace/Tests/ZMarkupParserTests/HTML/ZHTMLParserTests.swift (in target 'ZMarkupParserTests-product' from project 'ZMarkupParser')
SwiftCompile normal arm64 /Users/admin/builder/spi-builder-workspace/Tests/ZMarkupParserTests/HTML/ZHTMLParserBuilderTests.swift (in target 'ZMarkupParserTests-product' from project 'ZMarkupParser')
    cd /Users/admin/builder/spi-builder-workspace/.swiftpm/xcode
    builtin-SwiftPerFileCompile ZHTMLParserBuilderTests.swift
SwiftCompile normal arm64 /Users/admin/builder/spi-builder-workspace/Tests/ZMarkupParserTests/HTML/ZHTMLParserTests.swift (in target 'ZMarkupParserTests-product' from project 'ZMarkupParser')
    cd /Users/admin/builder/spi-builder-workspace/.swiftpm/xcode
    builtin-SwiftPerFileCompile ZHTMLParserTests.swift
SwiftCompile normal arm64 Compiling\ HTMLParsedResultToHTMLElementWithRootMarkupProcessorTests.swift,\ HTMLSelectorTests.swift /Users/admin/builder/spi-builder-workspace/Tests/ZMarkupParserTests/HTML/HTMLParsedResultToHTMLElementWithRootMarkupProcessorTests.swift /Users/admin/builder/spi-builder-workspace/Tests/ZMarkupParserTests/HTML/HTMLSelectorTests.swift (in target 'ZMarkupParserTests-product' from project 'ZMarkupParser')
SwiftCompile normal arm64 /Users/admin/builder/spi-builder-workspace/Tests/ZMarkupParserTests/HTML/HTMLParsedResultToHTMLElementWithRootMarkupProcessorTests.swift (in target 'ZMarkupParserTests-product' from project 'ZMarkupParser')
    cd /Users/admin/builder/spi-builder-workspace/.swiftpm/xcode
    builtin-SwiftPerFileCompile HTMLParsedResultToHTMLElementWithRootMarkupProcessorTests.swift
SwiftCompile normal arm64 /Users/admin/builder/spi-builder-workspace/Tests/ZMarkupParserTests/HTML/HTMLSelectorTests.swift (in target 'ZMarkupParserTests-product' from project 'ZMarkupParser')
    cd /Users/admin/builder/spi-builder-workspace/.swiftpm/xcode
    builtin-SwiftPerFileCompile HTMLSelectorTests.swift
SwiftEmitModule normal arm64 Emitting\ module\ for\ ZMarkupParserSnapshotTests (in target 'ZMarkupParserSnapshotTests-product' from project 'ZMarkupParser')
SwiftCompile normal arm64 (in target 'ZMarkupParserSnapshotTests-product' from project 'ZMarkupParser')
    cd /Users/admin/builder/spi-builder-workspace/.swiftpm/xcode

SwiftDriverJobDiscovery normal arm64 Compiling HTMLParsedResult.swift, HTMLParsedResultFormatterProcessor.swift, HTMLParsedResultToHTMLElementWithRootMarkupProcessor.swift, HTMLSelector.swift, HTMLStringToParsedResultProcessor.swift, HTMLTagAttributeToMarkupStyleVisitor.swift, HTMLTagNameToHTMLMarkupVisitor.swift, ZHTMLParser+UIExtension.swift, ZHTMLParser.swift, ZHTMLParserBuilder.swift (in target 'ZMarkupParser' from project 'ZMarkupParser')
SwiftCompile normal arm64 Compiling\ MarkupTests.swift,\ MemoryLeakTests.swift /Users/admin/builder/spi-builder-workspace/Tests/ZMarkupParserTests/Core/MarkupTests.swift /Users/admin/builder/spi-builder-workspace/Tests/ZMarkupParserTests/Core/MemoryLeakTests.swift (in target 'ZMarkupParserTests-product' from project 'ZMarkupParser')
/Users/admin/builder/spi-builder-workspace/Tests/ZMarkupParserTests/Core/MemoryLeakTests.swift:35:18: warning: weak variable 'weakParser' was never mutated; consider changing to 'let' constant [#VariableNeverMutated::WeakMutability]
33 |     func testZHTMLParserDoesNotRetainItsParser() {
34 |         var parser: ZHTMLParser? = ZHTMLParserBuilder.initWithDefault().build()
35 |         weak var weakParser = parser
   |                  `- warning: weak variable 'weakParser' was never mutated; consider changing to 'let' constant [#VariableNeverMutated::WeakMutability]
36 |         _ = parser?.render("<b>hello</b>")
37 |         parser = nil
[#VariableNeverMutated]: <https://docs.swift.org/compiler/documentation/diagnostics/variable-never-mutated>
[#WeakMutability]: <https://docs.swift.org/compiler/documentation/diagnostics/weak-mutability>
SwiftCompile normal arm64 /Users/admin/builder/spi-builder-workspace/Tests/ZMarkupParserTests/Core/MarkupTests.swift (in target 'ZMarkupParserTests-product' from project 'ZMarkupParser')
    cd /Users/admin/builder/spi-builder-workspace/.swiftpm/xcode
    builtin-SwiftPerFileCompile MarkupTests.swift
SwiftCompile normal arm64 /Users/admin/builder/spi-builder-workspace/Tests/ZMarkupParserTests/Core/MemoryLeakTests.swift (in target 'ZMarkupParserTests-product' from project 'ZMarkupParser')
    cd /Users/admin/builder/spi-builder-workspace/.swiftpm/xcode
    builtin-SwiftPerFileCompile MemoryLeakTests.swift
SwiftDriverJobDiscovery normal arm64 Emitting module for ZMarkupParserTests (in target 'ZMarkupParserTests-product' from project 'ZMarkupParser')
SwiftDriver\ Compilation\ Requirements ZMarkupParserTests normal arm64 com.apple.xcode.tools.swift.compiler (in target 'ZMarkupParserTests-product' from project 'ZMarkupParser')
    cd /Users/admin/builder/spi-builder-workspace/.swiftpm/xcode
    builtin-Swift-Compilation-Requirements -- /Applications/Xcode-27.0.0-Release.Candidate.app/Contents/Developer/Toolchains/XcodeDefault.xctoolchain/usr/bin/swiftc -parse-as-library -module-name ZMarkupParserTests -Onone @/Users/admin/builder/spi-builder-workspace/.derivedData/Build/Intermediates.noindex/ZMarkupParser.build/Debug-xros/ZMarkupParserTests-p.build/Objects-normal/arm64/ZMarkupParserTests.SwiftFileList -DSWIFT_PACKAGE -DDEBUG -DXcode -plugin-path /Applications/Xcode-27.0.0-Release.Candidate.app/Contents/Developer/Toolchains/XcodeDefault.xctoolchain/usr/lib/swift/host/plugins/testing -enable-experimental-feature DebugDescriptionMacro -sdk /Applications/Xcode-27.0.0-Release.Candidate.app/Contents/Developer/Platforms/XROS.platform/Developer/SDKs/XROS27.0.sdk -target arm64-apple-xros1.0 -g -module-cache-path /Users/admin/builder/spi-builder-workspace/.derivedData/ModuleCache.noindex -Xfrontend -serialize-debugging-options -profile-coverage-mapping -profile-generate -enable-testing -index-store-path /Users/admin/builder/spi-builder-workspace/.derivedData/Index.noindex/DataStore -Xcc -D_LIBCPP_HARDENING_MODE\=_LIBCPP_HARDENING_MODE_DEBUG -swift-version 5 -I /Users/admin/builder/spi-builder-workspace/.derivedData/Build/Products/Debug-xros -Isystem /Applications/Xcode-27.0.0-Release.Candidate.app/Contents/Developer/Platforms/XROS.platform/Developer/usr/lib -F /Users/admin/builder/spi-builder-workspace/.derivedData/Build/Products/Debug-xros/PackageFrameworks -F /Users/admin/builder/spi-builder-workspace/.derivedData/Build/Products/Debug-xros -F /Applications/Xcode-27.0.0-Release.Candidate.app/Contents/Developer/Platforms/XROS.platform/Developer/Library/Frameworks -F /Applications/Xcode-27.0.0-Release.Candidate.app/Contents/Developer/Platforms/XROS.platform/Developer/SDKs/XROS27.0.sdk/Developer/Library/Frameworks -c -j10 -enable-batch-mode -incremental -Xcc -ivfsstatcache -Xcc /Users/admin/builder/spi-builder-workspace/.derivedData/SDKStatCaches.noindex/xros27.0-24M361-e829b21a6f8c9b70876ba0858053c044735bd543db762f57723cac368afd1ce4.sdkstatcache -output-file-map /Users/admin/builder/spi-builder-workspace/.derivedData/Build/Intermediates.noindex/ZMarkupParser.build/Debug-xros/ZMarkupParserTests-p.build/Objects-normal/arm64/ZMarkupParserTests-OutputFileMap.json -save-temps -no-color-diagnostics -explicit-module-build -module-cache-path /Users/admin/builder/spi-builder-workspace/.derivedData/Build/Intermediates.noindex/SwiftExplicitPrecompiledModules -clang-scanner-module-cache-path /Users/admin/builder/spi-builder-workspace/.derivedData/ModuleCache.noindex -sdk-module-cache-path /Users/admin/builder/spi-builder-workspace/.derivedData/SDKExplicitPrecompiledModules -emit-dependencies -emit-module -emit-module-path /Users/admin/builder/spi-builder-workspace/.derivedData/Build/Intermediates.noindex/ZMarkupParser.build/Debug-xros/ZMarkupParserTests-p.build/Objects-normal/arm64/ZMarkupParserTests.swiftmodule -serialize-diagnostics -dependency-scan-serialize-diagnostics-path /Users/admin/builder/spi-builder-workspace/.derivedData/Build/Intermediates.noindex/ZMarkupParser.build/Debug-xros/ZMarkupParserTests-p.build/Objects-normal/arm64/ZMarkupParserTests-dependency-scan.dia -validate-clang-modules-once -clang-build-session-file /Users/admin/builder/spi-builder-workspace/.derivedData/ModuleCache.noindex/Session.modulevalidation -Xcc -fmodules-prune-interval\=86400 -Xcc -fmodules-prune-after\=345600 -emit-const-values -const-gather-protocols-list /Users/admin/builder/spi-builder-workspace/.derivedData/Build/Intermediates.noindex/ZMarkupParser.build/Debug-xros/ZMarkupParserTests-p.build/Objects-normal/arm64/ZMarkupParserTests_const_extract_protocols.json -Xcc -I/Users/admin/builder/spi-builder-workspace/.derivedData/Build/Products/Debug-xros/include -Xcc -I/Users/admin/builder/spi-builder-workspace/.derivedData/Build/Intermediates.noindex/ZMarkupParser.build/Debug-xros/ZMarkupParserTests-p.build/DerivedSources-normal/arm64 -Xcc -I/Users/admin/builder/spi-builder-workspace/.derivedData/Build/Intermediates.noindex/ZMarkupParser.build/Debug-xros/ZMarkupParserTests-p.build/DerivedSources/arm64 -Xcc -I/Users/admin/builder/spi-builder-workspace/.derivedData/Build/Intermediates.noindex/ZMarkupParser.build/Debug-xros/ZMarkupParserTests-p.build/DerivedSources -Xcc -DSWIFT_PACKAGE -Xcc -DDEBUG\=1 -working-directory /Users/admin/builder/spi-builder-workspace/.swiftpm/xcode -experimental-emit-module-separately -disable-cmo
SwiftDriverJobDiscovery normal arm64 Compiling AllMarkupsHasAddToBuilderDefaultListTests.swift, AllTagStyleAttributesHasAddToBuilderDefaultListTests.swift (in target 'ZMarkupParserTests-product' from project 'ZMarkupParser')
SwiftCompile normal arm64 Compiling\ NSTextCheckingResultTests.swift,\ ParserRegexrTests.swift /Users/admin/builder/spi-builder-workspace/Tests/ZMarkupParserTests/Core/NSTextCheckingResultTests.swift /Users/admin/builder/spi-builder-workspace/Tests/ZMarkupParserTests/Core/ParserRegexrTests.swift (in target 'ZMarkupParserTests-product' from project 'ZMarkupParser')
SwiftCompile normal arm64 /Users/admin/builder/spi-builder-workspace/Tests/ZMarkupParserTests/Core/NSTextCheckingResultTests.swift (in target 'ZMarkupParserTests-product' from project 'ZMarkupParser')
    cd /Users/admin/builder/spi-builder-workspace/.swiftpm/xcode
    builtin-SwiftPerFileCompile NSTextCheckingResultTests.swift
SwiftCompile normal arm64 /Users/admin/builder/spi-builder-workspace/Tests/ZMarkupParserTests/Core/ParserRegexrTests.swift (in target 'ZMarkupParserTests-product' from project 'ZMarkupParser')
    cd /Users/admin/builder/spi-builder-workspace/.swiftpm/xcode
    builtin-SwiftPerFileCompile ParserRegexrTests.swift
SwiftDriverJobDiscovery normal arm64 Compiling HTMLParsedResultToHTMLElementWithRootMarkupProcessorTests.swift, HTMLSelectorTests.swift (in target 'ZMarkupParserTests-product' from project 'ZMarkupParser')
Copy /Users/admin/builder/spi-builder-workspace/.derivedData/Build/Products/Debug-xros/ZMarkupParserTests.swiftmodule/arm64-apple-xros.swiftmodule /Users/admin/builder/spi-builder-workspace/.derivedData/Build/Intermediates.noindex/ZMarkupParser.build/Debug-xros/ZMarkupParserTests-p.build/Objects-normal/arm64/ZMarkupParserTests.swiftmodule (in target 'ZMarkupParserTests-product' from project 'ZMarkupParser')
    cd /Users/admin/builder/spi-builder-workspace
    builtin-copy -exclude .DS_Store -exclude CVS -exclude .svn -exclude .git -exclude .hg -resolve-src-symlinks -rename /Users/admin/builder/spi-builder-workspace/.derivedData/Build/Intermediates.noindex/ZMarkupParser.build/Debug-xros/ZMarkupParserTests-p.build/Objects-normal/arm64/ZMarkupParserTests.swiftmodule /Users/admin/builder/spi-builder-workspace/.derivedData/Build/Products/Debug-xros/ZMarkupParserTests.swiftmodule/arm64-apple-xros.swiftmodule
Copy /Users/admin/builder/spi-builder-workspace/.derivedData/Build/Products/Debug-xros/ZMarkupParserTests.swiftmodule/arm64-apple-xros.swiftdoc /Users/admin/builder/spi-builder-workspace/.derivedData/Build/Intermediates.noindex/ZMarkupParser.build/Debug-xros/ZMarkupParserTests-p.build/Objects-normal/arm64/ZMarkupParserTests.swiftdoc (in target 'ZMarkupParserTests-product' from project 'ZMarkupParser')
    cd /Users/admin/builder/spi-builder-workspace
    builtin-copy -exclude .DS_Store -exclude CVS -exclude .svn -exclude .git -exclude .hg -resolve-src-symlinks -rename /Users/admin/builder/spi-builder-workspace/.derivedData/Build/Intermediates.noindex/ZMarkupParser.build/Debug-xros/ZMarkupParserTests-p.build/Objects-normal/arm64/ZMarkupParserTests.swiftdoc /Users/admin/builder/spi-builder-workspace/.derivedData/Build/Products/Debug-xros/ZMarkupParserTests.swiftmodule/arm64-apple-xros.swiftdoc
Copy /Users/admin/builder/spi-builder-workspace/.derivedData/Build/Products/Debug-xros/ZMarkupParserTests.swiftmodule/arm64-apple-xros.abi.json /Users/admin/builder/spi-builder-workspace/.derivedData/Build/Intermediates.noindex/ZMarkupParser.build/Debug-xros/ZMarkupParserTests-p.build/Objects-normal/arm64/ZMarkupParserTests.abi.json (in target 'ZMarkupParserTests-product' from project 'ZMarkupParser')
    cd /Users/admin/builder/spi-builder-workspace
    builtin-copy -exclude .DS_Store -exclude CVS -exclude .svn -exclude .git -exclude .hg -resolve-src-symlinks -rename /Users/admin/builder/spi-builder-workspace/.derivedData/Build/Intermediates.noindex/ZMarkupParser.build/Debug-xros/ZMarkupParserTests-p.build/Objects-normal/arm64/ZMarkupParserTests.abi.json /Users/admin/builder/spi-builder-workspace/.derivedData/Build/Products/Debug-xros/ZMarkupParserTests.swiftmodule/arm64-apple-xros.abi.json
Copy /Users/admin/builder/spi-builder-workspace/.derivedData/Build/Products/Debug-xros/ZMarkupParserTests.swiftmodule/Project/arm64-apple-xros.swiftsourceinfo /Users/admin/builder/spi-builder-workspace/.derivedData/Build/Intermediates.noindex/ZMarkupParser.build/Debug-xros/ZMarkupParserTests-p.build/Objects-normal/arm64/ZMarkupParserTests.swiftsourceinfo (in target 'ZMarkupParserTests-product' from project 'ZMarkupParser')
    cd /Users/admin/builder/spi-builder-workspace
    builtin-copy -exclude .DS_Store -exclude CVS -exclude .svn -exclude .git -exclude .hg -resolve-src-symlinks -rename /Users/admin/builder/spi-builder-workspace/.derivedData/Build/Intermediates.noindex/ZMarkupParser.build/Debug-xros/ZMarkupParserTests-p.build/Objects-normal/arm64/ZMarkupParserTests.swiftsourceinfo /Users/admin/builder/spi-builder-workspace/.derivedData/Build/Products/Debug-xros/ZMarkupParserTests.swiftmodule/Project/arm64-apple-xros.swiftsourceinfo
SwiftCompile normal arm64 Compiling\ ZMarkupParserSnapshotTests.swift /Users/admin/builder/spi-builder-workspace/Tests/ZMarkupParserSnapshotTests/ZMarkupParserSnapshotTests.swift (in target 'ZMarkupParserSnapshotTests-product' from project 'ZMarkupParser')
/Users/admin/builder/spi-builder-workspace/Tests/ZMarkupParserSnapshotTests/ZMarkupParserSnapshotTests.swift:121:9: error: generic parameter 'Format' could not be inferred
119 |         textView.setHtmlString(attributedHTMLString, with: parser)
120 |         textView.layoutIfNeeded()
121 |         assertSnapshot(matching: textView, as: .image(traits: .init(userInterfaceStyle: .light)), record: self.record)
    |         `- error: generic parameter 'Format' could not be inferred
122 |     }
123 |
SnapshotTesting.assertSnapshot:5:13: note: in call to function 'assertSnapshot(matching:as:named:record:timeout:file:testName:line:)'
3 | @available(tvOS, deprecated: 10000, message: "Use `assertSnapshot(of:…:)` instead.")
4 | @available(watchOS, deprecated: 10000, message: "Use `assertSnapshot(of:…:)` instead.")
5 | public func assertSnapshot<Value, Format>(matching value: @autoclosure () throws -> Value, as snapshotting: SnapshotTesting.Snapshotting<Value, Format>, named name: String? = nil, record recording: Bool = false, timeout: TimeInterval = 5, file: StaticString = #file, testName: String = #function, line: UInt = #line)
  |             `- note: in call to function 'assertSnapshot(matching:as:named:record:timeout:file:testName:line:)'
/Users/admin/builder/spi-builder-workspace/Tests/ZMarkupParserSnapshotTests/ZMarkupParserSnapshotTests.swift:121:49: error: type 'Snapshotting<UITextView, Format>' has no member 'image'
119 |         textView.setHtmlString(attributedHTMLString, with: parser)
120 |         textView.layoutIfNeeded()
121 |         assertSnapshot(matching: textView, as: .image(traits: .init(userInterfaceStyle: .light)), record: self.record)
    |                                                 `- error: type 'Snapshotting<UITextView, Format>' has no member 'image'
122 |     }
123 |
/Users/admin/builder/spi-builder-workspace/Tests/ZMarkupParserSnapshotTests/ZMarkupParserSnapshotTests.swift:132:9: error: generic parameter 'Format' could not be inferred
130 |         textView.setHtmlString(htmlString, with: parser)
131 |         textView.layoutIfNeeded()
132 |         assertSnapshot(matching: textView, as: .image(traits: .init(userInterfaceStyle: .light)), record: self.record)
    |         `- error: generic parameter 'Format' could not be inferred
133 |     }
134 |
SnapshotTesting.assertSnapshot:5:13: note: in call to function 'assertSnapshot(matching:as:named:record:timeout:file:testName:line:)'
3 | @available(tvOS, deprecated: 10000, message: "Use `assertSnapshot(of:…:)` instead.")
4 | @available(watchOS, deprecated: 10000, message: "Use `assertSnapshot(of:…:)` instead.")
5 | public func assertSnapshot<Value, Format>(matching value: @autoclosure () throws -> Value, as snapshotting: SnapshotTesting.Snapshotting<Value, Format>, named name: String? = nil, record recording: Bool = false, timeout: TimeInterval = 5, file: StaticString = #file, testName: String = #function, line: UInt = #line)
  |             `- note: in call to function 'assertSnapshot(matching:as:named:record:timeout:file:testName:line:)'
/Users/admin/builder/spi-builder-workspace/Tests/ZMarkupParserSnapshotTests/ZMarkupParserSnapshotTests.swift:132:49: error: type 'Snapshotting<UITextView, Format>' has no member 'image'
130 |         textView.setHtmlString(htmlString, with: parser)
131 |         textView.layoutIfNeeded()
132 |         assertSnapshot(matching: textView, as: .image(traits: .init(userInterfaceStyle: .light)), record: self.record)
    |                                                 `- error: type 'Snapshotting<UITextView, Format>' has no member 'image'
133 |     }
134 |
/Users/admin/builder/spi-builder-workspace/Tests/ZMarkupParserSnapshotTests/ZMarkupParserSnapshotTests.swift:144:13: error: generic parameter 'Format' could not be inferred
142 |         textView.setHtmlString(htmlString, with: parser) { _ in
143 |             textView.layoutIfNeeded()
144 |             assertSnapshot(matching: textView, as: .image(traits: .init(userInterfaceStyle: .light)), record: self.record)
    |             `- error: generic parameter 'Format' could not be inferred
145 |             expectation.fulfill()
146 |         }
SnapshotTesting.assertSnapshot:5:13: note: in call to function 'assertSnapshot(matching:as:named:record:timeout:file:testName:line:)'
3 | @available(tvOS, deprecated: 10000, message: "Use `assertSnapshot(of:…:)` instead.")
4 | @available(watchOS, deprecated: 10000, message: "Use `assertSnapshot(of:…:)` instead.")
5 | public func assertSnapshot<Value, Format>(matching value: @autoclosure () throws -> Value, as snapshotting: SnapshotTesting.Snapshotting<Value, Format>, named name: String? = nil, record recording: Bool = false, timeout: TimeInterval = 5, file: StaticString = #file, testName: String = #function, line: UInt = #line)
  |             `- note: in call to function 'assertSnapshot(matching:as:named:record:timeout:file:testName:line:)'
/Users/admin/builder/spi-builder-workspace/Tests/ZMarkupParserSnapshotTests/ZMarkupParserSnapshotTests.swift:144:53: error: type 'Snapshotting<UITextView, Format>' has no member 'image'
142 |         textView.setHtmlString(htmlString, with: parser) { _ in
143 |             textView.layoutIfNeeded()
144 |             assertSnapshot(matching: textView, as: .image(traits: .init(userInterfaceStyle: .light)), record: self.record)
    |                                                     `- error: type 'Snapshotting<UITextView, Format>' has no member 'image'
145 |             expectation.fulfill()
146 |         }
/Users/admin/builder/spi-builder-workspace/Tests/ZMarkupParserSnapshotTests/ZMarkupParserSnapshotTests.swift:158:9: error: generic parameter 'Format' could not be inferred
156 |         label.setHtmlString(htmlString, with: parser)
157 |         label.layoutIfNeeded()
158 |         assertSnapshot(matching: label, as: .image(traits: .init(userInterfaceStyle: .light)), record: self.record)
    |         `- error: generic parameter 'Format' could not be inferred
159 |     }
160 |
SnapshotTesting.assertSnapshot:5:13: note: in call to function 'assertSnapshot(matching:as:named:record:timeout:file:testName:line:)'
3 | @available(tvOS, deprecated: 10000, message: "Use `assertSnapshot(of:…:)` instead.")
4 | @available(watchOS, deprecated: 10000, message: "Use `assertSnapshot(of:…:)` instead.")
5 | public func assertSnapshot<Value, Format>(matching value: @autoclosure () throws -> Value, as snapshotting: SnapshotTesting.Snapshotting<Value, Format>, named name: String? = nil, record recording: Bool = false, timeout: TimeInterval = 5, file: StaticString = #file, testName: String = #function, line: UInt = #line)
  |             `- note: in call to function 'assertSnapshot(matching:as:named:record:timeout:file:testName:line:)'
/Users/admin/builder/spi-builder-workspace/Tests/ZMarkupParserSnapshotTests/ZMarkupParserSnapshotTests.swift:158:46: error: type 'Snapshotting<UILabel, Format>' has no member 'image'
156 |         label.setHtmlString(htmlString, with: parser)
157 |         label.layoutIfNeeded()
158 |         assertSnapshot(matching: label, as: .image(traits: .init(userInterfaceStyle: .light)), record: self.record)
    |                                              `- error: type 'Snapshotting<UILabel, Format>' has no member 'image'
159 |     }
160 |
/Users/admin/builder/spi-builder-workspace/Tests/ZMarkupParserSnapshotTests/ZMarkupParserSnapshotTests.swift:170:13: error: generic parameter 'Format' could not be inferred
168 |         label.setHtmlString(htmlString, with: parser) { _ in
169 |             label.layoutIfNeeded()
170 |             assertSnapshot(matching: label, as: .image(traits: .init(userInterfaceStyle: .light)), record: self.record)
    |             `- error: generic parameter 'Format' could not be inferred
171 |             expectation.fulfill()
172 |         }
SnapshotTesting.assertSnapshot:5:13: note: in call to function 'assertSnapshot(matching:as:named:record:timeout:file:testName:line:)'
3 | @available(tvOS, deprecated: 10000, message: "Use `assertSnapshot(of:…:)` instead.")
4 | @available(watchOS, deprecated: 10000, message: "Use `assertSnapshot(of:…:)` instead.")
5 | public func assertSnapshot<Value, Format>(matching value: @autoclosure () throws -> Value, as snapshotting: SnapshotTesting.Snapshotting<Value, Format>, named name: String? = nil, record recording: Bool = false, timeout: TimeInterval = 5, file: StaticString = #file, testName: String = #function, line: UInt = #line)
  |             `- note: in call to function 'assertSnapshot(matching:as:named:record:timeout:file:testName:line:)'
/Users/admin/builder/spi-builder-workspace/Tests/ZMarkupParserSnapshotTests/ZMarkupParserSnapshotTests.swift:170:50: error: type 'Snapshotting<UILabel, Format>' has no member 'image'
168 |         label.setHtmlString(htmlString, with: parser) { _ in
169 |             label.layoutIfNeeded()
170 |             assertSnapshot(matching: label, as: .image(traits: .init(userInterfaceStyle: .light)), record: self.record)
    |                                                  `- error: type 'Snapshotting<UILabel, Format>' has no member 'image'
171 |             expectation.fulfill()
172 |         }
SwiftCompile normal arm64 /Users/admin/builder/spi-builder-workspace/Tests/ZMarkupParserSnapshotTests/ZMarkupParserSnapshotTests.swift (in target 'ZMarkupParserSnapshotTests-product' from project 'ZMarkupParser')
    cd /Users/admin/builder/spi-builder-workspace/.swiftpm/xcode
    builtin-SwiftPerFileCompile ZMarkupParserSnapshotTests.swift
/Users/admin/builder/spi-builder-workspace/Tests/ZMarkupParserSnapshotTests/ZMarkupParserSnapshotTests.swift:200:13: error: generic parameter 'Format' could not be inferred
198 |         if let textView = testAsyncImageTextView {
199 |             textView.layoutIfNeeded()
200 |             assertSnapshot(matching: textView, as: .image(traits: .init(userInterfaceStyle: .light)), record: self.record, testName: "testAsyncImageNSAttributedString_uiTextView")
    |             `- error: generic parameter 'Format' could not be inferred
201 |         }
202 |         testAsyncXCTestExpectation?.fulfill()
SnapshotTesting.assertSnapshot:5:13: note: in call to function 'assertSnapshot(matching:as:named:record:timeout:file:testName:line:)'
3 | @available(tvOS, deprecated: 10000, message: "Use `assertSnapshot(of:…:)` instead.")
4 | @available(watchOS, deprecated: 10000, message: "Use `assertSnapshot(of:…:)` instead.")
5 | public func assertSnapshot<Value, Format>(matching value: @autoclosure () throws -> Value, as snapshotting: SnapshotTesting.Snapshotting<Value, Format>, named name: String? = nil, record recording: Bool = false, timeout: TimeInterval = 5, file: StaticString = #file, testName: String = #function, line: UInt = #line)
  |             `- note: in call to function 'assertSnapshot(matching:as:named:record:timeout:file:testName:line:)'
/Users/admin/builder/spi-builder-workspace/Tests/ZMarkupParserSnapshotTests/ZMarkupParserSnapshotTests.swift:200:53: error: type 'Snapshotting<UITextView, Format>' has no member 'image'
198 |         if let textView = testAsyncImageTextView {
199 |             textView.layoutIfNeeded()
200 |             assertSnapshot(matching: textView, as: .image(traits: .init(userInterfaceStyle: .light)), record: self.record, testName: "testAsyncImageNSAttributedString_uiTextView")
    |                                                     `- error: type 'Snapshotting<UITextView, Format>' has no member 'image'
201 |         }
202 |         testAsyncXCTestExpectation?.fulfill()
Failed frontend command:
/Applications/Xcode-27.0.0-Release.Candidate.app/Contents/Developer/Toolchains/XcodeDefault.xctoolchain/usr/bin/swift-frontend -frontend -c -primary-file /Users/admin/builder/spi-builder-workspace/Tests/ZMarkupParserSnapshotTests/ZMarkupParserSnapshotTests.swift -emit-dependencies-path /Users/admin/builder/spi-builder-workspace/.derivedData/Build/Intermediates.noindex/ZMarkupParser.build/Debug-xros/ZMarkupParserSnapshotTests-p.build/Objects-normal/arm64/ZMarkupParserSnapshotTests.d -emit-const-values-path /Users/admin/builder/spi-builder-workspace/.derivedData/Build/Intermediates.noindex/ZMarkupParser.build/Debug-xros/ZMarkupParserSnapshotTests-p.build/Objects-normal/arm64/ZMarkupParserSnapshotTests.swiftconstvalues -emit-reference-dependencies-path /Users/admin/builder/spi-builder-workspace/.derivedData/Build/Intermediates.noindex/ZMarkupParser.build/Debug-xros/ZMarkupParserSnapshotTests-p.build/Objects-normal/arm64/ZMarkupParserSnapshotTests.swiftdeps -serialize-diagnostics-path /Users/admin/builder/spi-builder-workspace/.derivedData/Build/Intermediates.noindex/ZMarkupParser.build/Debug-xros/ZMarkupParserSnapshotTests-p.build/Objects-normal/arm64/ZMarkupParserSnapshotTests.dia -target arm64-apple-xros1.0 -module-can-import-version UIKit 9127.0.84.1 9127.0.84 -disable-cross-import-overlay-search -load-resolved-plugin /Applications/Xcode-27.0.0-Release.Candidate.app/Contents/Developer/Platforms/XROS.platform/Developer/usr/lib/swift/host/plugins/libFoundationMacros.dylib\#/Applications/Xcode-27.0.0-Release.Candidate.app/Contents/Developer/Platforms/XROS.platform/Developer/usr/bin/swift-plugin-server\#FoundationMacros -load-resolved-plugin /Applications/Xcode-27.0.0-Release.Candidate.app/Contents/Developer/Platforms/XROS.platform/Developer/usr/lib/swift/host/plugins/libObservationMacros.dylib\#/Applications/Xcode-27.0.0-Release.Candidate.app/Contents/Developer/Platforms/XROS.platform/Developer/usr/bin/swift-plugin-server\#ObservationMacros -load-resolved-plugin /Applications/Xcode-27.0.0-Release.Candidate.app/Contents/Developer/Platforms/XROS.platform/Developer/usr/lib/swift/host/plugins/libPreviewsMacros.dylib\#/Applications/Xcode-27.0.0-Release.Candidate.app/Contents/Developer/Platforms/XROS.platform/Developer/usr/bin/swift-plugin-server\#PreviewsMacros -load-resolved-plugin /Applications/Xcode-27.0.0-Release.Candidate.app/Contents/Developer/Platforms/XROS.platform/Developer/usr/lib/swift/host/plugins/libSwiftMacros.dylib\#/Applications/Xcode-27.0.0-Release.Candidate.app/Contents/Developer/Platforms/XROS.platform/Developer/usr/bin/swift-plugin-server\#SwiftMacros -load-resolved-plugin /Applications/Xcode-27.0.0-Release.Candidate.app/Contents/Developer/Platforms/XROS.platform/Developer/usr/lib/swift/host/plugins/libSwiftUIMacros.dylib\#/Applications/Xcode-27.0.0-Release.Candidate.app/Contents/Developer/Platforms/XROS.platform/Developer/usr/bin/swift-plugin-server\#SwiftUIMacros -disable-implicit-swift-modules -Xcc -fno-implicit-modules -Xcc -fno-implicit-module-maps -explicit-swift-module-map-file /Users/admin/builder/spi-builder-workspace/.derivedData/Build/Intermediates.noindex/ZMarkupParser.build/Debug-xros/ZMarkupParserSnapshotTests-p.build/Objects-normal/arm64/ZMarkupParserSnapshotTests-dependencies-1.json -Xllvm -aarch64-use-tbi -enable-objc-interop -stack-check -sdk /Applications/Xcode-27.0.0-Release.Candidate.app/Contents/Developer/Platforms/XROS.platform/Developer/SDKs/XROS27.0.sdk -I /Users/admin/builder/spi-builder-workspace/.derivedData/Build/Products/Debug-xros -Isystem /Applications/Xcode-27.0.0-Release.Candidate.app/Contents/Developer/Platforms/XROS.platform/Developer/usr/lib -F /Users/admin/builder/spi-builder-workspace/.derivedData/Build/Products/Debug-xros/PackageFrameworks -F /Users/admin/builder/spi-builder-workspace/.derivedData/Build/Products/Debug-xros -F /Applications/Xcode-27.0.0-Release.Candidate.app/Contents/Developer/Platforms/XROS.platform/Developer/Library/Frameworks -F /Applications/Xcode-27.0.0-Release.Candidate.app/Contents/Developer/Platforms/XROS.platform/Developer/SDKs/XROS27.0.sdk/Developer/Library/Frameworks -module-cache-path /Users/admin/builder/spi-builder-workspace/.derivedData/Build/Intermediates.noindex/SwiftExplicitPrecompiledModules -no-color-diagnostics -Xcc -fno-color-diagnostics -enable-testing -g -debug-info-format\=dwarf -dwarf-version\=4 -profile-generate -profile-coverage-mapping -swift-version 5 -Onone -D SWIFT_PACKAGE -D DEBUG -D Xcode -serialize-debugging-options -enable-experimental-feature DebugDescriptionMacro -empty-abi-descriptor -validate-clang-modules-once -clang-build-session-file /Users/admin/builder/spi-builder-workspace/.derivedData/ModuleCache.noindex/Session.modulevalidation -Xcc -working-directory -Xcc /Users/admin/builder/spi-builder-workspace/.swiftpm/xcode -enable-anonymous-context-mangled-names -file-compilation-dir /Users/admin/builder/spi-builder-workspace/.swiftpm/xcode -Xcc -D_LIBCPP_HARDENING_MODE\=_LIBCPP_HARDENING_MODE_DEBUG -Xcc -ivfsstatcache -Xcc /Users/admin/builder/spi-builder-workspace/.derivedData/SDKStatCaches.noindex/xros27.0-24M361-e829b21a6f8c9b70876ba0858053c044735bd543db762f57723cac368afd1ce4.sdkstatcache -Xcc -fmodules-prune-interval\=86400 -Xcc -fmodules-prune-after\=345600 -Xcc -I/Users/admin/builder/spi-builder-workspace/.derivedData/Build/Products/Debug-xros/include -Xcc -I/Users/admin/builder/spi-builder-workspace/.derivedData/Build/Intermediates.noindex/ZMarkupParser.build/Debug-xros/ZMarkupParserSnapshotTests-p.build/DerivedSources-normal/arm64 -Xcc -I/Users/admin/builder/spi-builder-workspace/.derivedData/Build/Intermediates.noindex/ZMarkupParser.build/Debug-xros/ZMarkupParserSnapshotTests-p.build/DerivedSources/arm64 -Xcc -I/Users/admin/builder/spi-builder-workspace/.derivedData/Build/Intermediates.noindex/ZMarkupParser.build/Debug-xros/ZMarkupParserSnapshotTests-p.build/DerivedSources -Xcc -DSWIFT_PACKAGE -Xcc -DDEBUG\=1 -no-auto-bridging-header-chaining -module-name ZMarkupParserSnapshotTests -const-gather-protocols-file /Users/admin/builder/spi-builder-workspace/.derivedData/Build/Intermediates.noindex/ZMarkupParser.build/Debug-xros/ZMarkupParserSnapshotTests-p.build/Objects-normal/arm64/ZMarkupParserSnapshotTests_const_extract_protocols.json -disable-clang-spi -clang-target arm64-apple-xros27.0 -target-sdk-version 27.0 -target-sdk-name xros27.0 -in-process-plugin-server-path /Applications/Xcode-27.0.0-Release.Candidate.app/Contents/Developer/Toolchains/XcodeDefault.xctoolchain/usr/lib/swift/host/libSwiftInProcPluginServer.dylib -parse-as-library -o /Users/admin/builder/spi-builder-workspace/.derivedData/Build/Intermediates.noindex/ZMarkupParser.build/Debug-xros/ZMarkupParserSnapshotTests-p.build/Objects-normal/arm64/ZMarkupParserSnapshotTests.o -debug-module-path /Users/admin/builder/spi-builder-workspace/.derivedData/Build/Intermediates.noindex/ZMarkupParser.build/Debug-xros/ZMarkupParserSnapshotTests-p.build/Objects-normal/arm64/ZMarkupParserSnapshotTests.swiftmodule -index-unit-output-path /ZMarkupParser.build/Debug-xros/ZMarkupParserSnapshotTests-p.build/Objects-normal/arm64/ZMarkupParserSnapshotTests.o -index-store-path /Users/admin/builder/spi-builder-workspace/.derivedData/Index.noindex/DataStore -index-system-modules
SwiftDriverJobDiscovery normal arm64 Emitting module for ZMarkupParserSnapshotTests (in target 'ZMarkupParserSnapshotTests-product' from project 'ZMarkupParser')
SwiftDriver\ Compilation ZMarkupParser normal arm64 com.apple.xcode.tools.swift.compiler (in target 'ZMarkupParser' from project 'ZMarkupParser')
    cd /Users/admin/builder/spi-builder-workspace/.swiftpm/xcode
    builtin-Swift-Compilation -- /Applications/Xcode-27.0.0-Release.Candidate.app/Contents/Developer/Toolchains/XcodeDefault.xctoolchain/usr/bin/swiftc -parse-as-library -module-name ZMarkupParser -Onone @/Users/admin/builder/spi-builder-workspace/.derivedData/Build/Intermediates.noindex/ZMarkupParser.build/Debug-xros/ZMarkupParser-t.build/Objects-normal/arm64/ZMarkupParser.SwiftFileList -DSWIFT_PACKAGE -DDEBUG -DSWIFT_MODULE_RESOURCE_BUNDLE_UNAVAILABLE -DXcode -plugin-path /Applications/Xcode-27.0.0-Release.Candidate.app/Contents/Developer/Toolchains/XcodeDefault.xctoolchain/usr/lib/swift/host/plugins/testing -enable-experimental-feature DebugDescriptionMacro -sdk /Applications/Xcode-27.0.0-Release.Candidate.app/Contents/Developer/Platforms/XROS.platform/Developer/SDKs/XROS27.0.sdk -target arm64-apple-xros1.0 -g -module-cache-path /Users/admin/builder/spi-builder-workspace/.derivedData/ModuleCache.noindex -Xfrontend -serialize-debugging-options -profile-coverage-mapping -profile-generate -enable-testing -index-store-path /Users/admin/builder/spi-builder-workspace/.derivedData/Index.noindex/DataStore -Xcc -D_LIBCPP_HARDENING_MODE\=_LIBCPP_HARDENING_MODE_DEBUG -swift-version 5 -I /Users/admin/builder/spi-builder-workspace/.derivedData/Build/Products/Debug-xros -Isystem /Applications/Xcode-27.0.0-Release.Candidate.app/Contents/Developer/Platforms/XROS.platform/Developer/usr/lib -F /Users/admin/builder/spi-builder-workspace/.derivedData/Build/Products/Debug-xros/PackageFrameworks -F /Users/admin/builder/spi-builder-workspace/.derivedData/Build/Products/Debug-xros -F /Applications/Xcode-27.0.0-Release.Candidate.app/Contents/Developer/Platforms/XROS.platform/Developer/Library/Frameworks -F /Applications/Xcode-27.0.0-Release.Candidate.app/Contents/Developer/Platforms/XROS.platform/Developer/SDKs/XROS27.0.sdk/Developer/Library/Frameworks -c -j10 -enable-batch-mode -incremental -Xcc -ivfsstatcache -Xcc /Users/admin/builder/spi-builder-workspace/.derivedData/SDKStatCaches.noindex/xros27.0-24M361-e829b21a6f8c9b70876ba0858053c044735bd543db762f57723cac368afd1ce4.sdkstatcache -output-file-map /Users/admin/builder/spi-builder-workspace/.derivedData/Build/Intermediates.noindex/ZMarkupParser.build/Debug-xros/ZMarkupParser-t.build/Objects-normal/arm64/ZMarkupParser-OutputFileMap.json -save-temps -no-color-diagnostics -explicit-module-build -module-cache-path /Users/admin/builder/spi-builder-workspace/.derivedData/Build/Intermediates.noindex/SwiftExplicitPrecompiledModules -clang-scanner-module-cache-path /Users/admin/builder/spi-builder-workspace/.derivedData/ModuleCache.noindex -sdk-module-cache-path /Users/admin/builder/spi-builder-workspace/.derivedData/SDKExplicitPrecompiledModules -emit-dependencies -emit-module -emit-module-path /Users/admin/builder/spi-builder-workspace/.derivedData/Build/Intermediates.noindex/ZMarkupParser.build/Debug-xros/ZMarkupParser-t.build/Objects-normal/arm64/ZMarkupParser.swiftmodule -serialize-diagnostics -dependency-scan-serialize-diagnostics-path /Users/admin/builder/spi-builder-workspace/.derivedData/Build/Intermediates.noindex/ZMarkupParser.build/Debug-xros/ZMarkupParser-t.build/Objects-normal/arm64/ZMarkupParser-dependency-scan.dia -validate-clang-modules-once -clang-build-session-file /Users/admin/builder/spi-builder-workspace/.derivedData/ModuleCache.noindex/Session.modulevalidation -Xcc -fmodules-prune-interval\=86400 -Xcc -fmodules-prune-after\=345600 -emit-const-values -const-gather-protocols-list /Users/admin/builder/spi-builder-workspace/.derivedData/Build/Intermediates.noindex/ZMarkupParser.build/Debug-xros/ZMarkupParser-t.build/Objects-normal/arm64/ZMarkupParser_const_extract_protocols.json -Xcc -I/Users/admin/builder/spi-builder-workspace/.derivedData/Build/Products/Debug-xros/include -Xcc -I/Users/admin/builder/spi-builder-workspace/.derivedData/Build/Intermediates.noindex/ZMarkupParser.build/Debug-xros/ZMarkupParser-t.build/DerivedSources-normal/arm64 -Xcc -I/Users/admin/builder/spi-builder-workspace/.derivedData/Build/Intermediates.noindex/ZMarkupParser.build/Debug-xros/ZMarkupParser-t.build/DerivedSources/arm64 -Xcc -I/Users/admin/builder/spi-builder-workspace/.derivedData/Build/Intermediates.noindex/ZMarkupParser.build/Debug-xros/ZMarkupParser-t.build/DerivedSources -Xcc -DSWIFT_PACKAGE -Xcc -DDEBUG\=1 -emit-objc-header -emit-objc-header-path /Users/admin/builder/spi-builder-workspace/.derivedData/Build/Intermediates.noindex/ZMarkupParser.build/Debug-xros/ZMarkupParser-t.build/Objects-normal/arm64/ZMarkupParser-Swift.h -working-directory /Users/admin/builder/spi-builder-workspace/.swiftpm/xcode -experimental-emit-module-separately -disable-cmo
SwiftDriver\ Compilation\ Requirements ZMarkupParserSnapshotTests normal arm64 com.apple.xcode.tools.swift.compiler (in target 'ZMarkupParserSnapshotTests-product' from project 'ZMarkupParser')
    cd /Users/admin/builder/spi-builder-workspace/.swiftpm/xcode
    builtin-Swift-Compilation-Requirements -- /Applications/Xcode-27.0.0-Release.Candidate.app/Contents/Developer/Toolchains/XcodeDefault.xctoolchain/usr/bin/swiftc -parse-as-library -module-name ZMarkupParserSnapshotTests -Onone @/Users/admin/builder/spi-builder-workspace/.derivedData/Build/Intermediates.noindex/ZMarkupParser.build/Debug-xros/ZMarkupParserSnapshotTests-p.build/Objects-normal/arm64/ZMarkupParserSnapshotTests.SwiftFileList -DSWIFT_PACKAGE -DDEBUG -DXcode -plugin-path /Applications/Xcode-27.0.0-Release.Candidate.app/Contents/Developer/Toolchains/XcodeDefault.xctoolchain/usr/lib/swift/host/plugins/testing -enable-experimental-feature DebugDescriptionMacro -sdk /Applications/Xcode-27.0.0-Release.Candidate.app/Contents/Developer/Platforms/XROS.platform/Developer/SDKs/XROS27.0.sdk -target arm64-apple-xros1.0 -g -module-cache-path /Users/admin/builder/spi-builder-workspace/.derivedData/ModuleCache.noindex -Xfrontend -serialize-debugging-options -profile-coverage-mapping -profile-generate -enable-testing -index-store-path /Users/admin/builder/spi-builder-workspace/.derivedData/Index.noindex/DataStore -Xcc -D_LIBCPP_HARDENING_MODE\=_LIBCPP_HARDENING_MODE_DEBUG -swift-version 5 -I /Users/admin/builder/spi-builder-workspace/.derivedData/Build/Products/Debug-xros -Isystem /Applications/Xcode-27.0.0-Release.Candidate.app/Contents/Developer/Platforms/XROS.platform/Developer/usr/lib -F /Users/admin/builder/spi-builder-workspace/.derivedData/Build/Products/Debug-xros/PackageFrameworks -F /Users/admin/builder/spi-builder-workspace/.derivedData/Build/Products/Debug-xros -F /Applications/Xcode-27.0.0-Release.Candidate.app/Contents/Developer/Platforms/XROS.platform/Developer/Library/Frameworks -F /Applications/Xcode-27.0.0-Release.Candidate.app/Contents/Developer/Platforms/XROS.platform/Developer/SDKs/XROS27.0.sdk/Developer/Library/Frameworks -c -j10 -enable-batch-mode -incremental -Xcc -ivfsstatcache -Xcc /Users/admin/builder/spi-builder-workspace/.derivedData/SDKStatCaches.noindex/xros27.0-24M361-e829b21a6f8c9b70876ba0858053c044735bd543db762f57723cac368afd1ce4.sdkstatcache -output-file-map /Users/admin/builder/spi-builder-workspace/.derivedData/Build/Intermediates.noindex/ZMarkupParser.build/Debug-xros/ZMarkupParserSnapshotTests-p.build/Objects-normal/arm64/ZMarkupParserSnapshotTests-OutputFileMap.json -save-temps -no-color-diagnostics -explicit-module-build -module-cache-path /Users/admin/builder/spi-builder-workspace/.derivedData/Build/Intermediates.noindex/SwiftExplicitPrecompiledModules -clang-scanner-module-cache-path /Users/admin/builder/spi-builder-workspace/.derivedData/ModuleCache.noindex -sdk-module-cache-path /Users/admin/builder/spi-builder-workspace/.derivedData/SDKExplicitPrecompiledModules -emit-dependencies -emit-module -emit-module-path /Users/admin/builder/spi-builder-workspace/.derivedData/Build/Intermediates.noindex/ZMarkupParser.build/Debug-xros/ZMarkupParserSnapshotTests-p.build/Objects-normal/arm64/ZMarkupParserSnapshotTests.swiftmodule -serialize-diagnostics -dependency-scan-serialize-diagnostics-path /Users/admin/builder/spi-builder-workspace/.derivedData/Build/Intermediates.noindex/ZMarkupParser.build/Debug-xros/ZMarkupParserSnapshotTests-p.build/Objects-normal/arm64/ZMarkupParserSnapshotTests-dependency-scan.dia -validate-clang-modules-once -clang-build-session-file /Users/admin/builder/spi-builder-workspace/.derivedData/ModuleCache.noindex/Session.modulevalidation -Xcc -fmodules-prune-interval\=86400 -Xcc -fmodules-prune-after\=345600 -emit-const-values -const-gather-protocols-list /Users/admin/builder/spi-builder-workspace/.derivedData/Build/Intermediates.noindex/ZMarkupParser.build/Debug-xros/ZMarkupParserSnapshotTests-p.build/Objects-normal/arm64/ZMarkupParserSnapshotTests_const_extract_protocols.json -Xcc -I/Users/admin/builder/spi-builder-workspace/.derivedData/Build/Products/Debug-xros/include -Xcc -I/Users/admin/builder/spi-builder-workspace/.derivedData/Build/Intermediates.noindex/ZMarkupParser.build/Debug-xros/ZMarkupParserSnapshotTests-p.build/DerivedSources-normal/arm64 -Xcc -I/Users/admin/builder/spi-builder-workspace/.derivedData/Build/Intermediates.noindex/ZMarkupParser.build/Debug-xros/ZMarkupParserSnapshotTests-p.build/DerivedSources/arm64 -Xcc -I/Users/admin/builder/spi-builder-workspace/.derivedData/Build/Intermediates.noindex/ZMarkupParser.build/Debug-xros/ZMarkupParserSnapshotTests-p.build/DerivedSources -Xcc -DSWIFT_PACKAGE -Xcc -DDEBUG\=1 -working-directory /Users/admin/builder/spi-builder-workspace/.swiftpm/xcode -experimental-emit-module-separately -disable-cmo
Ld /Users/admin/builder/spi-builder-workspace/.derivedData/Build/Products/Debug-xros/ZMarkupParser.o normal (in target 'ZMarkupParser' from project 'ZMarkupParser')
    cd /Users/admin/builder/spi-builder-workspace
    /Applications/Xcode-27.0.0-Release.Candidate.app/Contents/Developer/Toolchains/XcodeDefault.xctoolchain/usr/bin/clang -Xlinker -reproducible -target arm64-apple-xros1.0 -r -isysroot /Applications/Xcode-27.0.0-Release.Candidate.app/Contents/Developer/Platforms/XROS.platform/Developer/SDKs/XROS27.0.sdk -O0 -Xlinker -no_warn_duplicate_libraries -F/Users/admin/builder/spi-builder-workspace/.derivedData/Build/Intermediates.noindex/EagerLinkingTBDs/Debug-xros -F/Users/admin/builder/spi-builder-workspace/.derivedData/Build/Products/Debug-xros/PackageFrameworks -F/Users/admin/builder/spi-builder-workspace/.derivedData/Build/Products/Debug-xros -iframework /Applications/Xcode-27.0.0-Release.Candidate.app/Contents/Developer/Platforms/XROS.platform/Developer/Library/Frameworks -iframework /Applications/Xcode-27.0.0-Release.Candidate.app/Contents/Developer/Platforms/XROS.platform/Developer/SDKs/XROS27.0.sdk/Developer/Library/Frameworks -filelist /Users/admin/builder/spi-builder-workspace/.derivedData/Build/Intermediates.noindex/ZMarkupParser.build/Debug-xros/ZMarkupParser-t.build/Objects-normal/arm64/ZMarkupParser.LinkFileList -nostdlib -Xlinker -object_path_lto -Xlinker /Users/admin/builder/spi-builder-workspace/.derivedData/Build/Intermediates.noindex/ZMarkupParser.build/Debug-xros/ZMarkupParser-t.build/Objects-normal/arm64/ZMarkupParser_lto.o -Xlinker -no_deduplicate -Xlinker -debug_variant -Xlinker -dependency_info -Xlinker /Users/admin/builder/spi-builder-workspace/.derivedData/Build/Intermediates.noindex/ZMarkupParser.build/Debug-xros/ZMarkupParser-t.build/Objects-normal/arm64/ZMarkupParser_dependency_info.dat -fobjc-link-runtime -L/Applications/Xcode-27.0.0-Release.Candidate.app/Contents/Developer/Toolchains/XcodeDefault.xctoolchain/usr/lib/swift/xros -L/usr/lib/swift -Xlinker -add_ast_path -Xlinker /Users/admin/builder/spi-builder-workspace/.derivedData/Build/Intermediates.noindex/ZMarkupParser.build/Debug-xros/ZMarkupParser-t.build/Objects-normal/arm64/ZMarkupParser.swiftmodule -o /Users/admin/builder/spi-builder-workspace/.derivedData/Build/Products/Debug-xros/ZMarkupParser.o
SwiftDriverJobDiscovery normal arm64 Compiling HTMLElementMarkupComponentMarkupStyleVisitorTests.swift, HTMLParsedResultFormatterProcessorTests.swift (in target 'ZMarkupParserTests-product' from project 'ZMarkupParser')
Copy /Users/admin/builder/spi-builder-workspace/.derivedData/Build/Products/Debug-xros/ZMarkupParserSnapshotTests.swiftmodule/arm64-apple-xros.swiftmodule /Users/admin/builder/spi-builder-workspace/.derivedData/Build/Intermediates.noindex/ZMarkupParser.build/Debug-xros/ZMarkupParserSnapshotTests-p.build/Objects-normal/arm64/ZMarkupParserSnapshotTests.swiftmodule (in target 'ZMarkupParserSnapshotTests-product' from project 'ZMarkupParser')
    cd /Users/admin/builder/spi-builder-workspace
    builtin-copy -exclude .DS_Store -exclude CVS -exclude .svn -exclude .git -exclude .hg -resolve-src-symlinks -rename /Users/admin/builder/spi-builder-workspace/.derivedData/Build/Intermediates.noindex/ZMarkupParser.build/Debug-xros/ZMarkupParserSnapshotTests-p.build/Objects-normal/arm64/ZMarkupParserSnapshotTests.swiftmodule /Users/admin/builder/spi-builder-workspace/.derivedData/Build/Products/Debug-xros/ZMarkupParserSnapshotTests.swiftmodule/arm64-apple-xros.swiftmodule
Copy /Users/admin/builder/spi-builder-workspace/.derivedData/Build/Products/Debug-xros/ZMarkupParserSnapshotTests.swiftmodule/arm64-apple-xros.swiftdoc /Users/admin/builder/spi-builder-workspace/.derivedData/Build/Intermediates.noindex/ZMarkupParser.build/Debug-xros/ZMarkupParserSnapshotTests-p.build/Objects-normal/arm64/ZMarkupParserSnapshotTests.swiftdoc (in target 'ZMarkupParserSnapshotTests-product' from project 'ZMarkupParser')
    cd /Users/admin/builder/spi-builder-workspace
    builtin-copy -exclude .DS_Store -exclude CVS -exclude .svn -exclude .git -exclude .hg -resolve-src-symlinks -rename /Users/admin/builder/spi-builder-workspace/.derivedData/Build/Intermediates.noindex/ZMarkupParser.build/Debug-xros/ZMarkupParserSnapshotTests-p.build/Objects-normal/arm64/ZMarkupParserSnapshotTests.swiftdoc /Users/admin/builder/spi-builder-workspace/.derivedData/Build/Products/Debug-xros/ZMarkupParserSnapshotTests.swiftmodule/arm64-apple-xros.swiftdoc
Copy /Users/admin/builder/spi-builder-workspace/.derivedData/Build/Products/Debug-xros/ZMarkupParserSnapshotTests.swiftmodule/arm64-apple-xros.abi.json /Users/admin/builder/spi-builder-workspace/.derivedData/Build/Intermediates.noindex/ZMarkupParser.build/Debug-xros/ZMarkupParserSnapshotTests-p.build/Objects-normal/arm64/ZMarkupParserSnapshotTests.abi.json (in target 'ZMarkupParserSnapshotTests-product' from project 'ZMarkupParser')
    cd /Users/admin/builder/spi-builder-workspace
    builtin-copy -exclude .DS_Store -exclude CVS -exclude .svn -exclude .git -exclude .hg -resolve-src-symlinks -rename /Users/admin/builder/spi-builder-workspace/.derivedData/Build/Intermediates.noindex/ZMarkupParser.build/Debug-xros/ZMarkupParserSnapshotTests-p.build/Objects-normal/arm64/ZMarkupParserSnapshotTests.abi.json /Users/admin/builder/spi-builder-workspace/.derivedData/Build/Products/Debug-xros/ZMarkupParserSnapshotTests.swiftmodule/arm64-apple-xros.abi.json
Copy /Users/admin/builder/spi-builder-workspace/.derivedData/Build/Products/Debug-xros/ZMarkupParserSnapshotTests.swiftmodule/Project/arm64-apple-xros.swiftsourceinfo /Users/admin/builder/spi-builder-workspace/.derivedData/Build/Intermediates.noindex/ZMarkupParser.build/Debug-xros/ZMarkupParserSnapshotTests-p.build/Objects-normal/arm64/ZMarkupParserSnapshotTests.swiftsourceinfo (in target 'ZMarkupParserSnapshotTests-product' from project 'ZMarkupParser')
    cd /Users/admin/builder/spi-builder-workspace
    builtin-copy -exclude .DS_Store -exclude CVS -exclude .svn -exclude .git -exclude .hg -resolve-src-symlinks -rename /Users/admin/builder/spi-builder-workspace/.derivedData/Build/Intermediates.noindex/ZMarkupParser.build/Debug-xros/ZMarkupParserSnapshotTests-p.build/Objects-normal/arm64/ZMarkupParserSnapshotTests.swiftsourceinfo /Users/admin/builder/spi-builder-workspace/.derivedData/Build/Products/Debug-xros/ZMarkupParserSnapshotTests.swiftmodule/Project/arm64-apple-xros.swiftsourceinfo
ExtractAppIntentsMetadata (in target 'ZMarkupParser' from project 'ZMarkupParser')
    cd /Users/admin/builder/spi-builder-workspace
    /Applications/Xcode-27.0.0-Release.Candidate.app/Contents/Developer/Toolchains/XcodeDefault.xctoolchain/usr/bin/appintentsmetadataprocessor --toolchain-dir /var/run/com.apple.security.cryptexd/mnt/com.apple.MobileAsset.MetalToolchain-v27.1.266.1.zGuiiq/Metal.xctoolchain --module-name ZMarkupParser --sdk-root /Applications/Xcode-27.0.0-Release.Candidate.app/Contents/Developer/Platforms/XROS.platform/Developer/SDKs/XROS27.0.sdk --xcode-version 27A266a --platform-family xrOS --deployment-target 1.0 --bundle-identifier spi-builder-workspace.ZMarkupParser --output /Users/admin/builder/spi-builder-workspace/.derivedData/Build/Products/Debug-xros/ZMarkupParser.appintents --target-triple arm64-apple-xros1.0 --binary-file /Users/admin/builder/spi-builder-workspace/.derivedData/Build/Products/Debug-xros/ZMarkupParser.o --dependency-file /Users/admin/builder/spi-builder-workspace/.derivedData/Build/Intermediates.noindex/ZMarkupParser.build/Debug-xros/ZMarkupParser-t.build/Objects-normal/arm64/ZMarkupParser_dependency_info.dat --stringsdata-file /Users/admin/builder/spi-builder-workspace/.derivedData/Build/Intermediates.noindex/ZMarkupParser.build/Debug-xros/ZMarkupParser-t.build/Objects-normal/arm64/ExtractedAppShortcutsMetadata.stringsdata --source-file-list /Users/admin/builder/spi-builder-workspace/.derivedData/Build/Intermediates.noindex/ZMarkupParser.build/Debug-xros/ZMarkupParser-t.build/Objects-normal/arm64/ZMarkupParser.SwiftFileList --metadata-file-list /Users/admin/builder/spi-builder-workspace/.derivedData/Build/Intermediates.noindex/ZMarkupParser.build/Debug-xros/ZMarkupParser-t.build/ZMarkupParser.DependencyMetadataFileList --static-metadata-file-list /Users/admin/builder/spi-builder-workspace/.derivedData/Build/Intermediates.noindex/ZMarkupParser.build/Debug-xros/ZMarkupParser-t.build/ZMarkupParser.DependencyStaticMetadataFileList --swift-const-vals-list /Users/admin/builder/spi-builder-workspace/.derivedData/Build/Intermediates.noindex/ZMarkupParser.build/Debug-xros/ZMarkupParser-t.build/Objects-normal/arm64/ZMarkupParser.SwiftConstValuesFileList --force --compile-time-extraction --deployment-aware-processing --no-app-shortcuts-localization
2026-09-25 00:29:15.151 appintentsmetadataprocessor[962:5915] Starting appintentsmetadataprocessor export
2026-09-25 00:29:15.226 appintentsmetadataprocessor[962:5915] Extracted no relevant App Intents symbols, skipping writing output
SwiftDriverJobDiscovery normal arm64 Compiling MarkupNSAttributedStringVisitorTests.swift, MarkupStyleColorTests.swift (in target 'ZMarkupParserTests-product' from project 'ZMarkupParser')
SwiftDriverJobDiscovery normal arm64 Compiling HTMLStringToParsedResultProcessorTests.swift, HTMLTagStyleAttributeToMarkupStyleVisitorTests.swift (in target 'ZMarkupParserTests-product' from project 'ZMarkupParser')
SwiftDriverJobDiscovery normal arm64 Compiling MarkupStyleFontTests.swift, MarkupStyleTests.swift (in target 'ZMarkupParserTests-product' from project 'ZMarkupParser')
SwiftDriverJobDiscovery normal arm64 Compiling HTMLScannerTests.swift, HTMLStringTests.swift, MarkupComponentLookupTests.swift (in target 'ZMarkupParserTests-product' from project 'ZMarkupParser')
SwiftDriverJobDiscovery normal arm64 Compiling MarkupTests.swift, MemoryLeakTests.swift (in target 'ZMarkupParserTests-product' from project 'ZMarkupParser')
ProcessInfoPlistFile /Users/admin/builder/spi-builder-workspace/.derivedData/Build/Products/Debug-xros/ZMarkupParserSnapshotTests.xctest/Info.plist /Users/admin/builder/spi-builder-workspace/.derivedData/Build/Intermediates.noindex/ZMarkupParser.build/Debug-xros/ZMarkupParserSnapshotTests-p.build/empty-ZMarkupParserSnapshotTests.plist (in target 'ZMarkupParserSnapshotTests-product' from project 'ZMarkupParser')
    cd /Users/admin/builder/spi-builder-workspace
    builtin-infoPlistUtility /Users/admin/builder/spi-builder-workspace/.derivedData/Build/Intermediates.noindex/ZMarkupParser.build/Debug-xros/ZMarkupParserSnapshotTests-p.build/empty-ZMarkupParserSnapshotTests.plist -producttype com.apple.product-type.bundle.unit-test -expandbuildsettings -format binary -platform xros -o /Users/admin/builder/spi-builder-workspace/.derivedData/Build/Products/Debug-xros/ZMarkupParserSnapshotTests.xctest/Info.plist
ProcessInfoPlistFile /Users/admin/builder/spi-builder-workspace/.derivedData/Build/Products/Debug-xros/ZMarkupParserTests.xctest/Info.plist /Users/admin/builder/spi-builder-workspace/.derivedData/Build/Intermediates.noindex/ZMarkupParser.build/Debug-xros/ZMarkupParserTests-p.build/empty-ZMarkupParserTests.plist (in target 'ZMarkupParserTests-product' from project 'ZMarkupParser')
    cd /Users/admin/builder/spi-builder-workspace
    builtin-infoPlistUtility /Users/admin/builder/spi-builder-workspace/.derivedData/Build/Intermediates.noindex/ZMarkupParser.build/Debug-xros/ZMarkupParserTests-p.build/empty-ZMarkupParserTests.plist -producttype com.apple.product-type.bundle.unit-test -expandbuildsettings -format binary -platform xros -o /Users/admin/builder/spi-builder-workspace/.derivedData/Build/Products/Debug-xros/ZMarkupParserTests.xctest/Info.plist
SwiftDriverJobDiscovery normal arm64 Compiling ZHTMLParserBuilderTests.swift, ZHTMLParserTests.swift (in target 'ZMarkupParserTests-product' from project 'ZMarkupParser')
SwiftDriverJobDiscovery normal arm64 Compiling NSTextCheckingResultTests.swift, ParserRegexrTests.swift (in target 'ZMarkupParserTests-product' from project 'ZMarkupParser')
PruneExplicitPrecompiledModules /Users/admin/builder/spi-builder-workspace/.derivedData/Build/Intermediates.noindex/ExplicitPrecompiledModules
PruneExplicitPrecompiledModules /Users/admin/builder/spi-builder-workspace/.derivedData/Build/Intermediates.noindex/SwiftExplicitPrecompiledModules
PruneExplicitPrecompiledModules /Users/admin/builder/spi-builder-workspace/.derivedData/SDKExplicitPrecompiledModules
2026-09-25 00:29:01.703 xcodebuild[754:4754] [MT] IDERunDestination: Supported platforms for the buildables in the current scheme is empty.
2026-09-25 00:29:01.814 xcodebuild[754:4754] [MT] IDERunDestination: Supported platforms for the buildables in the current scheme is empty.
** BUILD FAILED **
The following build commands failed:
	SwiftCompile normal arm64 /Users/admin/builder/spi-builder-workspace/Tests/ZMarkupParserSnapshotTests/ZMarkupParserSnapshotTests.swift (in target 'ZMarkupParserSnapshotTests-product' from project 'ZMarkupParser')
	SwiftCompile normal arm64 Compiling\ ZMarkupParserSnapshotTests.swift /Users/admin/builder/spi-builder-workspace/Tests/ZMarkupParserSnapshotTests/ZMarkupParserSnapshotTests.swift (in target 'ZMarkupParserSnapshotTests-product' from project 'ZMarkupParser')
	Building workspace ZMarkupParser with scheme ZMarkupParser
(3 failures)
Command line invocation:
    /Applications/Xcode-27.0.0-Release.Candidate.app/Contents/Developer/usr/bin/xcodebuild -IDEClonedSourcePackagesDirPathOverride=/Users/admin/builder/spi-builder-workspace/.dependencies -resolvePackageDependencies
Resolve Package Graph
Resolved source packages:
  ZMarkupParser: /Users/admin/builder/spi-builder-workspace
  ZNSTextAttachment: https://github.com/ZhgChgLi/ZNSTextAttachment @ 1.2.0
  swift-snapshot-testing: https://github.com/pointfreeco/swift-snapshot-testing @ 1.12.0
resolved source packages: ZMarkupParser, ZNSTextAttachment, swift-snapshot-testing
2026-09-25 00:29:16.185 xcodebuild[963:5955] [MT] IDERunDestination: Supported platforms for the buildables in the current scheme is empty.
2026-09-25 00:29:16.297 xcodebuild[963:5955] [MT] IDERunDestination: Supported platforms for the buildables in the current scheme is empty.
{
  "dependencies" : [
    {
      "identity" : "swift-snapshot-testing",
      "requirement" : {
        "exact" : [
          "1.12.0"
        ]
      },
      "type" : "sourceControl",
      "url" : "https://github.com/pointfreeco/swift-snapshot-testing"
    },
    {
      "identity" : "znstextattachment",
      "requirement" : {
        "range" : [
          {
            "lower_bound" : "1.2.0",
            "upper_bound" : "2.0.0"
          }
        ]
      },
      "type" : "sourceControl",
      "url" : "https://github.com/ZhgChgLi/ZNSTextAttachment"
    }
  ],
  "manifest_display_name" : "ZMarkupParser",
  "name" : "ZMarkupParser",
  "path" : "/Users/admin/builder/spi-builder-workspace",
  "platforms" : [
    {
      "name" : "ios",
      "version" : "12.0"
    },
    {
      "name" : "macos",
      "version" : "10.14"
    }
  ],
  "products" : [
    {
      "name" : "ZMarkupParser",
      "targets" : [
        "ZMarkupParser"
      ],
      "type" : {
        "library" : [
          "automatic"
        ]
      }
    }
  ],
  "targets" : [
    {
      "c99name" : "ZMarkupParserTests",
      "module_type" : "SwiftTarget",
      "name" : "ZMarkupParserTests",
      "path" : "Tests/ZMarkupParserTests",
      "sources" : [
        "Core/HTMLScannerTests.swift",
        "Core/HTMLStringTests.swift",
        "Core/MarkupComponentLookupTests.swift",
        "Core/MarkupNSAttributedStringVisitorTests.swift",
        "Core/MarkupStyleColorTests.swift",
        "Core/MarkupStyleFontTests.swift",
        "Core/MarkupStyleTests.swift",
        "Core/MarkupTests.swift",
        "Core/MemoryLeakTests.swift",
        "Core/NSTextCheckingResultTests.swift",
        "Core/ParserRegexrTests.swift",
        "HTML/AllMarkupsHasAddToBuilderDefaultListTests.swift",
        "HTML/AllTagStyleAttributesHasAddToBuilderDefaultListTests.swift",
        "HTML/HTMLElementMarkupComponentMarkupStyleVisitorTests.swift",
        "HTML/HTMLParsedResultFormatterProcessorTests.swift",
        "HTML/HTMLParsedResultToHTMLElementWithRootMarkupProcessorTests.swift",
        "HTML/HTMLSelectorTests.swift",
        "HTML/HTMLStringToParsedResultProcessorTests.swift",
        "HTML/HTMLTagStyleAttributeToMarkupStyleVisitorTests.swift",
        "HTML/ZHTMLParserBuilderTests.swift",
        "HTML/ZHTMLParserTests.swift"
      ],
      "target_dependencies" : [
        "ZMarkupParser"
      ],
      "type" : "test"
    },
    {
      "c99name" : "ZMarkupParserSnapshotTests",
      "module_type" : "SwiftTarget",
      "name" : "ZMarkupParserSnapshotTests",
      "path" : "Tests/ZMarkupParserSnapshotTests",
      "product_dependencies" : [
        "SnapshotTesting"
      ],
      "sources" : [
        "ZMarkupParserSnapshotTests.swift"
      ],
      "target_dependencies" : [
        "ZMarkupParser"
      ],
      "type" : "test"
    },
    {
      "c99name" : "ZMarkupParser",
      "module_type" : "SwiftTarget",
      "name" : "ZMarkupParser",
      "path" : "Sources",
      "product_dependencies" : [
        "ZNSTextAttachment"
      ],
      "product_memberships" : [
        "ZMarkupParser"
      ],
      "sources" : [
        "HTMLString/HTMLString.swift",
        "HTMLString/Mappings.swift",
        "ZMarkupParser/Core/Markup/ListIndexLookup.swift",
        "ZMarkupParser/Core/Markup/Markup.swift",
        "ZMarkupParser/Core/Markup/MarkupVisitor.swift",
        "ZMarkupParser/Core/Markup/Markups/BlockQuoteMarkup.swift",
        "ZMarkupParser/Core/Markup/Markups/BoldMarkup.swift",
        "ZMarkupParser/Core/Markup/Markups/BreakLineMarkup.swift",
        "ZMarkupParser/Core/Markup/Markups/CodeMarkup.swift",
        "ZMarkupParser/Core/Markup/Markups/ColorMarkup.swift",
        "ZMarkupParser/Core/Markup/Markups/DeletelineMarkup.swift",
        "ZMarkupParser/Core/Markup/Markups/ExtendMarkup.swift",
        "ZMarkupParser/Core/Markup/Markups/HeadMarkup.swift",
        "ZMarkupParser/Core/Markup/Markups/HorizontalLineMarkup.swift",
        "ZMarkupParser/Core/Markup/Markups/ImageMarkup.swift",
        "ZMarkupParser/Core/Markup/Markups/InlineMarkup.swift",
        "ZMarkupParser/Core/Markup/Markups/ItalicMarkup.swift",
        "ZMarkupParser/Core/Markup/Markups/LinkMarkup.swift",
        "ZMarkupParser/Core/Markup/Markups/ListItemMarkup.swift",
        "ZMarkupParser/Core/Markup/Markups/ListMarkup.swift",
        "ZMarkupParser/Core/Markup/Markups/ParagraphMarkup.swift",
        "ZMarkupParser/Core/Markup/Markups/RawStringMarkup.swift",
        "ZMarkupParser/Core/Markup/Markups/RootMarkup.swift",
        "ZMarkupParser/Core/Markup/Markups/TableColumnMarkup.swift",
        "ZMarkupParser/Core/Markup/Markups/TableMarkup.swift",
        "ZMarkupParser/Core/Markup/Markups/TableRowMarkup.swift",
        "ZMarkupParser/Core/Markup/Markups/UnderlineMarkup.swift",
        "ZMarkupParser/Core/MarkupComponent/MarkupComponent.swift",
        "ZMarkupParser/Core/MarkupComponent/MarkupComponents/HTMLElementMarkupComponent.swift",
        "ZMarkupParser/Core/MarkupComponent/MarkupComponents/MarkupStyleComponent.swift",
        "ZMarkupParser/Core/MarkupStyle/MarkupStyle+Extension.swift",
        "ZMarkupParser/Core/MarkupStyle/MarkupStyle.swift",
        "ZMarkupParser/Core/MarkupStyle/MarkupStyleColor.swift",
        "ZMarkupParser/Core/MarkupStyle/MarkupStyleColorName.swift",
        "ZMarkupParser/Core/MarkupStyle/MarkupStyleFont.swift",
        "ZMarkupParser/Core/MarkupStyle/MarkupStyleList.swift",
        "ZMarkupParser/Core/MarkupStyle/MarkupStyleParagraphStyle.swift",
        "ZMarkupParser/Core/MarkupStyle/MarkupStyleSponsorColor.swift",
        "ZMarkupParser/Core/MarkupStyle/MarkupStyleVendorColor.swift",
        "ZMarkupParser/Core/Pipeline/HTMLScanner.swift",
        "ZMarkupParser/Core/Pipeline/Token.swift",
        "ZMarkupParser/Core/Processor/MarkupNSAttributedStringVisitor.swift",
        "ZMarkupParser/Core/Processor/MarkupRenderProcessor.swift",
        "ZMarkupParser/Core/Processor/MarkupStripperProcessor.swift",
        "ZMarkupParser/Core/Processor/NSTextCheckingResult+Extension.swift",
        "ZMarkupParser/Core/Processor/ParserProcessor.swift",
        "ZMarkupParser/Core/Processor/ParserRegexr.swift",
        "ZMarkupParser/HTML/HTMLTag/HTMLTag.swift",
        "ZMarkupParser/HTML/HTMLTag/HTMLTagClassAttribute.swift",
        "ZMarkupParser/HTML/HTMLTag/HTMLTagIdAttribute.swift",
        "ZMarkupParser/HTML/HTMLTag/HTMLTagName.swift",
        "ZMarkupParser/HTML/HTMLTag/HTMLTagNameVisitor.swift",
        "ZMarkupParser/HTML/HTMLTag/HTMLTagNames/A_HTMLTagName.swift",
        "ZMarkupParser/HTML/HTMLTag/HTMLTagNames/BLOCKQUOTE_HTMLTagName.swift",
        "ZMarkupParser/HTML/HTMLTag/HTMLTagNames/BR_HTMLTagName.swift",
        "ZMarkupParser/HTML/HTMLTag/HTMLTagNames/B_HTMLTagName.swift",
        "ZMarkupParser/HTML/HTMLTag/HTMLTagNames/CODE_HTMLTagName.swift",
        "ZMarkupParser/HTML/HTMLTag/HTMLTagNames/DEL_HTMLTagName.swift",
        "ZMarkupParser/HTML/HTMLTag/HTMLTagNames/DIV_HTMLTagName.swift",
        "ZMarkupParser/HTML/HTMLTag/HTMLTagNames/EM_HTMLTagName.swift",
        "ZMarkupParser/HTML/HTMLTag/HTMLTagNames/ExtendTagName.swift",
        "ZMarkupParser/HTML/HTMLTag/HTMLTagNames/FONT_HTMLTagName.swift",
        "ZMarkupParser/HTML/HTMLTag/HTMLTagNames/H1_HTMLTagName.swift",
        "ZMarkupParser/HTML/HTMLTag/HTMLTagNames/H2_HTMLTagName.swift",
        "ZMarkupParser/HTML/HTMLTag/HTMLTagNames/H3_HTMLTagName.swift",
        "ZMarkupParser/HTML/HTMLTag/HTMLTagNames/H4_HTMLTagName.swift",
        "ZMarkupParser/HTML/HTMLTag/HTMLTagNames/H5_HTMLTagName.swift",
        "ZMarkupParser/HTML/HTMLTag/HTMLTagNames/H6_HTMLTagName.swift",
        "ZMarkupParser/HTML/HTMLTag/HTMLTagNames/HR_HTMLTagName.swift",
        "ZMarkupParser/HTML/HTMLTag/HTMLTagNames/IMG_HTMLTagName.swift",
        "ZMarkupParser/HTML/HTMLTag/HTMLTagNames/I_HTMLTagName.swift",
        "ZMarkupParser/HTML/HTMLTag/HTMLTagNames/LI_HTMLTagName.swift",
        "ZMarkupParser/HTML/HTMLTag/HTMLTagNames/OL_HTMLTagName.swift",
        "ZMarkupParser/HTML/HTMLTag/HTMLTagNames/PRE_HTMLTagName.swift",
        "ZMarkupParser/HTML/HTMLTag/HTMLTagNames/P_HTMLTagName.swift",
        "ZMarkupParser/HTML/HTMLTag/HTMLTagNames/SPAN_HTMLTagName.swift",
        "ZMarkupParser/HTML/HTMLTag/HTMLTagNames/STRONG_HTMLTagName.swift",
        "ZMarkupParser/HTML/HTMLTag/HTMLTagNames/S_HTMLTagName.swift",
        "ZMarkupParser/HTML/HTMLTag/HTMLTagNames/TABLE_HTMLTagName.swift",
        "ZMarkupParser/HTML/HTMLTag/HTMLTagNames/TD_HTMLTagName.swift",
        "ZMarkupParser/HTML/HTMLTag/HTMLTagNames/TH_HTMLTagName.swift",
        "ZMarkupParser/HTML/HTMLTag/HTMLTagNames/TR_HTMLTagName.swift",
        "ZMarkupParser/HTML/HTMLTag/HTMLTagNames/UL_HTMLTagName.swift",
        "ZMarkupParser/HTML/HTMLTag/HTMLTagNames/U_HTMLTagName.swift",
        "ZMarkupParser/HTML/HTMLTag/HTMLTagStyleAttribute/HTMLTagStyleAttribute.swift",
        "ZMarkupParser/HTML/HTMLTag/HTMLTagStyleAttribute/HTMLTagStyleAttributeVisitor.swift",
        "ZMarkupParser/HTML/HTMLTag/HTMLTagStyleAttribute/HTMLTagStyleAttributes/BackgroundColorHTMLTagStyleAttribute.swift",
        "ZMarkupParser/HTML/HTMLTag/HTMLTagStyleAttribute/HTMLTagStyleAttributes/ColorHTMLTagStyleAttribute.swift",
        "ZMarkupParser/HTML/HTMLTag/HTMLTagStyleAttribute/HTMLTagStyleAttributes/ExtendHTMLTagStyleAttribute.swift",
        "ZMarkupParser/HTML/HTMLTag/HTMLTagStyleAttribute/HTMLTagStyleAttributes/FontFamilyHTMLTagStyleAttribute.swift",
        "ZMarkupParser/HTML/HTMLTag/HTMLTagStyleAttribute/HTMLTagStyleAttributes/FontSizeHTMLTagStyleAttribute.swift",
        "ZMarkupParser/HTML/HTMLTag/HTMLTagStyleAttribute/HTMLTagStyleAttributes/FontWeightHTMLTagStyleAttribute.swift",
        "ZMarkupParser/HTML/HTMLTag/HTMLTagStyleAttribute/HTMLTagStyleAttributes/LineHeightHTMLTagStyleAttribute.swift",
        "ZMarkupParser/HTML/HTMLTag/HTMLTagStyleAttribute/HTMLTagStyleAttributes/ListStyleTypeHTMLTagStyleAttribute.swift",
        "ZMarkupParser/HTML/HTMLTag/HTMLTagStyleAttribute/HTMLTagStyleAttributes/TextAlignHTMLTagStyleAttribute.swift",
        "ZMarkupParser/HTML/HTMLTag/HTMLTagStyleAttribute/HTMLTagStyleAttributes/WordSpacingHTMLTagStyleAttribute.swift",
        "ZMarkupParser/HTML/HTMLTag/WC3HTMLTagName.swift",
        "ZMarkupParser/HTML/Processor/HTMLElementMarkupComponentMarkupStyleVisitor.swift",
        "ZMarkupParser/HTML/Processor/HTMLElementWithMarkupToMarkupStyleProcessor.swift",
        "ZMarkupParser/HTML/Processor/HTMLParsedResult.swift",
        "ZMarkupParser/HTML/Processor/HTMLParsedResultFormatterProcessor.swift",
        "ZMarkupParser/HTML/Processor/HTMLParsedResultToHTMLElementWithRootMarkupProcessor.swift",
        "ZMarkupParser/HTML/Processor/HTMLSelector.swift",
        "ZMarkupParser/HTML/Processor/HTMLStringToParsedResultProcessor.swift",
        "ZMarkupParser/HTML/Processor/HTMLTagAttributeToMarkupStyleVisitor.swift",
        "ZMarkupParser/HTML/Processor/HTMLTagNameToHTMLMarkupVisitor.swift",
        "ZMarkupParser/HTML/ZHTMLParser+UIExtension.swift",
        "ZMarkupParser/HTML/ZHTMLParser.swift",
        "ZMarkupParser/HTML/ZHTMLParserBuilder.swift"
      ],
      "type" : "library"
    }
  ],
  "tools_version" : "5.7"
}
{
  "workspace" : {
    "name" : "ZMarkupParser",
    "schemes" : [
      "ZMarkupParser",
      "ZNSTextAttachment"
    ]
  }
}
2026-09-25 00:29:17.502 xcodebuild[971:6020] [MT] IDERunDestination: Supported platforms for the buildables in the current scheme is empty.
2026-09-25 00:29:17.615 xcodebuild[971:6020] [MT] IDERunDestination: Supported platforms for the buildables in the current scheme is empty.
{
  "workspace" : {
    "name" : "ZMarkupParser",
    "schemes" : [
      "ZMarkupParser",
      "ZNSTextAttachment"
    ]
  }
}
2026-09-25 00:29:18.584 xcodebuild[973:6052] [MT] IDERunDestination: Supported platforms for the buildables in the current scheme is empty.
2026-09-25 00:29:18.692 xcodebuild[973:6052] [MT] IDERunDestination: Supported platforms for the buildables in the current scheme is empty.
Running build ...
env DEVELOPER_DIR=/Applications/Xcode-27.0.0-Release.Candidate.app xcrun xcodebuild -IDEClonedSourcePackagesDirPathOverride=$PWD/.dependencies -skipMacroValidation -skipPackagePluginValidation -derivedDataPath $PWD/.derivedData build -scheme ZMarkupParser -destination generic/platform=xrOS
Command line invocation:
    /Applications/Xcode-27.0.0-Release.Candidate.app/Contents/Developer/usr/bin/xcodebuild -IDEClonedSourcePackagesDirPathOverride=/Users/admin/builder/spi-builder-workspace/.dependencies -skipMacroValidation -skipPackagePluginValidation -derivedDataPath /Users/admin/builder/spi-builder-workspace/.derivedData build -scheme ZMarkupParser -destination generic/platform=xrOS
Resolve Package Graph
Resolved source packages:
  swift-snapshot-testing: https://github.com/pointfreeco/swift-snapshot-testing @ 1.12.0
  ZNSTextAttachment: https://github.com/ZhgChgLi/ZNSTextAttachment @ 1.2.0
  ZMarkupParser: /Users/admin/builder/spi-builder-workspace
ComputePackagePrebuildTargetDependencyGraph
Prepare packages
CreateBuildRequest
SendProjectDescription
CreateBuildOperation
ComputeTargetDependencyGraph
note: Building targets in dependency order
note: Target dependency graph (8 targets)
    Target 'ZMarkupParserTests-product' in project 'ZMarkupParser'
        ➜ Explicit dependency on target 'ZMarkupParser' in project 'ZMarkupParser'
        ➜ Explicit dependency on target 'ZNSTextAttachment-product' in project 'ZNSTextAttachment'
    Target 'ZMarkupParserSnapshotTests-product' in project 'ZMarkupParser'
        ➜ Explicit dependency on target 'ZMarkupParser' in project 'ZMarkupParser'
        ➜ Explicit dependency on target 'ZNSTextAttachment-product' in project 'ZNSTextAttachment'
        ➜ Explicit dependency on target 'SnapshotTesting-product' in project 'swift-snapshot-testing'
    Target 'SnapshotTesting-product' in project 'swift-snapshot-testing'
        ➜ Explicit dependency on target 'SnapshotTesting' in project 'swift-snapshot-testing'
    Target 'SnapshotTesting' in project 'swift-snapshot-testing' (no dependencies)
    Target 'ZMarkupParser-product' in project 'ZMarkupParser'
        ➜ Explicit dependency on target 'ZMarkupParser' in project 'ZMarkupParser'
        ➜ Explicit dependency on target 'ZNSTextAttachment-product' in project 'ZNSTextAttachment'
    Target 'ZMarkupParser' in project 'ZMarkupParser'
        ➜ Explicit dependency on target 'ZNSTextAttachment-product' in project 'ZNSTextAttachment'
    Target 'ZNSTextAttachment-product' in project 'ZNSTextAttachment'
        ➜ Explicit dependency on target 'ZNSTextAttachment' in project 'ZNSTextAttachment'
    Target 'ZNSTextAttachment' in project 'ZNSTextAttachment' (no dependencies)
GatherProvisioningInputs
CreateBuildDescription
ClangStatCache /Applications/Xcode-27.0.0-Release.Candidate.app/Contents/Developer/Toolchains/XcodeDefault.xctoolchain/usr/bin/clang-stat-cache /Applications/Xcode-27.0.0-Release.Candidate.app/Contents/Developer/Platforms/XROS.platform/Developer/SDKs/XROS27.0.sdk /Users/admin/builder/spi-builder-workspace/.derivedData/SDKStatCaches.noindex/xros27.0-24M361-e829b21a6f8c9b70876ba0858053c044735bd543db762f57723cac368afd1ce4.sdkstatcache
    cd /Users/admin/builder/spi-builder-workspace/.swiftpm/xcode
    /Applications/Xcode-27.0.0-Release.Candidate.app/Contents/Developer/Toolchains/XcodeDefault.xctoolchain/usr/bin/clang-stat-cache /Applications/Xcode-27.0.0-Release.Candidate.app/Contents/Developer/Platforms/XROS.platform/Developer/SDKs/XROS27.0.sdk -o /Users/admin/builder/spi-builder-workspace/.derivedData/SDKStatCaches.noindex/xros27.0-24M361-e829b21a6f8c9b70876ba0858053c044735bd543db762f57723cac368afd1ce4.sdkstatcache
SwiftDriver ZMarkupParserSnapshotTests normal arm64 com.apple.xcode.tools.swift.compiler (in target 'ZMarkupParserSnapshotTests-product' from project 'ZMarkupParser')
    cd /Users/admin/builder/spi-builder-workspace/.swiftpm/xcode
    builtin-SwiftDriver -- /Applications/Xcode-27.0.0-Release.Candidate.app/Contents/Developer/Toolchains/XcodeDefault.xctoolchain/usr/bin/swiftc -parse-as-library -module-name ZMarkupParserSnapshotTests -Onone @/Users/admin/builder/spi-builder-workspace/.derivedData/Build/Intermediates.noindex/ZMarkupParser.build/Debug-xros/ZMarkupParserSnapshotTests-p.build/Objects-normal/arm64/ZMarkupParserSnapshotTests.SwiftFileList -DSWIFT_PACKAGE -DDEBUG -DXcode -plugin-path /Applications/Xcode-27.0.0-Release.Candidate.app/Contents/Developer/Toolchains/XcodeDefault.xctoolchain/usr/lib/swift/host/plugins/testing -enable-experimental-feature DebugDescriptionMacro -sdk /Applications/Xcode-27.0.0-Release.Candidate.app/Contents/Developer/Platforms/XROS.platform/Developer/SDKs/XROS27.0.sdk -target arm64-apple-xros1.0 -g -module-cache-path /Users/admin/builder/spi-builder-workspace/.derivedData/ModuleCache.noindex -Xfrontend -serialize-debugging-options -profile-coverage-mapping -profile-generate -enable-testing -index-store-path /Users/admin/builder/spi-builder-workspace/.derivedData/Index.noindex/DataStore -Xcc -D_LIBCPP_HARDENING_MODE\=_LIBCPP_HARDENING_MODE_DEBUG -swift-version 5 -I /Users/admin/builder/spi-builder-workspace/.derivedData/Build/Products/Debug-xros -Isystem /Applications/Xcode-27.0.0-Release.Candidate.app/Contents/Developer/Platforms/XROS.platform/Developer/usr/lib -F /Users/admin/builder/spi-builder-workspace/.derivedData/Build/Products/Debug-xros/PackageFrameworks -F /Users/admin/builder/spi-builder-workspace/.derivedData/Build/Products/Debug-xros -F /Applications/Xcode-27.0.0-Release.Candidate.app/Contents/Developer/Platforms/XROS.platform/Developer/Library/Frameworks -F /Applications/Xcode-27.0.0-Release.Candidate.app/Contents/Developer/Platforms/XROS.platform/Developer/SDKs/XROS27.0.sdk/Developer/Library/Frameworks -c -j10 -enable-batch-mode -incremental -Xcc -ivfsstatcache -Xcc /Users/admin/builder/spi-builder-workspace/.derivedData/SDKStatCaches.noindex/xros27.0-24M361-e829b21a6f8c9b70876ba0858053c044735bd543db762f57723cac368afd1ce4.sdkstatcache -output-file-map /Users/admin/builder/spi-builder-workspace/.derivedData/Build/Intermediates.noindex/ZMarkupParser.build/Debug-xros/ZMarkupParserSnapshotTests-p.build/Objects-normal/arm64/ZMarkupParserSnapshotTests-OutputFileMap.json -save-temps -no-color-diagnostics -explicit-module-build -module-cache-path /Users/admin/builder/spi-builder-workspace/.derivedData/Build/Intermediates.noindex/SwiftExplicitPrecompiledModules -clang-scanner-module-cache-path /Users/admin/builder/spi-builder-workspace/.derivedData/ModuleCache.noindex -sdk-module-cache-path /Users/admin/builder/spi-builder-workspace/.derivedData/SDKExplicitPrecompiledModules -emit-dependencies -emit-module -emit-module-path /Users/admin/builder/spi-builder-workspace/.derivedData/Build/Intermediates.noindex/ZMarkupParser.build/Debug-xros/ZMarkupParserSnapshotTests-p.build/Objects-normal/arm64/ZMarkupParserSnapshotTests.swiftmodule -serialize-diagnostics -dependency-scan-serialize-diagnostics-path /Users/admin/builder/spi-builder-workspace/.derivedData/Build/Intermediates.noindex/ZMarkupParser.build/Debug-xros/ZMarkupParserSnapshotTests-p.build/Objects-normal/arm64/ZMarkupParserSnapshotTests-dependency-scan.dia -validate-clang-modules-once -clang-build-session-file /Users/admin/builder/spi-builder-workspace/.derivedData/ModuleCache.noindex/Session.modulevalidation -Xcc -fmodules-prune-interval\=86400 -Xcc -fmodules-prune-after\=345600 -emit-const-values -const-gather-protocols-list /Users/admin/builder/spi-builder-workspace/.derivedData/Build/Intermediates.noindex/ZMarkupParser.build/Debug-xros/ZMarkupParserSnapshotTests-p.build/Objects-normal/arm64/ZMarkupParserSnapshotTests_const_extract_protocols.json -Xcc -I/Users/admin/builder/spi-builder-workspace/.derivedData/Build/Products/Debug-xros/include -Xcc -I/Users/admin/builder/spi-builder-workspace/.derivedData/Build/Intermediates.noindex/ZMarkupParser.build/Debug-xros/ZMarkupParserSnapshotTests-p.build/DerivedSources-normal/arm64 -Xcc -I/Users/admin/builder/spi-builder-workspace/.derivedData/Build/Intermediates.noindex/ZMarkupParser.build/Debug-xros/ZMarkupParserSnapshotTests-p.build/DerivedSources/arm64 -Xcc -I/Users/admin/builder/spi-builder-workspace/.derivedData/Build/Intermediates.noindex/ZMarkupParser.build/Debug-xros/ZMarkupParserSnapshotTests-p.build/DerivedSources -Xcc -DSWIFT_PACKAGE -Xcc -DDEBUG\=1 -working-directory /Users/admin/builder/spi-builder-workspace/.swiftpm/xcode -experimental-emit-module-separately -disable-cmo
SwiftDriver ZMarkupParserTests normal arm64 com.apple.xcode.tools.swift.compiler (in target 'ZMarkupParserTests-product' from project 'ZMarkupParser')
    cd /Users/admin/builder/spi-builder-workspace/.swiftpm/xcode
    builtin-SwiftDriver -- /Applications/Xcode-27.0.0-Release.Candidate.app/Contents/Developer/Toolchains/XcodeDefault.xctoolchain/usr/bin/swiftc -parse-as-library -module-name ZMarkupParserTests -Onone @/Users/admin/builder/spi-builder-workspace/.derivedData/Build/Intermediates.noindex/ZMarkupParser.build/Debug-xros/ZMarkupParserTests-p.build/Objects-normal/arm64/ZMarkupParserTests.SwiftFileList -DSWIFT_PACKAGE -DDEBUG -DXcode -plugin-path /Applications/Xcode-27.0.0-Release.Candidate.app/Contents/Developer/Toolchains/XcodeDefault.xctoolchain/usr/lib/swift/host/plugins/testing -enable-experimental-feature DebugDescriptionMacro -sdk /Applications/Xcode-27.0.0-Release.Candidate.app/Contents/Developer/Platforms/XROS.platform/Developer/SDKs/XROS27.0.sdk -target arm64-apple-xros1.0 -g -module-cache-path /Users/admin/builder/spi-builder-workspace/.derivedData/ModuleCache.noindex -Xfrontend -serialize-debugging-options -profile-coverage-mapping -profile-generate -enable-testing -index-store-path /Users/admin/builder/spi-builder-workspace/.derivedData/Index.noindex/DataStore -Xcc -D_LIBCPP_HARDENING_MODE\=_LIBCPP_HARDENING_MODE_DEBUG -swift-version 5 -I /Users/admin/builder/spi-builder-workspace/.derivedData/Build/Products/Debug-xros -Isystem /Applications/Xcode-27.0.0-Release.Candidate.app/Contents/Developer/Platforms/XROS.platform/Developer/usr/lib -F /Users/admin/builder/spi-builder-workspace/.derivedData/Build/Products/Debug-xros/PackageFrameworks -F /Users/admin/builder/spi-builder-workspace/.derivedData/Build/Products/Debug-xros -F /Applications/Xcode-27.0.0-Release.Candidate.app/Contents/Developer/Platforms/XROS.platform/Developer/Library/Frameworks -F /Applications/Xcode-27.0.0-Release.Candidate.app/Contents/Developer/Platforms/XROS.platform/Developer/SDKs/XROS27.0.sdk/Developer/Library/Frameworks -c -j10 -enable-batch-mode -incremental -Xcc -ivfsstatcache -Xcc /Users/admin/builder/spi-builder-workspace/.derivedData/SDKStatCaches.noindex/xros27.0-24M361-e829b21a6f8c9b70876ba0858053c044735bd543db762f57723cac368afd1ce4.sdkstatcache -output-file-map /Users/admin/builder/spi-builder-workspace/.derivedData/Build/Intermediates.noindex/ZMarkupParser.build/Debug-xros/ZMarkupParserTests-p.build/Objects-normal/arm64/ZMarkupParserTests-OutputFileMap.json -save-temps -no-color-diagnostics -explicit-module-build -module-cache-path /Users/admin/builder/spi-builder-workspace/.derivedData/Build/Intermediates.noindex/SwiftExplicitPrecompiledModules -clang-scanner-module-cache-path /Users/admin/builder/spi-builder-workspace/.derivedData/ModuleCache.noindex -sdk-module-cache-path /Users/admin/builder/spi-builder-workspace/.derivedData/SDKExplicitPrecompiledModules -emit-dependencies -emit-module -emit-module-path /Users/admin/builder/spi-builder-workspace/.derivedData/Build/Intermediates.noindex/ZMarkupParser.build/Debug-xros/ZMarkupParserTests-p.build/Objects-normal/arm64/ZMarkupParserTests.swiftmodule -serialize-diagnostics -dependency-scan-serialize-diagnostics-path /Users/admin/builder/spi-builder-workspace/.derivedData/Build/Intermediates.noindex/ZMarkupParser.build/Debug-xros/ZMarkupParserTests-p.build/Objects-normal/arm64/ZMarkupParserTests-dependency-scan.dia -validate-clang-modules-once -clang-build-session-file /Users/admin/builder/spi-builder-workspace/.derivedData/ModuleCache.noindex/Session.modulevalidation -Xcc -fmodules-prune-interval\=86400 -Xcc -fmodules-prune-after\=345600 -emit-const-values -const-gather-protocols-list /Users/admin/builder/spi-builder-workspace/.derivedData/Build/Intermediates.noindex/ZMarkupParser.build/Debug-xros/ZMarkupParserTests-p.build/Objects-normal/arm64/ZMarkupParserTests_const_extract_protocols.json -Xcc -I/Users/admin/builder/spi-builder-workspace/.derivedData/Build/Products/Debug-xros/include -Xcc -I/Users/admin/builder/spi-builder-workspace/.derivedData/Build/Intermediates.noindex/ZMarkupParser.build/Debug-xros/ZMarkupParserTests-p.build/DerivedSources-normal/arm64 -Xcc -I/Users/admin/builder/spi-builder-workspace/.derivedData/Build/Intermediates.noindex/ZMarkupParser.build/Debug-xros/ZMarkupParserTests-p.build/DerivedSources/arm64 -Xcc -I/Users/admin/builder/spi-builder-workspace/.derivedData/Build/Intermediates.noindex/ZMarkupParser.build/Debug-xros/ZMarkupParserTests-p.build/DerivedSources -Xcc -DSWIFT_PACKAGE -Xcc -DDEBUG\=1 -working-directory /Users/admin/builder/spi-builder-workspace/.swiftpm/xcode -experimental-emit-module-separately -disable-cmo
SwiftDriver\ Compilation ZMarkupParserTests normal arm64 com.apple.xcode.tools.swift.compiler (in target 'ZMarkupParserTests-product' from project 'ZMarkupParser')
    cd /Users/admin/builder/spi-builder-workspace/.swiftpm/xcode
    builtin-Swift-Compilation -- /Applications/Xcode-27.0.0-Release.Candidate.app/Contents/Developer/Toolchains/XcodeDefault.xctoolchain/usr/bin/swiftc -parse-as-library -module-name ZMarkupParserTests -Onone @/Users/admin/builder/spi-builder-workspace/.derivedData/Build/Intermediates.noindex/ZMarkupParser.build/Debug-xros/ZMarkupParserTests-p.build/Objects-normal/arm64/ZMarkupParserTests.SwiftFileList -DSWIFT_PACKAGE -DDEBUG -DXcode -plugin-path /Applications/Xcode-27.0.0-Release.Candidate.app/Contents/Developer/Toolchains/XcodeDefault.xctoolchain/usr/lib/swift/host/plugins/testing -enable-experimental-feature DebugDescriptionMacro -sdk /Applications/Xcode-27.0.0-Release.Candidate.app/Contents/Developer/Platforms/XROS.platform/Developer/SDKs/XROS27.0.sdk -target arm64-apple-xros1.0 -g -module-cache-path /Users/admin/builder/spi-builder-workspace/.derivedData/ModuleCache.noindex -Xfrontend -serialize-debugging-options -profile-coverage-mapping -profile-generate -enable-testing -index-store-path /Users/admin/builder/spi-builder-workspace/.derivedData/Index.noindex/DataStore -Xcc -D_LIBCPP_HARDENING_MODE\=_LIBCPP_HARDENING_MODE_DEBUG -swift-version 5 -I /Users/admin/builder/spi-builder-workspace/.derivedData/Build/Products/Debug-xros -Isystem /Applications/Xcode-27.0.0-Release.Candidate.app/Contents/Developer/Platforms/XROS.platform/Developer/usr/lib -F /Users/admin/builder/spi-builder-workspace/.derivedData/Build/Products/Debug-xros/PackageFrameworks -F /Users/admin/builder/spi-builder-workspace/.derivedData/Build/Products/Debug-xros -F /Applications/Xcode-27.0.0-Release.Candidate.app/Contents/Developer/Platforms/XROS.platform/Developer/Library/Frameworks -F /Applications/Xcode-27.0.0-Release.Candidate.app/Contents/Developer/Platforms/XROS.platform/Developer/SDKs/XROS27.0.sdk/Developer/Library/Frameworks -c -j10 -enable-batch-mode -incremental -Xcc -ivfsstatcache -Xcc /Users/admin/builder/spi-builder-workspace/.derivedData/SDKStatCaches.noindex/xros27.0-24M361-e829b21a6f8c9b70876ba0858053c044735bd543db762f57723cac368afd1ce4.sdkstatcache -output-file-map /Users/admin/builder/spi-builder-workspace/.derivedData/Build/Intermediates.noindex/ZMarkupParser.build/Debug-xros/ZMarkupParserTests-p.build/Objects-normal/arm64/ZMarkupParserTests-OutputFileMap.json -save-temps -no-color-diagnostics -explicit-module-build -module-cache-path /Users/admin/builder/spi-builder-workspace/.derivedData/Build/Intermediates.noindex/SwiftExplicitPrecompiledModules -clang-scanner-module-cache-path /Users/admin/builder/spi-builder-workspace/.derivedData/ModuleCache.noindex -sdk-module-cache-path /Users/admin/builder/spi-builder-workspace/.derivedData/SDKExplicitPrecompiledModules -emit-dependencies -emit-module -emit-module-path /Users/admin/builder/spi-builder-workspace/.derivedData/Build/Intermediates.noindex/ZMarkupParser.build/Debug-xros/ZMarkupParserTests-p.build/Objects-normal/arm64/ZMarkupParserTests.swiftmodule -serialize-diagnostics -dependency-scan-serialize-diagnostics-path /Users/admin/builder/spi-builder-workspace/.derivedData/Build/Intermediates.noindex/ZMarkupParser.build/Debug-xros/ZMarkupParserTests-p.build/Objects-normal/arm64/ZMarkupParserTests-dependency-scan.dia -validate-clang-modules-once -clang-build-session-file /Users/admin/builder/spi-builder-workspace/.derivedData/ModuleCache.noindex/Session.modulevalidation -Xcc -fmodules-prune-interval\=86400 -Xcc -fmodules-prune-after\=345600 -emit-const-values -const-gather-protocols-list /Users/admin/builder/spi-builder-workspace/.derivedData/Build/Intermediates.noindex/ZMarkupParser.build/Debug-xros/ZMarkupParserTests-p.build/Objects-normal/arm64/ZMarkupParserTests_const_extract_protocols.json -Xcc -I/Users/admin/builder/spi-builder-workspace/.derivedData/Build/Products/Debug-xros/include -Xcc -I/Users/admin/builder/spi-builder-workspace/.derivedData/Build/Intermediates.noindex/ZMarkupParser.build/Debug-xros/ZMarkupParserTests-p.build/DerivedSources-normal/arm64 -Xcc -I/Users/admin/builder/spi-builder-workspace/.derivedData/Build/Intermediates.noindex/ZMarkupParser.build/Debug-xros/ZMarkupParserTests-p.build/DerivedSources/arm64 -Xcc -I/Users/admin/builder/spi-builder-workspace/.derivedData/Build/Intermediates.noindex/ZMarkupParser.build/Debug-xros/ZMarkupParserTests-p.build/DerivedSources -Xcc -DSWIFT_PACKAGE -Xcc -DDEBUG\=1 -working-directory /Users/admin/builder/spi-builder-workspace/.swiftpm/xcode -experimental-emit-module-separately -disable-cmo
SwiftEmitModule normal arm64 Emitting\ module\ for\ ZMarkupParserSnapshotTests (in target 'ZMarkupParserSnapshotTests-product' from project 'ZMarkupParser')
SwiftCompile normal arm64 (in target 'ZMarkupParserSnapshotTests-product' from project 'ZMarkupParser')
    cd /Users/admin/builder/spi-builder-workspace/.swiftpm/xcode

SwiftCompile normal arm64 Compiling\ ZMarkupParserSnapshotTests.swift /Users/admin/builder/spi-builder-workspace/Tests/ZMarkupParserSnapshotTests/ZMarkupParserSnapshotTests.swift (in target 'ZMarkupParserSnapshotTests-product' from project 'ZMarkupParser')
/Users/admin/builder/spi-builder-workspace/Tests/ZMarkupParserSnapshotTests/ZMarkupParserSnapshotTests.swift:121:9: error: generic parameter 'Format' could not be inferred
119 |         textView.setHtmlString(attributedHTMLString, with: parser)
120 |         textView.layoutIfNeeded()
121 |         assertSnapshot(matching: textView, as: .image(traits: .init(userInterfaceStyle: .light)), record: self.record)
    |         `- error: generic parameter 'Format' could not be inferred
122 |     }
123 |
SnapshotTesting.assertSnapshot:5:13: note: in call to function 'assertSnapshot(matching:as:named:record:timeout:file:testName:line:)'
3 | @available(tvOS, deprecated: 10000, message: "Use `assertSnapshot(of:…:)` instead.")
4 | @available(watchOS, deprecated: 10000, message: "Use `assertSnapshot(of:…:)` instead.")
5 | public func assertSnapshot<Value, Format>(matching value: @autoclosure () throws -> Value, as snapshotting: SnapshotTesting.Snapshotting<Value, Format>, named name: String? = nil, record recording: Bool = false, timeout: TimeInterval = 5, file: StaticString = #file, testName: String = #function, line: UInt = #line)
  |             `- note: in call to function 'assertSnapshot(matching:as:named:record:timeout:file:testName:line:)'
/Users/admin/builder/spi-builder-workspace/Tests/ZMarkupParserSnapshotTests/ZMarkupParserSnapshotTests.swift:121:49: error: type 'Snapshotting<UITextView, Format>' has no member 'image'
119 |         textView.setHtmlString(attributedHTMLString, with: parser)
120 |         textView.layoutIfNeeded()
121 |         assertSnapshot(matching: textView, as: .image(traits: .init(userInterfaceStyle: .light)), record: self.record)
    |                                                 `- error: type 'Snapshotting<UITextView, Format>' has no member 'image'
122 |     }
123 |
/Users/admin/builder/spi-builder-workspace/Tests/ZMarkupParserSnapshotTests/ZMarkupParserSnapshotTests.swift:132:9: error: generic parameter 'Format' could not be inferred
130 |         textView.setHtmlString(htmlString, with: parser)
131 |         textView.layoutIfNeeded()
132 |         assertSnapshot(matching: textView, as: .image(traits: .init(userInterfaceStyle: .light)), record: self.record)
    |         `- error: generic parameter 'Format' could not be inferred
133 |     }
134 |
SnapshotTesting.assertSnapshot:5:13: note: in call to function 'assertSnapshot(matching:as:named:record:timeout:file:testName:line:)'
3 | @available(tvOS, deprecated: 10000, message: "Use `assertSnapshot(of:…:)` instead.")
4 | @available(watchOS, deprecated: 10000, message: "Use `assertSnapshot(of:…:)` instead.")
5 | public func assertSnapshot<Value, Format>(matching value: @autoclosure () throws -> Value, as snapshotting: SnapshotTesting.Snapshotting<Value, Format>, named name: String? = nil, record recording: Bool = false, timeout: TimeInterval = 5, file: StaticString = #file, testName: String = #function, line: UInt = #line)
  |             `- note: in call to function 'assertSnapshot(matching:as:named:record:timeout:file:testName:line:)'
/Users/admin/builder/spi-builder-workspace/Tests/ZMarkupParserSnapshotTests/ZMarkupParserSnapshotTests.swift:132:49: error: type 'Snapshotting<UITextView, Format>' has no member 'image'
130 |         textView.setHtmlString(htmlString, with: parser)
131 |         textView.layoutIfNeeded()
132 |         assertSnapshot(matching: textView, as: .image(traits: .init(userInterfaceStyle: .light)), record: self.record)
    |                                                 `- error: type 'Snapshotting<UITextView, Format>' has no member 'image'
133 |     }
134 |
/Users/admin/builder/spi-builder-workspace/Tests/ZMarkupParserSnapshotTests/ZMarkupParserSnapshotTests.swift:144:13: error: generic parameter 'Format' could not be inferred
142 |         textView.setHtmlString(htmlString, with: parser) { _ in
143 |             textView.layoutIfNeeded()
144 |             assertSnapshot(matching: textView, as: .image(traits: .init(userInterfaceStyle: .light)), record: self.record)
    |             `- error: generic parameter 'Format' could not be inferred
145 |             expectation.fulfill()
146 |         }
SnapshotTesting.assertSnapshot:5:13: note: in call to function 'assertSnapshot(matching:as:named:record:timeout:file:testName:line:)'
3 | @available(tvOS, deprecated: 10000, message: "Use `assertSnapshot(of:…:)` instead.")
4 | @available(watchOS, deprecated: 10000, message: "Use `assertSnapshot(of:…:)` instead.")
5 | public func assertSnapshot<Value, Format>(matching value: @autoclosure () throws -> Value, as snapshotting: SnapshotTesting.Snapshotting<Value, Format>, named name: String? = nil, record recording: Bool = false, timeout: TimeInterval = 5, file: StaticString = #file, testName: String = #function, line: UInt = #line)
  |             `- note: in call to function 'assertSnapshot(matching:as:named:record:timeout:file:testName:line:)'
/Users/admin/builder/spi-builder-workspace/Tests/ZMarkupParserSnapshotTests/ZMarkupParserSnapshotTests.swift:144:53: error: type 'Snapshotting<UITextView, Format>' has no member 'image'
142 |         textView.setHtmlString(htmlString, with: parser) { _ in
143 |             textView.layoutIfNeeded()
144 |             assertSnapshot(matching: textView, as: .image(traits: .init(userInterfaceStyle: .light)), record: self.record)
    |                                                     `- error: type 'Snapshotting<UITextView, Format>' has no member 'image'
145 |             expectation.fulfill()
146 |         }
/Users/admin/builder/spi-builder-workspace/Tests/ZMarkupParserSnapshotTests/ZMarkupParserSnapshotTests.swift:158:9: error: generic parameter 'Format' could not be inferred
156 |         label.setHtmlString(htmlString, with: parser)
157 |         label.layoutIfNeeded()
158 |         assertSnapshot(matching: label, as: .image(traits: .init(userInterfaceStyle: .light)), record: self.record)
    |         `- error: generic parameter 'Format' could not be inferred
159 |     }
160 |
SnapshotTesting.assertSnapshot:5:13: note: in call to function 'assertSnapshot(matching:as:named:record:timeout:file:testName:line:)'
3 | @available(tvOS, deprecated: 10000, message: "Use `assertSnapshot(of:…:)` instead.")
4 | @available(watchOS, deprecated: 10000, message: "Use `assertSnapshot(of:…:)` instead.")
5 | public func assertSnapshot<Value, Format>(matching value: @autoclosure () throws -> Value, as snapshotting: SnapshotTesting.Snapshotting<Value, Format>, named name: String? = nil, record recording: Bool = false, timeout: TimeInterval = 5, file: StaticString = #file, testName: String = #function, line: UInt = #line)
  |             `- note: in call to function 'assertSnapshot(matching:as:named:record:timeout:file:testName:line:)'
/Users/admin/builder/spi-builder-workspace/Tests/ZMarkupParserSnapshotTests/ZMarkupParserSnapshotTests.swift:158:46: error: type 'Snapshotting<UILabel, Format>' has no member 'image'
156 |         label.setHtmlString(htmlString, with: parser)
157 |         label.layoutIfNeeded()
158 |         assertSnapshot(matching: label, as: .image(traits: .init(userInterfaceStyle: .light)), record: self.record)
    |                                              `- error: type 'Snapshotting<UILabel, Format>' has no member 'image'
159 |     }
160 |
/Users/admin/builder/spi-builder-workspace/Tests/ZMarkupParserSnapshotTests/ZMarkupParserSnapshotTests.swift:170:13: error: generic parameter 'Format' could not be inferred
168 |         label.setHtmlString(htmlString, with: parser) { _ in
169 |             label.layoutIfNeeded()
170 |             assertSnapshot(matching: label, as: .image(traits: .init(userInterfaceStyle: .light)), record: self.record)
    |             `- error: generic parameter 'Format' could not be inferred
171 |             expectation.fulfill()
172 |         }
SnapshotTesting.assertSnapshot:5:13: note: in call to function 'assertSnapshot(matching:as:named:record:timeout:file:testName:line:)'
3 | @available(tvOS, deprecated: 10000, message: "Use `assertSnapshot(of:…:)` instead.")
4 | @available(watchOS, deprecated: 10000, message: "Use `assertSnapshot(of:…:)` instead.")
5 | public func assertSnapshot<Value, Format>(matching value: @autoclosure () throws -> Value, as snapshotting: SnapshotTesting.Snapshotting<Value, Format>, named name: String? = nil, record recording: Bool = false, timeout: TimeInterval = 5, file: StaticString = #file, testName: String = #function, line: UInt = #line)
  |             `- note: in call to function 'assertSnapshot(matching:as:named:record:timeout:file:testName:line:)'
/Users/admin/builder/spi-builder-workspace/Tests/ZMarkupParserSnapshotTests/ZMarkupParserSnapshotTests.swift:170:50: error: type 'Snapshotting<UILabel, Format>' has no member 'image'
168 |         label.setHtmlString(htmlString, with: parser) { _ in
169 |             label.layoutIfNeeded()
170 |             assertSnapshot(matching: label, as: .image(traits: .init(userInterfaceStyle: .light)), record: self.record)
    |                                                  `- error: type 'Snapshotting<UILabel, Format>' has no member 'image'
171 |             expectation.fulfill()
172 |         }
SwiftCompile normal arm64 /Users/admin/builder/spi-builder-workspace/Tests/ZMarkupParserSnapshotTests/ZMarkupParserSnapshotTests.swift (in target 'ZMarkupParserSnapshotTests-product' from project 'ZMarkupParser')
    cd /Users/admin/builder/spi-builder-workspace/.swiftpm/xcode
    builtin-SwiftPerFileCompile ZMarkupParserSnapshotTests.swift
/Users/admin/builder/spi-builder-workspace/Tests/ZMarkupParserSnapshotTests/ZMarkupParserSnapshotTests.swift:200:13: error: generic parameter 'Format' could not be inferred
198 |         if let textView = testAsyncImageTextView {
199 |             textView.layoutIfNeeded()
200 |             assertSnapshot(matching: textView, as: .image(traits: .init(userInterfaceStyle: .light)), record: self.record, testName: "testAsyncImageNSAttributedString_uiTextView")
    |             `- error: generic parameter 'Format' could not be inferred
201 |         }
202 |         testAsyncXCTestExpectation?.fulfill()
SnapshotTesting.assertSnapshot:5:13: note: in call to function 'assertSnapshot(matching:as:named:record:timeout:file:testName:line:)'
3 | @available(tvOS, deprecated: 10000, message: "Use `assertSnapshot(of:…:)` instead.")
4 | @available(watchOS, deprecated: 10000, message: "Use `assertSnapshot(of:…:)` instead.")
5 | public func assertSnapshot<Value, Format>(matching value: @autoclosure () throws -> Value, as snapshotting: SnapshotTesting.Snapshotting<Value, Format>, named name: String? = nil, record recording: Bool = false, timeout: TimeInterval = 5, file: StaticString = #file, testName: String = #function, line: UInt = #line)
  |             `- note: in call to function 'assertSnapshot(matching:as:named:record:timeout:file:testName:line:)'
/Users/admin/builder/spi-builder-workspace/Tests/ZMarkupParserSnapshotTests/ZMarkupParserSnapshotTests.swift:200:53: error: type 'Snapshotting<UITextView, Format>' has no member 'image'
198 |         if let textView = testAsyncImageTextView {
199 |             textView.layoutIfNeeded()
200 |             assertSnapshot(matching: textView, as: .image(traits: .init(userInterfaceStyle: .light)), record: self.record, testName: "testAsyncImageNSAttributedString_uiTextView")
    |                                                     `- error: type 'Snapshotting<UITextView, Format>' has no member 'image'
201 |         }
202 |         testAsyncXCTestExpectation?.fulfill()
Failed frontend command:
/Applications/Xcode-27.0.0-Release.Candidate.app/Contents/Developer/Toolchains/XcodeDefault.xctoolchain/usr/bin/swift-frontend -frontend -c -primary-file /Users/admin/builder/spi-builder-workspace/Tests/ZMarkupParserSnapshotTests/ZMarkupParserSnapshotTests.swift -emit-dependencies-path /Users/admin/builder/spi-builder-workspace/.derivedData/Build/Intermediates.noindex/ZMarkupParser.build/Debug-xros/ZMarkupParserSnapshotTests-p.build/Objects-normal/arm64/ZMarkupParserSnapshotTests.d -emit-const-values-path /Users/admin/builder/spi-builder-workspace/.derivedData/Build/Intermediates.noindex/ZMarkupParser.build/Debug-xros/ZMarkupParserSnapshotTests-p.build/Objects-normal/arm64/ZMarkupParserSnapshotTests.swiftconstvalues -emit-reference-dependencies-path /Users/admin/builder/spi-builder-workspace/.derivedData/Build/Intermediates.noindex/ZMarkupParser.build/Debug-xros/ZMarkupParserSnapshotTests-p.build/Objects-normal/arm64/ZMarkupParserSnapshotTests.swiftdeps -serialize-diagnostics-path /Users/admin/builder/spi-builder-workspace/.derivedData/Build/Intermediates.noindex/ZMarkupParser.build/Debug-xros/ZMarkupParserSnapshotTests-p.build/Objects-normal/arm64/ZMarkupParserSnapshotTests.dia -target arm64-apple-xros1.0 -module-can-import-version UIKit 9127.0.84.1 9127.0.84 -disable-cross-import-overlay-search -load-resolved-plugin /Applications/Xcode-27.0.0-Release.Candidate.app/Contents/Developer/Platforms/XROS.platform/Developer/usr/lib/swift/host/plugins/libFoundationMacros.dylib\#/Applications/Xcode-27.0.0-Release.Candidate.app/Contents/Developer/Platforms/XROS.platform/Developer/usr/bin/swift-plugin-server\#FoundationMacros -load-resolved-plugin /Applications/Xcode-27.0.0-Release.Candidate.app/Contents/Developer/Platforms/XROS.platform/Developer/usr/lib/swift/host/plugins/libObservationMacros.dylib\#/Applications/Xcode-27.0.0-Release.Candidate.app/Contents/Developer/Platforms/XROS.platform/Developer/usr/bin/swift-plugin-server\#ObservationMacros -load-resolved-plugin /Applications/Xcode-27.0.0-Release.Candidate.app/Contents/Developer/Platforms/XROS.platform/Developer/usr/lib/swift/host/plugins/libPreviewsMacros.dylib\#/Applications/Xcode-27.0.0-Release.Candidate.app/Contents/Developer/Platforms/XROS.platform/Developer/usr/bin/swift-plugin-server\#PreviewsMacros -load-resolved-plugin /Applications/Xcode-27.0.0-Release.Candidate.app/Contents/Developer/Platforms/XROS.platform/Developer/usr/lib/swift/host/plugins/libSwiftMacros.dylib\#/Applications/Xcode-27.0.0-Release.Candidate.app/Contents/Developer/Platforms/XROS.platform/Developer/usr/bin/swift-plugin-server\#SwiftMacros -load-resolved-plugin /Applications/Xcode-27.0.0-Release.Candidate.app/Contents/Developer/Platforms/XROS.platform/Developer/usr/lib/swift/host/plugins/libSwiftUIMacros.dylib\#/Applications/Xcode-27.0.0-Release.Candidate.app/Contents/Developer/Platforms/XROS.platform/Developer/usr/bin/swift-plugin-server\#SwiftUIMacros -disable-implicit-swift-modules -Xcc -fno-implicit-modules -Xcc -fno-implicit-module-maps -explicit-swift-module-map-file /Users/admin/builder/spi-builder-workspace/.derivedData/Build/Intermediates.noindex/ZMarkupParser.build/Debug-xros/ZMarkupParserSnapshotTests-p.build/Objects-normal/arm64/ZMarkupParserSnapshotTests-dependencies-1.json -Xllvm -aarch64-use-tbi -enable-objc-interop -stack-check -sdk /Applications/Xcode-27.0.0-Release.Candidate.app/Contents/Developer/Platforms/XROS.platform/Developer/SDKs/XROS27.0.sdk -I /Users/admin/builder/spi-builder-workspace/.derivedData/Build/Products/Debug-xros -Isystem /Applications/Xcode-27.0.0-Release.Candidate.app/Contents/Developer/Platforms/XROS.platform/Developer/usr/lib -F /Users/admin/builder/spi-builder-workspace/.derivedData/Build/Products/Debug-xros/PackageFrameworks -F /Users/admin/builder/spi-builder-workspace/.derivedData/Build/Products/Debug-xros -F /Applications/Xcode-27.0.0-Release.Candidate.app/Contents/Developer/Platforms/XROS.platform/Developer/Library/Frameworks -F /Applications/Xcode-27.0.0-Release.Candidate.app/Contents/Developer/Platforms/XROS.platform/Developer/SDKs/XROS27.0.sdk/Developer/Library/Frameworks -module-cache-path /Users/admin/builder/spi-builder-workspace/.derivedData/Build/Intermediates.noindex/SwiftExplicitPrecompiledModules -no-color-diagnostics -Xcc -fno-color-diagnostics -enable-testing -g -debug-info-format\=dwarf -dwarf-version\=4 -profile-generate -profile-coverage-mapping -swift-version 5 -Onone -D SWIFT_PACKAGE -D DEBUG -D Xcode -serialize-debugging-options -enable-experimental-feature DebugDescriptionMacro -empty-abi-descriptor -validate-clang-modules-once -clang-build-session-file /Users/admin/builder/spi-builder-workspace/.derivedData/ModuleCache.noindex/Session.modulevalidation -Xcc -working-directory -Xcc /Users/admin/builder/spi-builder-workspace/.swiftpm/xcode -enable-anonymous-context-mangled-names -file-compilation-dir /Users/admin/builder/spi-builder-workspace/.swiftpm/xcode -Xcc -D_LIBCPP_HARDENING_MODE\=_LIBCPP_HARDENING_MODE_DEBUG -Xcc -ivfsstatcache -Xcc /Users/admin/builder/spi-builder-workspace/.derivedData/SDKStatCaches.noindex/xros27.0-24M361-e829b21a6f8c9b70876ba0858053c044735bd543db762f57723cac368afd1ce4.sdkstatcache -Xcc -fmodules-prune-interval\=86400 -Xcc -fmodules-prune-after\=345600 -Xcc -I/Users/admin/builder/spi-builder-workspace/.derivedData/Build/Products/Debug-xros/include -Xcc -I/Users/admin/builder/spi-builder-workspace/.derivedData/Build/Intermediates.noindex/ZMarkupParser.build/Debug-xros/ZMarkupParserSnapshotTests-p.build/DerivedSources-normal/arm64 -Xcc -I/Users/admin/builder/spi-builder-workspace/.derivedData/Build/Intermediates.noindex/ZMarkupParser.build/Debug-xros/ZMarkupParserSnapshotTests-p.build/DerivedSources/arm64 -Xcc -I/Users/admin/builder/spi-builder-workspace/.derivedData/Build/Intermediates.noindex/ZMarkupParser.build/Debug-xros/ZMarkupParserSnapshotTests-p.build/DerivedSources -Xcc -DSWIFT_PACKAGE -Xcc -DDEBUG\=1 -no-auto-bridging-header-chaining -module-name ZMarkupParserSnapshotTests -const-gather-protocols-file /Users/admin/builder/spi-builder-workspace/.derivedData/Build/Intermediates.noindex/ZMarkupParser.build/Debug-xros/ZMarkupParserSnapshotTests-p.build/Objects-normal/arm64/ZMarkupParserSnapshotTests_const_extract_protocols.json -disable-clang-spi -clang-target arm64-apple-xros27.0 -target-sdk-version 27.0 -target-sdk-name xros27.0 -in-process-plugin-server-path /Applications/Xcode-27.0.0-Release.Candidate.app/Contents/Developer/Toolchains/XcodeDefault.xctoolchain/usr/lib/swift/host/libSwiftInProcPluginServer.dylib -parse-as-library -o /Users/admin/builder/spi-builder-workspace/.derivedData/Build/Intermediates.noindex/ZMarkupParser.build/Debug-xros/ZMarkupParserSnapshotTests-p.build/Objects-normal/arm64/ZMarkupParserSnapshotTests.o -debug-module-path /Users/admin/builder/spi-builder-workspace/.derivedData/Build/Intermediates.noindex/ZMarkupParser.build/Debug-xros/ZMarkupParserSnapshotTests-p.build/Objects-normal/arm64/ZMarkupParserSnapshotTests.swiftmodule -index-unit-output-path /ZMarkupParser.build/Debug-xros/ZMarkupParserSnapshotTests-p.build/Objects-normal/arm64/ZMarkupParserSnapshotTests.o -index-store-path /Users/admin/builder/spi-builder-workspace/.derivedData/Index.noindex/DataStore -index-system-modules
Ld /Users/admin/builder/spi-builder-workspace/.derivedData/Build/Products/Debug-xros/ZMarkupParserTests.xctest/ZMarkupParserTests normal (in target 'ZMarkupParserTests-product' from project 'ZMarkupParser')
    cd /Users/admin/builder/spi-builder-workspace
    /Applications/Xcode-27.0.0-Release.Candidate.app/Contents/Developer/Toolchains/XcodeDefault.xctoolchain/usr/bin/swiftc -Xlinker -reproducible -target arm64-apple-xros1.0 -Xlinker -bundle -sdk /Applications/Xcode-27.0.0-Release.Candidate.app/Contents/Developer/Platforms/XROS.platform/Developer/SDKs/XROS27.0.sdk -Xlinker -no_warn_duplicate_libraries -L/Users/admin/builder/spi-builder-workspace/.derivedData/Build/Intermediates.noindex/EagerLinkingTBDs/Debug-xros -L/Users/admin/builder/spi-builder-workspace/.derivedData/Build/Products/Debug-xros -L/Applications/Xcode-27.0.0-Release.Candidate.app/Contents/Developer/Platforms/XROS.platform/Developer/usr/lib -F/Users/admin/builder/spi-builder-workspace/.derivedData/Build/Intermediates.noindex/EagerLinkingTBDs/Debug-xros -F/Users/admin/builder/spi-builder-workspace/.derivedData/Build/Products/Debug-xros/PackageFrameworks -F/Users/admin/builder/spi-builder-workspace/.derivedData/Build/Products/Debug-xros -Fsystem /Applications/Xcode-27.0.0-Release.Candidate.app/Contents/Developer/Platforms/XROS.platform/Developer/Library/Frameworks -Fsystem /Applications/Xcode-27.0.0-Release.Candidate.app/Contents/Developer/Platforms/XROS.platform/Developer/SDKs/XROS27.0.sdk/Developer/Library/Frameworks @/Users/admin/builder/spi-builder-workspace/.derivedData/Build/Intermediates.noindex/ZMarkupParser.build/Debug-xros/ZMarkupParserTests-p.build/Objects-normal/arm64/ZMarkupParserTests.LinkFileList -Xlinker -rpath -Xlinker /usr/lib/swift -Xlinker -rpath -Xlinker @loader_path -Xlinker -rpath -Xlinker /Users/admin/builder/spi-builder-workspace/.derivedData/Build/Products/Debug-xros/PackageFrameworks -Xlinker -rpath -Xlinker @loader_path/../.. -Xlinker -rpath -Xlinker @loader_path/Frameworks -Xlinker -rpath -Xlinker @loader_path/../Frameworks -Xlinker -dead_strip -Xlinker -object_path_lto -Xlinker /Users/admin/builder/spi-builder-workspace/.derivedData/Build/Intermediates.noindex/ZMarkupParser.build/Debug-xros/ZMarkupParserTests-p.build/Objects-normal/arm64/ZMarkupParserTests_lto.o -Xclang-linker -rdynamic -Xlinker -no_deduplicate -Xlinker -debug_variant -Xlinker -dependency_info -Xlinker /Users/admin/builder/spi-builder-workspace/.derivedData/Build/Intermediates.noindex/ZMarkupParser.build/Debug-xros/ZMarkupParserTests-p.build/Objects-normal/arm64/ZMarkupParserTests_dependency_info.dat -link-objc-runtime -profile-generate -L/Applications/Xcode-27.0.0-Release.Candidate.app/Contents/Developer/Toolchains/XcodeDefault.xctoolchain/usr/lib/swift/xros -L/usr/lib/swift -Xlinker -add_ast_path -Xlinker /Users/admin/builder/spi-builder-workspace/.derivedData/Build/Intermediates.noindex/ZMarkupParser.build/Debug-xros/ZMarkupParserTests-p.build/Objects-normal/arm64/ZMarkupParserTests.swiftmodule -Xlinker -needed_framework -Xlinker XCTest -framework XCTest -Xlinker -needed-lXCTestSwiftSupport -lXCTestSwiftSupport -o /Users/admin/builder/spi-builder-workspace/.derivedData/Build/Products/Debug-xros/ZMarkupParserTests.xctest/ZMarkupParserTests -no-stdlib-rpath
PruneExplicitPrecompiledModules /Users/admin/builder/spi-builder-workspace/.derivedData/SDKExplicitPrecompiledModules
PruneExplicitPrecompiledModules /Users/admin/builder/spi-builder-workspace/.derivedData/Build/Intermediates.noindex/ExplicitPrecompiledModules
PruneExplicitPrecompiledModules /Users/admin/builder/spi-builder-workspace/.derivedData/Build/Intermediates.noindex/SwiftExplicitPrecompiledModules
2026-09-25 00:29:19.739 xcodebuild[974:6076] [MT] IDERunDestination: Supported platforms for the buildables in the current scheme is empty.
2026-09-25 00:29:19.848 xcodebuild[974:6076] [MT] IDERunDestination: Supported platforms for the buildables in the current scheme is empty.
** BUILD FAILED **
The following build commands failed:
	SwiftCompile normal arm64 /Users/admin/builder/spi-builder-workspace/Tests/ZMarkupParserSnapshotTests/ZMarkupParserSnapshotTests.swift (in target 'ZMarkupParserSnapshotTests-product' from project 'ZMarkupParser')
	SwiftCompile normal arm64 Compiling\ ZMarkupParserSnapshotTests.swift /Users/admin/builder/spi-builder-workspace/Tests/ZMarkupParserSnapshotTests/ZMarkupParserSnapshotTests.swift (in target 'ZMarkupParserSnapshotTests-product' from project 'ZMarkupParser')
	Building workspace ZMarkupParser with scheme ZMarkupParser
(3 failures)
BUILD FAILURE 6.4 visionOS