Build Information
Failed to build GoogleInteractiveMediaAdsTvOS, reference v4.17.0 (575187), with Swift 6.1 for watchOS using Xcode 16.3 on 26 Jun 2026 01:44:16 UTC.
Build Command
env DEVELOPER_DIR=/Applications/Xcode-16.3.0.app xcrun xcodebuild -IDEClonedSourcePackagesDirPathOverride=$PWD/.dependencies -skipMacroValidation -skipPackagePluginValidation -derivedDataPath $PWD/.derivedData build -scheme GoogleInteractiveMediaAdsTvOS -destination generic/platform=watchOSBuild Log
========================================
RunAll
========================================
Builder version: undefined version: run 'make version' to update
Interrupt handler set up.
========================================
Checkout
========================================
Clone URL: https://github.com/googleads/swift-package-manager-google-interactive-media-ads-tvos.git
Reference: v4.17.0
Initialized empty Git repository in /Users/admin/builder/spi-builder-workspace/.git/
From https://github.com/googleads/swift-package-manager-google-interactive-media-ads-tvos
* tag v4.17.0 -> FETCH_HEAD
HEAD is now at 5751878 Merge pull request #12 from googleads/ver
Cloned https://github.com/googleads/swift-package-manager-google-interactive-media-ads-tvos.git
Revision (git rev-parse @):
57518781b117c619cb4d54b6b82117268cd1eb9a
SUCCESS checkout https://github.com/googleads/swift-package-manager-google-interactive-media-ads-tvos.git at v4.17.0
========================================
Build
========================================
Selected platform: watchOS
Swift version: 6.1
Building package at path: $PWD
https://github.com/googleads/swift-package-manager-google-interactive-media-ads-tvos.git
https://github.com/googleads/swift-package-manager-google-interactive-media-ads-tvos.git
{
"dependencies" : [
],
"manifest_display_name" : "GoogleInteractiveMediaAdsTvOS",
"name" : "GoogleInteractiveMediaAdsTvOS",
"path" : "/Users/admin/builder/spi-builder-workspace",
"platforms" : [
{
"name" : "tvos",
"version" : "15.0"
}
],
"products" : [
{
"name" : "GoogleInteractiveMediaAdsTvOS",
"targets" : [
"GoogleInteractiveMediaAdsTvOS"
],
"type" : {
"library" : [
"automatic"
]
}
}
],
"targets" : [
{
"c99name" : "GoogleInteractiveMediaAdsTvOS",
"module_type" : "BinaryTarget",
"name" : "GoogleInteractiveMediaAdsTvOS",
"path" : "remote/archive/GoogleInteractiveMediaAds-tvos-v4.17.0.zip",
"product_memberships" : [
"GoogleInteractiveMediaAdsTvOS"
],
"sources" : [
],
"type" : "binary"
}
],
"tools_version" : "5.5"
}
Command line invocation:
/Applications/Xcode-16.3.0.app/Contents/Developer/usr/bin/xcodebuild -IDEClonedSourcePackagesDirPathOverride=/Users/admin/builder/spi-builder-workspace/.dependencies -resolvePackageDependencies
Resolve Package Graph
Resolve Package Graph
Resolved source packages:
GoogleInteractiveMediaAdsTvOS: /Users/admin/builder/spi-builder-workspace
resolved source packages: GoogleInteractiveMediaAdsTvOS
{
"dependencies" : [
],
"manifest_display_name" : "GoogleInteractiveMediaAdsTvOS",
"name" : "GoogleInteractiveMediaAdsTvOS",
"path" : "/Users/admin/builder/spi-builder-workspace",
"platforms" : [
{
"name" : "tvos",
"version" : "15.0"
}
],
"products" : [
{
"name" : "GoogleInteractiveMediaAdsTvOS",
"targets" : [
"GoogleInteractiveMediaAdsTvOS"
],
"type" : {
"library" : [
"automatic"
]
}
}
],
"targets" : [
{
"c99name" : "GoogleInteractiveMediaAdsTvOS",
"module_type" : "BinaryTarget",
"name" : "GoogleInteractiveMediaAdsTvOS",
"path" : "remote/archive/GoogleInteractiveMediaAds-tvos-v4.17.0.zip",
"product_memberships" : [
"GoogleInteractiveMediaAdsTvOS"
],
"sources" : [
],
"type" : "binary"
}
],
"tools_version" : "5.5"
}
{
"workspace" : {
"name" : "spi-builder-workspace",
"schemes" : [
"GoogleInteractiveMediaAdsTvOS"
]
}
}
Running build ...
env DEVELOPER_DIR=/Applications/Xcode-16.3.0.app xcrun xcodebuild -IDEClonedSourcePackagesDirPathOverride=$PWD/.dependencies -skipMacroValidation -skipPackagePluginValidation -derivedDataPath $PWD/.derivedData build -scheme GoogleInteractiveMediaAdsTvOS -destination generic/platform=watchOS OTHER_SWIFT_FLAGS=-stats-output-dir .stats -strict-concurrency=complete -enable-upcoming-feature StrictConcurrency -enable-upcoming-feature DisableOutwardActorInference -enable-upcoming-feature GlobalActorIsolatedTypesUsability -enable-upcoming-feature InferSendableFromCaptures
Command line invocation:
/Applications/Xcode-16.3.0.app/Contents/Developer/usr/bin/xcodebuild -IDEClonedSourcePackagesDirPathOverride=/Users/admin/builder/spi-builder-workspace/.dependencies -skipMacroValidation -skipPackagePluginValidation -derivedDataPath /Users/admin/builder/spi-builder-workspace/.derivedData build -scheme GoogleInteractiveMediaAdsTvOS -destination generic/platform=watchOS "OTHER_SWIFT_FLAGS=-stats-output-dir .stats -strict-concurrency=complete -enable-upcoming-feature StrictConcurrency -enable-upcoming-feature DisableOutwardActorInference -enable-upcoming-feature GlobalActorIsolatedTypesUsability -enable-upcoming-feature InferSendableFromCaptures"
Build settings from command line:
OTHER_SWIFT_FLAGS = -stats-output-dir .stats -strict-concurrency=complete -enable-upcoming-feature StrictConcurrency -enable-upcoming-feature DisableOutwardActorInference -enable-upcoming-feature GlobalActorIsolatedTypesUsability -enable-upcoming-feature InferSendableFromCaptures
Resolve Package Graph
Resolved source packages:
GoogleInteractiveMediaAdsTvOS: /Users/admin/builder/spi-builder-workspace
ComputePackagePrebuildTargetDependencyGraph
Prepare packages
CreateBuildRequest
SendProjectDescription
CreateBuildOperation
ComputeTargetDependencyGraph
note: Building targets in dependency order
note: Target dependency graph (1 target)
Target 'GoogleInteractiveMediaAdsTvOS' in project 'GoogleInteractiveMediaAdsTvOS' (no dependencies)
GatherProvisioningInputs
CreateBuildDescription
ExecuteExternalTool /Applications/Xcode-16.3.0.app/Contents/Developer/Toolchains/XcodeDefault.xctoolchain/usr/bin/clang -v -E -dM -isysroot /Applications/Xcode-16.3.0.app/Contents/Developer/Platforms/WatchOS.platform/Developer/SDKs/WatchOS11.4.sdk -x c -c /dev/null
Build description signature: 8fb8f10b119d211234e2b021c2cf41fb
Build description path: /Users/admin/builder/spi-builder-workspace/.derivedData/Build/Intermediates.noindex/XCBuildData/8fb8f10b119d211234e2b021c2cf41fb.xcbuilddata
/Users/admin/builder/spi-builder-workspace/.dependencies/artifacts/spi-builder-workspace/GoogleInteractiveMediaAdsTvOS/GoogleInteractiveMediaAds.xcframework:1:1: error: While building for watchOS, no library for this platform was found in '/Users/admin/builder/spi-builder-workspace/.dependencies/artifacts/spi-builder-workspace/GoogleInteractiveMediaAdsTvOS/GoogleInteractiveMediaAds.xcframework'. (in target 'GoogleInteractiveMediaAdsTvOS' from project 'GoogleInteractiveMediaAdsTvOS')
** BUILD FAILED **
The following build commands failed:
Building workspace spi-builder-workspace with scheme GoogleInteractiveMediaAdsTvOS
(1 failure)
Command line invocation:
/Applications/Xcode-16.3.0.app/Contents/Developer/usr/bin/xcodebuild -IDEClonedSourcePackagesDirPathOverride=/Users/admin/builder/spi-builder-workspace/.dependencies -resolvePackageDependencies
Resolve Package Graph
Resolved source packages:
GoogleInteractiveMediaAdsTvOS: /Users/admin/builder/spi-builder-workspace
resolved source packages: GoogleInteractiveMediaAdsTvOS
{
"dependencies" : [
],
"manifest_display_name" : "GoogleInteractiveMediaAdsTvOS",
"name" : "GoogleInteractiveMediaAdsTvOS",
"path" : "/Users/admin/builder/spi-builder-workspace",
"platforms" : [
{
"name" : "tvos",
"version" : "15.0"
}
],
"products" : [
{
"name" : "GoogleInteractiveMediaAdsTvOS",
"targets" : [
"GoogleInteractiveMediaAdsTvOS"
],
"type" : {
"library" : [
"automatic"
]
}
}
],
"targets" : [
{
"c99name" : "GoogleInteractiveMediaAdsTvOS",
"module_type" : "BinaryTarget",
"name" : "GoogleInteractiveMediaAdsTvOS",
"path" : "remote/archive/GoogleInteractiveMediaAds-tvos-v4.17.0.zip",
"product_memberships" : [
"GoogleInteractiveMediaAdsTvOS"
],
"sources" : [
],
"type" : "binary"
}
],
"tools_version" : "5.5"
}
{
"workspace" : {
"name" : "spi-builder-workspace",
"schemes" : [
"GoogleInteractiveMediaAdsTvOS"
]
}
}
Running build ...
env DEVELOPER_DIR=/Applications/Xcode-16.3.0.app xcrun xcodebuild -IDEClonedSourcePackagesDirPathOverride=$PWD/.dependencies -skipMacroValidation -skipPackagePluginValidation -derivedDataPath $PWD/.derivedData build -scheme GoogleInteractiveMediaAdsTvOS -destination generic/platform=watchOS
Command line invocation:
/Applications/Xcode-16.3.0.app/Contents/Developer/usr/bin/xcodebuild -IDEClonedSourcePackagesDirPathOverride=/Users/admin/builder/spi-builder-workspace/.dependencies -skipMacroValidation -skipPackagePluginValidation -derivedDataPath /Users/admin/builder/spi-builder-workspace/.derivedData build -scheme GoogleInteractiveMediaAdsTvOS -destination generic/platform=watchOS
Resolve Package Graph
Resolved source packages:
GoogleInteractiveMediaAdsTvOS: /Users/admin/builder/spi-builder-workspace
ComputePackagePrebuildTargetDependencyGraph
Prepare packages
CreateBuildRequest
SendProjectDescription
CreateBuildOperation
ComputeTargetDependencyGraph
note: Building targets in dependency order
note: Target dependency graph (1 target)
Target 'GoogleInteractiveMediaAdsTvOS' in project 'GoogleInteractiveMediaAdsTvOS' (no dependencies)
GatherProvisioningInputs
CreateBuildDescription
ExecuteExternalTool /Applications/Xcode-16.3.0.app/Contents/Developer/Toolchains/XcodeDefault.xctoolchain/usr/bin/clang -v -E -dM -isysroot /Applications/Xcode-16.3.0.app/Contents/Developer/Platforms/WatchOS.platform/Developer/SDKs/WatchOS11.4.sdk -x c -c /dev/null
Build description signature: d0a322a22a576fa957217a56dcb0ac5d
Build description path: /Users/admin/builder/spi-builder-workspace/.derivedData/Build/Intermediates.noindex/XCBuildData/d0a322a22a576fa957217a56dcb0ac5d.xcbuilddata
/Users/admin/builder/spi-builder-workspace/.dependencies/artifacts/spi-builder-workspace/GoogleInteractiveMediaAdsTvOS/GoogleInteractiveMediaAds.xcframework:1:1: error: While building for watchOS, no library for this platform was found in '/Users/admin/builder/spi-builder-workspace/.dependencies/artifacts/spi-builder-workspace/GoogleInteractiveMediaAdsTvOS/GoogleInteractiveMediaAds.xcframework'. (in target 'GoogleInteractiveMediaAdsTvOS' from project 'GoogleInteractiveMediaAdsTvOS')
** BUILD FAILED **
The following build commands failed:
Building workspace spi-builder-workspace with scheme GoogleInteractiveMediaAdsTvOS
(1 failure)
BUILD FAILURE 6.1 watchOS