Build Information
Failed to build DiscreteStepCarousel, reference develop (b9a613), with Swift 6.4 for visionOS using Xcode 27.0 on 12 Oct 2026 18:51:17 UTC.
Build Command
env DEVELOPER_DIR=/Applications/Xcode-27.0.0-Release.Candidate.app xcrun xcodebuild -IDEClonedSourcePackagesDirPathOverride=$PWD/.dependencies -skipMacroValidation -skipPackagePluginValidation -derivedDataPath $PWD/.derivedData build -scheme DiscreteStepCarousel -destination generic/platform=xrOSBuild Log
SwiftCompile normal arm64 /Users/admin/builder/spi-builder-workspace/.dependencies/checkouts/preview-utilities/sources/viewAdditions/Slider+Additions.swift (in target 'PreviewUtilities' from project 'PreviewUtilities')
cd /Users/admin/builder/spi-builder-workspace/.swiftpm/xcode
builtin-SwiftPerFileCompile Slider+Additions.swift
SwiftCompile normal arm64 /Users/admin/builder/spi-builder-workspace/.dependencies/checkouts/preview-utilities/sources/viewAdditions/View+Additions.swift (in target 'PreviewUtilities' from project 'PreviewUtilities')
cd /Users/admin/builder/spi-builder-workspace/.swiftpm/xcode
builtin-SwiftPerFileCompile View+Additions.swift
SwiftCompile normal arm64 /Users/admin/builder/spi-builder-workspace/.dependencies/checkouts/preview-utilities/sources/viewAdditions/View+AlignmentGuides.swift (in target 'PreviewUtilities' from project 'PreviewUtilities')
cd /Users/admin/builder/spi-builder-workspace/.swiftpm/xcode
builtin-SwiftPerFileCompile View+AlignmentGuides.swift
SwiftCompile normal arm64 /Users/admin/builder/spi-builder-workspace/.dependencies/checkouts/preview-utilities/sources/viewAdditions/View+ScrollGeometry+Additions.swift (in target 'PreviewUtilities' from project 'PreviewUtilities')
cd /Users/admin/builder/spi-builder-workspace/.swiftpm/xcode
builtin-SwiftPerFileCompile View+ScrollGeometry+Additions.swift
SwiftCompile normal arm64 /Users/admin/builder/spi-builder-workspace/.dependencies/checkouts/preview-utilities/sources/views/AutoPaddedPreviewFooter.swift (in target 'PreviewUtilities' from project 'PreviewUtilities')
cd /Users/admin/builder/spi-builder-workspace/.swiftpm/xcode
builtin-SwiftPerFileCompile AutoPaddedPreviewFooter.swift
SwiftCompile normal arm64 /Users/admin/builder/spi-builder-workspace/.dependencies/checkouts/preview-utilities/sources/views/CaptionRectangle.swift (in target 'PreviewUtilities' from project 'PreviewUtilities')
cd /Users/admin/builder/spi-builder-workspace/.swiftpm/xcode
builtin-SwiftPerFileCompile CaptionRectangle.swift
SwiftCompile normal arm64 /Users/admin/builder/spi-builder-workspace/.dependencies/checkouts/preview-utilities/sources/views/ClearRectangle.swift (in target 'PreviewUtilities' from project 'PreviewUtilities')
cd /Users/admin/builder/spi-builder-workspace/.swiftpm/xcode
builtin-SwiftPerFileCompile ClearRectangle.swift
SwiftCompile normal arm64 /Users/admin/builder/spi-builder-workspace/.dependencies/checkouts/preview-utilities/sources/views/ConstrainedFill.swift (in target 'PreviewUtilities' from project 'PreviewUtilities')
cd /Users/admin/builder/spi-builder-workspace/.swiftpm/xcode
builtin-SwiftPerFileCompile ConstrainedFill.swift
SwiftCompile normal arm64 /Users/admin/builder/spi-builder-workspace/.dependencies/checkouts/preview-utilities/sources/views/DashedDivider.swift (in target 'PreviewUtilities' from project 'PreviewUtilities')
cd /Users/admin/builder/spi-builder-workspace/.swiftpm/xcode
builtin-SwiftPerFileCompile DashedDivider.swift
SwiftCompile normal arm64 /Users/admin/builder/spi-builder-workspace/.dependencies/checkouts/preview-utilities/sources/views/ExtendedSizeLayout.swift (in target 'PreviewUtilities' from project 'PreviewUtilities')
cd /Users/admin/builder/spi-builder-workspace/.swiftpm/xcode
builtin-SwiftPerFileCompile ExtendedSizeLayout.swift
SwiftCompile normal arm64 /Users/admin/builder/spi-builder-workspace/.dependencies/checkouts/preview-utilities/sources/views/FloatingAlignedContainer.swift (in target 'PreviewUtilities' from project 'PreviewUtilities')
cd /Users/admin/builder/spi-builder-workspace/.swiftpm/xcode
builtin-SwiftPerFileCompile FloatingAlignedContainer.swift
SwiftCompile normal arm64 /Users/admin/builder/spi-builder-workspace/.dependencies/checkouts/preview-utilities/sources/views/HeaderFooterContainer.swift (in target 'PreviewUtilities' from project 'PreviewUtilities')
cd /Users/admin/builder/spi-builder-workspace/.swiftpm/xcode
builtin-SwiftPerFileCompile HeaderFooterContainer.swift
SwiftCompile normal arm64 /Users/admin/builder/spi-builder-workspace/.dependencies/checkouts/preview-utilities/sources/views/HiddenParentOverlay.swift (in target 'PreviewUtilities' from project 'PreviewUtilities')
cd /Users/admin/builder/spi-builder-workspace/.swiftpm/xcode
builtin-SwiftPerFileCompile HiddenParentOverlay.swift
SwiftDriverJobDiscovery normal arm64 Compiling EdgeInsets+Additions.swift (in target 'GeometryAdditions' from project 'GeometryAdditions')
SwiftCompile normal arm64 Compiling\ MacOSForcedSizeLayoutPreviewModifier.swift,\ PaddingSpacingPreviewModifier.swift,\ ScrollViewWrapperPreviewModifier.swift,\ ZeroSpacingPreviewModifier.swift,\ ImageGeneratorStore.swift,\ ImageGenerators.swift,\ SyncImageGenerator.swift,\ AxialLine.swift,\ EdgeGraticule.swift,\ GridGraticule.swift,\ ConcentricRectangle+Additions.swift,\ HStack+Additions.swift,\ Picker+Additions.swift /Users/admin/builder/spi-builder-workspace/.dependencies/checkouts/preview-utilities/sources/modifiers/for-previews/MacOSForcedSizeLayoutPreviewModifier.swift /Users/admin/builder/spi-builder-workspace/.dependencies/checkouts/preview-utilities/sources/modifiers/for-previews/PaddingSpacingPreviewModifier.swift /Users/admin/builder/spi-builder-workspace/.dependencies/checkouts/preview-utilities/sources/modifiers/for-previews/ScrollViewWrapperPreviewModifier.swift /Users/admin/builder/spi-builder-workspace/.dependencies/checkouts/preview-utilities/sources/modifiers/for-previews/ZeroSpacingPreviewModifier.swift /Users/admin/builder/spi-builder-workspace/.dependencies/checkouts/preview-utilities/sources/services/ImageGeneratorStore.swift /Users/admin/builder/spi-builder-workspace/.dependencies/checkouts/preview-utilities/sources/services/ImageGenerators.swift /Users/admin/builder/spi-builder-workspace/.dependencies/checkouts/preview-utilities/sources/services/SyncImageGenerator.swift /Users/admin/builder/spi-builder-workspace/.dependencies/checkouts/preview-utilities/sources/shapes/AxialLine.swift /Users/admin/builder/spi-builder-workspace/.dependencies/checkouts/preview-utilities/sources/shapes/EdgeGraticule.swift /Users/admin/builder/spi-builder-workspace/.dependencies/checkouts/preview-utilities/sources/shapes/GridGraticule.swift /Users/admin/builder/spi-builder-workspace/.dependencies/checkouts/preview-utilities/sources/viewAdditions/ConcentricRectangle+Additions.swift /Users/admin/builder/spi-builder-workspace/.dependencies/checkouts/preview-utilities/sources/viewAdditions/HStack+Additions.swift /Users/admin/builder/spi-builder-workspace/.dependencies/checkouts/preview-utilities/sources/viewAdditions/Picker+Additions.swift (in target 'PreviewUtilities' from project 'PreviewUtilities')
SwiftCompile normal arm64 /Users/admin/builder/spi-builder-workspace/.dependencies/checkouts/preview-utilities/sources/modifiers/for-previews/MacOSForcedSizeLayoutPreviewModifier.swift (in target 'PreviewUtilities' from project 'PreviewUtilities')
cd /Users/admin/builder/spi-builder-workspace/.swiftpm/xcode
builtin-SwiftPerFileCompile MacOSForcedSizeLayoutPreviewModifier.swift
SwiftCompile normal arm64 /Users/admin/builder/spi-builder-workspace/.dependencies/checkouts/preview-utilities/sources/modifiers/for-previews/PaddingSpacingPreviewModifier.swift (in target 'PreviewUtilities' from project 'PreviewUtilities')
cd /Users/admin/builder/spi-builder-workspace/.swiftpm/xcode
builtin-SwiftPerFileCompile PaddingSpacingPreviewModifier.swift
SwiftCompile normal arm64 /Users/admin/builder/spi-builder-workspace/.dependencies/checkouts/preview-utilities/sources/modifiers/for-previews/ScrollViewWrapperPreviewModifier.swift (in target 'PreviewUtilities' from project 'PreviewUtilities')
cd /Users/admin/builder/spi-builder-workspace/.swiftpm/xcode
builtin-SwiftPerFileCompile ScrollViewWrapperPreviewModifier.swift
SwiftCompile normal arm64 /Users/admin/builder/spi-builder-workspace/.dependencies/checkouts/preview-utilities/sources/modifiers/for-previews/ZeroSpacingPreviewModifier.swift (in target 'PreviewUtilities' from project 'PreviewUtilities')
cd /Users/admin/builder/spi-builder-workspace/.swiftpm/xcode
builtin-SwiftPerFileCompile ZeroSpacingPreviewModifier.swift
SwiftCompile normal arm64 /Users/admin/builder/spi-builder-workspace/.dependencies/checkouts/preview-utilities/sources/services/ImageGeneratorStore.swift (in target 'PreviewUtilities' from project 'PreviewUtilities')
cd /Users/admin/builder/spi-builder-workspace/.swiftpm/xcode
builtin-SwiftPerFileCompile ImageGeneratorStore.swift
SwiftCompile normal arm64 /Users/admin/builder/spi-builder-workspace/.dependencies/checkouts/preview-utilities/sources/services/ImageGenerators.swift (in target 'PreviewUtilities' from project 'PreviewUtilities')
cd /Users/admin/builder/spi-builder-workspace/.swiftpm/xcode
builtin-SwiftPerFileCompile ImageGenerators.swift
SwiftCompile normal arm64 /Users/admin/builder/spi-builder-workspace/.dependencies/checkouts/preview-utilities/sources/services/SyncImageGenerator.swift (in target 'PreviewUtilities' from project 'PreviewUtilities')
cd /Users/admin/builder/spi-builder-workspace/.swiftpm/xcode
builtin-SwiftPerFileCompile SyncImageGenerator.swift
SwiftCompile normal arm64 /Users/admin/builder/spi-builder-workspace/.dependencies/checkouts/preview-utilities/sources/shapes/AxialLine.swift (in target 'PreviewUtilities' from project 'PreviewUtilities')
cd /Users/admin/builder/spi-builder-workspace/.swiftpm/xcode
builtin-SwiftPerFileCompile AxialLine.swift
SwiftCompile normal arm64 /Users/admin/builder/spi-builder-workspace/.dependencies/checkouts/preview-utilities/sources/shapes/EdgeGraticule.swift (in target 'PreviewUtilities' from project 'PreviewUtilities')
cd /Users/admin/builder/spi-builder-workspace/.swiftpm/xcode
builtin-SwiftPerFileCompile EdgeGraticule.swift
SwiftCompile normal arm64 /Users/admin/builder/spi-builder-workspace/.dependencies/checkouts/preview-utilities/sources/shapes/GridGraticule.swift (in target 'PreviewUtilities' from project 'PreviewUtilities')
cd /Users/admin/builder/spi-builder-workspace/.swiftpm/xcode
builtin-SwiftPerFileCompile GridGraticule.swift
SwiftCompile normal arm64 /Users/admin/builder/spi-builder-workspace/.dependencies/checkouts/preview-utilities/sources/viewAdditions/ConcentricRectangle+Additions.swift (in target 'PreviewUtilities' from project 'PreviewUtilities')
cd /Users/admin/builder/spi-builder-workspace/.swiftpm/xcode
builtin-SwiftPerFileCompile ConcentricRectangle+Additions.swift
SwiftCompile normal arm64 /Users/admin/builder/spi-builder-workspace/.dependencies/checkouts/preview-utilities/sources/viewAdditions/HStack+Additions.swift (in target 'PreviewUtilities' from project 'PreviewUtilities')
cd /Users/admin/builder/spi-builder-workspace/.swiftpm/xcode
builtin-SwiftPerFileCompile HStack+Additions.swift
SwiftCompile normal arm64 /Users/admin/builder/spi-builder-workspace/.dependencies/checkouts/preview-utilities/sources/viewAdditions/Picker+Additions.swift (in target 'PreviewUtilities' from project 'PreviewUtilities')
cd /Users/admin/builder/spi-builder-workspace/.swiftpm/xcode
builtin-SwiftPerFileCompile Picker+Additions.swift
SwiftDriverJobDiscovery normal arm64 Compiling CGRect+Additions.swift (in target 'GeometryAdditions' from project 'GeometryAdditions')
SwiftCompile normal arm64 Compiling\ Duration+Additions.swift,\ Edge+Additions.swift,\ FormatStyle+Additions.swift,\ GeometryReader+Additions.swift,\ GraphicsContext+Additions.swift,\ GridItem+Additions.swift,\ Hashable+Additions.swift,\ Image+Additions.swift,\ ImageRenderer+Additions.swift,\ LocalizedStringKey+Additions.swift,\ MeshGradient+Additions.swift,\ NSEdgeInsets+Additions.swift,\ NSParagraphStyle+Additions.swift,\ Numeric+Additions.swift /Users/admin/builder/spi-builder-workspace/.dependencies/checkouts/preview-utilities/sources/additions/Duration+Additions.swift /Users/admin/builder/spi-builder-workspace/.dependencies/checkouts/preview-utilities/sources/additions/Edge+Additions.swift /Users/admin/builder/spi-builder-workspace/.dependencies/checkouts/preview-utilities/sources/additions/FormatStyle+Additions.swift /Users/admin/builder/spi-builder-workspace/.dependencies/checkouts/preview-utilities/sources/additions/GeometryReader+Additions.swift /Users/admin/builder/spi-builder-workspace/.dependencies/checkouts/preview-utilities/sources/additions/GraphicsContext+Additions.swift /Users/admin/builder/spi-builder-workspace/.dependencies/checkouts/preview-utilities/sources/additions/GridItem+Additions.swift /Users/admin/builder/spi-builder-workspace/.dependencies/checkouts/preview-utilities/sources/additions/Hashable+Additions.swift /Users/admin/builder/spi-builder-workspace/.dependencies/checkouts/preview-utilities/sources/additions/Image+Additions.swift /Users/admin/builder/spi-builder-workspace/.dependencies/checkouts/preview-utilities/sources/additions/ImageRenderer+Additions.swift /Users/admin/builder/spi-builder-workspace/.dependencies/checkouts/preview-utilities/sources/additions/LocalizedStringKey+Additions.swift /Users/admin/builder/spi-builder-workspace/.dependencies/checkouts/preview-utilities/sources/additions/MeshGradient+Additions.swift /Users/admin/builder/spi-builder-workspace/.dependencies/checkouts/preview-utilities/sources/additions/NSEdgeInsets+Additions.swift /Users/admin/builder/spi-builder-workspace/.dependencies/checkouts/preview-utilities/sources/additions/NSParagraphStyle+Additions.swift /Users/admin/builder/spi-builder-workspace/.dependencies/checkouts/preview-utilities/sources/additions/Numeric+Additions.swift (in target 'PreviewUtilities' from project 'PreviewUtilities')
SwiftCompile normal arm64 /Users/admin/builder/spi-builder-workspace/.dependencies/checkouts/preview-utilities/sources/additions/Duration+Additions.swift (in target 'PreviewUtilities' from project 'PreviewUtilities')
cd /Users/admin/builder/spi-builder-workspace/.swiftpm/xcode
builtin-SwiftPerFileCompile Duration+Additions.swift
SwiftCompile normal arm64 /Users/admin/builder/spi-builder-workspace/.dependencies/checkouts/preview-utilities/sources/additions/Edge+Additions.swift (in target 'PreviewUtilities' from project 'PreviewUtilities')
cd /Users/admin/builder/spi-builder-workspace/.swiftpm/xcode
builtin-SwiftPerFileCompile Edge+Additions.swift
SwiftCompile normal arm64 /Users/admin/builder/spi-builder-workspace/.dependencies/checkouts/preview-utilities/sources/additions/FormatStyle+Additions.swift (in target 'PreviewUtilities' from project 'PreviewUtilities')
cd /Users/admin/builder/spi-builder-workspace/.swiftpm/xcode
builtin-SwiftPerFileCompile FormatStyle+Additions.swift
SwiftCompile normal arm64 /Users/admin/builder/spi-builder-workspace/.dependencies/checkouts/preview-utilities/sources/additions/GeometryReader+Additions.swift (in target 'PreviewUtilities' from project 'PreviewUtilities')
cd /Users/admin/builder/spi-builder-workspace/.swiftpm/xcode
builtin-SwiftPerFileCompile GeometryReader+Additions.swift
SwiftCompile normal arm64 /Users/admin/builder/spi-builder-workspace/.dependencies/checkouts/preview-utilities/sources/additions/GraphicsContext+Additions.swift (in target 'PreviewUtilities' from project 'PreviewUtilities')
cd /Users/admin/builder/spi-builder-workspace/.swiftpm/xcode
builtin-SwiftPerFileCompile GraphicsContext+Additions.swift
SwiftCompile normal arm64 /Users/admin/builder/spi-builder-workspace/.dependencies/checkouts/preview-utilities/sources/additions/GridItem+Additions.swift (in target 'PreviewUtilities' from project 'PreviewUtilities')
cd /Users/admin/builder/spi-builder-workspace/.swiftpm/xcode
builtin-SwiftPerFileCompile GridItem+Additions.swift
SwiftCompile normal arm64 /Users/admin/builder/spi-builder-workspace/.dependencies/checkouts/preview-utilities/sources/additions/Hashable+Additions.swift (in target 'PreviewUtilities' from project 'PreviewUtilities')
cd /Users/admin/builder/spi-builder-workspace/.swiftpm/xcode
builtin-SwiftPerFileCompile Hashable+Additions.swift
SwiftCompile normal arm64 /Users/admin/builder/spi-builder-workspace/.dependencies/checkouts/preview-utilities/sources/additions/Image+Additions.swift (in target 'PreviewUtilities' from project 'PreviewUtilities')
cd /Users/admin/builder/spi-builder-workspace/.swiftpm/xcode
builtin-SwiftPerFileCompile Image+Additions.swift
SwiftCompile normal arm64 /Users/admin/builder/spi-builder-workspace/.dependencies/checkouts/preview-utilities/sources/additions/ImageRenderer+Additions.swift (in target 'PreviewUtilities' from project 'PreviewUtilities')
cd /Users/admin/builder/spi-builder-workspace/.swiftpm/xcode
builtin-SwiftPerFileCompile ImageRenderer+Additions.swift
SwiftCompile normal arm64 /Users/admin/builder/spi-builder-workspace/.dependencies/checkouts/preview-utilities/sources/additions/LocalizedStringKey+Additions.swift (in target 'PreviewUtilities' from project 'PreviewUtilities')
cd /Users/admin/builder/spi-builder-workspace/.swiftpm/xcode
builtin-SwiftPerFileCompile LocalizedStringKey+Additions.swift
SwiftCompile normal arm64 /Users/admin/builder/spi-builder-workspace/.dependencies/checkouts/preview-utilities/sources/additions/MeshGradient+Additions.swift (in target 'PreviewUtilities' from project 'PreviewUtilities')
cd /Users/admin/builder/spi-builder-workspace/.swiftpm/xcode
builtin-SwiftPerFileCompile MeshGradient+Additions.swift
SwiftCompile normal arm64 /Users/admin/builder/spi-builder-workspace/.dependencies/checkouts/preview-utilities/sources/additions/NSEdgeInsets+Additions.swift (in target 'PreviewUtilities' from project 'PreviewUtilities')
cd /Users/admin/builder/spi-builder-workspace/.swiftpm/xcode
builtin-SwiftPerFileCompile NSEdgeInsets+Additions.swift
SwiftCompile normal arm64 /Users/admin/builder/spi-builder-workspace/.dependencies/checkouts/preview-utilities/sources/additions/NSParagraphStyle+Additions.swift (in target 'PreviewUtilities' from project 'PreviewUtilities')
cd /Users/admin/builder/spi-builder-workspace/.swiftpm/xcode
builtin-SwiftPerFileCompile NSParagraphStyle+Additions.swift
SwiftCompile normal arm64 /Users/admin/builder/spi-builder-workspace/.dependencies/checkouts/preview-utilities/sources/additions/Numeric+Additions.swift (in target 'PreviewUtilities' from project 'PreviewUtilities')
cd /Users/admin/builder/spi-builder-workspace/.swiftpm/xcode
builtin-SwiftPerFileCompile Numeric+Additions.swift
SwiftDriverJobDiscovery normal arm64 Compiling CGSize+Additions.swift (in target 'GeometryAdditions' from project 'GeometryAdditions')
SwiftCompile normal arm64 Compiling\ SizesPreviewTrait.swift,\ ThreadCheckers.swift,\ ThreadInfo.swift,\ ConcentricSafeAreaBackgroundModifier.swift,\ DebugAlignmentGuideModifier.swift,\ DebugAxisAlignmentGuideModifier.swift,\ DebugOverlayModifier.swift,\ DebugOverlayModifierConfiguration.swift,\ EdgeGraticuleModifier.swift,\ FloatingCaptionModifier.swift,\ MinimumSafeAreaPaddingModifier.swift,\ StackAboveBelowModifier.swift,\ HeaderFooterPreviewModifier.swift /Users/admin/builder/spi-builder-workspace/.dependencies/checkouts/preview-utilities/sources/miscelaneous/SizesPreviewTrait.swift /Users/admin/builder/spi-builder-workspace/.dependencies/checkouts/preview-utilities/sources/miscelaneous/ThreadCheckers.swift /Users/admin/builder/spi-builder-workspace/.dependencies/checkouts/preview-utilities/sources/miscelaneous/ThreadInfo.swift /Users/admin/builder/spi-builder-workspace/.dependencies/checkouts/preview-utilities/sources/modifiers/ConcentricSafeAreaBackgroundModifier.swift /Users/admin/builder/spi-builder-workspace/.dependencies/checkouts/preview-utilities/sources/modifiers/DebugAlignmentGuideModifier.swift /Users/admin/builder/spi-builder-workspace/.dependencies/checkouts/preview-utilities/sources/modifiers/DebugAxisAlignmentGuideModifier.swift /Users/admin/builder/spi-builder-workspace/.dependencies/checkouts/preview-utilities/sources/modifiers/DebugOverlayModifier.swift /Users/admin/builder/spi-builder-workspace/.dependencies/checkouts/preview-utilities/sources/modifiers/DebugOverlayModifierConfiguration.swift /Users/admin/builder/spi-builder-workspace/.dependencies/checkouts/preview-utilities/sources/modifiers/EdgeGraticuleModifier.swift /Users/admin/builder/spi-builder-workspace/.dependencies/checkouts/preview-utilities/sources/modifiers/FloatingCaptionModifier.swift /Users/admin/builder/spi-builder-workspace/.dependencies/checkouts/preview-utilities/sources/modifiers/MinimumSafeAreaPaddingModifier.swift /Users/admin/builder/spi-builder-workspace/.dependencies/checkouts/preview-utilities/sources/modifiers/StackAboveBelowModifier.swift /Users/admin/builder/spi-builder-workspace/.dependencies/checkouts/preview-utilities/sources/modifiers/for-previews/HeaderFooterPreviewModifier.swift (in target 'PreviewUtilities' from project 'PreviewUtilities')
SwiftCompile normal arm64 /Users/admin/builder/spi-builder-workspace/.dependencies/checkouts/preview-utilities/sources/miscelaneous/SizesPreviewTrait.swift (in target 'PreviewUtilities' from project 'PreviewUtilities')
cd /Users/admin/builder/spi-builder-workspace/.swiftpm/xcode
builtin-SwiftPerFileCompile SizesPreviewTrait.swift
SwiftCompile normal arm64 /Users/admin/builder/spi-builder-workspace/.dependencies/checkouts/preview-utilities/sources/miscelaneous/ThreadCheckers.swift (in target 'PreviewUtilities' from project 'PreviewUtilities')
cd /Users/admin/builder/spi-builder-workspace/.swiftpm/xcode
builtin-SwiftPerFileCompile ThreadCheckers.swift
SwiftCompile normal arm64 /Users/admin/builder/spi-builder-workspace/.dependencies/checkouts/preview-utilities/sources/miscelaneous/ThreadInfo.swift (in target 'PreviewUtilities' from project 'PreviewUtilities')
cd /Users/admin/builder/spi-builder-workspace/.swiftpm/xcode
builtin-SwiftPerFileCompile ThreadInfo.swift
SwiftCompile normal arm64 /Users/admin/builder/spi-builder-workspace/.dependencies/checkouts/preview-utilities/sources/modifiers/ConcentricSafeAreaBackgroundModifier.swift (in target 'PreviewUtilities' from project 'PreviewUtilities')
cd /Users/admin/builder/spi-builder-workspace/.swiftpm/xcode
builtin-SwiftPerFileCompile ConcentricSafeAreaBackgroundModifier.swift
SwiftCompile normal arm64 /Users/admin/builder/spi-builder-workspace/.dependencies/checkouts/preview-utilities/sources/modifiers/DebugAlignmentGuideModifier.swift (in target 'PreviewUtilities' from project 'PreviewUtilities')
cd /Users/admin/builder/spi-builder-workspace/.swiftpm/xcode
builtin-SwiftPerFileCompile DebugAlignmentGuideModifier.swift
SwiftCompile normal arm64 /Users/admin/builder/spi-builder-workspace/.dependencies/checkouts/preview-utilities/sources/modifiers/DebugAxisAlignmentGuideModifier.swift (in target 'PreviewUtilities' from project 'PreviewUtilities')
cd /Users/admin/builder/spi-builder-workspace/.swiftpm/xcode
builtin-SwiftPerFileCompile DebugAxisAlignmentGuideModifier.swift
SwiftCompile normal arm64 /Users/admin/builder/spi-builder-workspace/.dependencies/checkouts/preview-utilities/sources/modifiers/DebugOverlayModifier.swift (in target 'PreviewUtilities' from project 'PreviewUtilities')
cd /Users/admin/builder/spi-builder-workspace/.swiftpm/xcode
builtin-SwiftPerFileCompile DebugOverlayModifier.swift
SwiftCompile normal arm64 /Users/admin/builder/spi-builder-workspace/.dependencies/checkouts/preview-utilities/sources/modifiers/DebugOverlayModifierConfiguration.swift (in target 'PreviewUtilities' from project 'PreviewUtilities')
cd /Users/admin/builder/spi-builder-workspace/.swiftpm/xcode
builtin-SwiftPerFileCompile DebugOverlayModifierConfiguration.swift
SwiftCompile normal arm64 /Users/admin/builder/spi-builder-workspace/.dependencies/checkouts/preview-utilities/sources/modifiers/EdgeGraticuleModifier.swift (in target 'PreviewUtilities' from project 'PreviewUtilities')
cd /Users/admin/builder/spi-builder-workspace/.swiftpm/xcode
builtin-SwiftPerFileCompile EdgeGraticuleModifier.swift
SwiftCompile normal arm64 /Users/admin/builder/spi-builder-workspace/.dependencies/checkouts/preview-utilities/sources/modifiers/FloatingCaptionModifier.swift (in target 'PreviewUtilities' from project 'PreviewUtilities')
cd /Users/admin/builder/spi-builder-workspace/.swiftpm/xcode
builtin-SwiftPerFileCompile FloatingCaptionModifier.swift
SwiftCompile normal arm64 /Users/admin/builder/spi-builder-workspace/.dependencies/checkouts/preview-utilities/sources/modifiers/MinimumSafeAreaPaddingModifier.swift (in target 'PreviewUtilities' from project 'PreviewUtilities')
cd /Users/admin/builder/spi-builder-workspace/.swiftpm/xcode
builtin-SwiftPerFileCompile MinimumSafeAreaPaddingModifier.swift
SwiftCompile normal arm64 /Users/admin/builder/spi-builder-workspace/.dependencies/checkouts/preview-utilities/sources/modifiers/StackAboveBelowModifier.swift (in target 'PreviewUtilities' from project 'PreviewUtilities')
cd /Users/admin/builder/spi-builder-workspace/.swiftpm/xcode
builtin-SwiftPerFileCompile StackAboveBelowModifier.swift
SwiftCompile normal arm64 /Users/admin/builder/spi-builder-workspace/.dependencies/checkouts/preview-utilities/sources/modifiers/for-previews/HeaderFooterPreviewModifier.swift (in target 'PreviewUtilities' from project 'PreviewUtilities')
cd /Users/admin/builder/spi-builder-workspace/.swiftpm/xcode
builtin-SwiftPerFileCompile HeaderFooterPreviewModifier.swift
SwiftDriverJobDiscovery normal arm64 Compiling OptionSet+Additions.swift, Path+Additions.swift, ProposedViewSize+Additions.swift, Result+Additions.swift, Sequence+Additions.swift, Strideable+Additions.swift, String+Additions.swift, Text+Additions.swift, URL+Additions.swift, VStack+Additions.swift, FramesExamples.swift, LayoutExample.swift, OverlayAlignmentExamples.swift (in target 'PreviewUtilities' from project 'PreviewUtilities')
SwiftDriver\ Compilation GeometryAdditions normal arm64 com.apple.xcode.tools.swift.compiler (in target 'GeometryAdditions' from project 'GeometryAdditions')
cd /Users/admin/builder/spi-builder-workspace/.swiftpm/xcode
builtin-Swift-Compilation -- /Applications/Xcode-27.0.0.app/Contents/Developer/Toolchains/XcodeDefault.xctoolchain/usr/bin/swiftc -parse-as-library -module-name GeometryAdditions -Onone @/Users/admin/builder/spi-builder-workspace/.derivedData/Build/Intermediates.noindex/GeometryAdditions.build/Debug-xros/GeometryAdditions-t.build/Objects-normal/arm64/GeometryAdditions.SwiftFileList -DSWIFT_PACKAGE -DDEBUG -DSWIFT_MODULE_RESOURCE_BUNDLE_UNAVAILABLE -DXcode -default-isolation nonisolated -enable-upcoming-feature NonisolatedNonsendingByDefault -enable-upcoming-feature InferIsolatedConformances -enable-upcoming-feature InternalImportsByDefault -plugin-path /Applications/Xcode-27.0.0.app/Contents/Developer/Toolchains/XcodeDefault.xctoolchain/usr/lib/swift/host/plugins/testing -enable-experimental-feature DebugDescriptionMacro -sdk /Applications/Xcode-27.0.0.app/Contents/Developer/Platforms/XROS.platform/Developer/SDKs/XROS27.0.sdk -target arm64-apple-xros26.0 -g -module-cache-path /Users/admin/builder/spi-builder-workspace/.derivedData/ModuleCache.noindex -Xfrontend -serialize-debugging-options -profile-coverage-mapping -profile-generate -enable-testing -suppress-warnings -index-store-path /Users/admin/builder/spi-builder-workspace/.derivedData/Index.noindex/DataStore -Xcc -D_LIBCPP_HARDENING_MODE\=_LIBCPP_HARDENING_MODE_DEBUG -swift-version 6 -I /Users/admin/builder/spi-builder-workspace/.derivedData/Build/Products/Debug-xros -Isystem /Applications/Xcode-27.0.0.app/Contents/Developer/Platforms/XROS.platform/Developer/usr/lib -F /Users/admin/builder/spi-builder-workspace/.derivedData/Build/Products/Debug-xros -F /Applications/Xcode-27.0.0.app/Contents/Developer/Platforms/XROS.platform/Developer/Library/Frameworks -F /Applications/Xcode-27.0.0.app/Contents/Developer/Platforms/XROS.platform/Developer/SDKs/XROS27.0.sdk/Developer/Library/Frameworks -c -j10 -enable-batch-mode -incremental -Xcc -ivfsstatcache -Xcc /Users/admin/builder/spi-builder-workspace/.derivedData/SDKStatCaches.noindex/xros27.0-24M361-e829b21a6f8c9b70876ba0858053c04489c3c372b822c72ca60ec5271cbc7f3c.sdkstatcache -output-file-map /Users/admin/builder/spi-builder-workspace/.derivedData/Build/Intermediates.noindex/GeometryAdditions.build/Debug-xros/GeometryAdditions-t.build/Objects-normal/arm64/GeometryAdditions-OutputFileMap.json -save-temps -no-color-diagnostics -explicit-module-build -module-cache-path /Users/admin/builder/spi-builder-workspace/.derivedData/Build/Intermediates.noindex/SwiftExplicitPrecompiledModules -clang-scanner-module-cache-path /Users/admin/builder/spi-builder-workspace/.derivedData/ModuleCache.noindex -sdk-module-cache-path /Users/admin/builder/spi-builder-workspace/.derivedData/SDKExplicitPrecompiledModules -emit-dependencies -emit-module -emit-module-path /Users/admin/builder/spi-builder-workspace/.derivedData/Build/Intermediates.noindex/GeometryAdditions.build/Debug-xros/GeometryAdditions-t.build/Objects-normal/arm64/GeometryAdditions.swiftmodule -serialize-diagnostics -dependency-scan-serialize-diagnostics-path /Users/admin/builder/spi-builder-workspace/.derivedData/Build/Intermediates.noindex/GeometryAdditions.build/Debug-xros/GeometryAdditions-t.build/Objects-normal/arm64/GeometryAdditions-dependency-scan.dia -user-module-version 0.6.1 -validate-clang-modules-once -clang-build-session-file /Users/admin/builder/spi-builder-workspace/.derivedData/ModuleCache.noindex/Session.modulevalidation -Xcc -fmodules-prune-interval\=86400 -Xcc -fmodules-prune-after\=345600 -package-name geometry_additions -emit-const-values -const-gather-protocols-list /Users/admin/builder/spi-builder-workspace/.derivedData/Build/Intermediates.noindex/GeometryAdditions.build/Debug-xros/GeometryAdditions-t.build/Objects-normal/arm64/GeometryAdditions_const_extract_protocols.json -Xcc -I/Users/admin/builder/spi-builder-workspace/.derivedData/Build/Products/Debug-xros/include -Xcc -I/Users/admin/builder/spi-builder-workspace/.derivedData/Build/Intermediates.noindex/GeometryAdditions.build/Debug-xros/GeometryAdditions-t.build/DerivedSources-normal/arm64 -Xcc -I/Users/admin/builder/spi-builder-workspace/.derivedData/Build/Intermediates.noindex/GeometryAdditions.build/Debug-xros/GeometryAdditions-t.build/DerivedSources/arm64 -Xcc -I/Users/admin/builder/spi-builder-workspace/.derivedData/Build/Intermediates.noindex/GeometryAdditions.build/Debug-xros/GeometryAdditions-t.build/DerivedSources -Xcc -DSWIFT_PACKAGE -Xcc -DDEBUG\=1 -emit-objc-header -emit-objc-header-path /Users/admin/builder/spi-builder-workspace/.derivedData/Build/Intermediates.noindex/GeometryAdditions.build/Debug-xros/GeometryAdditions-t.build/Objects-normal/arm64/GeometryAdditions-Swift.h -working-directory /Users/admin/builder/spi-builder-workspace/.swiftpm/xcode -experimental-emit-module-separately -disable-cmo
SwiftDriverJobDiscovery normal arm64 Compiling resource_bundle_accessor.swift, Alignment+Additions.swift, Angle+Additions.swift, Axis+Additions.swift, BidirectionalCollection+Additions.swift, BinaryFloatingPoint+Additions.swift, BinaryInteger+Additions.swift, Binding+Additions.swift, Boolean+Additions.swift, Button+Additions.swift, Collection+Additions.swift, ColorScheme+Additions.swift, Comparable+Additions.swift, DefaultStringInterpolation+Additions.swift (in target 'PreviewUtilities' from project 'PreviewUtilities')
Ld /Users/admin/builder/spi-builder-workspace/.derivedData/Build/Products/Debug-xros/GeometryAdditions.o normal (in target 'GeometryAdditions' from project 'GeometryAdditions')
cd /Users/admin/builder/spi-builder-workspace/.dependencies/checkouts/geometry-additions
/Applications/Xcode-27.0.0.app/Contents/Developer/Toolchains/XcodeDefault.xctoolchain/usr/bin/clang -Xlinker -reproducible -target arm64-apple-xros26.0 -r -isysroot /Applications/Xcode-27.0.0.app/Contents/Developer/Platforms/XROS.platform/Developer/SDKs/XROS27.0.sdk -O0 -w -Xlinker -no_warn_duplicate_libraries -F/Users/admin/builder/spi-builder-workspace/.derivedData/Build/Intermediates.noindex/EagerLinkingTBDs/Debug-xros -F/Users/admin/builder/spi-builder-workspace/.derivedData/Build/Products/Debug-xros -iframework /Applications/Xcode-27.0.0.app/Contents/Developer/Platforms/XROS.platform/Developer/Library/Frameworks -iframework /Applications/Xcode-27.0.0.app/Contents/Developer/Platforms/XROS.platform/Developer/SDKs/XROS27.0.sdk/Developer/Library/Frameworks -filelist /Users/admin/builder/spi-builder-workspace/.derivedData/Build/Intermediates.noindex/GeometryAdditions.build/Debug-xros/GeometryAdditions-t.build/Objects-normal/arm64/GeometryAdditions.LinkFileList -nostdlib -Xlinker -object_path_lto -Xlinker /Users/admin/builder/spi-builder-workspace/.derivedData/Build/Intermediates.noindex/GeometryAdditions.build/Debug-xros/GeometryAdditions-t.build/Objects-normal/arm64/GeometryAdditions_lto.o -Xlinker -no_deduplicate -Xlinker -debug_variant -Xlinker -dependency_info -Xlinker /Users/admin/builder/spi-builder-workspace/.derivedData/Build/Intermediates.noindex/GeometryAdditions.build/Debug-xros/GeometryAdditions-t.build/Objects-normal/arm64/GeometryAdditions_dependency_info.dat -fobjc-link-runtime -L/Applications/Xcode-27.0.0.app/Contents/Developer/Toolchains/XcodeDefault.xctoolchain/usr/lib/swift/xros -L/usr/lib/swift -Xlinker -add_ast_path -Xlinker /Users/admin/builder/spi-builder-workspace/.derivedData/Build/Intermediates.noindex/GeometryAdditions.build/Debug-xros/GeometryAdditions-t.build/Objects-normal/arm64/GeometryAdditions.swiftmodule -o /Users/admin/builder/spi-builder-workspace/.derivedData/Build/Products/Debug-xros/GeometryAdditions.o
ExtractAppIntentsMetadata (in target 'GeometryAdditions' from project 'GeometryAdditions')
cd /Users/admin/builder/spi-builder-workspace/.dependencies/checkouts/geometry-additions
/Applications/Xcode-27.0.0.app/Contents/Developer/Toolchains/XcodeDefault.xctoolchain/usr/bin/appintentsmetadataprocessor --toolchain-dir /var/run/com.apple.security.cryptexd/mnt/com.apple.MobileAsset.MetalToolchain-v27.1.266.1.CBla3k/Metal.xctoolchain --module-name GeometryAdditions --sdk-root /Applications/Xcode-27.0.0.app/Contents/Developer/Platforms/XROS.platform/Developer/SDKs/XROS27.0.sdk --xcode-version 27A266a --platform-family xrOS --deployment-target 26.0 --bundle-identifier geometry-additions.GeometryAdditions --output /Users/admin/builder/spi-builder-workspace/.derivedData/Build/Products/Debug-xros/GeometryAdditions.appintents --target-triple arm64-apple-xros26.0 --binary-file /Users/admin/builder/spi-builder-workspace/.derivedData/Build/Products/Debug-xros/GeometryAdditions.o --dependency-file /Users/admin/builder/spi-builder-workspace/.derivedData/Build/Intermediates.noindex/GeometryAdditions.build/Debug-xros/GeometryAdditions-t.build/Objects-normal/arm64/GeometryAdditions_dependency_info.dat --stringsdata-file /Users/admin/builder/spi-builder-workspace/.derivedData/Build/Intermediates.noindex/GeometryAdditions.build/Debug-xros/GeometryAdditions-t.build/Objects-normal/arm64/ExtractedAppShortcutsMetadata.stringsdata --source-file-list /Users/admin/builder/spi-builder-workspace/.derivedData/Build/Intermediates.noindex/GeometryAdditions.build/Debug-xros/GeometryAdditions-t.build/Objects-normal/arm64/GeometryAdditions.SwiftFileList --metadata-file-list /Users/admin/builder/spi-builder-workspace/.derivedData/Build/Intermediates.noindex/GeometryAdditions.build/Debug-xros/GeometryAdditions-t.build/GeometryAdditions.DependencyMetadataFileList --static-metadata-file-list /Users/admin/builder/spi-builder-workspace/.derivedData/Build/Intermediates.noindex/GeometryAdditions.build/Debug-xros/GeometryAdditions-t.build/GeometryAdditions.DependencyStaticMetadataFileList --swift-const-vals-list /Users/admin/builder/spi-builder-workspace/.derivedData/Build/Intermediates.noindex/GeometryAdditions.build/Debug-xros/GeometryAdditions-t.build/Objects-normal/arm64/GeometryAdditions.SwiftConstValuesFileList --force --compile-time-extraction --deployment-aware-processing --no-app-shortcuts-localization
2026-10-12 14:50:38.194 appintentsmetadataprocessor[1305:7807] Starting appintentsmetadataprocessor export
2026-10-12 14:50:38.340 appintentsmetadataprocessor[1305:7807] Extracted no relevant App Intents symbols, skipping writing output
SwiftDriverJobDiscovery normal arm64 Emitting module for PreviewUtilities (in target 'PreviewUtilities' from project 'PreviewUtilities')
SwiftDriver\ Compilation\ Requirements PreviewUtilities normal arm64 com.apple.xcode.tools.swift.compiler (in target 'PreviewUtilities' from project 'PreviewUtilities')
cd /Users/admin/builder/spi-builder-workspace/.swiftpm/xcode
builtin-Swift-Compilation-Requirements -- /Applications/Xcode-27.0.0.app/Contents/Developer/Toolchains/XcodeDefault.xctoolchain/usr/bin/swiftc -parse-as-library -module-name PreviewUtilities -Onone @/Users/admin/builder/spi-builder-workspace/.derivedData/Build/Intermediates.noindex/PreviewUtilities.build/Debug-xros/PreviewUtilities-t.build/Objects-normal/arm64/PreviewUtilities.SwiftFileList -DSWIFT_PACKAGE -DDEBUG -DSWIFT_MODULE_RESOURCE_BUNDLE_AVAILABLE -DXcode -default-isolation MainActor -enable-upcoming-feature NonisolatedNonsendingByDefault -enable-upcoming-feature InferIsolatedConformances -enable-upcoming-feature InternalImportsByDefault -plugin-path /Applications/Xcode-27.0.0.app/Contents/Developer/Toolchains/XcodeDefault.xctoolchain/usr/lib/swift/host/plugins/testing -enable-experimental-feature DebugDescriptionMacro -sdk /Applications/Xcode-27.0.0.app/Contents/Developer/Platforms/XROS.platform/Developer/SDKs/XROS27.0.sdk -target arm64-apple-xros26.0 -g -module-cache-path /Users/admin/builder/spi-builder-workspace/.derivedData/ModuleCache.noindex -Xfrontend -serialize-debugging-options -profile-coverage-mapping -profile-generate -enable-testing -suppress-warnings -index-store-path /Users/admin/builder/spi-builder-workspace/.derivedData/Index.noindex/DataStore -Xcc -D_LIBCPP_HARDENING_MODE\=_LIBCPP_HARDENING_MODE_DEBUG -swift-version 6 -I /Users/admin/builder/spi-builder-workspace/.derivedData/Build/Products/Debug-xros -Isystem /Applications/Xcode-27.0.0.app/Contents/Developer/Platforms/XROS.platform/Developer/usr/lib -F /Users/admin/builder/spi-builder-workspace/.derivedData/Build/Products/Debug-xros/PackageFrameworks -F /Users/admin/builder/spi-builder-workspace/.derivedData/Build/Products/Debug-xros -F /Applications/Xcode-27.0.0.app/Contents/Developer/Platforms/XROS.platform/Developer/Library/Frameworks -F /Applications/Xcode-27.0.0.app/Contents/Developer/Platforms/XROS.platform/Developer/SDKs/XROS27.0.sdk/Developer/Library/Frameworks -c -j10 -enable-batch-mode -incremental -Xcc -ivfsstatcache -Xcc /Users/admin/builder/spi-builder-workspace/.derivedData/SDKStatCaches.noindex/xros27.0-24M361-e829b21a6f8c9b70876ba0858053c04489c3c372b822c72ca60ec5271cbc7f3c.sdkstatcache -output-file-map /Users/admin/builder/spi-builder-workspace/.derivedData/Build/Intermediates.noindex/PreviewUtilities.build/Debug-xros/PreviewUtilities-t.build/Objects-normal/arm64/PreviewUtilities-OutputFileMap.json -save-temps -no-color-diagnostics -explicit-module-build -module-cache-path /Users/admin/builder/spi-builder-workspace/.derivedData/Build/Intermediates.noindex/SwiftExplicitPrecompiledModules -clang-scanner-module-cache-path /Users/admin/builder/spi-builder-workspace/.derivedData/ModuleCache.noindex -sdk-module-cache-path /Users/admin/builder/spi-builder-workspace/.derivedData/SDKExplicitPrecompiledModules -emit-dependencies -emit-module -emit-module-path /Users/admin/builder/spi-builder-workspace/.derivedData/Build/Intermediates.noindex/PreviewUtilities.build/Debug-xros/PreviewUtilities-t.build/Objects-normal/arm64/PreviewUtilities.swiftmodule -serialize-diagnostics -dependency-scan-serialize-diagnostics-path /Users/admin/builder/spi-builder-workspace/.derivedData/Build/Intermediates.noindex/PreviewUtilities.build/Debug-xros/PreviewUtilities-t.build/Objects-normal/arm64/PreviewUtilities-dependency-scan.dia -user-module-version 0.4.2 -validate-clang-modules-once -clang-build-session-file /Users/admin/builder/spi-builder-workspace/.derivedData/ModuleCache.noindex/Session.modulevalidation -Xcc -fmodules-prune-interval\=86400 -Xcc -fmodules-prune-after\=345600 -package-name preview_utilities -emit-const-values -const-gather-protocols-list /Users/admin/builder/spi-builder-workspace/.derivedData/Build/Intermediates.noindex/PreviewUtilities.build/Debug-xros/PreviewUtilities-t.build/Objects-normal/arm64/PreviewUtilities_const_extract_protocols.json -Xcc -I/Users/admin/builder/spi-builder-workspace/.derivedData/Build/Products/Debug-xros/include -Xcc -I/Users/admin/builder/spi-builder-workspace/.derivedData/Build/Intermediates.noindex/PreviewUtilities.build/Debug-xros/PreviewUtilities-t.build/DerivedSources-normal/arm64 -Xcc -I/Users/admin/builder/spi-builder-workspace/.derivedData/Build/Intermediates.noindex/PreviewUtilities.build/Debug-xros/PreviewUtilities-t.build/DerivedSources/arm64 -Xcc -I/Users/admin/builder/spi-builder-workspace/.derivedData/Build/Intermediates.noindex/PreviewUtilities.build/Debug-xros/PreviewUtilities-t.build/DerivedSources -Xcc -DSWIFT_PACKAGE -Xcc -DDEBUG\=1 -emit-objc-header -emit-objc-header-path /Users/admin/builder/spi-builder-workspace/.derivedData/Build/Intermediates.noindex/PreviewUtilities.build/Debug-xros/PreviewUtilities-t.build/Objects-normal/arm64/PreviewUtilities-Swift.h -working-directory /Users/admin/builder/spi-builder-workspace/.swiftpm/xcode -experimental-emit-module-separately -disable-cmo
SwiftMergeGeneratedHeaders /Users/admin/builder/spi-builder-workspace/.derivedData/Build/Intermediates.noindex/GeneratedModuleMaps-xros/PreviewUtilities-Swift.h /Users/admin/builder/spi-builder-workspace/.derivedData/Build/Intermediates.noindex/PreviewUtilities.build/Debug-xros/PreviewUtilities-t.build/Objects-normal/arm64/PreviewUtilities-Swift.h (in target 'PreviewUtilities' from project 'PreviewUtilities')
cd /Users/admin/builder/spi-builder-workspace/.dependencies/checkouts/preview-utilities
builtin-swiftHeaderTool -arch arm64 /Users/admin/builder/spi-builder-workspace/.derivedData/Build/Intermediates.noindex/PreviewUtilities.build/Debug-xros/PreviewUtilities-t.build/Objects-normal/arm64/PreviewUtilities-Swift.h -o /Users/admin/builder/spi-builder-workspace/.derivedData/Build/Intermediates.noindex/GeneratedModuleMaps-xros/PreviewUtilities-Swift.h
Copy /Users/admin/builder/spi-builder-workspace/.derivedData/Build/Products/Debug-xros/PreviewUtilities.swiftmodule/arm64-apple-xros.swiftmodule /Users/admin/builder/spi-builder-workspace/.derivedData/Build/Intermediates.noindex/PreviewUtilities.build/Debug-xros/PreviewUtilities-t.build/Objects-normal/arm64/PreviewUtilities.swiftmodule (in target 'PreviewUtilities' from project 'PreviewUtilities')
cd /Users/admin/builder/spi-builder-workspace/.dependencies/checkouts/preview-utilities
builtin-copy -exclude .DS_Store -exclude CVS -exclude .svn -exclude .git -exclude .hg -resolve-src-symlinks -rename /Users/admin/builder/spi-builder-workspace/.derivedData/Build/Intermediates.noindex/PreviewUtilities.build/Debug-xros/PreviewUtilities-t.build/Objects-normal/arm64/PreviewUtilities.swiftmodule /Users/admin/builder/spi-builder-workspace/.derivedData/Build/Products/Debug-xros/PreviewUtilities.swiftmodule/arm64-apple-xros.swiftmodule
Copy /Users/admin/builder/spi-builder-workspace/.derivedData/Build/Products/Debug-xros/PreviewUtilities.swiftmodule/arm64-apple-xros.swiftdoc /Users/admin/builder/spi-builder-workspace/.derivedData/Build/Intermediates.noindex/PreviewUtilities.build/Debug-xros/PreviewUtilities-t.build/Objects-normal/arm64/PreviewUtilities.swiftdoc (in target 'PreviewUtilities' from project 'PreviewUtilities')
cd /Users/admin/builder/spi-builder-workspace/.dependencies/checkouts/preview-utilities
builtin-copy -exclude .DS_Store -exclude CVS -exclude .svn -exclude .git -exclude .hg -resolve-src-symlinks -rename /Users/admin/builder/spi-builder-workspace/.derivedData/Build/Intermediates.noindex/PreviewUtilities.build/Debug-xros/PreviewUtilities-t.build/Objects-normal/arm64/PreviewUtilities.swiftdoc /Users/admin/builder/spi-builder-workspace/.derivedData/Build/Products/Debug-xros/PreviewUtilities.swiftmodule/arm64-apple-xros.swiftdoc
Copy /Users/admin/builder/spi-builder-workspace/.derivedData/Build/Products/Debug-xros/PreviewUtilities.swiftmodule/arm64-apple-xros.abi.json /Users/admin/builder/spi-builder-workspace/.derivedData/Build/Intermediates.noindex/PreviewUtilities.build/Debug-xros/PreviewUtilities-t.build/Objects-normal/arm64/PreviewUtilities.abi.json (in target 'PreviewUtilities' from project 'PreviewUtilities')
cd /Users/admin/builder/spi-builder-workspace/.dependencies/checkouts/preview-utilities
builtin-copy -exclude .DS_Store -exclude CVS -exclude .svn -exclude .git -exclude .hg -resolve-src-symlinks -rename /Users/admin/builder/spi-builder-workspace/.derivedData/Build/Intermediates.noindex/PreviewUtilities.build/Debug-xros/PreviewUtilities-t.build/Objects-normal/arm64/PreviewUtilities.abi.json /Users/admin/builder/spi-builder-workspace/.derivedData/Build/Products/Debug-xros/PreviewUtilities.swiftmodule/arm64-apple-xros.abi.json
Copy /Users/admin/builder/spi-builder-workspace/.derivedData/Build/Products/Debug-xros/PreviewUtilities.swiftmodule/Project/arm64-apple-xros.swiftsourceinfo /Users/admin/builder/spi-builder-workspace/.derivedData/Build/Intermediates.noindex/PreviewUtilities.build/Debug-xros/PreviewUtilities-t.build/Objects-normal/arm64/PreviewUtilities.swiftsourceinfo (in target 'PreviewUtilities' from project 'PreviewUtilities')
cd /Users/admin/builder/spi-builder-workspace/.dependencies/checkouts/preview-utilities
builtin-copy -exclude .DS_Store -exclude CVS -exclude .svn -exclude .git -exclude .hg -resolve-src-symlinks -rename /Users/admin/builder/spi-builder-workspace/.derivedData/Build/Intermediates.noindex/PreviewUtilities.build/Debug-xros/PreviewUtilities-t.build/Objects-normal/arm64/PreviewUtilities.swiftsourceinfo /Users/admin/builder/spi-builder-workspace/.derivedData/Build/Products/Debug-xros/PreviewUtilities.swiftmodule/Project/arm64-apple-xros.swiftsourceinfo
SwiftDriver DiscreteStepCarousel normal arm64 com.apple.xcode.tools.swift.compiler (in target 'DiscreteStepCarousel' from project 'DiscreteStepCarousel')
cd /Users/admin/builder/spi-builder-workspace/.swiftpm/xcode
builtin-SwiftDriver -- /Applications/Xcode-27.0.0.app/Contents/Developer/Toolchains/XcodeDefault.xctoolchain/usr/bin/swiftc -parse-as-library -module-name DiscreteStepCarousel -Onone @/Users/admin/builder/spi-builder-workspace/.derivedData/Build/Intermediates.noindex/DiscreteStepCarousel.build/Debug-xros/DiscreteStepCarousel-t.build/Objects-normal/arm64/DiscreteStepCarousel.SwiftFileList -DSWIFT_PACKAGE -DDEBUG -DSWIFT_MODULE_RESOURCE_BUNDLE_UNAVAILABLE -DXcode -default-isolation MainActor -enable-upcoming-feature NonisolatedNonsendingByDefault -enable-upcoming-feature InferIsolatedConformances -enable-upcoming-feature InternalImportsByDefault -plugin-path /Applications/Xcode-27.0.0.app/Contents/Developer/Toolchains/XcodeDefault.xctoolchain/usr/lib/swift/host/plugins/testing -enable-experimental-feature DebugDescriptionMacro -sdk /Applications/Xcode-27.0.0.app/Contents/Developer/Platforms/XROS.platform/Developer/SDKs/XROS27.0.sdk -target arm64-apple-xros26.0 -g -module-cache-path /Users/admin/builder/spi-builder-workspace/.derivedData/ModuleCache.noindex -Xfrontend -serialize-debugging-options -profile-coverage-mapping -profile-generate -enable-testing -index-store-path /Users/admin/builder/spi-builder-workspace/.derivedData/Index.noindex/DataStore -Xcc -D_LIBCPP_HARDENING_MODE\=_LIBCPP_HARDENING_MODE_DEBUG -swift-version 6 -I /Users/admin/builder/spi-builder-workspace/.derivedData/Build/Products/Debug-xros -Isystem /Applications/Xcode-27.0.0.app/Contents/Developer/Platforms/XROS.platform/Developer/usr/lib -F /Users/admin/builder/spi-builder-workspace/.derivedData/Build/Products/Debug-xros/PackageFrameworks -F /Users/admin/builder/spi-builder-workspace/.derivedData/Build/Products/Debug-xros -F /Applications/Xcode-27.0.0.app/Contents/Developer/Platforms/XROS.platform/Developer/Library/Frameworks -F /Applications/Xcode-27.0.0.app/Contents/Developer/Platforms/XROS.platform/Developer/SDKs/XROS27.0.sdk/Developer/Library/Frameworks -c -j10 -enable-batch-mode -incremental -Xcc -ivfsstatcache -Xcc /Users/admin/builder/spi-builder-workspace/.derivedData/SDKStatCaches.noindex/xros27.0-24M361-e829b21a6f8c9b70876ba0858053c04489c3c372b822c72ca60ec5271cbc7f3c.sdkstatcache -output-file-map /Users/admin/builder/spi-builder-workspace/.derivedData/Build/Intermediates.noindex/DiscreteStepCarousel.build/Debug-xros/DiscreteStepCarousel-t.build/Objects-normal/arm64/DiscreteStepCarousel-OutputFileMap.json -save-temps -no-color-diagnostics -explicit-module-build -module-cache-path /Users/admin/builder/spi-builder-workspace/.derivedData/Build/Intermediates.noindex/SwiftExplicitPrecompiledModules -clang-scanner-module-cache-path /Users/admin/builder/spi-builder-workspace/.derivedData/ModuleCache.noindex -sdk-module-cache-path /Users/admin/builder/spi-builder-workspace/.derivedData/SDKExplicitPrecompiledModules -emit-dependencies -emit-module -emit-module-path /Users/admin/builder/spi-builder-workspace/.derivedData/Build/Intermediates.noindex/DiscreteStepCarousel.build/Debug-xros/DiscreteStepCarousel-t.build/Objects-normal/arm64/DiscreteStepCarousel.swiftmodule -serialize-diagnostics -dependency-scan-serialize-diagnostics-path /Users/admin/builder/spi-builder-workspace/.derivedData/Build/Intermediates.noindex/DiscreteStepCarousel.build/Debug-xros/DiscreteStepCarousel-t.build/Objects-normal/arm64/DiscreteStepCarousel-dependency-scan.dia -validate-clang-modules-once -clang-build-session-file /Users/admin/builder/spi-builder-workspace/.derivedData/ModuleCache.noindex/Session.modulevalidation -Xcc -fmodules-prune-interval\=86400 -Xcc -fmodules-prune-after\=345600 -package-name spi_builder_workspace -emit-const-values -const-gather-protocols-list /Users/admin/builder/spi-builder-workspace/.derivedData/Build/Intermediates.noindex/DiscreteStepCarousel.build/Debug-xros/DiscreteStepCarousel-t.build/Objects-normal/arm64/DiscreteStepCarousel_const_extract_protocols.json -Xcc -I/Users/admin/builder/spi-builder-workspace/.derivedData/Build/Products/Debug-xros/include -Xcc -I/Users/admin/builder/spi-builder-workspace/.derivedData/Build/Intermediates.noindex/DiscreteStepCarousel.build/Debug-xros/DiscreteStepCarousel-t.build/DerivedSources-normal/arm64 -Xcc -I/Users/admin/builder/spi-builder-workspace/.derivedData/Build/Intermediates.noindex/DiscreteStepCarousel.build/Debug-xros/DiscreteStepCarousel-t.build/DerivedSources/arm64 -Xcc -I/Users/admin/builder/spi-builder-workspace/.derivedData/Build/Intermediates.noindex/DiscreteStepCarousel.build/Debug-xros/DiscreteStepCarousel-t.build/DerivedSources -Xcc -DSWIFT_PACKAGE -Xcc -DDEBUG\=1 -emit-objc-header -emit-objc-header-path /Users/admin/builder/spi-builder-workspace/.derivedData/Build/Intermediates.noindex/DiscreteStepCarousel.build/Debug-xros/DiscreteStepCarousel-t.build/Objects-normal/arm64/DiscreteStepCarousel-Swift.h -working-directory /Users/admin/builder/spi-builder-workspace/.swiftpm/xcode -experimental-emit-module-separately -disable-cmo
SwiftDriverJobDiscovery normal arm64 Compiling Defaults.swift, DisplayProperty.swift, EdgeValues.swift, FloatingAlignment.swift, HighlightTextRenderer.swift, IdentifiableCase.swift, IdentifiableShift.swift, IndexedCollection.swift, ModuleCatalogResource.swift, OptionSetTrait.swift, PreviewContentTemplate.swift, PrintOnce.swift, SelfIdentifiable.swift (in target 'PreviewUtilities' from project 'PreviewUtilities')
SwiftDriverJobDiscovery normal arm64 Compiling CGRect+Geometry.swift, Pathable.swift, Segment.swift, Caliper.swift, CardIllustrations.swift, DebugOverlayModifier+Illustrations.swift, DocumentationIllustration.swift, EdgeGraticuleModifier+Illustrations.swift, FloatingAlignment+Illustrations.swift, IllustrationRenderer.swift, IllustrationStorage.swift, ConfigurationTrait&Modifier.swift, DebugTextRenderer.swift (in target 'PreviewUtilities' from project 'PreviewUtilities')
SwiftDriverJobDiscovery normal arm64 Compiling OverlayVsZStackExample.swift, CapitalizeFormatStyle.swift, CompositeFormatStyle.swift, FirstCharacterFormatStyle.swift, FirstWordFormatStyle.swift, FormatStyleExamples.swift, FormatStyleFormattable.swift, IdentityFormatStyle.swift, LastWordFormatStyle.swift, PropertyFormatStyle.swift, RawValueFormatStyle.swift, StringDescriptionFormatStyle.swift, CGPoint+Geometry.swift (in target 'PreviewUtilities' from project 'PreviewUtilities')
SwiftCompile normal arm64 Compiling\ Previews.swift /Users/admin/builder/spi-builder-workspace/sources/Previews.swift (in target 'DiscreteStepCarousel' from project 'DiscreteStepCarousel')
SwiftCompile normal arm64 /Users/admin/builder/spi-builder-workspace/sources/Previews.swift (in target 'DiscreteStepCarousel' from project 'DiscreteStepCarousel')
cd /Users/admin/builder/spi-builder-workspace/.swiftpm/xcode
builtin-SwiftPerFileCompile Previews.swift
SwiftCompile normal arm64 Compiling\ StepCarouselPosition.swift /Users/admin/builder/spi-builder-workspace/sources/StepCarouselPosition.swift (in target 'DiscreteStepCarousel' from project 'DiscreteStepCarousel')
SwiftCompile normal arm64 /Users/admin/builder/spi-builder-workspace/sources/StepCarouselPosition.swift (in target 'DiscreteStepCarousel' from project 'DiscreteStepCarousel')
cd /Users/admin/builder/spi-builder-workspace/.swiftpm/xcode
builtin-SwiftPerFileCompile StepCarouselPosition.swift
SwiftCompile normal arm64 Compiling\ PrototypeSlider.swift /Users/admin/builder/spi-builder-workspace/sources/examples/PrototypeSlider.swift (in target 'DiscreteStepCarousel' from project 'DiscreteStepCarousel')
SwiftCompile normal arm64 /Users/admin/builder/spi-builder-workspace/sources/examples/PrototypeSlider.swift (in target 'DiscreteStepCarousel' from project 'DiscreteStepCarousel')
cd /Users/admin/builder/spi-builder-workspace/.swiftpm/xcode
builtin-SwiftPerFileCompile PrototypeSlider.swift
SwiftCompile normal arm64 Compiling\ FormatStyle+Additions.swift /Users/admin/builder/spi-builder-workspace/sources/additions/FormatStyle+Additions.swift (in target 'DiscreteStepCarousel' from project 'DiscreteStepCarousel')
SwiftCompile normal arm64 /Users/admin/builder/spi-builder-workspace/sources/additions/FormatStyle+Additions.swift (in target 'DiscreteStepCarousel' from project 'DiscreteStepCarousel')
cd /Users/admin/builder/spi-builder-workspace/.swiftpm/xcode
builtin-SwiftPerFileCompile FormatStyle+Additions.swift
SwiftEmitModule normal arm64 Emitting\ module\ for\ DiscreteStepCarousel (in target 'DiscreteStepCarousel' from project 'DiscreteStepCarousel')
SwiftCompile normal arm64 (in target 'DiscreteStepCarousel' from project 'DiscreteStepCarousel')
cd /Users/admin/builder/spi-builder-workspace/.swiftpm/xcode
SwiftCompile normal arm64 Compiling\ ScrollView+Examples.swift /Users/admin/builder/spi-builder-workspace/sources/examples/ScrollView+Examples.swift (in target 'DiscreteStepCarousel' from project 'DiscreteStepCarousel')
SwiftCompile normal arm64 /Users/admin/builder/spi-builder-workspace/sources/examples/ScrollView+Examples.swift (in target 'DiscreteStepCarousel' from project 'DiscreteStepCarousel')
cd /Users/admin/builder/spi-builder-workspace/.swiftpm/xcode
builtin-SwiftPerFileCompile ScrollView+Examples.swift
SwiftDriverJobDiscovery normal arm64 Compiling FormatStyle+Additions.swift (in target 'DiscreteStepCarousel' from project 'DiscreteStepCarousel')
PruneExplicitPrecompiledModules /Users/admin/builder/spi-builder-workspace/.derivedData/Build/Intermediates.noindex/SwiftExplicitPrecompiledModules
PruneExplicitPrecompiledModules /Users/admin/builder/spi-builder-workspace/.derivedData/Build/Intermediates.noindex/ExplicitPrecompiledModules
PruneExplicitPrecompiledModules /Users/admin/builder/spi-builder-workspace/.derivedData/SDKExplicitPrecompiledModules
2026-10-12 14:50:06.782 xcodebuild[1038:6322] [MT] IDERunDestination: Supported platforms for the buildables in the current scheme is empty.
2026-10-12 14:50:06.893 xcodebuild[1038:6322] [MT] IDERunDestination: Supported platforms for the buildables in the current scheme is empty.
** BUILD FAILED **
The following build commands failed:
SwiftCompile normal arm64 /Users/admin/builder/spi-builder-workspace/.dependencies/checkouts/preview-utilities/sources/views/SheetPreview.swift (in target 'PreviewUtilities' from project 'PreviewUtilities')
SwiftCompile normal arm64 Compiling\ HistoricValue.swift,\ PrettyMesh.swift,\ PreviewCaption.swift,\ PreviewFooter.swift,\ PreviewHeader.swift,\ SafeAreaPad.swift,\ SheetPreview.swift,\ StarShape.swift,\ TaskView.swift,\ TransposeLayout.swift,\ VerticalText.swift,\ VisibleSpacer.swift,\ GeneratedAssetSymbols.swift /Users/admin/builder/spi-builder-workspace/.dependencies/checkouts/preview-utilities/sources/views/HistoricValue.swift /Users/admin/builder/spi-builder-workspace/.dependencies/checkouts/preview-utilities/sources/views/PrettyMesh.swift /Users/admin/builder/spi-builder-workspace/.dependencies/checkouts/preview-utilities/sources/views/PreviewCaption.swift /Users/admin/builder/spi-builder-workspace/.dependencies/checkouts/preview-utilities/sources/views/PreviewFooter.swift /Users/admin/builder/spi-builder-workspace/.dependencies/checkouts/preview-utilities/sources/views/PreviewHeader.swift /Users/admin/builder/spi-builder-workspace/.dependencies/checkouts/preview-utilities/sources/views/SafeAreaPad.swift /Users/admin/builder/spi-builder-workspace/.dependencies/checkouts/preview-utilities/sources/views/SheetPreview.swift /Users/admin/builder/spi-builder-workspace/.dependencies/checkouts/preview-utilities/sources/views/StarShape.swift /Users/admin/builder/spi-builder-workspace/.dependencies/checkouts/preview-utilities/sources/views/TaskView.swift /Users/admin/builder/spi-builder-workspace/.dependencies/checkouts/preview-utilities/sources/views/TransposeLayout.swift /Users/admin/builder/spi-builder-workspace/.dependencies/checkouts/preview-utilities/sources/views/VerticalText.swift /Users/admin/builder/spi-builder-workspace/.dependencies/checkouts/preview-utilities/sources/views/VisibleSpacer.swift /Users/admin/builder/spi-builder-workspace/.derivedData/Build/Intermediates.noindex/PreviewUtilities.build/Debug-xros/PreviewUtilities-t.build/DerivedSources/GeneratedAssetSymbols.swift (in target 'PreviewUtilities' from project 'PreviewUtilities')
Building workspace DiscreteStepCarousel with scheme DiscreteStepCarousel
(3 failures)
Command line invocation:
/Applications/Xcode-27.0.0.app/Contents/Developer/usr/bin/xcodebuild -IDEClonedSourcePackagesDirPathOverride=/Users/admin/builder/spi-builder-workspace/.dependencies -resolvePackageDependencies
Resolve Package Graph
Resolved source packages:
PreviewUtilities: https://github.com/lopsae/preview-utilities.git @ 0.4.2
SwiftDocCPlugin: https://github.com/swiftlang/swift-docc-plugin @ 1.5.0
DiscreteStepCarousel: /Users/admin/builder/spi-builder-workspace
SymbolKit: https://github.com/swiftlang/swift-docc-symbolkit @ 1.0.0
GeometryAdditions: https://github.com/lopsae/geometry-additions @ 0.6.1
resolved source packages: PreviewUtilities, SwiftDocCPlugin, DiscreteStepCarousel, SymbolKit, GeometryAdditions
2026-10-12 14:50:40.478 xcodebuild[1314:7987] [MT] IDERunDestination: Supported platforms for the buildables in the current scheme is empty.
2026-10-12 14:50:40.585 xcodebuild[1314:7987] [MT] IDERunDestination: Supported platforms for the buildables in the current scheme is empty.
{
"dependencies" : [
{
"identity" : "preview-utilities",
"requirement" : {
"range" : [
{
"lower_bound" : "0.4.2",
"upper_bound" : "1.0.0"
}
]
},
"type" : "sourceControl",
"url" : "https://github.com/lopsae/preview-utilities.git"
},
{
"identity" : "swift-docc-plugin",
"requirement" : {
"range" : [
{
"lower_bound" : "1.1.0",
"upper_bound" : "2.0.0"
}
]
},
"type" : "sourceControl",
"url" : "https://github.com/swiftlang/swift-docc-plugin"
}
],
"manifest_display_name" : "DiscreteStepCarousel",
"name" : "DiscreteStepCarousel",
"path" : "/Users/admin/builder/spi-builder-workspace",
"platforms" : [
{
"name" : "ios",
"version" : "26.0"
},
{
"name" : "macos",
"version" : "26.0"
}
],
"products" : [
{
"name" : "DiscreteStepCarousel",
"targets" : [
"DiscreteStepCarousel"
],
"type" : {
"library" : [
"automatic"
]
}
}
],
"targets" : [
{
"c99name" : "DiscreteStepCarouselTests",
"module_type" : "SwiftTarget",
"name" : "DiscreteStepCarouselTests",
"path" : "unit-tests",
"sources" : [
"StepCarouselPositionTests.swift"
],
"target_dependencies" : [
"DiscreteStepCarousel"
],
"type" : "test"
},
{
"c99name" : "DiscreteStepCarousel",
"module_type" : "SwiftTarget",
"name" : "DiscreteStepCarousel",
"path" : "sources",
"product_dependencies" : [
"PreviewUtilities"
],
"product_memberships" : [
"DiscreteStepCarousel"
],
"sources" : [
"DefaultMark.swift",
"DiscreteStepScrollTargetBehavior.swift",
"Previews.swift",
"StepCarousel.swift",
"StepCarouselPosition.swift",
"additions/FormatStyle+Additions.swift",
"additions/LocalizedStringKey+Additions.swift",
"examples/LazyHStack+ImageGenerator+Example.swift",
"examples/PrototypeSlider.swift",
"examples/ScrollView+Examples.swift"
],
"type" : "library"
}
],
"tools_version" : "6.2"
}
{
"workspace" : {
"name" : "DiscreteStepCarousel",
"schemes" : [
"DiscreteStepCarousel",
"GeometryAdditions",
"PreviewUtilities"
]
}
}
2026-10-12 14:50:48.226 xcodebuild[1372:8371] [MT] IDERunDestination: Supported platforms for the buildables in the current scheme is empty.
2026-10-12 14:50:48.339 xcodebuild[1372:8371] [MT] IDERunDestination: Supported platforms for the buildables in the current scheme is empty.
{
"workspace" : {
"name" : "DiscreteStepCarousel",
"schemes" : [
"DiscreteStepCarousel",
"GeometryAdditions",
"PreviewUtilities"
]
}
}
2026-10-12 14:50:55.668 xcodebuild[1424:8729] [MT] IDERunDestination: Supported platforms for the buildables in the current scheme is empty.
2026-10-12 14:50:55.779 xcodebuild[1424:8729] [MT] IDERunDestination: Supported platforms for the buildables in the current scheme is empty.
Running build ...
env DEVELOPER_DIR=/Applications/Xcode-27.0.0-Release.Candidate.app xcrun xcodebuild -IDEClonedSourcePackagesDirPathOverride=$PWD/.dependencies -skipMacroValidation -skipPackagePluginValidation -derivedDataPath $PWD/.derivedData build -scheme DiscreteStepCarousel -destination generic/platform=xrOS
Command line invocation:
/Applications/Xcode-27.0.0.app/Contents/Developer/usr/bin/xcodebuild -IDEClonedSourcePackagesDirPathOverride=/Users/admin/builder/spi-builder-workspace/.dependencies -skipMacroValidation -skipPackagePluginValidation -derivedDataPath /Users/admin/builder/spi-builder-workspace/.derivedData build -scheme DiscreteStepCarousel -destination generic/platform=xrOS
Resolve Package Graph
Resolved source packages:
PreviewUtilities: https://github.com/lopsae/preview-utilities.git @ 0.4.2
GeometryAdditions: https://github.com/lopsae/geometry-additions @ 0.6.1
SymbolKit: https://github.com/swiftlang/swift-docc-symbolkit @ 1.0.0
SwiftDocCPlugin: https://github.com/swiftlang/swift-docc-plugin @ 1.5.0
DiscreteStepCarousel: /Users/admin/builder/spi-builder-workspace
ComputePackagePrebuildTargetDependencyGraph
Prepare packages
CreateBuildRequest
SendProjectDescription
CreateBuildOperation
ComputeTargetDependencyGraph
note: Building targets in dependency order
note: Target dependency graph (8 targets)
Target 'DiscreteStepCarouselTests-product' in project 'DiscreteStepCarousel'
➜ Explicit dependency on target 'DiscreteStepCarousel' in project 'DiscreteStepCarousel'
➜ Explicit dependency on target 'PreviewUtilities-product' in project 'PreviewUtilities'
Target 'DiscreteStepCarousel-product' in project 'DiscreteStepCarousel'
➜ Explicit dependency on target 'DiscreteStepCarousel' in project 'DiscreteStepCarousel'
➜ Explicit dependency on target 'PreviewUtilities-product' in project 'PreviewUtilities'
Target 'DiscreteStepCarousel' in project 'DiscreteStepCarousel'
➜ Explicit dependency on target 'PreviewUtilities-product' in project 'PreviewUtilities'
Target 'PreviewUtilities-product' in project 'PreviewUtilities'
➜ Explicit dependency on target 'PreviewUtilities' in project 'PreviewUtilities'
➜ Explicit dependency on target 'PreviewUtilities_PreviewUtilities' in project 'PreviewUtilities'
➜ Explicit dependency on target 'GeometryAdditions-product' in project 'GeometryAdditions'
Target 'PreviewUtilities' in project 'PreviewUtilities'
➜ Explicit dependency on target 'PreviewUtilities_PreviewUtilities' in project 'PreviewUtilities'
➜ Explicit dependency on target 'GeometryAdditions-product' in project 'GeometryAdditions'
Target 'GeometryAdditions-product' in project 'GeometryAdditions'
➜ Explicit dependency on target 'GeometryAdditions' in project 'GeometryAdditions'
Target 'GeometryAdditions' in project 'GeometryAdditions' (no dependencies)
Target 'PreviewUtilities_PreviewUtilities' in project 'PreviewUtilities' (no dependencies)
GatherProvisioningInputs
CreateBuildDescription
ClangStatCache /Applications/Xcode-27.0.0.app/Contents/Developer/Toolchains/XcodeDefault.xctoolchain/usr/bin/clang-stat-cache /Applications/Xcode-27.0.0.app/Contents/Developer/Platforms/XROS.platform/Developer/SDKs/XROS27.0.sdk /Users/admin/builder/spi-builder-workspace/.derivedData/SDKStatCaches.noindex/xros27.0-24M361-e829b21a6f8c9b70876ba0858053c04489c3c372b822c72ca60ec5271cbc7f3c.sdkstatcache
cd /Users/admin/builder/spi-builder-workspace/.swiftpm/xcode
/Applications/Xcode-27.0.0.app/Contents/Developer/Toolchains/XcodeDefault.xctoolchain/usr/bin/clang-stat-cache /Applications/Xcode-27.0.0.app/Contents/Developer/Platforms/XROS.platform/Developer/SDKs/XROS27.0.sdk -o /Users/admin/builder/spi-builder-workspace/.derivedData/SDKStatCaches.noindex/xros27.0-24M361-e829b21a6f8c9b70876ba0858053c04489c3c372b822c72ca60ec5271cbc7f3c.sdkstatcache
SwiftDriver PreviewUtilities normal arm64 com.apple.xcode.tools.swift.compiler (in target 'PreviewUtilities' from project 'PreviewUtilities')
cd /Users/admin/builder/spi-builder-workspace/.swiftpm/xcode
builtin-SwiftDriver -- /Applications/Xcode-27.0.0.app/Contents/Developer/Toolchains/XcodeDefault.xctoolchain/usr/bin/swiftc -parse-as-library -module-name PreviewUtilities -Onone @/Users/admin/builder/spi-builder-workspace/.derivedData/Build/Intermediates.noindex/PreviewUtilities.build/Debug-xros/PreviewUtilities-t.build/Objects-normal/arm64/PreviewUtilities.SwiftFileList -DSWIFT_PACKAGE -DDEBUG -DSWIFT_MODULE_RESOURCE_BUNDLE_AVAILABLE -DXcode -default-isolation MainActor -enable-upcoming-feature NonisolatedNonsendingByDefault -enable-upcoming-feature InferIsolatedConformances -enable-upcoming-feature InternalImportsByDefault -plugin-path /Applications/Xcode-27.0.0.app/Contents/Developer/Toolchains/XcodeDefault.xctoolchain/usr/lib/swift/host/plugins/testing -enable-experimental-feature DebugDescriptionMacro -sdk /Applications/Xcode-27.0.0.app/Contents/Developer/Platforms/XROS.platform/Developer/SDKs/XROS27.0.sdk -target arm64-apple-xros26.0 -g -module-cache-path /Users/admin/builder/spi-builder-workspace/.derivedData/ModuleCache.noindex -Xfrontend -serialize-debugging-options -profile-coverage-mapping -profile-generate -enable-testing -suppress-warnings -index-store-path /Users/admin/builder/spi-builder-workspace/.derivedData/Index.noindex/DataStore -Xcc -D_LIBCPP_HARDENING_MODE\=_LIBCPP_HARDENING_MODE_DEBUG -swift-version 6 -I /Users/admin/builder/spi-builder-workspace/.derivedData/Build/Products/Debug-xros -Isystem /Applications/Xcode-27.0.0.app/Contents/Developer/Platforms/XROS.platform/Developer/usr/lib -F /Users/admin/builder/spi-builder-workspace/.derivedData/Build/Products/Debug-xros/PackageFrameworks -F /Users/admin/builder/spi-builder-workspace/.derivedData/Build/Products/Debug-xros -F /Applications/Xcode-27.0.0.app/Contents/Developer/Platforms/XROS.platform/Developer/Library/Frameworks -F /Applications/Xcode-27.0.0.app/Contents/Developer/Platforms/XROS.platform/Developer/SDKs/XROS27.0.sdk/Developer/Library/Frameworks -c -j10 -enable-batch-mode -incremental -Xcc -ivfsstatcache -Xcc /Users/admin/builder/spi-builder-workspace/.derivedData/SDKStatCaches.noindex/xros27.0-24M361-e829b21a6f8c9b70876ba0858053c04489c3c372b822c72ca60ec5271cbc7f3c.sdkstatcache -output-file-map /Users/admin/builder/spi-builder-workspace/.derivedData/Build/Intermediates.noindex/PreviewUtilities.build/Debug-xros/PreviewUtilities-t.build/Objects-normal/arm64/PreviewUtilities-OutputFileMap.json -save-temps -no-color-diagnostics -explicit-module-build -module-cache-path /Users/admin/builder/spi-builder-workspace/.derivedData/Build/Intermediates.noindex/SwiftExplicitPrecompiledModules -clang-scanner-module-cache-path /Users/admin/builder/spi-builder-workspace/.derivedData/ModuleCache.noindex -sdk-module-cache-path /Users/admin/builder/spi-builder-workspace/.derivedData/SDKExplicitPrecompiledModules -emit-dependencies -emit-module -emit-module-path /Users/admin/builder/spi-builder-workspace/.derivedData/Build/Intermediates.noindex/PreviewUtilities.build/Debug-xros/PreviewUtilities-t.build/Objects-normal/arm64/PreviewUtilities.swiftmodule -serialize-diagnostics -dependency-scan-serialize-diagnostics-path /Users/admin/builder/spi-builder-workspace/.derivedData/Build/Intermediates.noindex/PreviewUtilities.build/Debug-xros/PreviewUtilities-t.build/Objects-normal/arm64/PreviewUtilities-dependency-scan.dia -user-module-version 0.4.2 -validate-clang-modules-once -clang-build-session-file /Users/admin/builder/spi-builder-workspace/.derivedData/ModuleCache.noindex/Session.modulevalidation -Xcc -fmodules-prune-interval\=86400 -Xcc -fmodules-prune-after\=345600 -package-name preview_utilities -emit-const-values -const-gather-protocols-list /Users/admin/builder/spi-builder-workspace/.derivedData/Build/Intermediates.noindex/PreviewUtilities.build/Debug-xros/PreviewUtilities-t.build/Objects-normal/arm64/PreviewUtilities_const_extract_protocols.json -Xcc -I/Users/admin/builder/spi-builder-workspace/.derivedData/Build/Products/Debug-xros/include -Xcc -I/Users/admin/builder/spi-builder-workspace/.derivedData/Build/Intermediates.noindex/PreviewUtilities.build/Debug-xros/PreviewUtilities-t.build/DerivedSources-normal/arm64 -Xcc -I/Users/admin/builder/spi-builder-workspace/.derivedData/Build/Intermediates.noindex/PreviewUtilities.build/Debug-xros/PreviewUtilities-t.build/DerivedSources/arm64 -Xcc -I/Users/admin/builder/spi-builder-workspace/.derivedData/Build/Intermediates.noindex/PreviewUtilities.build/Debug-xros/PreviewUtilities-t.build/DerivedSources -Xcc -DSWIFT_PACKAGE -Xcc -DDEBUG\=1 -emit-objc-header -emit-objc-header-path /Users/admin/builder/spi-builder-workspace/.derivedData/Build/Intermediates.noindex/PreviewUtilities.build/Debug-xros/PreviewUtilities-t.build/Objects-normal/arm64/PreviewUtilities-Swift.h -working-directory /Users/admin/builder/spi-builder-workspace/.swiftpm/xcode -experimental-emit-module-separately -disable-cmo
SwiftDriver DiscreteStepCarousel normal arm64 com.apple.xcode.tools.swift.compiler (in target 'DiscreteStepCarousel' from project 'DiscreteStepCarousel')
cd /Users/admin/builder/spi-builder-workspace/.swiftpm/xcode
builtin-SwiftDriver -- /Applications/Xcode-27.0.0.app/Contents/Developer/Toolchains/XcodeDefault.xctoolchain/usr/bin/swiftc -parse-as-library -module-name DiscreteStepCarousel -Onone @/Users/admin/builder/spi-builder-workspace/.derivedData/Build/Intermediates.noindex/DiscreteStepCarousel.build/Debug-xros/DiscreteStepCarousel-t.build/Objects-normal/arm64/DiscreteStepCarousel.SwiftFileList -DSWIFT_PACKAGE -DDEBUG -DSWIFT_MODULE_RESOURCE_BUNDLE_UNAVAILABLE -DXcode -default-isolation MainActor -enable-upcoming-feature NonisolatedNonsendingByDefault -enable-upcoming-feature InferIsolatedConformances -enable-upcoming-feature InternalImportsByDefault -plugin-path /Applications/Xcode-27.0.0.app/Contents/Developer/Toolchains/XcodeDefault.xctoolchain/usr/lib/swift/host/plugins/testing -enable-experimental-feature DebugDescriptionMacro -sdk /Applications/Xcode-27.0.0.app/Contents/Developer/Platforms/XROS.platform/Developer/SDKs/XROS27.0.sdk -target arm64-apple-xros26.0 -g -module-cache-path /Users/admin/builder/spi-builder-workspace/.derivedData/ModuleCache.noindex -Xfrontend -serialize-debugging-options -profile-coverage-mapping -profile-generate -enable-testing -index-store-path /Users/admin/builder/spi-builder-workspace/.derivedData/Index.noindex/DataStore -Xcc -D_LIBCPP_HARDENING_MODE\=_LIBCPP_HARDENING_MODE_DEBUG -swift-version 6 -I /Users/admin/builder/spi-builder-workspace/.derivedData/Build/Products/Debug-xros -Isystem /Applications/Xcode-27.0.0.app/Contents/Developer/Platforms/XROS.platform/Developer/usr/lib -F /Users/admin/builder/spi-builder-workspace/.derivedData/Build/Products/Debug-xros/PackageFrameworks -F /Users/admin/builder/spi-builder-workspace/.derivedData/Build/Products/Debug-xros -F /Applications/Xcode-27.0.0.app/Contents/Developer/Platforms/XROS.platform/Developer/Library/Frameworks -F /Applications/Xcode-27.0.0.app/Contents/Developer/Platforms/XROS.platform/Developer/SDKs/XROS27.0.sdk/Developer/Library/Frameworks -c -j10 -enable-batch-mode -incremental -Xcc -ivfsstatcache -Xcc /Users/admin/builder/spi-builder-workspace/.derivedData/SDKStatCaches.noindex/xros27.0-24M361-e829b21a6f8c9b70876ba0858053c04489c3c372b822c72ca60ec5271cbc7f3c.sdkstatcache -output-file-map /Users/admin/builder/spi-builder-workspace/.derivedData/Build/Intermediates.noindex/DiscreteStepCarousel.build/Debug-xros/DiscreteStepCarousel-t.build/Objects-normal/arm64/DiscreteStepCarousel-OutputFileMap.json -save-temps -no-color-diagnostics -explicit-module-build -module-cache-path /Users/admin/builder/spi-builder-workspace/.derivedData/Build/Intermediates.noindex/SwiftExplicitPrecompiledModules -clang-scanner-module-cache-path /Users/admin/builder/spi-builder-workspace/.derivedData/ModuleCache.noindex -sdk-module-cache-path /Users/admin/builder/spi-builder-workspace/.derivedData/SDKExplicitPrecompiledModules -emit-dependencies -emit-module -emit-module-path /Users/admin/builder/spi-builder-workspace/.derivedData/Build/Intermediates.noindex/DiscreteStepCarousel.build/Debug-xros/DiscreteStepCarousel-t.build/Objects-normal/arm64/DiscreteStepCarousel.swiftmodule -serialize-diagnostics -dependency-scan-serialize-diagnostics-path /Users/admin/builder/spi-builder-workspace/.derivedData/Build/Intermediates.noindex/DiscreteStepCarousel.build/Debug-xros/DiscreteStepCarousel-t.build/Objects-normal/arm64/DiscreteStepCarousel-dependency-scan.dia -validate-clang-modules-once -clang-build-session-file /Users/admin/builder/spi-builder-workspace/.derivedData/ModuleCache.noindex/Session.modulevalidation -Xcc -fmodules-prune-interval\=86400 -Xcc -fmodules-prune-after\=345600 -package-name spi_builder_workspace -emit-const-values -const-gather-protocols-list /Users/admin/builder/spi-builder-workspace/.derivedData/Build/Intermediates.noindex/DiscreteStepCarousel.build/Debug-xros/DiscreteStepCarousel-t.build/Objects-normal/arm64/DiscreteStepCarousel_const_extract_protocols.json -Xcc -I/Users/admin/builder/spi-builder-workspace/.derivedData/Build/Products/Debug-xros/include -Xcc -I/Users/admin/builder/spi-builder-workspace/.derivedData/Build/Intermediates.noindex/DiscreteStepCarousel.build/Debug-xros/DiscreteStepCarousel-t.build/DerivedSources-normal/arm64 -Xcc -I/Users/admin/builder/spi-builder-workspace/.derivedData/Build/Intermediates.noindex/DiscreteStepCarousel.build/Debug-xros/DiscreteStepCarousel-t.build/DerivedSources/arm64 -Xcc -I/Users/admin/builder/spi-builder-workspace/.derivedData/Build/Intermediates.noindex/DiscreteStepCarousel.build/Debug-xros/DiscreteStepCarousel-t.build/DerivedSources -Xcc -DSWIFT_PACKAGE -Xcc -DDEBUG\=1 -emit-objc-header -emit-objc-header-path /Users/admin/builder/spi-builder-workspace/.derivedData/Build/Intermediates.noindex/DiscreteStepCarousel.build/Debug-xros/DiscreteStepCarousel-t.build/Objects-normal/arm64/DiscreteStepCarousel-Swift.h -working-directory /Users/admin/builder/spi-builder-workspace/.swiftpm/xcode -experimental-emit-module-separately -disable-cmo
SwiftCompile normal arm64 Compiling\ DefaultMark.swift /Users/admin/builder/spi-builder-workspace/sources/DefaultMark.swift (in target 'DiscreteStepCarousel' from project 'DiscreteStepCarousel')
SwiftCompile normal arm64 /Users/admin/builder/spi-builder-workspace/sources/DefaultMark.swift (in target 'DiscreteStepCarousel' from project 'DiscreteStepCarousel')
cd /Users/admin/builder/spi-builder-workspace/.swiftpm/xcode
builtin-SwiftPerFileCompile DefaultMark.swift
SwiftCompile normal arm64 Compiling\ DiscreteStepScrollTargetBehavior.swift /Users/admin/builder/spi-builder-workspace/sources/DiscreteStepScrollTargetBehavior.swift (in target 'DiscreteStepCarousel' from project 'DiscreteStepCarousel')
SwiftCompile normal arm64 /Users/admin/builder/spi-builder-workspace/sources/DiscreteStepScrollTargetBehavior.swift (in target 'DiscreteStepCarousel' from project 'DiscreteStepCarousel')
cd /Users/admin/builder/spi-builder-workspace/.swiftpm/xcode
builtin-SwiftPerFileCompile DiscreteStepScrollTargetBehavior.swift
SwiftCompile normal arm64 Compiling\ StepCarousel.swift /Users/admin/builder/spi-builder-workspace/sources/StepCarousel.swift (in target 'DiscreteStepCarousel' from project 'DiscreteStepCarousel')
SwiftCompile normal arm64 /Users/admin/builder/spi-builder-workspace/sources/StepCarousel.swift (in target 'DiscreteStepCarousel' from project 'DiscreteStepCarousel')
cd /Users/admin/builder/spi-builder-workspace/.swiftpm/xcode
builtin-SwiftPerFileCompile StepCarousel.swift
SwiftCompile normal arm64 Compiling\ LazyHStack+ImageGenerator+Example.swift /Users/admin/builder/spi-builder-workspace/sources/examples/LazyHStack+ImageGenerator+Example.swift (in target 'DiscreteStepCarousel' from project 'DiscreteStepCarousel')
SwiftCompile normal arm64 /Users/admin/builder/spi-builder-workspace/sources/examples/LazyHStack+ImageGenerator+Example.swift (in target 'DiscreteStepCarousel' from project 'DiscreteStepCarousel')
cd /Users/admin/builder/spi-builder-workspace/.swiftpm/xcode
builtin-SwiftPerFileCompile LazyHStack+ImageGenerator+Example.swift
SwiftCompile normal arm64 Compiling\ StepCarouselPosition.swift /Users/admin/builder/spi-builder-workspace/sources/StepCarouselPosition.swift (in target 'DiscreteStepCarousel' from project 'DiscreteStepCarousel')
SwiftCompile normal arm64 /Users/admin/builder/spi-builder-workspace/sources/StepCarouselPosition.swift (in target 'DiscreteStepCarousel' from project 'DiscreteStepCarousel')
cd /Users/admin/builder/spi-builder-workspace/.swiftpm/xcode
builtin-SwiftPerFileCompile StepCarouselPosition.swift
SwiftCompile normal arm64 Compiling\ Previews.swift /Users/admin/builder/spi-builder-workspace/sources/Previews.swift (in target 'DiscreteStepCarousel' from project 'DiscreteStepCarousel')
SwiftCompile normal arm64 /Users/admin/builder/spi-builder-workspace/sources/Previews.swift (in target 'DiscreteStepCarousel' from project 'DiscreteStepCarousel')
cd /Users/admin/builder/spi-builder-workspace/.swiftpm/xcode
builtin-SwiftPerFileCompile Previews.swift
SwiftCompile normal arm64 Compiling\ LocalizedStringKey+Additions.swift /Users/admin/builder/spi-builder-workspace/sources/additions/LocalizedStringKey+Additions.swift (in target 'DiscreteStepCarousel' from project 'DiscreteStepCarousel')
SwiftCompile normal arm64 /Users/admin/builder/spi-builder-workspace/sources/additions/LocalizedStringKey+Additions.swift (in target 'DiscreteStepCarousel' from project 'DiscreteStepCarousel')
cd /Users/admin/builder/spi-builder-workspace/.swiftpm/xcode
builtin-SwiftPerFileCompile LocalizedStringKey+Additions.swift
SwiftEmitModule normal arm64 Emitting\ module\ for\ DiscreteStepCarousel (in target 'DiscreteStepCarousel' from project 'DiscreteStepCarousel')
SwiftCompile normal arm64 (in target 'DiscreteStepCarousel' from project 'DiscreteStepCarousel')
cd /Users/admin/builder/spi-builder-workspace/.swiftpm/xcode
SwiftCompile normal arm64 Compiling\ PrototypeSlider.swift /Users/admin/builder/spi-builder-workspace/sources/examples/PrototypeSlider.swift (in target 'DiscreteStepCarousel' from project 'DiscreteStepCarousel')
SwiftCompile normal arm64 /Users/admin/builder/spi-builder-workspace/sources/examples/PrototypeSlider.swift (in target 'DiscreteStepCarousel' from project 'DiscreteStepCarousel')
cd /Users/admin/builder/spi-builder-workspace/.swiftpm/xcode
builtin-SwiftPerFileCompile PrototypeSlider.swift
SwiftCompile normal arm64 Compiling\ ScrollView+Examples.swift /Users/admin/builder/spi-builder-workspace/sources/examples/ScrollView+Examples.swift (in target 'DiscreteStepCarousel' from project 'DiscreteStepCarousel')
SwiftCompile normal arm64 /Users/admin/builder/spi-builder-workspace/sources/examples/ScrollView+Examples.swift (in target 'DiscreteStepCarousel' from project 'DiscreteStepCarousel')
cd /Users/admin/builder/spi-builder-workspace/.swiftpm/xcode
builtin-SwiftPerFileCompile ScrollView+Examples.swift
SwiftEmitModule normal arm64 Emitting\ module\ for\ PreviewUtilities (in target 'PreviewUtilities' from project 'PreviewUtilities')
SwiftCompile normal arm64 (in target 'PreviewUtilities' from project 'PreviewUtilities')
cd /Users/admin/builder/spi-builder-workspace/.swiftpm/xcode
SwiftDriverJobDiscovery normal arm64 Compiling LocalizedStringKey+Additions.swift (in target 'DiscreteStepCarousel' from project 'DiscreteStepCarousel')
SwiftCompile normal arm64 Compiling\ Duration+Additions.swift,\ Edge+Additions.swift,\ FormatStyle+Additions.swift,\ GeometryReader+Additions.swift,\ GraphicsContext+Additions.swift,\ GridItem+Additions.swift,\ Hashable+Additions.swift,\ Image+Additions.swift,\ ImageRenderer+Additions.swift,\ LocalizedStringKey+Additions.swift,\ MeshGradient+Additions.swift,\ NSEdgeInsets+Additions.swift,\ NSParagraphStyle+Additions.swift,\ Numeric+Additions.swift /Users/admin/builder/spi-builder-workspace/.dependencies/checkouts/preview-utilities/sources/additions/Duration+Additions.swift /Users/admin/builder/spi-builder-workspace/.dependencies/checkouts/preview-utilities/sources/additions/Edge+Additions.swift /Users/admin/builder/spi-builder-workspace/.dependencies/checkouts/preview-utilities/sources/additions/FormatStyle+Additions.swift /Users/admin/builder/spi-builder-workspace/.dependencies/checkouts/preview-utilities/sources/additions/GeometryReader+Additions.swift /Users/admin/builder/spi-builder-workspace/.dependencies/checkouts/preview-utilities/sources/additions/GraphicsContext+Additions.swift /Users/admin/builder/spi-builder-workspace/.dependencies/checkouts/preview-utilities/sources/additions/GridItem+Additions.swift /Users/admin/builder/spi-builder-workspace/.dependencies/checkouts/preview-utilities/sources/additions/Hashable+Additions.swift /Users/admin/builder/spi-builder-workspace/.dependencies/checkouts/preview-utilities/sources/additions/Image+Additions.swift /Users/admin/builder/spi-builder-workspace/.dependencies/checkouts/preview-utilities/sources/additions/ImageRenderer+Additions.swift /Users/admin/builder/spi-builder-workspace/.dependencies/checkouts/preview-utilities/sources/additions/LocalizedStringKey+Additions.swift /Users/admin/builder/spi-builder-workspace/.dependencies/checkouts/preview-utilities/sources/additions/MeshGradient+Additions.swift /Users/admin/builder/spi-builder-workspace/.dependencies/checkouts/preview-utilities/sources/additions/NSEdgeInsets+Additions.swift /Users/admin/builder/spi-builder-workspace/.dependencies/checkouts/preview-utilities/sources/additions/NSParagraphStyle+Additions.swift /Users/admin/builder/spi-builder-workspace/.dependencies/checkouts/preview-utilities/sources/additions/Numeric+Additions.swift (in target 'PreviewUtilities' from project 'PreviewUtilities')
SwiftCompile normal arm64 /Users/admin/builder/spi-builder-workspace/.dependencies/checkouts/preview-utilities/sources/additions/Duration+Additions.swift (in target 'PreviewUtilities' from project 'PreviewUtilities')
cd /Users/admin/builder/spi-builder-workspace/.swiftpm/xcode
builtin-SwiftPerFileCompile Duration+Additions.swift
SwiftCompile normal arm64 /Users/admin/builder/spi-builder-workspace/.dependencies/checkouts/preview-utilities/sources/additions/Edge+Additions.swift (in target 'PreviewUtilities' from project 'PreviewUtilities')
cd /Users/admin/builder/spi-builder-workspace/.swiftpm/xcode
builtin-SwiftPerFileCompile Edge+Additions.swift
SwiftCompile normal arm64 /Users/admin/builder/spi-builder-workspace/.dependencies/checkouts/preview-utilities/sources/additions/FormatStyle+Additions.swift (in target 'PreviewUtilities' from project 'PreviewUtilities')
cd /Users/admin/builder/spi-builder-workspace/.swiftpm/xcode
builtin-SwiftPerFileCompile FormatStyle+Additions.swift
SwiftCompile normal arm64 /Users/admin/builder/spi-builder-workspace/.dependencies/checkouts/preview-utilities/sources/additions/GeometryReader+Additions.swift (in target 'PreviewUtilities' from project 'PreviewUtilities')
cd /Users/admin/builder/spi-builder-workspace/.swiftpm/xcode
builtin-SwiftPerFileCompile GeometryReader+Additions.swift
SwiftCompile normal arm64 /Users/admin/builder/spi-builder-workspace/.dependencies/checkouts/preview-utilities/sources/additions/GraphicsContext+Additions.swift (in target 'PreviewUtilities' from project 'PreviewUtilities')
cd /Users/admin/builder/spi-builder-workspace/.swiftpm/xcode
builtin-SwiftPerFileCompile GraphicsContext+Additions.swift
SwiftCompile normal arm64 /Users/admin/builder/spi-builder-workspace/.dependencies/checkouts/preview-utilities/sources/additions/GridItem+Additions.swift (in target 'PreviewUtilities' from project 'PreviewUtilities')
cd /Users/admin/builder/spi-builder-workspace/.swiftpm/xcode
builtin-SwiftPerFileCompile GridItem+Additions.swift
SwiftCompile normal arm64 /Users/admin/builder/spi-builder-workspace/.dependencies/checkouts/preview-utilities/sources/additions/Hashable+Additions.swift (in target 'PreviewUtilities' from project 'PreviewUtilities')
cd /Users/admin/builder/spi-builder-workspace/.swiftpm/xcode
builtin-SwiftPerFileCompile Hashable+Additions.swift
SwiftCompile normal arm64 /Users/admin/builder/spi-builder-workspace/.dependencies/checkouts/preview-utilities/sources/additions/Image+Additions.swift (in target 'PreviewUtilities' from project 'PreviewUtilities')
cd /Users/admin/builder/spi-builder-workspace/.swiftpm/xcode
builtin-SwiftPerFileCompile Image+Additions.swift
SwiftCompile normal arm64 /Users/admin/builder/spi-builder-workspace/.dependencies/checkouts/preview-utilities/sources/additions/ImageRenderer+Additions.swift (in target 'PreviewUtilities' from project 'PreviewUtilities')
cd /Users/admin/builder/spi-builder-workspace/.swiftpm/xcode
builtin-SwiftPerFileCompile ImageRenderer+Additions.swift
SwiftCompile normal arm64 /Users/admin/builder/spi-builder-workspace/.dependencies/checkouts/preview-utilities/sources/additions/LocalizedStringKey+Additions.swift (in target 'PreviewUtilities' from project 'PreviewUtilities')
cd /Users/admin/builder/spi-builder-workspace/.swiftpm/xcode
builtin-SwiftPerFileCompile LocalizedStringKey+Additions.swift
SwiftCompile normal arm64 /Users/admin/builder/spi-builder-workspace/.dependencies/checkouts/preview-utilities/sources/additions/MeshGradient+Additions.swift (in target 'PreviewUtilities' from project 'PreviewUtilities')
cd /Users/admin/builder/spi-builder-workspace/.swiftpm/xcode
builtin-SwiftPerFileCompile MeshGradient+Additions.swift
SwiftCompile normal arm64 /Users/admin/builder/spi-builder-workspace/.dependencies/checkouts/preview-utilities/sources/additions/NSEdgeInsets+Additions.swift (in target 'PreviewUtilities' from project 'PreviewUtilities')
cd /Users/admin/builder/spi-builder-workspace/.swiftpm/xcode
builtin-SwiftPerFileCompile NSEdgeInsets+Additions.swift
SwiftCompile normal arm64 /Users/admin/builder/spi-builder-workspace/.dependencies/checkouts/preview-utilities/sources/additions/NSParagraphStyle+Additions.swift (in target 'PreviewUtilities' from project 'PreviewUtilities')
cd /Users/admin/builder/spi-builder-workspace/.swiftpm/xcode
builtin-SwiftPerFileCompile NSParagraphStyle+Additions.swift
SwiftCompile normal arm64 /Users/admin/builder/spi-builder-workspace/.dependencies/checkouts/preview-utilities/sources/additions/Numeric+Additions.swift (in target 'PreviewUtilities' from project 'PreviewUtilities')
cd /Users/admin/builder/spi-builder-workspace/.swiftpm/xcode
builtin-SwiftPerFileCompile Numeric+Additions.swift
SwiftDriverJobDiscovery normal arm64 Compiling StepCarouselPosition.swift (in target 'DiscreteStepCarousel' from project 'DiscreteStepCarousel')
SwiftCompile normal arm64 Compiling\ SizesPreviewTrait.swift,\ ThreadCheckers.swift,\ ThreadInfo.swift,\ ConcentricSafeAreaBackgroundModifier.swift,\ DebugAlignmentGuideModifier.swift,\ DebugAxisAlignmentGuideModifier.swift,\ DebugOverlayModifier.swift,\ DebugOverlayModifierConfiguration.swift,\ EdgeGraticuleModifier.swift,\ FloatingCaptionModifier.swift,\ MinimumSafeAreaPaddingModifier.swift,\ StackAboveBelowModifier.swift,\ HeaderFooterPreviewModifier.swift /Users/admin/builder/spi-builder-workspace/.dependencies/checkouts/preview-utilities/sources/miscelaneous/SizesPreviewTrait.swift /Users/admin/builder/spi-builder-workspace/.dependencies/checkouts/preview-utilities/sources/miscelaneous/ThreadCheckers.swift /Users/admin/builder/spi-builder-workspace/.dependencies/checkouts/preview-utilities/sources/miscelaneous/ThreadInfo.swift /Users/admin/builder/spi-builder-workspace/.dependencies/checkouts/preview-utilities/sources/modifiers/ConcentricSafeAreaBackgroundModifier.swift /Users/admin/builder/spi-builder-workspace/.dependencies/checkouts/preview-utilities/sources/modifiers/DebugAlignmentGuideModifier.swift /Users/admin/builder/spi-builder-workspace/.dependencies/checkouts/preview-utilities/sources/modifiers/DebugAxisAlignmentGuideModifier.swift /Users/admin/builder/spi-builder-workspace/.dependencies/checkouts/preview-utilities/sources/modifiers/DebugOverlayModifier.swift /Users/admin/builder/spi-builder-workspace/.dependencies/checkouts/preview-utilities/sources/modifiers/DebugOverlayModifierConfiguration.swift /Users/admin/builder/spi-builder-workspace/.dependencies/checkouts/preview-utilities/sources/modifiers/EdgeGraticuleModifier.swift /Users/admin/builder/spi-builder-workspace/.dependencies/checkouts/preview-utilities/sources/modifiers/FloatingCaptionModifier.swift /Users/admin/builder/spi-builder-workspace/.dependencies/checkouts/preview-utilities/sources/modifiers/MinimumSafeAreaPaddingModifier.swift /Users/admin/builder/spi-builder-workspace/.dependencies/checkouts/preview-utilities/sources/modifiers/StackAboveBelowModifier.swift /Users/admin/builder/spi-builder-workspace/.dependencies/checkouts/preview-utilities/sources/modifiers/for-previews/HeaderFooterPreviewModifier.swift (in target 'PreviewUtilities' from project 'PreviewUtilities')
SwiftCompile normal arm64 /Users/admin/builder/spi-builder-workspace/.dependencies/checkouts/preview-utilities/sources/miscelaneous/SizesPreviewTrait.swift (in target 'PreviewUtilities' from project 'PreviewUtilities')
cd /Users/admin/builder/spi-builder-workspace/.swiftpm/xcode
builtin-SwiftPerFileCompile SizesPreviewTrait.swift
SwiftCompile normal arm64 /Users/admin/builder/spi-builder-workspace/.dependencies/checkouts/preview-utilities/sources/miscelaneous/ThreadCheckers.swift (in target 'PreviewUtilities' from project 'PreviewUtilities')
cd /Users/admin/builder/spi-builder-workspace/.swiftpm/xcode
builtin-SwiftPerFileCompile ThreadCheckers.swift
SwiftCompile normal arm64 /Users/admin/builder/spi-builder-workspace/.dependencies/checkouts/preview-utilities/sources/miscelaneous/ThreadInfo.swift (in target 'PreviewUtilities' from project 'PreviewUtilities')
cd /Users/admin/builder/spi-builder-workspace/.swiftpm/xcode
builtin-SwiftPerFileCompile ThreadInfo.swift
SwiftCompile normal arm64 /Users/admin/builder/spi-builder-workspace/.dependencies/checkouts/preview-utilities/sources/modifiers/ConcentricSafeAreaBackgroundModifier.swift (in target 'PreviewUtilities' from project 'PreviewUtilities')
cd /Users/admin/builder/spi-builder-workspace/.swiftpm/xcode
builtin-SwiftPerFileCompile ConcentricSafeAreaBackgroundModifier.swift
SwiftCompile normal arm64 /Users/admin/builder/spi-builder-workspace/.dependencies/checkouts/preview-utilities/sources/modifiers/DebugAlignmentGuideModifier.swift (in target 'PreviewUtilities' from project 'PreviewUtilities')
cd /Users/admin/builder/spi-builder-workspace/.swiftpm/xcode
builtin-SwiftPerFileCompile DebugAlignmentGuideModifier.swift
SwiftCompile normal arm64 /Users/admin/builder/spi-builder-workspace/.dependencies/checkouts/preview-utilities/sources/modifiers/DebugAxisAlignmentGuideModifier.swift (in target 'PreviewUtilities' from project 'PreviewUtilities')
cd /Users/admin/builder/spi-builder-workspace/.swiftpm/xcode
builtin-SwiftPerFileCompile DebugAxisAlignmentGuideModifier.swift
SwiftCompile normal arm64 /Users/admin/builder/spi-builder-workspace/.dependencies/checkouts/preview-utilities/sources/modifiers/DebugOverlayModifier.swift (in target 'PreviewUtilities' from project 'PreviewUtilities')
cd /Users/admin/builder/spi-builder-workspace/.swiftpm/xcode
builtin-SwiftPerFileCompile DebugOverlayModifier.swift
SwiftCompile normal arm64 /Users/admin/builder/spi-builder-workspace/.dependencies/checkouts/preview-utilities/sources/modifiers/DebugOverlayModifierConfiguration.swift (in target 'PreviewUtilities' from project 'PreviewUtilities')
cd /Users/admin/builder/spi-builder-workspace/.swiftpm/xcode
builtin-SwiftPerFileCompile DebugOverlayModifierConfiguration.swift
SwiftCompile normal arm64 /Users/admin/builder/spi-builder-workspace/.dependencies/checkouts/preview-utilities/sources/modifiers/EdgeGraticuleModifier.swift (in target 'PreviewUtilities' from project 'PreviewUtilities')
cd /Users/admin/builder/spi-builder-workspace/.swiftpm/xcode
builtin-SwiftPerFileCompile EdgeGraticuleModifier.swift
SwiftCompile normal arm64 /Users/admin/builder/spi-builder-workspace/.dependencies/checkouts/preview-utilities/sources/modifiers/FloatingCaptionModifier.swift (in target 'PreviewUtilities' from project 'PreviewUtilities')
cd /Users/admin/builder/spi-builder-workspace/.swiftpm/xcode
builtin-SwiftPerFileCompile FloatingCaptionModifier.swift
SwiftCompile normal arm64 /Users/admin/builder/spi-builder-workspace/.dependencies/checkouts/preview-utilities/sources/modifiers/MinimumSafeAreaPaddingModifier.swift (in target 'PreviewUtilities' from project 'PreviewUtilities')
cd /Users/admin/builder/spi-builder-workspace/.swiftpm/xcode
builtin-SwiftPerFileCompile MinimumSafeAreaPaddingModifier.swift
SwiftCompile normal arm64 /Users/admin/builder/spi-builder-workspace/.dependencies/checkouts/preview-utilities/sources/modifiers/StackAboveBelowModifier.swift (in target 'PreviewUtilities' from project 'PreviewUtilities')
cd /Users/admin/builder/spi-builder-workspace/.swiftpm/xcode
builtin-SwiftPerFileCompile StackAboveBelowModifier.swift
SwiftCompile normal arm64 /Users/admin/builder/spi-builder-workspace/.dependencies/checkouts/preview-utilities/sources/modifiers/for-previews/HeaderFooterPreviewModifier.swift (in target 'PreviewUtilities' from project 'PreviewUtilities')
cd /Users/admin/builder/spi-builder-workspace/.swiftpm/xcode
builtin-SwiftPerFileCompile HeaderFooterPreviewModifier.swift
SwiftDriverJobDiscovery normal arm64 Compiling StepCarousel.swift (in target 'DiscreteStepCarousel' from project 'DiscreteStepCarousel')
SwiftCompile normal arm64 Compiling\ OverlayVsZStackExample.swift,\ CapitalizeFormatStyle.swift,\ CompositeFormatStyle.swift,\ FirstCharacterFormatStyle.swift,\ FirstWordFormatStyle.swift,\ FormatStyleExamples.swift,\ FormatStyleFormattable.swift,\ IdentityFormatStyle.swift,\ LastWordFormatStyle.swift,\ PropertyFormatStyle.swift,\ RawValueFormatStyle.swift,\ StringDescriptionFormatStyle.swift,\ CGPoint+Geometry.swift /Users/admin/builder/spi-builder-workspace/.dependencies/checkouts/preview-utilities/sources/examples/OverlayVsZStackExample.swift /Users/admin/builder/spi-builder-workspace/.dependencies/checkouts/preview-utilities/sources/formatStyles/CapitalizeFormatStyle.swift /Users/admin/builder/spi-builder-workspace/.dependencies/checkouts/preview-utilities/sources/formatStyles/CompositeFormatStyle.swift /Users/admin/builder/spi-builder-workspace/.dependencies/checkouts/preview-utilities/sources/formatStyles/FirstCharacterFormatStyle.swift /Users/admin/builder/spi-builder-workspace/.dependencies/checkouts/preview-utilities/sources/formatStyles/FirstWordFormatStyle.swift /Users/admin/builder/spi-builder-workspace/.dependencies/checkouts/preview-utilities/sources/formatStyles/FormatStyleExamples.swift /Users/admin/builder/spi-builder-workspace/.dependencies/checkouts/preview-utilities/sources/formatStyles/FormatStyleFormattable.swift /Users/admin/builder/spi-builder-workspace/.dependencies/checkouts/preview-utilities/sources/formatStyles/IdentityFormatStyle.swift /Users/admin/builder/spi-builder-workspace/.dependencies/checkouts/preview-utilities/sources/formatStyles/LastWordFormatStyle.swift /Users/admin/builder/spi-builder-workspace/.dependencies/checkouts/preview-utilities/sources/formatStyles/PropertyFormatStyle.swift /Users/admin/builder/spi-builder-workspace/.dependencies/checkouts/preview-utilities/sources/formatStyles/RawValueFormatStyle.swift /Users/admin/builder/spi-builder-workspace/.dependencies/checkouts/preview-utilities/sources/formatStyles/StringDescriptionFormatStyle.swift /Users/admin/builder/spi-builder-workspace/.dependencies/checkouts/preview-utilities/sources/geometry/CGPoint+Geometry.swift (in target 'PreviewUtilities' from project 'PreviewUtilities')
SwiftCompile normal arm64 /Users/admin/builder/spi-builder-workspace/.dependencies/checkouts/preview-utilities/sources/examples/OverlayVsZStackExample.swift (in target 'PreviewUtilities' from project 'PreviewUtilities')
cd /Users/admin/builder/spi-builder-workspace/.swiftpm/xcode
builtin-SwiftPerFileCompile OverlayVsZStackExample.swift
SwiftCompile normal arm64 /Users/admin/builder/spi-builder-workspace/.dependencies/checkouts/preview-utilities/sources/formatStyles/CapitalizeFormatStyle.swift (in target 'PreviewUtilities' from project 'PreviewUtilities')
cd /Users/admin/builder/spi-builder-workspace/.swiftpm/xcode
builtin-SwiftPerFileCompile CapitalizeFormatStyle.swift
SwiftCompile normal arm64 /Users/admin/builder/spi-builder-workspace/.dependencies/checkouts/preview-utilities/sources/formatStyles/CompositeFormatStyle.swift (in target 'PreviewUtilities' from project 'PreviewUtilities')
cd /Users/admin/builder/spi-builder-workspace/.swiftpm/xcode
builtin-SwiftPerFileCompile CompositeFormatStyle.swift
SwiftCompile normal arm64 /Users/admin/builder/spi-builder-workspace/.dependencies/checkouts/preview-utilities/sources/formatStyles/FirstCharacterFormatStyle.swift (in target 'PreviewUtilities' from project 'PreviewUtilities')
cd /Users/admin/builder/spi-builder-workspace/.swiftpm/xcode
builtin-SwiftPerFileCompile FirstCharacterFormatStyle.swift
SwiftCompile normal arm64 /Users/admin/builder/spi-builder-workspace/.dependencies/checkouts/preview-utilities/sources/formatStyles/FirstWordFormatStyle.swift (in target 'PreviewUtilities' from project 'PreviewUtilities')
cd /Users/admin/builder/spi-builder-workspace/.swiftpm/xcode
builtin-SwiftPerFileCompile FirstWordFormatStyle.swift
SwiftCompile normal arm64 /Users/admin/builder/spi-builder-workspace/.dependencies/checkouts/preview-utilities/sources/formatStyles/FormatStyleExamples.swift (in target 'PreviewUtilities' from project 'PreviewUtilities')
cd /Users/admin/builder/spi-builder-workspace/.swiftpm/xcode
builtin-SwiftPerFileCompile FormatStyleExamples.swift
SwiftCompile normal arm64 /Users/admin/builder/spi-builder-workspace/.dependencies/checkouts/preview-utilities/sources/formatStyles/FormatStyleFormattable.swift (in target 'PreviewUtilities' from project 'PreviewUtilities')
cd /Users/admin/builder/spi-builder-workspace/.swiftpm/xcode
builtin-SwiftPerFileCompile FormatStyleFormattable.swift
SwiftCompile normal arm64 /Users/admin/builder/spi-builder-workspace/.dependencies/checkouts/preview-utilities/sources/formatStyles/IdentityFormatStyle.swift (in target 'PreviewUtilities' from project 'PreviewUtilities')
cd /Users/admin/builder/spi-builder-workspace/.swiftpm/xcode
builtin-SwiftPerFileCompile IdentityFormatStyle.swift
SwiftCompile normal arm64 /Users/admin/builder/spi-builder-workspace/.dependencies/checkouts/preview-utilities/sources/formatStyles/LastWordFormatStyle.swift (in target 'PreviewUtilities' from project 'PreviewUtilities')
cd /Users/admin/builder/spi-builder-workspace/.swiftpm/xcode
builtin-SwiftPerFileCompile LastWordFormatStyle.swift
SwiftCompile normal arm64 /Users/admin/builder/spi-builder-workspace/.dependencies/checkouts/preview-utilities/sources/formatStyles/PropertyFormatStyle.swift (in target 'PreviewUtilities' from project 'PreviewUtilities')
cd /Users/admin/builder/spi-builder-workspace/.swiftpm/xcode
builtin-SwiftPerFileCompile PropertyFormatStyle.swift
SwiftCompile normal arm64 /Users/admin/builder/spi-builder-workspace/.dependencies/checkouts/preview-utilities/sources/formatStyles/RawValueFormatStyle.swift (in target 'PreviewUtilities' from project 'PreviewUtilities')
cd /Users/admin/builder/spi-builder-workspace/.swiftpm/xcode
builtin-SwiftPerFileCompile RawValueFormatStyle.swift
SwiftCompile normal arm64 /Users/admin/builder/spi-builder-workspace/.dependencies/checkouts/preview-utilities/sources/formatStyles/StringDescriptionFormatStyle.swift (in target 'PreviewUtilities' from project 'PreviewUtilities')
cd /Users/admin/builder/spi-builder-workspace/.swiftpm/xcode
builtin-SwiftPerFileCompile StringDescriptionFormatStyle.swift
SwiftCompile normal arm64 /Users/admin/builder/spi-builder-workspace/.dependencies/checkouts/preview-utilities/sources/geometry/CGPoint+Geometry.swift (in target 'PreviewUtilities' from project 'PreviewUtilities')
cd /Users/admin/builder/spi-builder-workspace/.swiftpm/xcode
builtin-SwiftPerFileCompile CGPoint+Geometry.swift
SwiftDriverJobDiscovery normal arm64 Emitting module for DiscreteStepCarousel (in target 'DiscreteStepCarousel' from project 'DiscreteStepCarousel')
SwiftDriver\ Compilation\ Requirements DiscreteStepCarousel normal arm64 com.apple.xcode.tools.swift.compiler (in target 'DiscreteStepCarousel' from project 'DiscreteStepCarousel')
cd /Users/admin/builder/spi-builder-workspace/.swiftpm/xcode
builtin-Swift-Compilation-Requirements -- /Applications/Xcode-27.0.0.app/Contents/Developer/Toolchains/XcodeDefault.xctoolchain/usr/bin/swiftc -parse-as-library -module-name DiscreteStepCarousel -Onone @/Users/admin/builder/spi-builder-workspace/.derivedData/Build/Intermediates.noindex/DiscreteStepCarousel.build/Debug-xros/DiscreteStepCarousel-t.build/Objects-normal/arm64/DiscreteStepCarousel.SwiftFileList -DSWIFT_PACKAGE -DDEBUG -DSWIFT_MODULE_RESOURCE_BUNDLE_UNAVAILABLE -DXcode -default-isolation MainActor -enable-upcoming-feature NonisolatedNonsendingByDefault -enable-upcoming-feature InferIsolatedConformances -enable-upcoming-feature InternalImportsByDefault -plugin-path /Applications/Xcode-27.0.0.app/Contents/Developer/Toolchains/XcodeDefault.xctoolchain/usr/lib/swift/host/plugins/testing -enable-experimental-feature DebugDescriptionMacro -sdk /Applications/Xcode-27.0.0.app/Contents/Developer/Platforms/XROS.platform/Developer/SDKs/XROS27.0.sdk -target arm64-apple-xros26.0 -g -module-cache-path /Users/admin/builder/spi-builder-workspace/.derivedData/ModuleCache.noindex -Xfrontend -serialize-debugging-options -profile-coverage-mapping -profile-generate -enable-testing -index-store-path /Users/admin/builder/spi-builder-workspace/.derivedData/Index.noindex/DataStore -Xcc -D_LIBCPP_HARDENING_MODE\=_LIBCPP_HARDENING_MODE_DEBUG -swift-version 6 -I /Users/admin/builder/spi-builder-workspace/.derivedData/Build/Products/Debug-xros -Isystem /Applications/Xcode-27.0.0.app/Contents/Developer/Platforms/XROS.platform/Developer/usr/lib -F /Users/admin/builder/spi-builder-workspace/.derivedData/Build/Products/Debug-xros/PackageFrameworks -F /Users/admin/builder/spi-builder-workspace/.derivedData/Build/Products/Debug-xros -F /Applications/Xcode-27.0.0.app/Contents/Developer/Platforms/XROS.platform/Developer/Library/Frameworks -F /Applications/Xcode-27.0.0.app/Contents/Developer/Platforms/XROS.platform/Developer/SDKs/XROS27.0.sdk/Developer/Library/Frameworks -c -j10 -enable-batch-mode -incremental -Xcc -ivfsstatcache -Xcc /Users/admin/builder/spi-builder-workspace/.derivedData/SDKStatCaches.noindex/xros27.0-24M361-e829b21a6f8c9b70876ba0858053c04489c3c372b822c72ca60ec5271cbc7f3c.sdkstatcache -output-file-map /Users/admin/builder/spi-builder-workspace/.derivedData/Build/Intermediates.noindex/DiscreteStepCarousel.build/Debug-xros/DiscreteStepCarousel-t.build/Objects-normal/arm64/DiscreteStepCarousel-OutputFileMap.json -save-temps -no-color-diagnostics -explicit-module-build -module-cache-path /Users/admin/builder/spi-builder-workspace/.derivedData/Build/Intermediates.noindex/SwiftExplicitPrecompiledModules -clang-scanner-module-cache-path /Users/admin/builder/spi-builder-workspace/.derivedData/ModuleCache.noindex -sdk-module-cache-path /Users/admin/builder/spi-builder-workspace/.derivedData/SDKExplicitPrecompiledModules -emit-dependencies -emit-module -emit-module-path /Users/admin/builder/spi-builder-workspace/.derivedData/Build/Intermediates.noindex/DiscreteStepCarousel.build/Debug-xros/DiscreteStepCarousel-t.build/Objects-normal/arm64/DiscreteStepCarousel.swiftmodule -serialize-diagnostics -dependency-scan-serialize-diagnostics-path /Users/admin/builder/spi-builder-workspace/.derivedData/Build/Intermediates.noindex/DiscreteStepCarousel.build/Debug-xros/DiscreteStepCarousel-t.build/Objects-normal/arm64/DiscreteStepCarousel-dependency-scan.dia -validate-clang-modules-once -clang-build-session-file /Users/admin/builder/spi-builder-workspace/.derivedData/ModuleCache.noindex/Session.modulevalidation -Xcc -fmodules-prune-interval\=86400 -Xcc -fmodules-prune-after\=345600 -package-name spi_builder_workspace -emit-const-values -const-gather-protocols-list /Users/admin/builder/spi-builder-workspace/.derivedData/Build/Intermediates.noindex/DiscreteStepCarousel.build/Debug-xros/DiscreteStepCarousel-t.build/Objects-normal/arm64/DiscreteStepCarousel_const_extract_protocols.json -Xcc -I/Users/admin/builder/spi-builder-workspace/.derivedData/Build/Products/Debug-xros/include -Xcc -I/Users/admin/builder/spi-builder-workspace/.derivedData/Build/Intermediates.noindex/DiscreteStepCarousel.build/Debug-xros/DiscreteStepCarousel-t.build/DerivedSources-normal/arm64 -Xcc -I/Users/admin/builder/spi-builder-workspace/.derivedData/Build/Intermediates.noindex/DiscreteStepCarousel.build/Debug-xros/DiscreteStepCarousel-t.build/DerivedSources/arm64 -Xcc -I/Users/admin/builder/spi-builder-workspace/.derivedData/Build/Intermediates.noindex/DiscreteStepCarousel.build/Debug-xros/DiscreteStepCarousel-t.build/DerivedSources -Xcc -DSWIFT_PACKAGE -Xcc -DDEBUG\=1 -emit-objc-header -emit-objc-header-path /Users/admin/builder/spi-builder-workspace/.derivedData/Build/Intermediates.noindex/DiscreteStepCarousel.build/Debug-xros/DiscreteStepCarousel-t.build/Objects-normal/arm64/DiscreteStepCarousel-Swift.h -working-directory /Users/admin/builder/spi-builder-workspace/.swiftpm/xcode -experimental-emit-module-separately -disable-cmo
SwiftDriverJobDiscovery normal arm64 Compiling DefaultMark.swift (in target 'DiscreteStepCarousel' from project 'DiscreteStepCarousel')
SwiftCompile normal arm64 Compiling\ Defaults.swift,\ DisplayProperty.swift,\ EdgeValues.swift,\ FloatingAlignment.swift,\ HighlightTextRenderer.swift,\ IdentifiableCase.swift,\ IdentifiableShift.swift,\ IndexedCollection.swift,\ ModuleCatalogResource.swift,\ OptionSetTrait.swift,\ PreviewContentTemplate.swift,\ PrintOnce.swift,\ SelfIdentifiable.swift /Users/admin/builder/spi-builder-workspace/.dependencies/checkouts/preview-utilities/sources/miscelaneous/Defaults.swift /Users/admin/builder/spi-builder-workspace/.dependencies/checkouts/preview-utilities/sources/miscelaneous/DisplayProperty.swift /Users/admin/builder/spi-builder-workspace/.dependencies/checkouts/preview-utilities/sources/miscelaneous/EdgeValues.swift /Users/admin/builder/spi-builder-workspace/.dependencies/checkouts/preview-utilities/sources/miscelaneous/FloatingAlignment.swift /Users/admin/builder/spi-builder-workspace/.dependencies/checkouts/preview-utilities/sources/miscelaneous/HighlightTextRenderer.swift /Users/admin/builder/spi-builder-workspace/.dependencies/checkouts/preview-utilities/sources/miscelaneous/IdentifiableCase.swift /Users/admin/builder/spi-builder-workspace/.dependencies/checkouts/preview-utilities/sources/miscelaneous/IdentifiableShift.swift /Users/admin/builder/spi-builder-workspace/.dependencies/checkouts/preview-utilities/sources/miscelaneous/IndexedCollection.swift /Users/admin/builder/spi-builder-workspace/.dependencies/checkouts/preview-utilities/sources/miscelaneous/ModuleCatalogResource.swift /Users/admin/builder/spi-builder-workspace/.dependencies/checkouts/preview-utilities/sources/miscelaneous/OptionSetTrait.swift /Users/admin/builder/spi-builder-workspace/.dependencies/checkouts/preview-utilities/sources/miscelaneous/PreviewContentTemplate.swift /Users/admin/builder/spi-builder-workspace/.dependencies/checkouts/preview-utilities/sources/miscelaneous/PrintOnce.swift /Users/admin/builder/spi-builder-workspace/.dependencies/checkouts/preview-utilities/sources/miscelaneous/SelfIdentifiable.swift (in target 'PreviewUtilities' from project 'PreviewUtilities')
SwiftCompile normal arm64 /Users/admin/builder/spi-builder-workspace/.dependencies/checkouts/preview-utilities/sources/miscelaneous/Defaults.swift (in target 'PreviewUtilities' from project 'PreviewUtilities')
cd /Users/admin/builder/spi-builder-workspace/.swiftpm/xcode
builtin-SwiftPerFileCompile Defaults.swift
SwiftCompile normal arm64 /Users/admin/builder/spi-builder-workspace/.dependencies/checkouts/preview-utilities/sources/miscelaneous/DisplayProperty.swift (in target 'PreviewUtilities' from project 'PreviewUtilities')
cd /Users/admin/builder/spi-builder-workspace/.swiftpm/xcode
builtin-SwiftPerFileCompile DisplayProperty.swift
SwiftCompile normal arm64 /Users/admin/builder/spi-builder-workspace/.dependencies/checkouts/preview-utilities/sources/miscelaneous/EdgeValues.swift (in target 'PreviewUtilities' from project 'PreviewUtilities')
cd /Users/admin/builder/spi-builder-workspace/.swiftpm/xcode
builtin-SwiftPerFileCompile EdgeValues.swift
SwiftCompile normal arm64 /Users/admin/builder/spi-builder-workspace/.dependencies/checkouts/preview-utilities/sources/miscelaneous/FloatingAlignment.swift (in target 'PreviewUtilities' from project 'PreviewUtilities')
cd /Users/admin/builder/spi-builder-workspace/.swiftpm/xcode
builtin-SwiftPerFileCompile FloatingAlignment.swift
SwiftCompile normal arm64 /Users/admin/builder/spi-builder-workspace/.dependencies/checkouts/preview-utilities/sources/miscelaneous/HighlightTextRenderer.swift (in target 'PreviewUtilities' from project 'PreviewUtilities')
cd /Users/admin/builder/spi-builder-workspace/.swiftpm/xcode
builtin-SwiftPerFileCompile HighlightTextRenderer.swift
SwiftCompile normal arm64 /Users/admin/builder/spi-builder-workspace/.dependencies/checkouts/preview-utilities/sources/miscelaneous/IdentifiableCase.swift (in target 'PreviewUtilities' from project 'PreviewUtilities')
cd /Users/admin/builder/spi-builder-workspace/.swiftpm/xcode
builtin-SwiftPerFileCompile IdentifiableCase.swift
SwiftCompile normal arm64 /Users/admin/builder/spi-builder-workspace/.dependencies/checkouts/preview-utilities/sources/miscelaneous/IdentifiableShift.swift (in target 'PreviewUtilities' from project 'PreviewUtilities')
cd /Users/admin/builder/spi-builder-workspace/.swiftpm/xcode
builtin-SwiftPerFileCompile IdentifiableShift.swift
SwiftCompile normal arm64 /Users/admin/builder/spi-builder-workspace/.dependencies/checkouts/preview-utilities/sources/miscelaneous/IndexedCollection.swift (in target 'PreviewUtilities' from project 'PreviewUtilities')
cd /Users/admin/builder/spi-builder-workspace/.swiftpm/xcode
builtin-SwiftPerFileCompile IndexedCollection.swift
SwiftCompile normal arm64 /Users/admin/builder/spi-builder-workspace/.dependencies/checkouts/preview-utilities/sources/miscelaneous/ModuleCatalogResource.swift (in target 'PreviewUtilities' from project 'PreviewUtilities')
cd /Users/admin/builder/spi-builder-workspace/.swiftpm/xcode
builtin-SwiftPerFileCompile ModuleCatalogResource.swift
SwiftCompile normal arm64 /Users/admin/builder/spi-builder-workspace/.dependencies/checkouts/preview-utilities/sources/miscelaneous/OptionSetTrait.swift (in target 'PreviewUtilities' from project 'PreviewUtilities')
cd /Users/admin/builder/spi-builder-workspace/.swiftpm/xcode
builtin-SwiftPerFileCompile OptionSetTrait.swift
SwiftCompile normal arm64 /Users/admin/builder/spi-builder-workspace/.dependencies/checkouts/preview-utilities/sources/miscelaneous/PreviewContentTemplate.swift (in target 'PreviewUtilities' from project 'PreviewUtilities')
cd /Users/admin/builder/spi-builder-workspace/.swiftpm/xcode
builtin-SwiftPerFileCompile PreviewContentTemplate.swift
SwiftCompile normal arm64 /Users/admin/builder/spi-builder-workspace/.dependencies/checkouts/preview-utilities/sources/miscelaneous/PrintOnce.swift (in target 'PreviewUtilities' from project 'PreviewUtilities')
cd /Users/admin/builder/spi-builder-workspace/.swiftpm/xcode
builtin-SwiftPerFileCompile PrintOnce.swift
SwiftCompile normal arm64 /Users/admin/builder/spi-builder-workspace/.dependencies/checkouts/preview-utilities/sources/miscelaneous/SelfIdentifiable.swift (in target 'PreviewUtilities' from project 'PreviewUtilities')
cd /Users/admin/builder/spi-builder-workspace/.swiftpm/xcode
builtin-SwiftPerFileCompile SelfIdentifiable.swift
SwiftMergeGeneratedHeaders /Users/admin/builder/spi-builder-workspace/.derivedData/Build/Intermediates.noindex/GeneratedModuleMaps-xros/DiscreteStepCarousel-Swift.h /Users/admin/builder/spi-builder-workspace/.derivedData/Build/Intermediates.noindex/DiscreteStepCarousel.build/Debug-xros/DiscreteStepCarousel-t.build/Objects-normal/arm64/DiscreteStepCarousel-Swift.h (in target 'DiscreteStepCarousel' from project 'DiscreteStepCarousel')
cd /Users/admin/builder/spi-builder-workspace
builtin-swiftHeaderTool -arch arm64 /Users/admin/builder/spi-builder-workspace/.derivedData/Build/Intermediates.noindex/DiscreteStepCarousel.build/Debug-xros/DiscreteStepCarousel-t.build/Objects-normal/arm64/DiscreteStepCarousel-Swift.h -o /Users/admin/builder/spi-builder-workspace/.derivedData/Build/Intermediates.noindex/GeneratedModuleMaps-xros/DiscreteStepCarousel-Swift.h
SwiftDriverJobDiscovery normal arm64 Compiling DiscreteStepScrollTargetBehavior.swift (in target 'DiscreteStepCarousel' from project 'DiscreteStepCarousel')
Copy /Users/admin/builder/spi-builder-workspace/.derivedData/Build/Products/Debug-xros/DiscreteStepCarousel.swiftmodule/arm64-apple-xros.swiftmodule /Users/admin/builder/spi-builder-workspace/.derivedData/Build/Intermediates.noindex/DiscreteStepCarousel.build/Debug-xros/DiscreteStepCarousel-t.build/Objects-normal/arm64/DiscreteStepCarousel.swiftmodule (in target 'DiscreteStepCarousel' from project 'DiscreteStepCarousel')
cd /Users/admin/builder/spi-builder-workspace
builtin-copy -exclude .DS_Store -exclude CVS -exclude .svn -exclude .git -exclude .hg -resolve-src-symlinks -rename /Users/admin/builder/spi-builder-workspace/.derivedData/Build/Intermediates.noindex/DiscreteStepCarousel.build/Debug-xros/DiscreteStepCarousel-t.build/Objects-normal/arm64/DiscreteStepCarousel.swiftmodule /Users/admin/builder/spi-builder-workspace/.derivedData/Build/Products/Debug-xros/DiscreteStepCarousel.swiftmodule/arm64-apple-xros.swiftmodule
Copy /Users/admin/builder/spi-builder-workspace/.derivedData/Build/Products/Debug-xros/DiscreteStepCarousel.swiftmodule/arm64-apple-xros.swiftdoc /Users/admin/builder/spi-builder-workspace/.derivedData/Build/Intermediates.noindex/DiscreteStepCarousel.build/Debug-xros/DiscreteStepCarousel-t.build/Objects-normal/arm64/DiscreteStepCarousel.swiftdoc (in target 'DiscreteStepCarousel' from project 'DiscreteStepCarousel')
cd /Users/admin/builder/spi-builder-workspace
builtin-copy -exclude .DS_Store -exclude CVS -exclude .svn -exclude .git -exclude .hg -resolve-src-symlinks -rename /Users/admin/builder/spi-builder-workspace/.derivedData/Build/Intermediates.noindex/DiscreteStepCarousel.build/Debug-xros/DiscreteStepCarousel-t.build/Objects-normal/arm64/DiscreteStepCarousel.swiftdoc /Users/admin/builder/spi-builder-workspace/.derivedData/Build/Products/Debug-xros/DiscreteStepCarousel.swiftmodule/arm64-apple-xros.swiftdoc
Copy /Users/admin/builder/spi-builder-workspace/.derivedData/Build/Products/Debug-xros/DiscreteStepCarousel.swiftmodule/arm64-apple-xros.abi.json /Users/admin/builder/spi-builder-workspace/.derivedData/Build/Intermediates.noindex/DiscreteStepCarousel.build/Debug-xros/DiscreteStepCarousel-t.build/Objects-normal/arm64/DiscreteStepCarousel.abi.json (in target 'DiscreteStepCarousel' from project 'DiscreteStepCarousel')
cd /Users/admin/builder/spi-builder-workspace
builtin-copy -exclude .DS_Store -exclude CVS -exclude .svn -exclude .git -exclude .hg -resolve-src-symlinks -rename /Users/admin/builder/spi-builder-workspace/.derivedData/Build/Intermediates.noindex/DiscreteStepCarousel.build/Debug-xros/DiscreteStepCarousel-t.build/Objects-normal/arm64/DiscreteStepCarousel.abi.json /Users/admin/builder/spi-builder-workspace/.derivedData/Build/Products/Debug-xros/DiscreteStepCarousel.swiftmodule/arm64-apple-xros.abi.json
Copy /Users/admin/builder/spi-builder-workspace/.derivedData/Build/Products/Debug-xros/DiscreteStepCarousel.swiftmodule/Project/arm64-apple-xros.swiftsourceinfo /Users/admin/builder/spi-builder-workspace/.derivedData/Build/Intermediates.noindex/DiscreteStepCarousel.build/Debug-xros/DiscreteStepCarousel-t.build/Objects-normal/arm64/DiscreteStepCarousel.swiftsourceinfo (in target 'DiscreteStepCarousel' from project 'DiscreteStepCarousel')
cd /Users/admin/builder/spi-builder-workspace
builtin-copy -exclude .DS_Store -exclude CVS -exclude .svn -exclude .git -exclude .hg -resolve-src-symlinks -rename /Users/admin/builder/spi-builder-workspace/.derivedData/Build/Intermediates.noindex/DiscreteStepCarousel.build/Debug-xros/DiscreteStepCarousel-t.build/Objects-normal/arm64/DiscreteStepCarousel.swiftsourceinfo /Users/admin/builder/spi-builder-workspace/.derivedData/Build/Products/Debug-xros/DiscreteStepCarousel.swiftmodule/Project/arm64-apple-xros.swiftsourceinfo
SwiftCompile normal arm64 Compiling\ resource_bundle_accessor.swift,\ Alignment+Additions.swift,\ Angle+Additions.swift,\ Axis+Additions.swift,\ BidirectionalCollection+Additions.swift,\ BinaryFloatingPoint+Additions.swift,\ BinaryInteger+Additions.swift,\ Binding+Additions.swift,\ Boolean+Additions.swift,\ Button+Additions.swift,\ Collection+Additions.swift,\ ColorScheme+Additions.swift,\ Comparable+Additions.swift,\ DefaultStringInterpolation+Additions.swift /Users/admin/builder/spi-builder-workspace/.derivedData/Build/Intermediates.noindex/PreviewUtilities.build/Debug-xros/PreviewUtilities-t.build/DerivedSources/resource_bundle_accessor.swift /Users/admin/builder/spi-builder-workspace/.dependencies/checkouts/preview-utilities/sources/additions/Alignment+Additions.swift /Users/admin/builder/spi-builder-workspace/.dependencies/checkouts/preview-utilities/sources/additions/Angle+Additions.swift /Users/admin/builder/spi-builder-workspace/.dependencies/checkouts/preview-utilities/sources/additions/Axis+Additions.swift /Users/admin/builder/spi-builder-workspace/.dependencies/checkouts/preview-utilities/sources/additions/BidirectionalCollection+Additions.swift /Users/admin/builder/spi-builder-workspace/.dependencies/checkouts/preview-utilities/sources/additions/BinaryFloatingPoint+Additions.swift /Users/admin/builder/spi-builder-workspace/.dependencies/checkouts/preview-utilities/sources/additions/BinaryInteger+Additions.swift /Users/admin/builder/spi-builder-workspace/.dependencies/checkouts/preview-utilities/sources/additions/Binding+Additions.swift /Users/admin/builder/spi-builder-workspace/.dependencies/checkouts/preview-utilities/sources/additions/Boolean+Additions.swift /Users/admin/builder/spi-builder-workspace/.dependencies/checkouts/preview-utilities/sources/additions/Button+Additions.swift /Users/admin/builder/spi-builder-workspace/.dependencies/checkouts/preview-utilities/sources/additions/Collection+Additions.swift /Users/admin/builder/spi-builder-workspace/.dependencies/checkouts/preview-utilities/sources/additions/ColorScheme+Additions.swift /Users/admin/builder/spi-builder-workspace/.dependencies/checkouts/preview-utilities/sources/additions/Comparable+Additions.swift /Users/admin/builder/spi-builder-workspace/.dependencies/checkouts/preview-utilities/sources/additions/DefaultStringInterpolation+Additions.swift (in target 'PreviewUtilities' from project 'PreviewUtilities')
SwiftCompile normal arm64 /Users/admin/builder/spi-builder-workspace/.derivedData/Build/Intermediates.noindex/PreviewUtilities.build/Debug-xros/PreviewUtilities-t.build/DerivedSources/resource_bundle_accessor.swift (in target 'PreviewUtilities' from project 'PreviewUtilities')
cd /Users/admin/builder/spi-builder-workspace/.swiftpm/xcode
builtin-SwiftPerFileCompile resource_bundle_accessor.swift
SwiftCompile normal arm64 /Users/admin/builder/spi-builder-workspace/.dependencies/checkouts/preview-utilities/sources/additions/Alignment+Additions.swift (in target 'PreviewUtilities' from project 'PreviewUtilities')
cd /Users/admin/builder/spi-builder-workspace/.swiftpm/xcode
builtin-SwiftPerFileCompile Alignment+Additions.swift
SwiftCompile normal arm64 /Users/admin/builder/spi-builder-workspace/.dependencies/checkouts/preview-utilities/sources/additions/Angle+Additions.swift (in target 'PreviewUtilities' from project 'PreviewUtilities')
cd /Users/admin/builder/spi-builder-workspace/.swiftpm/xcode
builtin-SwiftPerFileCompile Angle+Additions.swift
SwiftCompile normal arm64 /Users/admin/builder/spi-builder-workspace/.dependencies/checkouts/preview-utilities/sources/additions/Axis+Additions.swift (in target 'PreviewUtilities' from project 'PreviewUtilities')
cd /Users/admin/builder/spi-builder-workspace/.swiftpm/xcode
builtin-SwiftPerFileCompile Axis+Additions.swift
SwiftCompile normal arm64 /Users/admin/builder/spi-builder-workspace/.dependencies/checkouts/preview-utilities/sources/additions/BidirectionalCollection+Additions.swift (in target 'PreviewUtilities' from project 'PreviewUtilities')
cd /Users/admin/builder/spi-builder-workspace/.swiftpm/xcode
builtin-SwiftPerFileCompile BidirectionalCollection+Additions.swift
SwiftCompile normal arm64 /Users/admin/builder/spi-builder-workspace/.dependencies/checkouts/preview-utilities/sources/additions/BinaryFloatingPoint+Additions.swift (in target 'PreviewUtilities' from project 'PreviewUtilities')
cd /Users/admin/builder/spi-builder-workspace/.swiftpm/xcode
builtin-SwiftPerFileCompile BinaryFloatingPoint+Additions.swift
SwiftCompile normal arm64 /Users/admin/builder/spi-builder-workspace/.dependencies/checkouts/preview-utilities/sources/additions/BinaryInteger+Additions.swift (in target 'PreviewUtilities' from project 'PreviewUtilities')
cd /Users/admin/builder/spi-builder-workspace/.swiftpm/xcode
builtin-SwiftPerFileCompile BinaryInteger+Additions.swift
SwiftCompile normal arm64 /Users/admin/builder/spi-builder-workspace/.dependencies/checkouts/preview-utilities/sources/additions/Binding+Additions.swift (in target 'PreviewUtilities' from project 'PreviewUtilities')
cd /Users/admin/builder/spi-builder-workspace/.swiftpm/xcode
builtin-SwiftPerFileCompile Binding+Additions.swift
SwiftCompile normal arm64 /Users/admin/builder/spi-builder-workspace/.dependencies/checkouts/preview-utilities/sources/additions/Boolean+Additions.swift (in target 'PreviewUtilities' from project 'PreviewUtilities')
cd /Users/admin/builder/spi-builder-workspace/.swiftpm/xcode
builtin-SwiftPerFileCompile Boolean+Additions.swift
SwiftCompile normal arm64 /Users/admin/builder/spi-builder-workspace/.dependencies/checkouts/preview-utilities/sources/additions/Button+Additions.swift (in target 'PreviewUtilities' from project 'PreviewUtilities')
cd /Users/admin/builder/spi-builder-workspace/.swiftpm/xcode
builtin-SwiftPerFileCompile Button+Additions.swift
SwiftCompile normal arm64 /Users/admin/builder/spi-builder-workspace/.dependencies/checkouts/preview-utilities/sources/additions/Collection+Additions.swift (in target 'PreviewUtilities' from project 'PreviewUtilities')
cd /Users/admin/builder/spi-builder-workspace/.swiftpm/xcode
builtin-SwiftPerFileCompile Collection+Additions.swift
SwiftCompile normal arm64 /Users/admin/builder/spi-builder-workspace/.dependencies/checkouts/preview-utilities/sources/additions/ColorScheme+Additions.swift (in target 'PreviewUtilities' from project 'PreviewUtilities')
cd /Users/admin/builder/spi-builder-workspace/.swiftpm/xcode
builtin-SwiftPerFileCompile ColorScheme+Additions.swift
SwiftCompile normal arm64 /Users/admin/builder/spi-builder-workspace/.dependencies/checkouts/preview-utilities/sources/additions/Comparable+Additions.swift (in target 'PreviewUtilities' from project 'PreviewUtilities')
cd /Users/admin/builder/spi-builder-workspace/.swiftpm/xcode
builtin-SwiftPerFileCompile Comparable+Additions.swift
SwiftCompile normal arm64 /Users/admin/builder/spi-builder-workspace/.dependencies/checkouts/preview-utilities/sources/additions/DefaultStringInterpolation+Additions.swift (in target 'PreviewUtilities' from project 'PreviewUtilities')
cd /Users/admin/builder/spi-builder-workspace/.swiftpm/xcode
builtin-SwiftPerFileCompile DefaultStringInterpolation+Additions.swift
SwiftCompile normal arm64 Compiling\ Slider+Additions.swift,\ View+Additions.swift,\ View+AlignmentGuides.swift,\ View+ScrollGeometry+Additions.swift,\ AutoPaddedPreviewFooter.swift,\ CaptionRectangle.swift,\ ClearRectangle.swift,\ ConstrainedFill.swift,\ DashedDivider.swift,\ ExtendedSizeLayout.swift,\ FloatingAlignedContainer.swift,\ HeaderFooterContainer.swift,\ HiddenParentOverlay.swift /Users/admin/builder/spi-builder-workspace/.dependencies/checkouts/preview-utilities/sources/viewAdditions/Slider+Additions.swift /Users/admin/builder/spi-builder-workspace/.dependencies/checkouts/preview-utilities/sources/viewAdditions/View+Additions.swift /Users/admin/builder/spi-builder-workspace/.dependencies/checkouts/preview-utilities/sources/viewAdditions/View+AlignmentGuides.swift /Users/admin/builder/spi-builder-workspace/.dependencies/checkouts/preview-utilities/sources/viewAdditions/View+ScrollGeometry+Additions.swift /Users/admin/builder/spi-builder-workspace/.dependencies/checkouts/preview-utilities/sources/views/AutoPaddedPreviewFooter.swift /Users/admin/builder/spi-builder-workspace/.dependencies/checkouts/preview-utilities/sources/views/CaptionRectangle.swift /Users/admin/builder/spi-builder-workspace/.dependencies/checkouts/preview-utilities/sources/views/ClearRectangle.swift /Users/admin/builder/spi-builder-workspace/.dependencies/checkouts/preview-utilities/sources/views/ConstrainedFill.swift /Users/admin/builder/spi-builder-workspace/.dependencies/checkouts/preview-utilities/sources/views/DashedDivider.swift /Users/admin/builder/spi-builder-workspace/.dependencies/checkouts/preview-utilities/sources/views/ExtendedSizeLayout.swift /Users/admin/builder/spi-builder-workspace/.dependencies/checkouts/preview-utilities/sources/views/FloatingAlignedContainer.swift /Users/admin/builder/spi-builder-workspace/.dependencies/checkouts/preview-utilities/sources/views/HeaderFooterContainer.swift /Users/admin/builder/spi-builder-workspace/.dependencies/checkouts/preview-utilities/sources/views/HiddenParentOverlay.swift (in target 'PreviewUtilities' from project 'PreviewUtilities')
SwiftCompile normal arm64 /Users/admin/builder/spi-builder-workspace/.dependencies/checkouts/preview-utilities/sources/viewAdditions/Slider+Additions.swift (in target 'PreviewUtilities' from project 'PreviewUtilities')
cd /Users/admin/builder/spi-builder-workspace/.swiftpm/xcode
builtin-SwiftPerFileCompile Slider+Additions.swift
SwiftCompile normal arm64 /Users/admin/builder/spi-builder-workspace/.dependencies/checkouts/preview-utilities/sources/viewAdditions/View+Additions.swift (in target 'PreviewUtilities' from project 'PreviewUtilities')
cd /Users/admin/builder/spi-builder-workspace/.swiftpm/xcode
builtin-SwiftPerFileCompile View+Additions.swift
SwiftCompile normal arm64 /Users/admin/builder/spi-builder-workspace/.dependencies/checkouts/preview-utilities/sources/viewAdditions/View+AlignmentGuides.swift (in target 'PreviewUtilities' from project 'PreviewUtilities')
cd /Users/admin/builder/spi-builder-workspace/.swiftpm/xcode
builtin-SwiftPerFileCompile View+AlignmentGuides.swift
SwiftCompile normal arm64 /Users/admin/builder/spi-builder-workspace/.dependencies/checkouts/preview-utilities/sources/viewAdditions/View+ScrollGeometry+Additions.swift (in target 'PreviewUtilities' from project 'PreviewUtilities')
cd /Users/admin/builder/spi-builder-workspace/.swiftpm/xcode
builtin-SwiftPerFileCompile View+ScrollGeometry+Additions.swift
SwiftCompile normal arm64 /Users/admin/builder/spi-builder-workspace/.dependencies/checkouts/preview-utilities/sources/views/AutoPaddedPreviewFooter.swift (in target 'PreviewUtilities' from project 'PreviewUtilities')
cd /Users/admin/builder/spi-builder-workspace/.swiftpm/xcode
builtin-SwiftPerFileCompile AutoPaddedPreviewFooter.swift
SwiftCompile normal arm64 /Users/admin/builder/spi-builder-workspace/.dependencies/checkouts/preview-utilities/sources/views/CaptionRectangle.swift (in target 'PreviewUtilities' from project 'PreviewUtilities')
cd /Users/admin/builder/spi-builder-workspace/.swiftpm/xcode
builtin-SwiftPerFileCompile CaptionRectangle.swift
SwiftCompile normal arm64 /Users/admin/builder/spi-builder-workspace/.dependencies/checkouts/preview-utilities/sources/views/ClearRectangle.swift (in target 'PreviewUtilities' from project 'PreviewUtilities')
cd /Users/admin/builder/spi-builder-workspace/.swiftpm/xcode
builtin-SwiftPerFileCompile ClearRectangle.swift
SwiftCompile normal arm64 /Users/admin/builder/spi-builder-workspace/.dependencies/checkouts/preview-utilities/sources/views/ConstrainedFill.swift (in target 'PreviewUtilities' from project 'PreviewUtilities')
cd /Users/admin/builder/spi-builder-workspace/.swiftpm/xcode
builtin-SwiftPerFileCompile ConstrainedFill.swift
SwiftCompile normal arm64 /Users/admin/builder/spi-builder-workspace/.dependencies/checkouts/preview-utilities/sources/views/DashedDivider.swift (in target 'PreviewUtilities' from project 'PreviewUtilities')
cd /Users/admin/builder/spi-builder-workspace/.swiftpm/xcode
builtin-SwiftPerFileCompile DashedDivider.swift
SwiftCompile normal arm64 /Users/admin/builder/spi-builder-workspace/.dependencies/checkouts/preview-utilities/sources/views/ExtendedSizeLayout.swift (in target 'PreviewUtilities' from project 'PreviewUtilities')
cd /Users/admin/builder/spi-builder-workspace/.swiftpm/xcode
builtin-SwiftPerFileCompile ExtendedSizeLayout.swift
SwiftCompile normal arm64 /Users/admin/builder/spi-builder-workspace/.dependencies/checkouts/preview-utilities/sources/views/FloatingAlignedContainer.swift (in target 'PreviewUtilities' from project 'PreviewUtilities')
cd /Users/admin/builder/spi-builder-workspace/.swiftpm/xcode
builtin-SwiftPerFileCompile FloatingAlignedContainer.swift
SwiftCompile normal arm64 /Users/admin/builder/spi-builder-workspace/.dependencies/checkouts/preview-utilities/sources/views/HeaderFooterContainer.swift (in target 'PreviewUtilities' from project 'PreviewUtilities')
cd /Users/admin/builder/spi-builder-workspace/.swiftpm/xcode
builtin-SwiftPerFileCompile HeaderFooterContainer.swift
SwiftCompile normal arm64 /Users/admin/builder/spi-builder-workspace/.dependencies/checkouts/preview-utilities/sources/views/HiddenParentOverlay.swift (in target 'PreviewUtilities' from project 'PreviewUtilities')
cd /Users/admin/builder/spi-builder-workspace/.swiftpm/xcode
builtin-SwiftPerFileCompile HiddenParentOverlay.swift
SwiftDriverJobDiscovery normal arm64 Compiling ScrollView+Examples.swift (in target 'DiscreteStepCarousel' from project 'DiscreteStepCarousel')
SwiftCompile normal arm64 Compiling\ MacOSForcedSizeLayoutPreviewModifier.swift,\ PaddingSpacingPreviewModifier.swift,\ ScrollViewWrapperPreviewModifier.swift,\ ZeroSpacingPreviewModifier.swift,\ ImageGeneratorStore.swift,\ ImageGenerators.swift,\ SyncImageGenerator.swift,\ AxialLine.swift,\ EdgeGraticule.swift,\ GridGraticule.swift,\ ConcentricRectangle+Additions.swift,\ HStack+Additions.swift,\ Picker+Additions.swift /Users/admin/builder/spi-builder-workspace/.dependencies/checkouts/preview-utilities/sources/modifiers/for-previews/MacOSForcedSizeLayoutPreviewModifier.swift /Users/admin/builder/spi-builder-workspace/.dependencies/checkouts/preview-utilities/sources/modifiers/for-previews/PaddingSpacingPreviewModifier.swift /Users/admin/builder/spi-builder-workspace/.dependencies/checkouts/preview-utilities/sources/modifiers/for-previews/ScrollViewWrapperPreviewModifier.swift /Users/admin/builder/spi-builder-workspace/.dependencies/checkouts/preview-utilities/sources/modifiers/for-previews/ZeroSpacingPreviewModifier.swift /Users/admin/builder/spi-builder-workspace/.dependencies/checkouts/preview-utilities/sources/services/ImageGeneratorStore.swift /Users/admin/builder/spi-builder-workspace/.dependencies/checkouts/preview-utilities/sources/services/ImageGenerators.swift /Users/admin/builder/spi-builder-workspace/.dependencies/checkouts/preview-utilities/sources/services/SyncImageGenerator.swift /Users/admin/builder/spi-builder-workspace/.dependencies/checkouts/preview-utilities/sources/shapes/AxialLine.swift /Users/admin/builder/spi-builder-workspace/.dependencies/checkouts/preview-utilities/sources/shapes/EdgeGraticule.swift /Users/admin/builder/spi-builder-workspace/.dependencies/checkouts/preview-utilities/sources/shapes/GridGraticule.swift /Users/admin/builder/spi-builder-workspace/.dependencies/checkouts/preview-utilities/sources/viewAdditions/ConcentricRectangle+Additions.swift /Users/admin/builder/spi-builder-workspace/.dependencies/checkouts/preview-utilities/sources/viewAdditions/HStack+Additions.swift /Users/admin/builder/spi-builder-workspace/.dependencies/checkouts/preview-utilities/sources/viewAdditions/Picker+Additions.swift (in target 'PreviewUtilities' from project 'PreviewUtilities')
SwiftCompile normal arm64 /Users/admin/builder/spi-builder-workspace/.dependencies/checkouts/preview-utilities/sources/modifiers/for-previews/MacOSForcedSizeLayoutPreviewModifier.swift (in target 'PreviewUtilities' from project 'PreviewUtilities')
cd /Users/admin/builder/spi-builder-workspace/.swiftpm/xcode
builtin-SwiftPerFileCompile MacOSForcedSizeLayoutPreviewModifier.swift
SwiftCompile normal arm64 /Users/admin/builder/spi-builder-workspace/.dependencies/checkouts/preview-utilities/sources/modifiers/for-previews/PaddingSpacingPreviewModifier.swift (in target 'PreviewUtilities' from project 'PreviewUtilities')
cd /Users/admin/builder/spi-builder-workspace/.swiftpm/xcode
builtin-SwiftPerFileCompile PaddingSpacingPreviewModifier.swift
SwiftCompile normal arm64 /Users/admin/builder/spi-builder-workspace/.dependencies/checkouts/preview-utilities/sources/modifiers/for-previews/ScrollViewWrapperPreviewModifier.swift (in target 'PreviewUtilities' from project 'PreviewUtilities')
cd /Users/admin/builder/spi-builder-workspace/.swiftpm/xcode
builtin-SwiftPerFileCompile ScrollViewWrapperPreviewModifier.swift
SwiftCompile normal arm64 /Users/admin/builder/spi-builder-workspace/.dependencies/checkouts/preview-utilities/sources/modifiers/for-previews/ZeroSpacingPreviewModifier.swift (in target 'PreviewUtilities' from project 'PreviewUtilities')
cd /Users/admin/builder/spi-builder-workspace/.swiftpm/xcode
builtin-SwiftPerFileCompile ZeroSpacingPreviewModifier.swift
SwiftCompile normal arm64 /Users/admin/builder/spi-builder-workspace/.dependencies/checkouts/preview-utilities/sources/services/ImageGeneratorStore.swift (in target 'PreviewUtilities' from project 'PreviewUtilities')
cd /Users/admin/builder/spi-builder-workspace/.swiftpm/xcode
builtin-SwiftPerFileCompile ImageGeneratorStore.swift
SwiftCompile normal arm64 /Users/admin/builder/spi-builder-workspace/.dependencies/checkouts/preview-utilities/sources/services/ImageGenerators.swift (in target 'PreviewUtilities' from project 'PreviewUtilities')
cd /Users/admin/builder/spi-builder-workspace/.swiftpm/xcode
builtin-SwiftPerFileCompile ImageGenerators.swift
SwiftCompile normal arm64 /Users/admin/builder/spi-builder-workspace/.dependencies/checkouts/preview-utilities/sources/services/SyncImageGenerator.swift (in target 'PreviewUtilities' from project 'PreviewUtilities')
cd /Users/admin/builder/spi-builder-workspace/.swiftpm/xcode
builtin-SwiftPerFileCompile SyncImageGenerator.swift
SwiftCompile normal arm64 /Users/admin/builder/spi-builder-workspace/.dependencies/checkouts/preview-utilities/sources/shapes/AxialLine.swift (in target 'PreviewUtilities' from project 'PreviewUtilities')
cd /Users/admin/builder/spi-builder-workspace/.swiftpm/xcode
builtin-SwiftPerFileCompile AxialLine.swift
SwiftCompile normal arm64 /Users/admin/builder/spi-builder-workspace/.dependencies/checkouts/preview-utilities/sources/shapes/EdgeGraticule.swift (in target 'PreviewUtilities' from project 'PreviewUtilities')
cd /Users/admin/builder/spi-builder-workspace/.swiftpm/xcode
builtin-SwiftPerFileCompile EdgeGraticule.swift
SwiftCompile normal arm64 /Users/admin/builder/spi-builder-workspace/.dependencies/checkouts/preview-utilities/sources/shapes/GridGraticule.swift (in target 'PreviewUtilities' from project 'PreviewUtilities')
cd /Users/admin/builder/spi-builder-workspace/.swiftpm/xcode
builtin-SwiftPerFileCompile GridGraticule.swift
SwiftCompile normal arm64 /Users/admin/builder/spi-builder-workspace/.dependencies/checkouts/preview-utilities/sources/viewAdditions/ConcentricRectangle+Additions.swift (in target 'PreviewUtilities' from project 'PreviewUtilities')
cd /Users/admin/builder/spi-builder-workspace/.swiftpm/xcode
builtin-SwiftPerFileCompile ConcentricRectangle+Additions.swift
SwiftCompile normal arm64 /Users/admin/builder/spi-builder-workspace/.dependencies/checkouts/preview-utilities/sources/viewAdditions/HStack+Additions.swift (in target 'PreviewUtilities' from project 'PreviewUtilities')
cd /Users/admin/builder/spi-builder-workspace/.swiftpm/xcode
builtin-SwiftPerFileCompile HStack+Additions.swift
SwiftCompile normal arm64 /Users/admin/builder/spi-builder-workspace/.dependencies/checkouts/preview-utilities/sources/viewAdditions/Picker+Additions.swift (in target 'PreviewUtilities' from project 'PreviewUtilities')
cd /Users/admin/builder/spi-builder-workspace/.swiftpm/xcode
builtin-SwiftPerFileCompile Picker+Additions.swift
SwiftDriverJobDiscovery normal arm64 Compiling PrototypeSlider.swift (in target 'DiscreteStepCarousel' from project 'DiscreteStepCarousel')
SwiftCompile normal arm64 Compiling\ HistoricValue.swift,\ PrettyMesh.swift,\ PreviewCaption.swift,\ PreviewFooter.swift,\ PreviewHeader.swift,\ SafeAreaPad.swift,\ SheetPreview.swift,\ StarShape.swift,\ TaskView.swift,\ TransposeLayout.swift,\ VerticalText.swift,\ VisibleSpacer.swift,\ GeneratedAssetSymbols.swift /Users/admin/builder/spi-builder-workspace/.dependencies/checkouts/preview-utilities/sources/views/HistoricValue.swift /Users/admin/builder/spi-builder-workspace/.dependencies/checkouts/preview-utilities/sources/views/PrettyMesh.swift /Users/admin/builder/spi-builder-workspace/.dependencies/checkouts/preview-utilities/sources/views/PreviewCaption.swift /Users/admin/builder/spi-builder-workspace/.dependencies/checkouts/preview-utilities/sources/views/PreviewFooter.swift /Users/admin/builder/spi-builder-workspace/.dependencies/checkouts/preview-utilities/sources/views/PreviewHeader.swift /Users/admin/builder/spi-builder-workspace/.dependencies/checkouts/preview-utilities/sources/views/SafeAreaPad.swift /Users/admin/builder/spi-builder-workspace/.dependencies/checkouts/preview-utilities/sources/views/SheetPreview.swift /Users/admin/builder/spi-builder-workspace/.dependencies/checkouts/preview-utilities/sources/views/StarShape.swift /Users/admin/builder/spi-builder-workspace/.dependencies/checkouts/preview-utilities/sources/views/TaskView.swift /Users/admin/builder/spi-builder-workspace/.dependencies/checkouts/preview-utilities/sources/views/TransposeLayout.swift /Users/admin/builder/spi-builder-workspace/.dependencies/checkouts/preview-utilities/sources/views/VerticalText.swift /Users/admin/builder/spi-builder-workspace/.dependencies/checkouts/preview-utilities/sources/views/VisibleSpacer.swift /Users/admin/builder/spi-builder-workspace/.derivedData/Build/Intermediates.noindex/PreviewUtilities.build/Debug-xros/PreviewUtilities-t.build/DerivedSources/GeneratedAssetSymbols.swift (in target 'PreviewUtilities' from project 'PreviewUtilities')
/Users/admin/builder/spi-builder-workspace/.dependencies/checkouts/preview-utilities/sources/views/SheetPreview.swift:76:14: error: 'glassEffect(_:in:)' is unavailable in visionOS
74 | .labelStyle(BaselinedIconLabelStyle(length: 44))
75 | .buttonStyle(.plain)
76 | .glassEffect(.regular.interactive(), in: .circle)
| `- error: 'glassEffect(_:in:)' is unavailable in visionOS
77 | .matchedTransitionSource(id: sheetTransitionId, in: namespace)
78 | }
SwiftUI.View.glassEffect:4:27: note: 'glassEffect(_:in:)' has been explicitly marked unavailable here
2 | @available(iOS 26.0, macOS 26.0, tvOS 26.0, watchOS 26.0, *)
3 | @available(visionOS, unavailable)
4 | nonisolated public func glassEffect(_ glass: Glass = .regular, in shape: some Shape = DefaultGlassEffectShape()) -> some View
| `- note: 'glassEffect(_:in:)' has been explicitly marked unavailable here
5 | }
6 |
Failed frontend command:
/Applications/Xcode-27.0.0.app/Contents/Developer/Toolchains/XcodeDefault.xctoolchain/usr/bin/swift-frontend -frontend -c -filelist /Users/admin/builder/spi-builder-workspace/.derivedData/Build/Intermediates.noindex/PreviewUtilities.build/Debug-xros/PreviewUtilities-t.build/Objects-normal/arm64/sources-1 -primary-file /Users/admin/builder/spi-builder-workspace/.dependencies/checkouts/preview-utilities/sources/views/HistoricValue.swift -primary-file /Users/admin/builder/spi-builder-workspace/.dependencies/checkouts/preview-utilities/sources/views/PrettyMesh.swift -primary-file /Users/admin/builder/spi-builder-workspace/.dependencies/checkouts/preview-utilities/sources/views/PreviewCaption.swift -primary-file /Users/admin/builder/spi-builder-workspace/.dependencies/checkouts/preview-utilities/sources/views/PreviewFooter.swift -primary-file /Users/admin/builder/spi-builder-workspace/.dependencies/checkouts/preview-utilities/sources/views/PreviewHeader.swift -primary-file /Users/admin/builder/spi-builder-workspace/.dependencies/checkouts/preview-utilities/sources/views/SafeAreaPad.swift -primary-file /Users/admin/builder/spi-builder-workspace/.dependencies/checkouts/preview-utilities/sources/views/SheetPreview.swift -primary-file /Users/admin/builder/spi-builder-workspace/.dependencies/checkouts/preview-utilities/sources/views/StarShape.swift -primary-file /Users/admin/builder/spi-builder-workspace/.dependencies/checkouts/preview-utilities/sources/views/TaskView.swift -primary-file /Users/admin/builder/spi-builder-workspace/.dependencies/checkouts/preview-utilities/sources/views/TransposeLayout.swift -primary-file /Users/admin/builder/spi-builder-workspace/.dependencies/checkouts/preview-utilities/sources/views/VerticalText.swift -primary-file /Users/admin/builder/spi-builder-workspace/.dependencies/checkouts/preview-utilities/sources/views/VisibleSpacer.swift -primary-file /Users/admin/builder/spi-builder-workspace/.derivedData/Build/Intermediates.noindex/PreviewUtilities.build/Debug-xros/PreviewUtilities-t.build/DerivedSources/GeneratedAssetSymbols.swift -supplementary-output-file-map /Users/admin/builder/spi-builder-workspace/.derivedData/Build/Intermediates.noindex/PreviewUtilities.build/Debug-xros/PreviewUtilities-t.build/Objects-normal/arm64/supplementaryOutputs-10 -target arm64-apple-xros26.0 -module-can-import-version DeveloperToolsSupport 24.0.24 24.0.24 -module-can-import-version UIKit 9127.0.84.1 9127.0.84 -disable-cross-import-overlay-search -load-resolved-plugin /Applications/Xcode-27.0.0.app/Contents/Developer/Platforms/XROS.platform/Developer/usr/lib/swift/host/plugins/libFoundationMacros.dylib\#/Applications/Xcode-27.0.0.app/Contents/Developer/Platforms/XROS.platform/Developer/usr/bin/swift-plugin-server\#FoundationMacros -load-resolved-plugin /Applications/Xcode-27.0.0.app/Contents/Developer/Platforms/XROS.platform/Developer/usr/lib/swift/host/plugins/libObservationMacros.dylib\#/Applications/Xcode-27.0.0.app/Contents/Developer/Platforms/XROS.platform/Developer/usr/bin/swift-plugin-server\#ObservationMacros -load-resolved-plugin /Applications/Xcode-27.0.0.app/Contents/Developer/Toolchains/XcodeDefault.xctoolchain/usr/lib/swift/host/plugins/libPlaygroundMacros.dylib\#\#PlaygroundMacros -load-resolved-plugin /Applications/Xcode-27.0.0.app/Contents/Developer/Platforms/XROS.platform/Developer/usr/lib/swift/host/plugins/libPreviewsMacros.dylib\#/Applications/Xcode-27.0.0.app/Contents/Developer/Platforms/XROS.platform/Developer/usr/bin/swift-plugin-server\#PreviewsMacros -load-resolved-plugin /Applications/Xcode-27.0.0.app/Contents/Developer/Platforms/XROS.platform/Developer/usr/lib/swift/host/plugins/libSwiftMacros.dylib\#/Applications/Xcode-27.0.0.app/Contents/Developer/Platforms/XROS.platform/Developer/usr/bin/swift-plugin-server\#SwiftMacros -load-resolved-plugin /Applications/Xcode-27.0.0.app/Contents/Developer/Platforms/XROS.platform/Developer/usr/lib/swift/host/plugins/libSwiftUIMacros.dylib\#/Applications/Xcode-27.0.0.app/Contents/Developer/Platforms/XROS.platform/Developer/usr/bin/swift-plugin-server\#SwiftUIMacros -disable-implicit-swift-modules -Xcc -fno-implicit-modules -Xcc -fno-implicit-module-maps -explicit-swift-module-map-file /Users/admin/builder/spi-builder-workspace/.derivedData/Build/Intermediates.noindex/PreviewUtilities.build/Debug-xros/PreviewUtilities-t.build/Objects-normal/arm64/PreviewUtilities-dependencies-1.json -Xllvm -aarch64-use-tbi -enable-objc-interop -stack-check -sdk /Applications/Xcode-27.0.0.app/Contents/Developer/Platforms/XROS.platform/Developer/SDKs/XROS27.0.sdk -I /Users/admin/builder/spi-builder-workspace/.derivedData/Build/Products/Debug-xros -Isystem /Applications/Xcode-27.0.0.app/Contents/Developer/Platforms/XROS.platform/Developer/usr/lib -F /Users/admin/builder/spi-builder-workspace/.derivedData/Build/Products/Debug-xros/PackageFrameworks -F /Users/admin/builder/spi-builder-workspace/.derivedData/Build/Products/Debug-xros -F /Applications/Xcode-27.0.0.app/Contents/Developer/Platforms/XROS.platform/Developer/Library/Frameworks -F /Applications/Xcode-27.0.0.app/Contents/Developer/Platforms/XROS.platform/Developer/SDKs/XROS27.0.sdk/Developer/Library/Frameworks -module-cache-path /Users/admin/builder/spi-builder-workspace/.derivedData/Build/Intermediates.noindex/SwiftExplicitPrecompiledModules -no-color-diagnostics -Xcc -fno-color-diagnostics -enable-testing -g -debug-info-format\=dwarf -dwarf-version\=5 -suppress-warnings -profile-generate -profile-coverage-mapping -swift-version 6 -Onone -D SWIFT_PACKAGE -D DEBUG -D SWIFT_MODULE_RESOURCE_BUNDLE_AVAILABLE -D Xcode -serialize-debugging-options -enable-upcoming-feature NonisolatedNonsendingByDefault -enable-upcoming-feature InferIsolatedConformances -enable-upcoming-feature InternalImportsByDefault -enable-experimental-feature DebugDescriptionMacro -default-isolation MainActor -empty-abi-descriptor -user-module-version 0.4.2 -validate-clang-modules-once -clang-build-session-file /Users/admin/builder/spi-builder-workspace/.derivedData/ModuleCache.noindex/Session.modulevalidation -Xcc -working-directory -Xcc /Users/admin/builder/spi-builder-workspace/.swiftpm/xcode -enable-anonymous-context-mangled-names -file-compilation-dir /Users/admin/builder/spi-builder-workspace/.swiftpm/xcode -Xcc -D_LIBCPP_HARDENING_MODE\=_LIBCPP_HARDENING_MODE_DEBUG -Xcc -ivfsstatcache -Xcc /Users/admin/builder/spi-builder-workspace/.derivedData/SDKStatCaches.noindex/xros27.0-24M361-e829b21a6f8c9b70876ba0858053c04489c3c372b822c72ca60ec5271cbc7f3c.sdkstatcache -Xcc -fmodules-prune-interval\=86400 -Xcc -fmodules-prune-after\=345600 -Xcc -I/Users/admin/builder/spi-builder-workspace/.derivedData/Build/Products/Debug-xros/include -Xcc -I/Users/admin/builder/spi-builder-workspace/.derivedData/Build/Intermediates.noindex/PreviewUtilities.build/Debug-xros/PreviewUtilities-t.build/DerivedSources-normal/arm64 -Xcc -I/Users/admin/builder/spi-builder-workspace/.derivedData/Build/Intermediates.noindex/PreviewUtilities.build/Debug-xros/PreviewUtilities-t.build/DerivedSources/arm64 -Xcc -I/Users/admin/builder/spi-builder-workspace/.derivedData/Build/Intermediates.noindex/PreviewUtilities.build/Debug-xros/PreviewUtilities-t.build/DerivedSources -Xcc -DSWIFT_PACKAGE -Xcc -DDEBUG\=1 -no-auto-bridging-header-chaining -module-name PreviewUtilities -package-name preview_utilities -const-gather-protocols-file /Users/admin/builder/spi-builder-workspace/.derivedData/Build/Intermediates.noindex/PreviewUtilities.build/Debug-xros/PreviewUtilities-t.build/Objects-normal/arm64/PreviewUtilities_const_extract_protocols.json -disable-clang-spi -clang-target arm64-apple-xros27.0 -target-sdk-version 27.0 -target-sdk-name xros27.0 -in-process-plugin-server-path /Applications/Xcode-27.0.0.app/Contents/Developer/Toolchains/XcodeDefault.xctoolchain/usr/lib/swift/host/libSwiftInProcPluginServer.dylib -parse-as-library -o /Users/admin/builder/spi-builder-workspace/.derivedData/Build/Intermediates.noindex/PreviewUtilities.build/Debug-xros/PreviewUtilities-t.build/Objects-normal/arm64/HistoricValue.o -o /Users/admin/builder/spi-builder-workspace/.derivedData/Build/Intermediates.noindex/PreviewUtilities.build/Debug-xros/PreviewUtilities-t.build/Objects-normal/arm64/PrettyMesh.o -o /Users/admin/builder/spi-builder-workspace/.derivedData/Build/Intermediates.noindex/PreviewUtilities.build/Debug-xros/PreviewUtilities-t.build/Objects-normal/arm64/PreviewCaption.o -o /Users/admin/builder/spi-builder-workspace/.derivedData/Build/Intermediates.noindex/PreviewUtilities.build/Debug-xros/PreviewUtilities-t.build/Objects-normal/arm64/PreviewFooter.o -o /Users/admin/builder/spi-builder-workspace/.derivedData/Build/Intermediates.noindex/PreviewUtilities.build/Debug-xros/PreviewUtilities-t.build/Objects-normal/arm64/PreviewHeader.o -o /Users/admin/builder/spi-builder-workspace/.derivedData/Build/Intermediates.noindex/PreviewUtilities.build/Debug-xros/PreviewUtilities-t.build/Objects-normal/arm64/SafeAreaPad.o -o /Users/admin/builder/spi-builder-workspace/.derivedData/Build/Intermediates.noindex/PreviewUtilities.build/Debug-xros/PreviewUtilities-t.build/Objects-normal/arm64/SheetPreview.o -o /Users/admin/builder/spi-builder-workspace/.derivedData/Build/Intermediates.noindex/PreviewUtilities.build/Debug-xros/PreviewUtilities-t.build/Objects-normal/arm64/StarShape.o -o /Users/admin/builder/spi-builder-workspace/.derivedData/Build/Intermediates.noindex/PreviewUtilities.build/Debug-xros/PreviewUtilities-t.build/Objects-normal/arm64/TaskView.o -o /Users/admin/builder/spi-builder-workspace/.derivedData/Build/Intermediates.noindex/PreviewUtilities.build/Debug-xros/PreviewUtilities-t.build/Objects-normal/arm64/TransposeLayout.o -o /Users/admin/builder/spi-builder-workspace/.derivedData/Build/Intermediates.noindex/PreviewUtilities.build/Debug-xros/PreviewUtilities-t.build/Objects-normal/arm64/VerticalText.o -o /Users/admin/builder/spi-builder-workspace/.derivedData/Build/Intermediates.noindex/PreviewUtilities.build/Debug-xros/PreviewUtilities-t.build/Objects-normal/arm64/VisibleSpacer.o -o /Users/admin/builder/spi-builder-workspace/.derivedData/Build/Intermediates.noindex/PreviewUtilities.build/Debug-xros/PreviewUtilities-t.build/Objects-normal/arm64/GeneratedAssetSymbols.o -debug-module-path /Users/admin/builder/spi-builder-workspace/.derivedData/Build/Intermediates.noindex/PreviewUtilities.build/Debug-xros/PreviewUtilities-t.build/Objects-normal/arm64/PreviewUtilities.swiftmodule -index-unit-output-path /PreviewUtilities.build/Debug-xros/PreviewUtilities-t.build/Objects-normal/arm64/HistoricValue.o -index-unit-output-path /PreviewUtilities.build/Debug-xros/PreviewUtilities-t.build/Objects-normal/arm64/PrettyMesh.o -index-unit-output-path /PreviewUtilities.build/Debug-xros/PreviewUtilities-t.build/Objects-normal/arm64/PreviewCaption.o -index-unit-output-path /PreviewUtilities.build/Debug-xros/PreviewUtilities-t.build/Objects-normal/arm64/PreviewFooter.o -index-unit-output-path /PreviewUtilities.build/Debug-xros/PreviewUtilities-t.build/Objects-normal/arm64/PreviewHeader.o -index-unit-output-path /PreviewUtilities.build/Debug-xros/PreviewUtilities-t.build/Objects-normal/arm64/SafeAreaPad.o -index-unit-output-path /PreviewUtilities.build/Debug-xros/PreviewUtilities-t.build/Objects-normal/arm64/SheetPreview.o -index-unit-output-path /PreviewUtilities.build/Debug-xros/PreviewUtilities-t.build/Objects-normal/arm64/StarShape.o -index-unit-output-path /PreviewUtilities.build/Debug-xros/PreviewUtilities-t.build/Objects-normal/arm64/TaskView.o -index-unit-output-path /PreviewUtilities.build/Debug-xros/PreviewUtilities-t.build/Objects-normal/arm64/TransposeLayout.o -index-unit-output-path /PreviewUtilities.build/Debug-xros/PreviewUtilities-t.build/Objects-normal/arm64/VerticalText.o -index-unit-output-path /PreviewUtilities.build/Debug-xros/PreviewUtilities-t.build/Objects-normal/arm64/VisibleSpacer.o -index-unit-output-path /PreviewUtilities.build/Debug-xros/PreviewUtilities-t.build/Objects-normal/arm64/GeneratedAssetSymbols.o -index-store-path /Users/admin/builder/spi-builder-workspace/.derivedData/Index.noindex/DataStore -index-system-modules
SwiftCompile normal arm64 /Users/admin/builder/spi-builder-workspace/.dependencies/checkouts/preview-utilities/sources/views/HistoricValue.swift (in target 'PreviewUtilities' from project 'PreviewUtilities')
cd /Users/admin/builder/spi-builder-workspace/.swiftpm/xcode
builtin-SwiftPerFileCompile HistoricValue.swift
SwiftCompile normal arm64 /Users/admin/builder/spi-builder-workspace/.dependencies/checkouts/preview-utilities/sources/views/PrettyMesh.swift (in target 'PreviewUtilities' from project 'PreviewUtilities')
cd /Users/admin/builder/spi-builder-workspace/.swiftpm/xcode
builtin-SwiftPerFileCompile PrettyMesh.swift
SwiftCompile normal arm64 /Users/admin/builder/spi-builder-workspace/.dependencies/checkouts/preview-utilities/sources/views/PreviewCaption.swift (in target 'PreviewUtilities' from project 'PreviewUtilities')
cd /Users/admin/builder/spi-builder-workspace/.swiftpm/xcode
builtin-SwiftPerFileCompile PreviewCaption.swift
SwiftCompile normal arm64 /Users/admin/builder/spi-builder-workspace/.dependencies/checkouts/preview-utilities/sources/views/PreviewFooter.swift (in target 'PreviewUtilities' from project 'PreviewUtilities')
cd /Users/admin/builder/spi-builder-workspace/.swiftpm/xcode
builtin-SwiftPerFileCompile PreviewFooter.swift
SwiftCompile normal arm64 /Users/admin/builder/spi-builder-workspace/.dependencies/checkouts/preview-utilities/sources/views/PreviewHeader.swift (in target 'PreviewUtilities' from project 'PreviewUtilities')
cd /Users/admin/builder/spi-builder-workspace/.swiftpm/xcode
builtin-SwiftPerFileCompile PreviewHeader.swift
SwiftCompile normal arm64 /Users/admin/builder/spi-builder-workspace/.dependencies/checkouts/preview-utilities/sources/views/SafeAreaPad.swift (in target 'PreviewUtilities' from project 'PreviewUtilities')
cd /Users/admin/builder/spi-builder-workspace/.swiftpm/xcode
builtin-SwiftPerFileCompile SafeAreaPad.swift
SwiftCompile normal arm64 /Users/admin/builder/spi-builder-workspace/.dependencies/checkouts/preview-utilities/sources/views/SheetPreview.swift (in target 'PreviewUtilities' from project 'PreviewUtilities')
cd /Users/admin/builder/spi-builder-workspace/.swiftpm/xcode
builtin-SwiftPerFileCompile SheetPreview.swift
SwiftCompile normal arm64 /Users/admin/builder/spi-builder-workspace/.dependencies/checkouts/preview-utilities/sources/views/StarShape.swift (in target 'PreviewUtilities' from project 'PreviewUtilities')
cd /Users/admin/builder/spi-builder-workspace/.swiftpm/xcode
builtin-SwiftPerFileCompile StarShape.swift
SwiftCompile normal arm64 /Users/admin/builder/spi-builder-workspace/.dependencies/checkouts/preview-utilities/sources/views/TaskView.swift (in target 'PreviewUtilities' from project 'PreviewUtilities')
cd /Users/admin/builder/spi-builder-workspace/.swiftpm/xcode
builtin-SwiftPerFileCompile TaskView.swift
SwiftCompile normal arm64 /Users/admin/builder/spi-builder-workspace/.dependencies/checkouts/preview-utilities/sources/views/TransposeLayout.swift (in target 'PreviewUtilities' from project 'PreviewUtilities')
cd /Users/admin/builder/spi-builder-workspace/.swiftpm/xcode
builtin-SwiftPerFileCompile TransposeLayout.swift
SwiftCompile normal arm64 /Users/admin/builder/spi-builder-workspace/.dependencies/checkouts/preview-utilities/sources/views/VerticalText.swift (in target 'PreviewUtilities' from project 'PreviewUtilities')
cd /Users/admin/builder/spi-builder-workspace/.swiftpm/xcode
builtin-SwiftPerFileCompile VerticalText.swift
SwiftCompile normal arm64 /Users/admin/builder/spi-builder-workspace/.dependencies/checkouts/preview-utilities/sources/views/VisibleSpacer.swift (in target 'PreviewUtilities' from project 'PreviewUtilities')
cd /Users/admin/builder/spi-builder-workspace/.swiftpm/xcode
builtin-SwiftPerFileCompile VisibleSpacer.swift
SwiftCompile normal arm64 /Users/admin/builder/spi-builder-workspace/.derivedData/Build/Intermediates.noindex/PreviewUtilities.build/Debug-xros/PreviewUtilities-t.build/DerivedSources/GeneratedAssetSymbols.swift (in target 'PreviewUtilities' from project 'PreviewUtilities')
cd /Users/admin/builder/spi-builder-workspace/.swiftpm/xcode
builtin-SwiftPerFileCompile GeneratedAssetSymbols.swift
SwiftDriverJobDiscovery normal arm64 Compiling LazyHStack+ImageGenerator+Example.swift (in target 'DiscreteStepCarousel' from project 'DiscreteStepCarousel')
SwiftCompile normal arm64 Compiling\ CGRect+Geometry.swift,\ Pathable.swift,\ Segment.swift,\ Caliper.swift,\ CardIllustrations.swift,\ DebugOverlayModifier+Illustrations.swift,\ DocumentationIllustration.swift,\ EdgeGraticuleModifier+Illustrations.swift,\ FloatingAlignment+Illustrations.swift,\ IllustrationRenderer.swift,\ IllustrationStorage.swift,\ ConfigurationTrait&Modifier.swift,\ DebugTextRenderer.swift /Users/admin/builder/spi-builder-workspace/.dependencies/checkouts/preview-utilities/sources/geometry/CGRect+Geometry.swift /Users/admin/builder/spi-builder-workspace/.dependencies/checkouts/preview-utilities/sources/geometry/Pathable.swift /Users/admin/builder/spi-builder-workspace/.dependencies/checkouts/preview-utilities/sources/geometry/Segment.swift /Users/admin/builder/spi-builder-workspace/.dependencies/checkouts/preview-utilities/sources/illustrations/Caliper.swift /Users/admin/builder/spi-builder-workspace/.dependencies/checkouts/preview-utilities/sources/illustrations/CardIllustrations.swift /Users/admin/builder/spi-builder-workspace/.dependencies/checkouts/preview-utilities/sources/illustrations/DebugOverlayModifier+Illustrations.swift /Users/admin/builder/spi-builder-workspace/.dependencies/checkouts/preview-utilities/sources/illustrations/DocumentationIllustration.swift /Users/admin/builder/spi-builder-workspace/.dependencies/checkouts/preview-utilities/sources/illustrations/EdgeGraticuleModifier+Illustrations.swift /Users/admin/builder/spi-builder-workspace/.dependencies/checkouts/preview-utilities/sources/illustrations/FloatingAlignment+Illustrations.swift /Users/admin/builder/spi-builder-workspace/.dependencies/checkouts/preview-utilities/sources/illustrations/IllustrationRenderer.swift /Users/admin/builder/spi-builder-workspace/.dependencies/checkouts/preview-utilities/sources/illustrations/IllustrationStorage.swift /Users/admin/builder/spi-builder-workspace/.dependencies/checkouts/preview-utilities/sources/miscelaneous/ConfigurationTrait&Modifier.swift /Users/admin/builder/spi-builder-workspace/.dependencies/checkouts/preview-utilities/sources/miscelaneous/DebugTextRenderer.swift (in target 'PreviewUtilities' from project 'PreviewUtilities')
SwiftCompile normal arm64 /Users/admin/builder/spi-builder-workspace/.dependencies/checkouts/preview-utilities/sources/geometry/CGRect+Geometry.swift (in target 'PreviewUtilities' from project 'PreviewUtilities')
cd /Users/admin/builder/spi-builder-workspace/.swiftpm/xcode
builtin-SwiftPerFileCompile CGRect+Geometry.swift
SwiftCompile normal arm64 /Users/admin/builder/spi-builder-workspace/.dependencies/checkouts/preview-utilities/sources/geometry/Pathable.swift (in target 'PreviewUtilities' from project 'PreviewUtilities')
cd /Users/admin/builder/spi-builder-workspace/.swiftpm/xcode
builtin-SwiftPerFileCompile Pathable.swift
SwiftCompile normal arm64 /Users/admin/builder/spi-builder-workspace/.dependencies/checkouts/preview-utilities/sources/geometry/Segment.swift (in target 'PreviewUtilities' from project 'PreviewUtilities')
cd /Users/admin/builder/spi-builder-workspace/.swiftpm/xcode
builtin-SwiftPerFileCompile Segment.swift
SwiftCompile normal arm64 /Users/admin/builder/spi-builder-workspace/.dependencies/checkouts/preview-utilities/sources/illustrations/Caliper.swift (in target 'PreviewUtilities' from project 'PreviewUtilities')
cd /Users/admin/builder/spi-builder-workspace/.swiftpm/xcode
builtin-SwiftPerFileCompile Caliper.swift
SwiftCompile normal arm64 /Users/admin/builder/spi-builder-workspace/.dependencies/checkouts/preview-utilities/sources/illustrations/CardIllustrations.swift (in target 'PreviewUtilities' from project 'PreviewUtilities')
cd /Users/admin/builder/spi-builder-workspace/.swiftpm/xcode
builtin-SwiftPerFileCompile CardIllustrations.swift
SwiftCompile normal arm64 /Users/admin/builder/spi-builder-workspace/.dependencies/checkouts/preview-utilities/sources/illustrations/DebugOverlayModifier+Illustrations.swift (in target 'PreviewUtilities' from project 'PreviewUtilities')
cd /Users/admin/builder/spi-builder-workspace/.swiftpm/xcode
builtin-SwiftPerFileCompile DebugOverlayModifier+Illustrations.swift
SwiftCompile normal arm64 /Users/admin/builder/spi-builder-workspace/.dependencies/checkouts/preview-utilities/sources/illustrations/DocumentationIllustration.swift (in target 'PreviewUtilities' from project 'PreviewUtilities')
cd /Users/admin/builder/spi-builder-workspace/.swiftpm/xcode
builtin-SwiftPerFileCompile DocumentationIllustration.swift
SwiftCompile normal arm64 /Users/admin/builder/spi-builder-workspace/.dependencies/checkouts/preview-utilities/sources/illustrations/EdgeGraticuleModifier+Illustrations.swift (in target 'PreviewUtilities' from project 'PreviewUtilities')
cd /Users/admin/builder/spi-builder-workspace/.swiftpm/xcode
builtin-SwiftPerFileCompile EdgeGraticuleModifier+Illustrations.swift
SwiftCompile normal arm64 /Users/admin/builder/spi-builder-workspace/.dependencies/checkouts/preview-utilities/sources/illustrations/FloatingAlignment+Illustrations.swift (in target 'PreviewUtilities' from project 'PreviewUtilities')
cd /Users/admin/builder/spi-builder-workspace/.swiftpm/xcode
builtin-SwiftPerFileCompile FloatingAlignment+Illustrations.swift
SwiftCompile normal arm64 /Users/admin/builder/spi-builder-workspace/.dependencies/checkouts/preview-utilities/sources/illustrations/IllustrationRenderer.swift (in target 'PreviewUtilities' from project 'PreviewUtilities')
cd /Users/admin/builder/spi-builder-workspace/.swiftpm/xcode
builtin-SwiftPerFileCompile IllustrationRenderer.swift
SwiftCompile normal arm64 /Users/admin/builder/spi-builder-workspace/.dependencies/checkouts/preview-utilities/sources/illustrations/IllustrationStorage.swift (in target 'PreviewUtilities' from project 'PreviewUtilities')
cd /Users/admin/builder/spi-builder-workspace/.swiftpm/xcode
builtin-SwiftPerFileCompile IllustrationStorage.swift
SwiftCompile normal arm64 /Users/admin/builder/spi-builder-workspace/.dependencies/checkouts/preview-utilities/sources/miscelaneous/ConfigurationTrait&Modifier.swift (in target 'PreviewUtilities' from project 'PreviewUtilities')
cd /Users/admin/builder/spi-builder-workspace/.swiftpm/xcode
builtin-SwiftPerFileCompile ConfigurationTrait\&Modifier.swift
SwiftCompile normal arm64 /Users/admin/builder/spi-builder-workspace/.dependencies/checkouts/preview-utilities/sources/miscelaneous/DebugTextRenderer.swift (in target 'PreviewUtilities' from project 'PreviewUtilities')
cd /Users/admin/builder/spi-builder-workspace/.swiftpm/xcode
builtin-SwiftPerFileCompile DebugTextRenderer.swift
SwiftDriverJobDiscovery normal arm64 Compiling Previews.swift (in target 'DiscreteStepCarousel' from project 'DiscreteStepCarousel')
SwiftCompile normal arm64 Compiling\ OptionSet+Additions.swift,\ Path+Additions.swift,\ ProposedViewSize+Additions.swift,\ Result+Additions.swift,\ Sequence+Additions.swift,\ Strideable+Additions.swift,\ String+Additions.swift,\ Text+Additions.swift,\ URL+Additions.swift,\ VStack+Additions.swift,\ FramesExamples.swift,\ LayoutExample.swift,\ OverlayAlignmentExamples.swift /Users/admin/builder/spi-builder-workspace/.dependencies/checkouts/preview-utilities/sources/additions/OptionSet+Additions.swift /Users/admin/builder/spi-builder-workspace/.dependencies/checkouts/preview-utilities/sources/additions/Path+Additions.swift /Users/admin/builder/spi-builder-workspace/.dependencies/checkouts/preview-utilities/sources/additions/ProposedViewSize+Additions.swift /Users/admin/builder/spi-builder-workspace/.dependencies/checkouts/preview-utilities/sources/additions/Result+Additions.swift /Users/admin/builder/spi-builder-workspace/.dependencies/checkouts/preview-utilities/sources/additions/Sequence+Additions.swift /Users/admin/builder/spi-builder-workspace/.dependencies/checkouts/preview-utilities/sources/additions/Strideable+Additions.swift /Users/admin/builder/spi-builder-workspace/.dependencies/checkouts/preview-utilities/sources/additions/String+Additions.swift /Users/admin/builder/spi-builder-workspace/.dependencies/checkouts/preview-utilities/sources/additions/Text+Additions.swift /Users/admin/builder/spi-builder-workspace/.dependencies/checkouts/preview-utilities/sources/additions/URL+Additions.swift /Users/admin/builder/spi-builder-workspace/.dependencies/checkouts/preview-utilities/sources/additions/VStack+Additions.swift /Users/admin/builder/spi-builder-workspace/.dependencies/checkouts/preview-utilities/sources/examples/FramesExamples.swift /Users/admin/builder/spi-builder-workspace/.dependencies/checkouts/preview-utilities/sources/examples/LayoutExample.swift /Users/admin/builder/spi-builder-workspace/.dependencies/checkouts/preview-utilities/sources/examples/OverlayAlignmentExamples.swift (in target 'PreviewUtilities' from project 'PreviewUtilities')
SwiftCompile normal arm64 /Users/admin/builder/spi-builder-workspace/.dependencies/checkouts/preview-utilities/sources/additions/OptionSet+Additions.swift (in target 'PreviewUtilities' from project 'PreviewUtilities')
cd /Users/admin/builder/spi-builder-workspace/.swiftpm/xcode
builtin-SwiftPerFileCompile OptionSet+Additions.swift
SwiftCompile normal arm64 /Users/admin/builder/spi-builder-workspace/.dependencies/checkouts/preview-utilities/sources/additions/Path+Additions.swift (in target 'PreviewUtilities' from project 'PreviewUtilities')
cd /Users/admin/builder/spi-builder-workspace/.swiftpm/xcode
builtin-SwiftPerFileCompile Path+Additions.swift
SwiftCompile normal arm64 /Users/admin/builder/spi-builder-workspace/.dependencies/checkouts/preview-utilities/sources/additions/ProposedViewSize+Additions.swift (in target 'PreviewUtilities' from project 'PreviewUtilities')
cd /Users/admin/builder/spi-builder-workspace/.swiftpm/xcode
builtin-SwiftPerFileCompile ProposedViewSize+Additions.swift
SwiftCompile normal arm64 /Users/admin/builder/spi-builder-workspace/.dependencies/checkouts/preview-utilities/sources/additions/Result+Additions.swift (in target 'PreviewUtilities' from project 'PreviewUtilities')
cd /Users/admin/builder/spi-builder-workspace/.swiftpm/xcode
builtin-SwiftPerFileCompile Result+Additions.swift
SwiftCompile normal arm64 /Users/admin/builder/spi-builder-workspace/.dependencies/checkouts/preview-utilities/sources/additions/Sequence+Additions.swift (in target 'PreviewUtilities' from project 'PreviewUtilities')
cd /Users/admin/builder/spi-builder-workspace/.swiftpm/xcode
builtin-SwiftPerFileCompile Sequence+Additions.swift
SwiftCompile normal arm64 /Users/admin/builder/spi-builder-workspace/.dependencies/checkouts/preview-utilities/sources/additions/Strideable+Additions.swift (in target 'PreviewUtilities' from project 'PreviewUtilities')
cd /Users/admin/builder/spi-builder-workspace/.swiftpm/xcode
builtin-SwiftPerFileCompile Strideable+Additions.swift
SwiftCompile normal arm64 /Users/admin/builder/spi-builder-workspace/.dependencies/checkouts/preview-utilities/sources/additions/String+Additions.swift (in target 'PreviewUtilities' from project 'PreviewUtilities')
cd /Users/admin/builder/spi-builder-workspace/.swiftpm/xcode
builtin-SwiftPerFileCompile String+Additions.swift
SwiftCompile normal arm64 /Users/admin/builder/spi-builder-workspace/.dependencies/checkouts/preview-utilities/sources/additions/Text+Additions.swift (in target 'PreviewUtilities' from project 'PreviewUtilities')
cd /Users/admin/builder/spi-builder-workspace/.swiftpm/xcode
builtin-SwiftPerFileCompile Text+Additions.swift
SwiftCompile normal arm64 /Users/admin/builder/spi-builder-workspace/.dependencies/checkouts/preview-utilities/sources/additions/URL+Additions.swift (in target 'PreviewUtilities' from project 'PreviewUtilities')
cd /Users/admin/builder/spi-builder-workspace/.swiftpm/xcode
builtin-SwiftPerFileCompile URL+Additions.swift
SwiftCompile normal arm64 /Users/admin/builder/spi-builder-workspace/.dependencies/checkouts/preview-utilities/sources/additions/VStack+Additions.swift (in target 'PreviewUtilities' from project 'PreviewUtilities')
cd /Users/admin/builder/spi-builder-workspace/.swiftpm/xcode
builtin-SwiftPerFileCompile VStack+Additions.swift
SwiftCompile normal arm64 /Users/admin/builder/spi-builder-workspace/.dependencies/checkouts/preview-utilities/sources/examples/FramesExamples.swift (in target 'PreviewUtilities' from project 'PreviewUtilities')
cd /Users/admin/builder/spi-builder-workspace/.swiftpm/xcode
builtin-SwiftPerFileCompile FramesExamples.swift
SwiftCompile normal arm64 /Users/admin/builder/spi-builder-workspace/.dependencies/checkouts/preview-utilities/sources/examples/LayoutExample.swift (in target 'PreviewUtilities' from project 'PreviewUtilities')
cd /Users/admin/builder/spi-builder-workspace/.swiftpm/xcode
builtin-SwiftPerFileCompile LayoutExample.swift
SwiftCompile normal arm64 /Users/admin/builder/spi-builder-workspace/.dependencies/checkouts/preview-utilities/sources/examples/OverlayAlignmentExamples.swift (in target 'PreviewUtilities' from project 'PreviewUtilities')
cd /Users/admin/builder/spi-builder-workspace/.swiftpm/xcode
builtin-SwiftPerFileCompile OverlayAlignmentExamples.swift
SwiftDriverJobDiscovery normal arm64 Compiling Duration+Additions.swift, Edge+Additions.swift, FormatStyle+Additions.swift, GeometryReader+Additions.swift, GraphicsContext+Additions.swift, GridItem+Additions.swift, Hashable+Additions.swift, Image+Additions.swift, ImageRenderer+Additions.swift, LocalizedStringKey+Additions.swift, MeshGradient+Additions.swift, NSEdgeInsets+Additions.swift, NSParagraphStyle+Additions.swift, Numeric+Additions.swift (in target 'PreviewUtilities' from project 'PreviewUtilities')
SwiftDriver\ Compilation DiscreteStepCarousel normal arm64 com.apple.xcode.tools.swift.compiler (in target 'DiscreteStepCarousel' from project 'DiscreteStepCarousel')
cd /Users/admin/builder/spi-builder-workspace/.swiftpm/xcode
builtin-Swift-Compilation -- /Applications/Xcode-27.0.0.app/Contents/Developer/Toolchains/XcodeDefault.xctoolchain/usr/bin/swiftc -parse-as-library -module-name DiscreteStepCarousel -Onone @/Users/admin/builder/spi-builder-workspace/.derivedData/Build/Intermediates.noindex/DiscreteStepCarousel.build/Debug-xros/DiscreteStepCarousel-t.build/Objects-normal/arm64/DiscreteStepCarousel.SwiftFileList -DSWIFT_PACKAGE -DDEBUG -DSWIFT_MODULE_RESOURCE_BUNDLE_UNAVAILABLE -DXcode -default-isolation MainActor -enable-upcoming-feature NonisolatedNonsendingByDefault -enable-upcoming-feature InferIsolatedConformances -enable-upcoming-feature InternalImportsByDefault -plugin-path /Applications/Xcode-27.0.0.app/Contents/Developer/Toolchains/XcodeDefault.xctoolchain/usr/lib/swift/host/plugins/testing -enable-experimental-feature DebugDescriptionMacro -sdk /Applications/Xcode-27.0.0.app/Contents/Developer/Platforms/XROS.platform/Developer/SDKs/XROS27.0.sdk -target arm64-apple-xros26.0 -g -module-cache-path /Users/admin/builder/spi-builder-workspace/.derivedData/ModuleCache.noindex -Xfrontend -serialize-debugging-options -profile-coverage-mapping -profile-generate -enable-testing -index-store-path /Users/admin/builder/spi-builder-workspace/.derivedData/Index.noindex/DataStore -Xcc -D_LIBCPP_HARDENING_MODE\=_LIBCPP_HARDENING_MODE_DEBUG -swift-version 6 -I /Users/admin/builder/spi-builder-workspace/.derivedData/Build/Products/Debug-xros -Isystem /Applications/Xcode-27.0.0.app/Contents/Developer/Platforms/XROS.platform/Developer/usr/lib -F /Users/admin/builder/spi-builder-workspace/.derivedData/Build/Products/Debug-xros/PackageFrameworks -F /Users/admin/builder/spi-builder-workspace/.derivedData/Build/Products/Debug-xros -F /Applications/Xcode-27.0.0.app/Contents/Developer/Platforms/XROS.platform/Developer/Library/Frameworks -F /Applications/Xcode-27.0.0.app/Contents/Developer/Platforms/XROS.platform/Developer/SDKs/XROS27.0.sdk/Developer/Library/Frameworks -c -j10 -enable-batch-mode -incremental -Xcc -ivfsstatcache -Xcc /Users/admin/builder/spi-builder-workspace/.derivedData/SDKStatCaches.noindex/xros27.0-24M361-e829b21a6f8c9b70876ba0858053c04489c3c372b822c72ca60ec5271cbc7f3c.sdkstatcache -output-file-map /Users/admin/builder/spi-builder-workspace/.derivedData/Build/Intermediates.noindex/DiscreteStepCarousel.build/Debug-xros/DiscreteStepCarousel-t.build/Objects-normal/arm64/DiscreteStepCarousel-OutputFileMap.json -save-temps -no-color-diagnostics -explicit-module-build -module-cache-path /Users/admin/builder/spi-builder-workspace/.derivedData/Build/Intermediates.noindex/SwiftExplicitPrecompiledModules -clang-scanner-module-cache-path /Users/admin/builder/spi-builder-workspace/.derivedData/ModuleCache.noindex -sdk-module-cache-path /Users/admin/builder/spi-builder-workspace/.derivedData/SDKExplicitPrecompiledModules -emit-dependencies -emit-module -emit-module-path /Users/admin/builder/spi-builder-workspace/.derivedData/Build/Intermediates.noindex/DiscreteStepCarousel.build/Debug-xros/DiscreteStepCarousel-t.build/Objects-normal/arm64/DiscreteStepCarousel.swiftmodule -serialize-diagnostics -dependency-scan-serialize-diagnostics-path /Users/admin/builder/spi-builder-workspace/.derivedData/Build/Intermediates.noindex/DiscreteStepCarousel.build/Debug-xros/DiscreteStepCarousel-t.build/Objects-normal/arm64/DiscreteStepCarousel-dependency-scan.dia -validate-clang-modules-once -clang-build-session-file /Users/admin/builder/spi-builder-workspace/.derivedData/ModuleCache.noindex/Session.modulevalidation -Xcc -fmodules-prune-interval\=86400 -Xcc -fmodules-prune-after\=345600 -package-name spi_builder_workspace -emit-const-values -const-gather-protocols-list /Users/admin/builder/spi-builder-workspace/.derivedData/Build/Intermediates.noindex/DiscreteStepCarousel.build/Debug-xros/DiscreteStepCarousel-t.build/Objects-normal/arm64/DiscreteStepCarousel_const_extract_protocols.json -Xcc -I/Users/admin/builder/spi-builder-workspace/.derivedData/Build/Products/Debug-xros/include -Xcc -I/Users/admin/builder/spi-builder-workspace/.derivedData/Build/Intermediates.noindex/DiscreteStepCarousel.build/Debug-xros/DiscreteStepCarousel-t.build/DerivedSources-normal/arm64 -Xcc -I/Users/admin/builder/spi-builder-workspace/.derivedData/Build/Intermediates.noindex/DiscreteStepCarousel.build/Debug-xros/DiscreteStepCarousel-t.build/DerivedSources/arm64 -Xcc -I/Users/admin/builder/spi-builder-workspace/.derivedData/Build/Intermediates.noindex/DiscreteStepCarousel.build/Debug-xros/DiscreteStepCarousel-t.build/DerivedSources -Xcc -DSWIFT_PACKAGE -Xcc -DDEBUG\=1 -emit-objc-header -emit-objc-header-path /Users/admin/builder/spi-builder-workspace/.derivedData/Build/Intermediates.noindex/DiscreteStepCarousel.build/Debug-xros/DiscreteStepCarousel-t.build/Objects-normal/arm64/DiscreteStepCarousel-Swift.h -working-directory /Users/admin/builder/spi-builder-workspace/.swiftpm/xcode -experimental-emit-module-separately -disable-cmo
SwiftDriver DiscreteStepCarouselTests normal arm64 com.apple.xcode.tools.swift.compiler (in target 'DiscreteStepCarouselTests-product' from project 'DiscreteStepCarousel')
cd /Users/admin/builder/spi-builder-workspace/.swiftpm/xcode
builtin-SwiftDriver -- /Applications/Xcode-27.0.0.app/Contents/Developer/Toolchains/XcodeDefault.xctoolchain/usr/bin/swiftc -parse-as-library -module-name DiscreteStepCarouselTests -Onone @/Users/admin/builder/spi-builder-workspace/.derivedData/Build/Intermediates.noindex/DiscreteStepCarousel.build/Debug-xros/DiscreteStepCarouselTests-p.build/Objects-normal/arm64/DiscreteStepCarouselTests.SwiftFileList -DSWIFT_PACKAGE -DDEBUG -DXcode -default-isolation MainActor -enable-upcoming-feature NonisolatedNonsendingByDefault -enable-upcoming-feature InferIsolatedConformances -enable-upcoming-feature InternalImportsByDefault -plugin-path /Applications/Xcode-27.0.0.app/Contents/Developer/Toolchains/XcodeDefault.xctoolchain/usr/lib/swift/host/plugins/testing -enable-experimental-feature DebugDescriptionMacro -sdk /Applications/Xcode-27.0.0.app/Contents/Developer/Platforms/XROS.platform/Developer/SDKs/XROS27.0.sdk -target arm64-apple-xros26.0 -g -module-cache-path /Users/admin/builder/spi-builder-workspace/.derivedData/ModuleCache.noindex -Xfrontend -serialize-debugging-options -profile-coverage-mapping -profile-generate -enable-testing -index-store-path /Users/admin/builder/spi-builder-workspace/.derivedData/Index.noindex/DataStore -Xcc -D_LIBCPP_HARDENING_MODE\=_LIBCPP_HARDENING_MODE_DEBUG -swift-version 6 -I /Users/admin/builder/spi-builder-workspace/.derivedData/Build/Products/Debug-xros -Isystem /Applications/Xcode-27.0.0.app/Contents/Developer/Platforms/XROS.platform/Developer/usr/lib -F /Users/admin/builder/spi-builder-workspace/.derivedData/Build/Products/Debug-xros/PackageFrameworks -F /Users/admin/builder/spi-builder-workspace/.derivedData/Build/Products/Debug-xros -F /Applications/Xcode-27.0.0.app/Contents/Developer/Platforms/XROS.platform/Developer/Library/Frameworks -F /Applications/Xcode-27.0.0.app/Contents/Developer/Platforms/XROS.platform/Developer/SDKs/XROS27.0.sdk/Developer/Library/Frameworks -c -j10 -enable-batch-mode -incremental -Xcc -ivfsstatcache -Xcc /Users/admin/builder/spi-builder-workspace/.derivedData/SDKStatCaches.noindex/xros27.0-24M361-e829b21a6f8c9b70876ba0858053c04489c3c372b822c72ca60ec5271cbc7f3c.sdkstatcache -output-file-map /Users/admin/builder/spi-builder-workspace/.derivedData/Build/Intermediates.noindex/DiscreteStepCarousel.build/Debug-xros/DiscreteStepCarouselTests-p.build/Objects-normal/arm64/DiscreteStepCarouselTests-OutputFileMap.json -save-temps -no-color-diagnostics -explicit-module-build -module-cache-path /Users/admin/builder/spi-builder-workspace/.derivedData/Build/Intermediates.noindex/SwiftExplicitPrecompiledModules -clang-scanner-module-cache-path /Users/admin/builder/spi-builder-workspace/.derivedData/ModuleCache.noindex -sdk-module-cache-path /Users/admin/builder/spi-builder-workspace/.derivedData/SDKExplicitPrecompiledModules -emit-dependencies -emit-module -emit-module-path /Users/admin/builder/spi-builder-workspace/.derivedData/Build/Intermediates.noindex/DiscreteStepCarousel.build/Debug-xros/DiscreteStepCarouselTests-p.build/Objects-normal/arm64/DiscreteStepCarouselTests.swiftmodule -serialize-diagnostics -dependency-scan-serialize-diagnostics-path /Users/admin/builder/spi-builder-workspace/.derivedData/Build/Intermediates.noindex/DiscreteStepCarousel.build/Debug-xros/DiscreteStepCarouselTests-p.build/Objects-normal/arm64/DiscreteStepCarouselTests-dependency-scan.dia -validate-clang-modules-once -clang-build-session-file /Users/admin/builder/spi-builder-workspace/.derivedData/ModuleCache.noindex/Session.modulevalidation -Xcc -fmodules-prune-interval\=86400 -Xcc -fmodules-prune-after\=345600 -package-name spi_builder_workspace -emit-const-values -const-gather-protocols-list /Users/admin/builder/spi-builder-workspace/.derivedData/Build/Intermediates.noindex/DiscreteStepCarousel.build/Debug-xros/DiscreteStepCarouselTests-p.build/Objects-normal/arm64/DiscreteStepCarouselTests_const_extract_protocols.json -Xcc -I/Users/admin/builder/spi-builder-workspace/.derivedData/Build/Products/Debug-xros/include -Xcc -I/Users/admin/builder/spi-builder-workspace/.derivedData/Build/Intermediates.noindex/DiscreteStepCarousel.build/Debug-xros/DiscreteStepCarouselTests-p.build/DerivedSources-normal/arm64 -Xcc -I/Users/admin/builder/spi-builder-workspace/.derivedData/Build/Intermediates.noindex/DiscreteStepCarousel.build/Debug-xros/DiscreteStepCarouselTests-p.build/DerivedSources/arm64 -Xcc -I/Users/admin/builder/spi-builder-workspace/.derivedData/Build/Intermediates.noindex/DiscreteStepCarousel.build/Debug-xros/DiscreteStepCarouselTests-p.build/DerivedSources -Xcc -DSWIFT_PACKAGE -Xcc -DDEBUG\=1 -working-directory /Users/admin/builder/spi-builder-workspace/.swiftpm/xcode -experimental-emit-module-separately -disable-cmo
SwiftExplicitDependencyCompileModuleFromInterface arm64 /Users/admin/builder/spi-builder-workspace/.derivedData/Build/Intermediates.noindex/SwiftExplicitPrecompiledModules/Testing-T42SCY350L87.swiftmodule
SwiftEmitModule normal arm64 Emitting\ module\ for\ DiscreteStepCarouselTests (in target 'DiscreteStepCarouselTests-product' from project 'DiscreteStepCarousel')
SwiftCompile normal arm64 (in target 'DiscreteStepCarouselTests-product' from project 'DiscreteStepCarousel')
cd /Users/admin/builder/spi-builder-workspace/.swiftpm/xcode
SwiftCompile normal arm64 Compiling\ StepCarouselPositionTests.swift /Users/admin/builder/spi-builder-workspace/unit-tests/StepCarouselPositionTests.swift (in target 'DiscreteStepCarouselTests-product' from project 'DiscreteStepCarousel')
SwiftCompile normal arm64 /Users/admin/builder/spi-builder-workspace/unit-tests/StepCarouselPositionTests.swift (in target 'DiscreteStepCarouselTests-product' from project 'DiscreteStepCarousel')
cd /Users/admin/builder/spi-builder-workspace/.swiftpm/xcode
builtin-SwiftPerFileCompile StepCarouselPositionTests.swift
SwiftDriverJobDiscovery normal arm64 Compiling resource_bundle_accessor.swift, Alignment+Additions.swift, Angle+Additions.swift, Axis+Additions.swift, BidirectionalCollection+Additions.swift, BinaryFloatingPoint+Additions.swift, BinaryInteger+Additions.swift, Binding+Additions.swift, Boolean+Additions.swift, Button+Additions.swift, Collection+Additions.swift, ColorScheme+Additions.swift, Comparable+Additions.swift, DefaultStringInterpolation+Additions.swift (in target 'PreviewUtilities' from project 'PreviewUtilities')
SwiftDriverJobDiscovery normal arm64 Emitting module for DiscreteStepCarouselTests (in target 'DiscreteStepCarouselTests-product' from project 'DiscreteStepCarousel')
SwiftDriver\ Compilation\ Requirements DiscreteStepCarouselTests normal arm64 com.apple.xcode.tools.swift.compiler (in target 'DiscreteStepCarouselTests-product' from project 'DiscreteStepCarousel')
cd /Users/admin/builder/spi-builder-workspace/.swiftpm/xcode
builtin-Swift-Compilation-Requirements -- /Applications/Xcode-27.0.0.app/Contents/Developer/Toolchains/XcodeDefault.xctoolchain/usr/bin/swiftc -parse-as-library -module-name DiscreteStepCarouselTests -Onone @/Users/admin/builder/spi-builder-workspace/.derivedData/Build/Intermediates.noindex/DiscreteStepCarousel.build/Debug-xros/DiscreteStepCarouselTests-p.build/Objects-normal/arm64/DiscreteStepCarouselTests.SwiftFileList -DSWIFT_PACKAGE -DDEBUG -DXcode -default-isolation MainActor -enable-upcoming-feature NonisolatedNonsendingByDefault -enable-upcoming-feature InferIsolatedConformances -enable-upcoming-feature InternalImportsByDefault -plugin-path /Applications/Xcode-27.0.0.app/Contents/Developer/Toolchains/XcodeDefault.xctoolchain/usr/lib/swift/host/plugins/testing -enable-experimental-feature DebugDescriptionMacro -sdk /Applications/Xcode-27.0.0.app/Contents/Developer/Platforms/XROS.platform/Developer/SDKs/XROS27.0.sdk -target arm64-apple-xros26.0 -g -module-cache-path /Users/admin/builder/spi-builder-workspace/.derivedData/ModuleCache.noindex -Xfrontend -serialize-debugging-options -profile-coverage-mapping -profile-generate -enable-testing -index-store-path /Users/admin/builder/spi-builder-workspace/.derivedData/Index.noindex/DataStore -Xcc -D_LIBCPP_HARDENING_MODE\=_LIBCPP_HARDENING_MODE_DEBUG -swift-version 6 -I /Users/admin/builder/spi-builder-workspace/.derivedData/Build/Products/Debug-xros -Isystem /Applications/Xcode-27.0.0.app/Contents/Developer/Platforms/XROS.platform/Developer/usr/lib -F /Users/admin/builder/spi-builder-workspace/.derivedData/Build/Products/Debug-xros/PackageFrameworks -F /Users/admin/builder/spi-builder-workspace/.derivedData/Build/Products/Debug-xros -F /Applications/Xcode-27.0.0.app/Contents/Developer/Platforms/XROS.platform/Developer/Library/Frameworks -F /Applications/Xcode-27.0.0.app/Contents/Developer/Platforms/XROS.platform/Developer/SDKs/XROS27.0.sdk/Developer/Library/Frameworks -c -j10 -enable-batch-mode -incremental -Xcc -ivfsstatcache -Xcc /Users/admin/builder/spi-builder-workspace/.derivedData/SDKStatCaches.noindex/xros27.0-24M361-e829b21a6f8c9b70876ba0858053c04489c3c372b822c72ca60ec5271cbc7f3c.sdkstatcache -output-file-map /Users/admin/builder/spi-builder-workspace/.derivedData/Build/Intermediates.noindex/DiscreteStepCarousel.build/Debug-xros/DiscreteStepCarouselTests-p.build/Objects-normal/arm64/DiscreteStepCarouselTests-OutputFileMap.json -save-temps -no-color-diagnostics -explicit-module-build -module-cache-path /Users/admin/builder/spi-builder-workspace/.derivedData/Build/Intermediates.noindex/SwiftExplicitPrecompiledModules -clang-scanner-module-cache-path /Users/admin/builder/spi-builder-workspace/.derivedData/ModuleCache.noindex -sdk-module-cache-path /Users/admin/builder/spi-builder-workspace/.derivedData/SDKExplicitPrecompiledModules -emit-dependencies -emit-module -emit-module-path /Users/admin/builder/spi-builder-workspace/.derivedData/Build/Intermediates.noindex/DiscreteStepCarousel.build/Debug-xros/DiscreteStepCarouselTests-p.build/Objects-normal/arm64/DiscreteStepCarouselTests.swiftmodule -serialize-diagnostics -dependency-scan-serialize-diagnostics-path /Users/admin/builder/spi-builder-workspace/.derivedData/Build/Intermediates.noindex/DiscreteStepCarousel.build/Debug-xros/DiscreteStepCarouselTests-p.build/Objects-normal/arm64/DiscreteStepCarouselTests-dependency-scan.dia -validate-clang-modules-once -clang-build-session-file /Users/admin/builder/spi-builder-workspace/.derivedData/ModuleCache.noindex/Session.modulevalidation -Xcc -fmodules-prune-interval\=86400 -Xcc -fmodules-prune-after\=345600 -package-name spi_builder_workspace -emit-const-values -const-gather-protocols-list /Users/admin/builder/spi-builder-workspace/.derivedData/Build/Intermediates.noindex/DiscreteStepCarousel.build/Debug-xros/DiscreteStepCarouselTests-p.build/Objects-normal/arm64/DiscreteStepCarouselTests_const_extract_protocols.json -Xcc -I/Users/admin/builder/spi-builder-workspace/.derivedData/Build/Products/Debug-xros/include -Xcc -I/Users/admin/builder/spi-builder-workspace/.derivedData/Build/Intermediates.noindex/DiscreteStepCarousel.build/Debug-xros/DiscreteStepCarouselTests-p.build/DerivedSources-normal/arm64 -Xcc -I/Users/admin/builder/spi-builder-workspace/.derivedData/Build/Intermediates.noindex/DiscreteStepCarousel.build/Debug-xros/DiscreteStepCarouselTests-p.build/DerivedSources/arm64 -Xcc -I/Users/admin/builder/spi-builder-workspace/.derivedData/Build/Intermediates.noindex/DiscreteStepCarousel.build/Debug-xros/DiscreteStepCarouselTests-p.build/DerivedSources -Xcc -DSWIFT_PACKAGE -Xcc -DDEBUG\=1 -working-directory /Users/admin/builder/spi-builder-workspace/.swiftpm/xcode -experimental-emit-module-separately -disable-cmo
Copy /Users/admin/builder/spi-builder-workspace/.derivedData/Build/Products/Debug-xros/DiscreteStepCarouselTests.swiftmodule/arm64-apple-xros.swiftmodule /Users/admin/builder/spi-builder-workspace/.derivedData/Build/Intermediates.noindex/DiscreteStepCarousel.build/Debug-xros/DiscreteStepCarouselTests-p.build/Objects-normal/arm64/DiscreteStepCarouselTests.swiftmodule (in target 'DiscreteStepCarouselTests-product' from project 'DiscreteStepCarousel')
cd /Users/admin/builder/spi-builder-workspace
builtin-copy -exclude .DS_Store -exclude CVS -exclude .svn -exclude .git -exclude .hg -resolve-src-symlinks -rename /Users/admin/builder/spi-builder-workspace/.derivedData/Build/Intermediates.noindex/DiscreteStepCarousel.build/Debug-xros/DiscreteStepCarouselTests-p.build/Objects-normal/arm64/DiscreteStepCarouselTests.swiftmodule /Users/admin/builder/spi-builder-workspace/.derivedData/Build/Products/Debug-xros/DiscreteStepCarouselTests.swiftmodule/arm64-apple-xros.swiftmodule
Copy /Users/admin/builder/spi-builder-workspace/.derivedData/Build/Products/Debug-xros/DiscreteStepCarouselTests.swiftmodule/arm64-apple-xros.swiftdoc /Users/admin/builder/spi-builder-workspace/.derivedData/Build/Intermediates.noindex/DiscreteStepCarousel.build/Debug-xros/DiscreteStepCarouselTests-p.build/Objects-normal/arm64/DiscreteStepCarouselTests.swiftdoc (in target 'DiscreteStepCarouselTests-product' from project 'DiscreteStepCarousel')
cd /Users/admin/builder/spi-builder-workspace
builtin-copy -exclude .DS_Store -exclude CVS -exclude .svn -exclude .git -exclude .hg -resolve-src-symlinks -rename /Users/admin/builder/spi-builder-workspace/.derivedData/Build/Intermediates.noindex/DiscreteStepCarousel.build/Debug-xros/DiscreteStepCarouselTests-p.build/Objects-normal/arm64/DiscreteStepCarouselTests.swiftdoc /Users/admin/builder/spi-builder-workspace/.derivedData/Build/Products/Debug-xros/DiscreteStepCarouselTests.swiftmodule/arm64-apple-xros.swiftdoc
Copy /Users/admin/builder/spi-builder-workspace/.derivedData/Build/Products/Debug-xros/DiscreteStepCarouselTests.swiftmodule/arm64-apple-xros.abi.json /Users/admin/builder/spi-builder-workspace/.derivedData/Build/Intermediates.noindex/DiscreteStepCarousel.build/Debug-xros/DiscreteStepCarouselTests-p.build/Objects-normal/arm64/DiscreteStepCarouselTests.abi.json (in target 'DiscreteStepCarouselTests-product' from project 'DiscreteStepCarousel')
cd /Users/admin/builder/spi-builder-workspace
builtin-copy -exclude .DS_Store -exclude CVS -exclude .svn -exclude .git -exclude .hg -resolve-src-symlinks -rename /Users/admin/builder/spi-builder-workspace/.derivedData/Build/Intermediates.noindex/DiscreteStepCarousel.build/Debug-xros/DiscreteStepCarouselTests-p.build/Objects-normal/arm64/DiscreteStepCarouselTests.abi.json /Users/admin/builder/spi-builder-workspace/.derivedData/Build/Products/Debug-xros/DiscreteStepCarouselTests.swiftmodule/arm64-apple-xros.abi.json
Copy /Users/admin/builder/spi-builder-workspace/.derivedData/Build/Products/Debug-xros/DiscreteStepCarouselTests.swiftmodule/Project/arm64-apple-xros.swiftsourceinfo /Users/admin/builder/spi-builder-workspace/.derivedData/Build/Intermediates.noindex/DiscreteStepCarousel.build/Debug-xros/DiscreteStepCarouselTests-p.build/Objects-normal/arm64/DiscreteStepCarouselTests.swiftsourceinfo (in target 'DiscreteStepCarouselTests-product' from project 'DiscreteStepCarousel')
cd /Users/admin/builder/spi-builder-workspace
builtin-copy -exclude .DS_Store -exclude CVS -exclude .svn -exclude .git -exclude .hg -resolve-src-symlinks -rename /Users/admin/builder/spi-builder-workspace/.derivedData/Build/Intermediates.noindex/DiscreteStepCarousel.build/Debug-xros/DiscreteStepCarouselTests-p.build/Objects-normal/arm64/DiscreteStepCarouselTests.swiftsourceinfo /Users/admin/builder/spi-builder-workspace/.derivedData/Build/Products/Debug-xros/DiscreteStepCarouselTests.swiftmodule/Project/arm64-apple-xros.swiftsourceinfo
SwiftDriverJobDiscovery normal arm64 Compiling Defaults.swift, DisplayProperty.swift, EdgeValues.swift, FloatingAlignment.swift, HighlightTextRenderer.swift, IdentifiableCase.swift, IdentifiableShift.swift, IndexedCollection.swift, ModuleCatalogResource.swift, OptionSetTrait.swift, PreviewContentTemplate.swift, PrintOnce.swift, SelfIdentifiable.swift (in target 'PreviewUtilities' from project 'PreviewUtilities')
SwiftDriverJobDiscovery normal arm64 Compiling OverlayVsZStackExample.swift, CapitalizeFormatStyle.swift, CompositeFormatStyle.swift, FirstCharacterFormatStyle.swift, FirstWordFormatStyle.swift, FormatStyleExamples.swift, FormatStyleFormattable.swift, IdentityFormatStyle.swift, LastWordFormatStyle.swift, PropertyFormatStyle.swift, RawValueFormatStyle.swift, StringDescriptionFormatStyle.swift, CGPoint+Geometry.swift (in target 'PreviewUtilities' from project 'PreviewUtilities')
PruneExplicitPrecompiledModules /Users/admin/builder/spi-builder-workspace/.derivedData/SDKExplicitPrecompiledModules
PruneExplicitPrecompiledModules /Users/admin/builder/spi-builder-workspace/.derivedData/Build/Intermediates.noindex/ExplicitPrecompiledModules
PruneExplicitPrecompiledModules /Users/admin/builder/spi-builder-workspace/.derivedData/Build/Intermediates.noindex/SwiftExplicitPrecompiledModules
2026-10-12 14:51:02.980 xcodebuild[1475:9085] [MT] IDERunDestination: Supported platforms for the buildables in the current scheme is empty.
2026-10-12 14:51:03.095 xcodebuild[1475:9085] [MT] IDERunDestination: Supported platforms for the buildables in the current scheme is empty.
** BUILD FAILED **
The following build commands failed:
SwiftCompile normal arm64 Compiling\ HistoricValue.swift,\ PrettyMesh.swift,\ PreviewCaption.swift,\ PreviewFooter.swift,\ PreviewHeader.swift,\ SafeAreaPad.swift,\ SheetPreview.swift,\ StarShape.swift,\ TaskView.swift,\ TransposeLayout.swift,\ VerticalText.swift,\ VisibleSpacer.swift,\ GeneratedAssetSymbols.swift /Users/admin/builder/spi-builder-workspace/.dependencies/checkouts/preview-utilities/sources/views/HistoricValue.swift /Users/admin/builder/spi-builder-workspace/.dependencies/checkouts/preview-utilities/sources/views/PrettyMesh.swift /Users/admin/builder/spi-builder-workspace/.dependencies/checkouts/preview-utilities/sources/views/PreviewCaption.swift /Users/admin/builder/spi-builder-workspace/.dependencies/checkouts/preview-utilities/sources/views/PreviewFooter.swift /Users/admin/builder/spi-builder-workspace/.dependencies/checkouts/preview-utilities/sources/views/PreviewHeader.swift /Users/admin/builder/spi-builder-workspace/.dependencies/checkouts/preview-utilities/sources/views/SafeAreaPad.swift /Users/admin/builder/spi-builder-workspace/.dependencies/checkouts/preview-utilities/sources/views/SheetPreview.swift /Users/admin/builder/spi-builder-workspace/.dependencies/checkouts/preview-utilities/sources/views/StarShape.swift /Users/admin/builder/spi-builder-workspace/.dependencies/checkouts/preview-utilities/sources/views/TaskView.swift /Users/admin/builder/spi-builder-workspace/.dependencies/checkouts/preview-utilities/sources/views/TransposeLayout.swift /Users/admin/builder/spi-builder-workspace/.dependencies/checkouts/preview-utilities/sources/views/VerticalText.swift /Users/admin/builder/spi-builder-workspace/.dependencies/checkouts/preview-utilities/sources/views/VisibleSpacer.swift /Users/admin/builder/spi-builder-workspace/.derivedData/Build/Intermediates.noindex/PreviewUtilities.build/Debug-xros/PreviewUtilities-t.build/DerivedSources/GeneratedAssetSymbols.swift (in target 'PreviewUtilities' from project 'PreviewUtilities')
SwiftCompile normal arm64 /Users/admin/builder/spi-builder-workspace/.dependencies/checkouts/preview-utilities/sources/views/SheetPreview.swift (in target 'PreviewUtilities' from project 'PreviewUtilities')
Building workspace DiscreteStepCarousel with scheme DiscreteStepCarousel
(3 failures)
BUILD FAILURE 6.4 visionOS