The Swift Package Index logo.Swift Package Index

Build Information

Failed to build ZDLibffi, reference main (e9737c), with Swift 6.4 for Wasm on 1 Oct 2026 07:59:01 UTC.

Build Command

bash -c docker run --pull=always --rm -v "checkouts-54344845-0":/host -w "$PWD" -e JAVA_HOME="/root/.sdkman/candidates/java/current" -e SPI_BUILD="1" -e SPI_PROCESSING="1" registry.gitlab.com/saguaro1/spi-images:wasm-6.4-latest swift build --swift-sdk swift-6.4.x-DEVELOPMENT-SNAPSHOT-2026-09-04-a_wasm 2>&1

Build Log

========================================
RunAll
========================================
Builder version: 5.1.1
Interrupt handler set up.
========================================
Checkout
========================================
Clone URL: https://github.com/lynnswap/ZDLibffi.git
Reference: main
Initialized empty Git repository in /host/spi-builder-workspace/.git/
hint: Using 'master' as the name for the initial branch. This default branch name
hint: is subject to change. To configure the initial branch name to use in all
hint: of your new repositories, which will suppress this warning, call:
hint:
hint: 	git config --global init.defaultBranch <name>
hint:
hint: Names commonly chosen instead of 'master' are 'main', 'trunk' and
hint: 'development'. The just-created branch can be renamed via this command:
hint:
hint: 	git branch -m <name>
From https://github.com/lynnswap/ZDLibffi
 * branch            main       -> FETCH_HEAD
 * [new branch]      main       -> origin/main
HEAD is now at e9737c7 Merge pull request #2 from lynnswap/codex/arm64e-pointer-authentication
Cloned https://github.com/lynnswap/ZDLibffi.git
Revision (git rev-parse @):
e9737c755088a4a3d2ba03f2ca5bfeadff9c09b2
SUCCESS checkout https://github.com/lynnswap/ZDLibffi.git at main
========================================
Build
========================================
Selected platform:         wasm
Swift version:             6.4
Building package at path:  $PWD
https://github.com/lynnswap/ZDLibffi.git
Running build ...
bash -c docker run --pull=always --rm -v "checkouts-54344845-0":/host -w "$PWD" -e JAVA_HOME="/root/.sdkman/candidates/java/current" -e SPI_BUILD="1" -e SPI_PROCESSING="1" registry.gitlab.com/saguaro1/spi-images:wasm-6.4-latest swift build --swift-sdk swift-6.4.x-DEVELOPMENT-SNAPSHOT-2026-09-04-a_wasm 2>&1
wasm-6.4-latest: Pulling from saguaro1/spi-images
Digest: sha256:4328fdb43c680d205c1d6761b1e3267aa38277eefdda9ddfb17b6a0f1a77857a
Status: Image is up to date for registry.gitlab.com/saguaro1/spi-images:wasm-6.4-latest
warning: 'spi-builder-workspace': /host/spi-builder-workspace/Package.swift:8:15: warning: 'v10' is deprecated: iOS 15.0 is the oldest supported version [#DeprecatedDeclaration]
 6 |     name: "ZDLibffi",
 7 |     platforms: [
 8 |         .iOS(.v10),
   |               `- warning: 'v10' is deprecated: iOS 15.0 is the oldest supported version [#DeprecatedDeclaration]
 9 |         .macOS(.v10_12),
10 |         .tvOS(.v10),
/host/spi-builder-workspace/Package.swift:9:17: warning: 'v10_12' is deprecated: macOS 12.0 is the oldest supported version [#DeprecatedDeclaration]
 7 |     platforms: [
 8 |         .iOS(.v10),
 9 |         .macOS(.v10_12),
   |                 `- warning: 'v10_12' is deprecated: macOS 12.0 is the oldest supported version [#DeprecatedDeclaration]
10 |         .tvOS(.v10),
11 |         .watchOS(.v3),
/host/spi-builder-workspace/Package.swift:10:16: warning: 'v10' is deprecated: tvOS 15.0 is the oldest supported version [#DeprecatedDeclaration]
 8 |         .iOS(.v10),
 9 |         .macOS(.v10_12),
10 |         .tvOS(.v10),
   |                `- warning: 'v10' is deprecated: tvOS 15.0 is the oldest supported version [#DeprecatedDeclaration]
11 |         .watchOS(.v3),
12 |         .visionOS(.v1)
/host/spi-builder-workspace/Package.swift:11:19: warning: 'v3' is deprecated: watchOS 9.0 is the oldest supported version [#DeprecatedDeclaration]
 9 |         .macOS(.v10_12),
10 |         .tvOS(.v10),
11 |         .watchOS(.v3),
   |                   `- warning: 'v3' is deprecated: watchOS 9.0 is the oldest supported version [#DeprecatedDeclaration]
12 |         .visionOS(.v1)
13 |     ],
[#DeprecatedDeclaration]: <https://docs.swift.org/compiler/documentation/diagnostics/deprecated-declaration>
Building for debugging...
[Pre-planning 1 / 67]
[6 / 33]
In file included from /host/spi-builder-workspace/Source/src/common/types.c:32:
/host/spi-builder-workspace/Source/include/ffi_common.h:129:1: error: unknown type name 'ffi_status'
  129 | ffi_status ffi_prep_cif_machdep(ffi_cif *cif);
      | ^
/host/spi-builder-workspace/Source/include/ffi_common.h:129:33: error: unknown type name 'ffi_cif'
  129 | ffi_status ffi_prep_cif_machdep(ffi_cif *cif);
      |                                 ^
/host/spi-builder-workspace/Source/include/ffi_common.h:130:1: error: unknown type name 'ffi_status'
  130 | ffi_status ffi_prep_cif_machdep_var(ffi_cif *cif,
      | ^
/host/spi-builder-workspace/Source/include/ffi_common.h:130:37: error: unknown type name 'ffi_cif'
  130 | ffi_status ffi_prep_cif_machdep_var(ffi_cif *cif,
      |                                     ^
/host/spi-builder-workspace/Source/include/ffi_common.h:140:1: error: unknown type name 'ffi_status'
  140 | ffi_status ffi_prep_cif_core(ffi_cif *cif,
      | ^
/host/spi-builder-workspace/Source/include/ffi_common.h:140:30: error: unknown type name 'ffi_cif'
  140 | ffi_status ffi_prep_cif_core(ffi_cif *cif,
      |                              ^
/host/spi-builder-workspace/Source/include/ffi_common.h:141:9: error: unknown type name 'ffi_abi'
  141 |                              ffi_abi abi,
      |                              ^
/host/spi-builder-workspace/Source/include/ffi_common.h:145:9: error: unknown type name 'ffi_type'
  145 |                              ffi_type *rtype,
      |                              ^
/host/spi-builder-workspace/Source/include/ffi_common.h:146:9: error: unknown type name 'ffi_type'
  146 |                              ffi_type **atypes);
      |                              ^
/host/spi-builder-workspace/Source/include/ffi_common.h:150:45: error: expected function body after function declarator
  150 | void *ffi_data_to_code_pointer (void *data) FFI_HIDDEN;
      |                                             ^
/host/spi-builder-workspace/Source/include/ffi_common.h:154:42: error: expected function body after function declarator
  154 | int ffi_tramp_is_present (void *closure) FFI_HIDDEN;
      |                                          ^
/host/spi-builder-workspace/Source/include/ffi_common.h:158:31: error: expected function body after function declarator
  158 | int open_temp_exec_file(void) FFI_HIDDEN;
      |                               ^
/host/spi-builder-workspace/Source/include/ffi_common.h:163:3: error: unknown type name 'ffi_cif'
  163 |   ffi_cif *cif;
      |   ^
/host/spi-builder-workspace/Source/src/common/types.c:37:10: error: use of undeclared identifier 'FFI_VERSION_STRING'
   37 |   return FFI_VERSION_STRING;
      |          ^~~~~~~~~~~~~~~~~~
/host/spi-builder-workspace/Source/src/common/types.c:43:10: error: use of undeclared identifier 'FFI_VERSION_NUMBER'
   43 |   return FFI_VERSION_NUMBER;
      |          ^~~~~~~~~~~~~~~~~~
/host/spi-builder-workspace/Source/src/common/types.c:48:10: error: use of undeclared identifier 'FFI_DEFAULT_ABI'
   48 |   return FFI_DEFAULT_ABI;
      |          ^~~~~~~~~~~~~~~
/host/spi-builder-workspace/Source/src/common/types.c:51:1: error: unknown type name 'size_t'
   51 | size_t ffi_get_closure_size (void)
      | ^
/host/spi-builder-workspace/Source/src/common/types.c:53:17: error: use of undeclared identifier 'ffi_closure'
   53 |   return sizeof(ffi_closure);
      |                 ^~~~~~~~~~~
/host/spi-builder-workspace/Source/src/common/types.c:87:1: error: unknown type name 'FFI_EXTERN'
   87 | FFI_EXTERN const ffi_type ffi_type_void = {
      | ^
fatal error: too many errors emitted, stopping now [-ferror-limit=]
20 errors generated.
error: CompileC /host/spi-builder-workspace/.build/out/Intermediates.noindex/ZDLibffi.build/Debug-webassembly-wasm32/ZDLibffi-t.build/Objects-normal/wasm32/types.o /host/spi-builder-workspace/Source/src/common/types.c normal wasm32 c com.apple.compilers.llvm.clang.1_0.compiler failed with a nonzero exit code. Command line:     cd /host

    Using response file: /host/spi-builder-workspace/.build/out/Intermediates.noindex/ZDLibffi.build/Debug-webassembly-wasm32/ZDLibffi-t.build/Objects-normal/wasm32/9f65232cb83f8421e3a495a5062eba382369c975104ee97bafc405ab795bfc5e-common-args.resp

    /usr/bin/clang -x c -target wasm32-unknown-wasip1 -fmessage-length\=0 -fdiagnostics-show-note-include-stack -fmacro-backtrace-limit\=0 -fcolor-diagnostics -Wno-trigraphs -Wno-missing-field-initializers -Wno-missing-prototypes -Wno-return-type -Wno-missing-braces -Wparentheses -Wswitch -Wno-unused-function -Wno-unused-label -Wno-unused-parameter -Wno-unused-variable -Wunused-value -Wno-empty-body -Wno-uninitialized -Wno-unknown-pragmas -Wno-shadow -Wno-four-char-constants -Wno-conversion -Wno-constant-conversion -Wno-int-conversion -Wno-bool-conversion -Wno-enum-conversion -Wno-float-conversion -Wno-non-literal-null-conversion -Wno-objc-literal-conversion -Wno-shorten-64-to-32 -Wpointer-sign -Wno-newline-eof -Wno-implicit-fallthrough -fstrict-aliasing -Wdeprecated-declarations -Wno-sign-conversion -Wno-infinite-recursion -Wno-comma -Wno-block-capture-autoreleasing -Wno-strict-prototypes -Wno-semicolon-before-method-body --sysroot /root/.swiftpm/swift-sdks/swift-6.4.x-DEVELOPMENT-SNAPSHOT-2026-09-04-a_wasm.artifactbundle/swift-6.4.x-DEVELOPMENT-SNAPSHOT-2026-09-04-a_wasm/wasm32-unknown-wasip1/WASI.sdk @/host/spi-builder-workspace/.build/out/Intermediates.noindex/ZDLibffi.build/Debug-webassembly-wasm32/ZDLibffi-t.build/Objects-normal/wasm32/9f65232cb83f8421e3a495a5062eba382369c975104ee97bafc405ab795bfc5e-common-args.resp -MMD -MT dependencies -MF /host/spi-builder-workspace/.build/out/Intermediates.noindex/ZDLibffi.build/Debug-webassembly-wasm32/ZDLibffi-t.build/Objects-normal/wasm32/types.d --serialize-diagnostics /host/spi-builder-workspace/.build/out/Intermediates.noindex/ZDLibffi.build/Debug-webassembly-wasm32/ZDLibffi-t.build/Objects-normal/wasm32/types.dia -c /host/spi-builder-workspace/Source/src/common/types.c -o /host/spi-builder-workspace/.build/out/Intermediates.noindex/ZDLibffi.build/Debug-webassembly-wasm32/ZDLibffi-t.build/Objects-normal/wasm32/types.o
error: Build failed
BUILD FAILURE 6.4 wasm