The Swift Package Index logo.Swift Package Index

Build Information

Failed to build SwiftHTMLtoMarkdown, reference main (bc7452), with Swift 6.2 for Wasm on 17 Jul 2026 23:08:44 UTC.

Build Command

bash -c docker run --pull=always --rm -v "checkouts-54344844-0":/host -w "$PWD" -e JAVA_HOME="/root/.sdkman/candidates/java/current" -e SPI_BUILD="1" -e SPI_PROCESSING="1" registry.gitlab.com/saguaro1/spi-images:wasm-6.2-latest swift build --swift-sdk swift-6.2-RELEASE_wasm 2>&1

Build Log

========================================
RunAll
========================================
Builder version: 333316120c8b89ed7d21f1b34865290794301d91
Interrupt handler set up.
========================================
Checkout
========================================
Clone URL: https://github.com/ActuallyTaylor/SwiftHTMLToMarkdown.git
Reference: main
Initialized empty Git repository in /host/spi-builder-workspace/.git/
hint: Using 'master' as the name for the initial branch. This default branch name
hint: is subject to change. To configure the initial branch name to use in all
hint: of your new repositories, which will suppress this warning, call:
hint:
hint: 	git config --global init.defaultBranch <name>
hint:
hint: Names commonly chosen instead of 'master' are 'main', 'trunk' and
hint: 'development'. The just-created branch can be renamed via this command:
hint:
hint: 	git branch -m <name>
From https://github.com/ActuallyTaylor/SwiftHTMLToMarkdown
 * branch            main       -> FETCH_HEAD
 * [new branch]      main       -> origin/main
HEAD is now at bc7452d Merge pull request #8 from mononz/main
Cloned https://github.com/ActuallyTaylor/SwiftHTMLToMarkdown.git
Revision (git rev-parse @):
bc7452de282669479f0d9ef2c81f1062956d54e5
SUCCESS checkout https://github.com/ActuallyTaylor/SwiftHTMLToMarkdown.git at main
========================================
Build
========================================
Selected platform:         wasm
Swift version:             6.2
Building package at path:  $PWD
https://github.com/ActuallyTaylor/SwiftHTMLToMarkdown.git
Running build ...
bash -c docker run --pull=always --rm -v "checkouts-54344844-0":/host -w "$PWD" -e JAVA_HOME="/root/.sdkman/candidates/java/current" -e SPI_BUILD="1" -e SPI_PROCESSING="1" registry.gitlab.com/saguaro1/spi-images:wasm-6.2-latest swift build --swift-sdk swift-6.2-RELEASE_wasm 2>&1
wasm-6.2-latest: Pulling from saguaro1/spi-images
Digest: sha256:dc8dffc38f1d92eca7ee5312617822470123661393ed20672e77964f9dcaaffb
Status: Image is up to date for registry.gitlab.com/saguaro1/spi-images:wasm-6.2-latest
Fetching https://github.com/scinfu/SwiftSoup.git
[1/6029] Fetching swiftsoup
Fetched https://github.com/scinfu/SwiftSoup.git from cache (0.57s)
Computing version for https://github.com/scinfu/SwiftSoup.git
Computed https://github.com/scinfu/SwiftSoup.git at 2.13.6 (0.73s)
Creating working copy for https://github.com/scinfu/SwiftSoup.git
Working copy of https://github.com/scinfu/SwiftSoup.git resolved at 2.13.6
Building for debugging...
[0/3] Write sources
[2/3] Write swift-version-24593BA9C3E375BF.txt
[4/57] Emitting module SwiftSoup
[5/64] Compiling SwiftSoup QueryParserCache.swift
[6/64] Compiling SwiftSoup SourceRange.swift
[7/64] Compiling SwiftSoup StreamReader.swift
[8/64] Compiling SwiftSoup String.swift
[9/64] Compiling SwiftSoup StringBuilder.swift
[10/64] Compiling SwiftSoup StringUtil.swift
[11/64] Compiling SwiftSoup StructuralEvaluator.swift
[12/64] Compiling SwiftSoup Attribute.swift
[13/64] Compiling SwiftSoup Attributes.swift
[14/64] Compiling SwiftSoup BinarySearch.swift
[15/64] Compiling SwiftSoup BooleanAttribute.swift
[16/64] Compiling SwiftSoup ByteSlice.swift
[17/64] Compiling SwiftSoup CharacterExt.swift
[18/64] Compiling SwiftSoup CharacterReader.swift
[19/64] Compiling SwiftSoup Cleaner.swift
[20/64] Compiling SwiftSoup Collector.swift
[21/64] Compiling SwiftSoup CombiningEvaluator.swift
[22/64] Compiling SwiftSoup Comment.swift
[23/64] Compiling SwiftSoup CssSelector.swift
[24/64] Compiling SwiftSoup DataNode.swift
[25/64] Compiling SwiftSoup DebugTrace.swift
[26/64] Compiling SwiftSoup Document.swift
[27/64] Compiling SwiftSoup DocumentType.swift
[28/64] Compiling SwiftSoup TreeBuilder.swift
[29/64] Compiling SwiftSoup UTF8Arrays.swift
[30/64] Compiling SwiftSoup UnicodeScalar.swift
[31/64] Compiling SwiftSoup Validate.swift
[32/64] Compiling SwiftSoup Whitelist.swift
[33/64] Compiling SwiftSoup XmlDeclaration.swift
[34/64] Compiling SwiftSoup XmlTreeBuilder.swift
[35/64] Compiling SwiftSoup SwiftSoup.swift
[36/64] Compiling SwiftSoup Tag.swift
[37/64] Compiling SwiftSoup TextNode.swift
[38/64] Compiling SwiftSoup Token.swift
[39/64] Compiling SwiftSoup TokenQueue.swift
[40/64] Compiling SwiftSoup Tokeniser.swift
[41/64] Compiling SwiftSoup TokeniserState.swift
[42/64] Compiling SwiftSoup Element.swift
[43/64] Compiling SwiftSoup ElementQuery.swift
[44/64] Compiling SwiftSoup Elements.swift
[45/64] Compiling SwiftSoup Entities.swift
[46/64] Compiling SwiftSoup Evaluator.swift
[47/64] Compiling SwiftSoup Exception.swift
[48/64] Compiling SwiftSoup FormElement.swift
[49/64] Compiling SwiftSoup HtmlTreeBuilder.swift
[50/64] Compiling SwiftSoup ParseErrorList.swift
[51/64] Compiling SwiftSoup ParseSettings.swift
[52/64] Compiling SwiftSoup Parser.swift
[53/64] Compiling SwiftSoup ParsingStrings.swift
[54/64] Compiling SwiftSoup Pattern.swift
[55/64] Compiling SwiftSoup Profiler.swift
[56/64] Compiling SwiftSoup QueryParser.swift
[57/64] Compiling SwiftSoup HtmlTreeBuilderState.swift
/host/spi-builder-workspace/.build/checkouts/SwiftSoup/Sources/Mutex.swift:82:9: error: cannot find 'pthread_mutex_init' in scope
80 |
81 |     init() {
82 |         pthread_mutex_init(&mutex, nil)
   |         `- error: cannot find 'pthread_mutex_init' in scope
83 |     }
84 |
/host/spi-builder-workspace/.build/checkouts/SwiftSoup/Sources/Mutex.swift:82:36: error: 'nil' requires a contextual type
80 |
81 |     init() {
82 |         pthread_mutex_init(&mutex, nil)
   |                                    `- error: 'nil' requires a contextual type
83 |     }
84 |
/host/spi-builder-workspace/.build/checkouts/SwiftSoup/Sources/Mutex.swift:86:9: error: cannot find 'pthread_mutex_destroy' in scope
84 |
85 |     deinit {
86 |         pthread_mutex_destroy(&mutex)
   |         `- error: cannot find 'pthread_mutex_destroy' in scope
87 |     }
88 |
/host/spi-builder-workspace/.build/checkouts/SwiftSoup/Sources/Mutex.swift:90:9: error: cannot find 'pthread_mutex_lock' in scope
88 |
89 |     func lock() {
90 |         pthread_mutex_lock(&mutex)
   |         `- error: cannot find 'pthread_mutex_lock' in scope
91 |     }
92 |
/host/spi-builder-workspace/.build/checkouts/SwiftSoup/Sources/Mutex.swift:94:9: error: cannot find 'pthread_mutex_unlock' in scope
92 |
93 |     func unlock() {
94 |         pthread_mutex_unlock(&mutex)
   |         `- error: cannot find 'pthread_mutex_unlock' in scope
95 |     }
96 | #endif
[58/64] Compiling SwiftSoup LRUCache.swift
/host/spi-builder-workspace/.build/checkouts/SwiftSoup/Sources/Mutex.swift:82:9: error: cannot find 'pthread_mutex_init' in scope
80 |
81 |     init() {
82 |         pthread_mutex_init(&mutex, nil)
   |         `- error: cannot find 'pthread_mutex_init' in scope
83 |     }
84 |
/host/spi-builder-workspace/.build/checkouts/SwiftSoup/Sources/Mutex.swift:82:36: error: 'nil' requires a contextual type
80 |
81 |     init() {
82 |         pthread_mutex_init(&mutex, nil)
   |                                    `- error: 'nil' requires a contextual type
83 |     }
84 |
/host/spi-builder-workspace/.build/checkouts/SwiftSoup/Sources/Mutex.swift:86:9: error: cannot find 'pthread_mutex_destroy' in scope
84 |
85 |     deinit {
86 |         pthread_mutex_destroy(&mutex)
   |         `- error: cannot find 'pthread_mutex_destroy' in scope
87 |     }
88 |
/host/spi-builder-workspace/.build/checkouts/SwiftSoup/Sources/Mutex.swift:90:9: error: cannot find 'pthread_mutex_lock' in scope
88 |
89 |     func lock() {
90 |         pthread_mutex_lock(&mutex)
   |         `- error: cannot find 'pthread_mutex_lock' in scope
91 |     }
92 |
/host/spi-builder-workspace/.build/checkouts/SwiftSoup/Sources/Mutex.swift:94:9: error: cannot find 'pthread_mutex_unlock' in scope
92 |
93 |     func unlock() {
94 |         pthread_mutex_unlock(&mutex)
   |         `- error: cannot find 'pthread_mutex_unlock' in scope
95 |     }
96 | #endif
[59/64] Compiling SwiftSoup Mutex.swift
/host/spi-builder-workspace/.build/checkouts/SwiftSoup/Sources/Mutex.swift:82:9: error: cannot find 'pthread_mutex_init' in scope
80 |
81 |     init() {
82 |         pthread_mutex_init(&mutex, nil)
   |         `- error: cannot find 'pthread_mutex_init' in scope
83 |     }
84 |
/host/spi-builder-workspace/.build/checkouts/SwiftSoup/Sources/Mutex.swift:82:36: error: 'nil' requires a contextual type
80 |
81 |     init() {
82 |         pthread_mutex_init(&mutex, nil)
   |                                    `- error: 'nil' requires a contextual type
83 |     }
84 |
/host/spi-builder-workspace/.build/checkouts/SwiftSoup/Sources/Mutex.swift:86:9: error: cannot find 'pthread_mutex_destroy' in scope
84 |
85 |     deinit {
86 |         pthread_mutex_destroy(&mutex)
   |         `- error: cannot find 'pthread_mutex_destroy' in scope
87 |     }
88 |
/host/spi-builder-workspace/.build/checkouts/SwiftSoup/Sources/Mutex.swift:90:9: error: cannot find 'pthread_mutex_lock' in scope
88 |
89 |     func lock() {
90 |         pthread_mutex_lock(&mutex)
   |         `- error: cannot find 'pthread_mutex_lock' in scope
91 |     }
92 |
/host/spi-builder-workspace/.build/checkouts/SwiftSoup/Sources/Mutex.swift:94:9: error: cannot find 'pthread_mutex_unlock' in scope
92 |
93 |     func unlock() {
94 |         pthread_mutex_unlock(&mutex)
   |         `- error: cannot find 'pthread_mutex_unlock' in scope
95 |     }
96 | #endif
[60/64] Compiling SwiftSoup Node.swift
/host/spi-builder-workspace/.build/checkouts/SwiftSoup/Sources/Mutex.swift:82:9: error: cannot find 'pthread_mutex_init' in scope
80 |
81 |     init() {
82 |         pthread_mutex_init(&mutex, nil)
   |         `- error: cannot find 'pthread_mutex_init' in scope
83 |     }
84 |
/host/spi-builder-workspace/.build/checkouts/SwiftSoup/Sources/Mutex.swift:82:36: error: 'nil' requires a contextual type
80 |
81 |     init() {
82 |         pthread_mutex_init(&mutex, nil)
   |                                    `- error: 'nil' requires a contextual type
83 |     }
84 |
/host/spi-builder-workspace/.build/checkouts/SwiftSoup/Sources/Mutex.swift:86:9: error: cannot find 'pthread_mutex_destroy' in scope
84 |
85 |     deinit {
86 |         pthread_mutex_destroy(&mutex)
   |         `- error: cannot find 'pthread_mutex_destroy' in scope
87 |     }
88 |
/host/spi-builder-workspace/.build/checkouts/SwiftSoup/Sources/Mutex.swift:90:9: error: cannot find 'pthread_mutex_lock' in scope
88 |
89 |     func lock() {
90 |         pthread_mutex_lock(&mutex)
   |         `- error: cannot find 'pthread_mutex_lock' in scope
91 |     }
92 |
/host/spi-builder-workspace/.build/checkouts/SwiftSoup/Sources/Mutex.swift:94:9: error: cannot find 'pthread_mutex_unlock' in scope
92 |
93 |     func unlock() {
94 |         pthread_mutex_unlock(&mutex)
   |         `- error: cannot find 'pthread_mutex_unlock' in scope
95 |     }
96 | #endif
[61/64] Compiling SwiftSoup NodeTraversor.swift
/host/spi-builder-workspace/.build/checkouts/SwiftSoup/Sources/Mutex.swift:82:9: error: cannot find 'pthread_mutex_init' in scope
80 |
81 |     init() {
82 |         pthread_mutex_init(&mutex, nil)
   |         `- error: cannot find 'pthread_mutex_init' in scope
83 |     }
84 |
/host/spi-builder-workspace/.build/checkouts/SwiftSoup/Sources/Mutex.swift:82:36: error: 'nil' requires a contextual type
80 |
81 |     init() {
82 |         pthread_mutex_init(&mutex, nil)
   |                                    `- error: 'nil' requires a contextual type
83 |     }
84 |
/host/spi-builder-workspace/.build/checkouts/SwiftSoup/Sources/Mutex.swift:86:9: error: cannot find 'pthread_mutex_destroy' in scope
84 |
85 |     deinit {
86 |         pthread_mutex_destroy(&mutex)
   |         `- error: cannot find 'pthread_mutex_destroy' in scope
87 |     }
88 |
/host/spi-builder-workspace/.build/checkouts/SwiftSoup/Sources/Mutex.swift:90:9: error: cannot find 'pthread_mutex_lock' in scope
88 |
89 |     func lock() {
90 |         pthread_mutex_lock(&mutex)
   |         `- error: cannot find 'pthread_mutex_lock' in scope
91 |     }
92 |
/host/spi-builder-workspace/.build/checkouts/SwiftSoup/Sources/Mutex.swift:94:9: error: cannot find 'pthread_mutex_unlock' in scope
92 |
93 |     func unlock() {
94 |         pthread_mutex_unlock(&mutex)
   |         `- error: cannot find 'pthread_mutex_unlock' in scope
95 |     }
96 | #endif
[62/64] Compiling SwiftSoup NodeVisitor.swift
/host/spi-builder-workspace/.build/checkouts/SwiftSoup/Sources/Mutex.swift:82:9: error: cannot find 'pthread_mutex_init' in scope
80 |
81 |     init() {
82 |         pthread_mutex_init(&mutex, nil)
   |         `- error: cannot find 'pthread_mutex_init' in scope
83 |     }
84 |
/host/spi-builder-workspace/.build/checkouts/SwiftSoup/Sources/Mutex.swift:82:36: error: 'nil' requires a contextual type
80 |
81 |     init() {
82 |         pthread_mutex_init(&mutex, nil)
   |                                    `- error: 'nil' requires a contextual type
83 |     }
84 |
/host/spi-builder-workspace/.build/checkouts/SwiftSoup/Sources/Mutex.swift:86:9: error: cannot find 'pthread_mutex_destroy' in scope
84 |
85 |     deinit {
86 |         pthread_mutex_destroy(&mutex)
   |         `- error: cannot find 'pthread_mutex_destroy' in scope
87 |     }
88 |
/host/spi-builder-workspace/.build/checkouts/SwiftSoup/Sources/Mutex.swift:90:9: error: cannot find 'pthread_mutex_lock' in scope
88 |
89 |     func lock() {
90 |         pthread_mutex_lock(&mutex)
   |         `- error: cannot find 'pthread_mutex_lock' in scope
91 |     }
92 |
/host/spi-builder-workspace/.build/checkouts/SwiftSoup/Sources/Mutex.swift:94:9: error: cannot find 'pthread_mutex_unlock' in scope
92 |
93 |     func unlock() {
94 |         pthread_mutex_unlock(&mutex)
   |         `- error: cannot find 'pthread_mutex_unlock' in scope
95 |     }
96 | #endif
[63/64] Compiling SwiftSoup OrderedSet.swift
/host/spi-builder-workspace/.build/checkouts/SwiftSoup/Sources/Mutex.swift:82:9: error: cannot find 'pthread_mutex_init' in scope
80 |
81 |     init() {
82 |         pthread_mutex_init(&mutex, nil)
   |         `- error: cannot find 'pthread_mutex_init' in scope
83 |     }
84 |
/host/spi-builder-workspace/.build/checkouts/SwiftSoup/Sources/Mutex.swift:82:36: error: 'nil' requires a contextual type
80 |
81 |     init() {
82 |         pthread_mutex_init(&mutex, nil)
   |                                    `- error: 'nil' requires a contextual type
83 |     }
84 |
/host/spi-builder-workspace/.build/checkouts/SwiftSoup/Sources/Mutex.swift:86:9: error: cannot find 'pthread_mutex_destroy' in scope
84 |
85 |     deinit {
86 |         pthread_mutex_destroy(&mutex)
   |         `- error: cannot find 'pthread_mutex_destroy' in scope
87 |     }
88 |
/host/spi-builder-workspace/.build/checkouts/SwiftSoup/Sources/Mutex.swift:90:9: error: cannot find 'pthread_mutex_lock' in scope
88 |
89 |     func lock() {
90 |         pthread_mutex_lock(&mutex)
   |         `- error: cannot find 'pthread_mutex_lock' in scope
91 |     }
92 |
/host/spi-builder-workspace/.build/checkouts/SwiftSoup/Sources/Mutex.swift:94:9: error: cannot find 'pthread_mutex_unlock' in scope
92 |
93 |     func unlock() {
94 |         pthread_mutex_unlock(&mutex)
   |         `- error: cannot find 'pthread_mutex_unlock' in scope
95 |     }
96 | #endif
[64/64] Compiling SwiftSoup ParseError.swift
/host/spi-builder-workspace/.build/checkouts/SwiftSoup/Sources/Mutex.swift:82:9: error: cannot find 'pthread_mutex_init' in scope
80 |
81 |     init() {
82 |         pthread_mutex_init(&mutex, nil)
   |         `- error: cannot find 'pthread_mutex_init' in scope
83 |     }
84 |
/host/spi-builder-workspace/.build/checkouts/SwiftSoup/Sources/Mutex.swift:82:36: error: 'nil' requires a contextual type
80 |
81 |     init() {
82 |         pthread_mutex_init(&mutex, nil)
   |                                    `- error: 'nil' requires a contextual type
83 |     }
84 |
/host/spi-builder-workspace/.build/checkouts/SwiftSoup/Sources/Mutex.swift:86:9: error: cannot find 'pthread_mutex_destroy' in scope
84 |
85 |     deinit {
86 |         pthread_mutex_destroy(&mutex)
   |         `- error: cannot find 'pthread_mutex_destroy' in scope
87 |     }
88 |
/host/spi-builder-workspace/.build/checkouts/SwiftSoup/Sources/Mutex.swift:90:9: error: cannot find 'pthread_mutex_lock' in scope
88 |
89 |     func lock() {
90 |         pthread_mutex_lock(&mutex)
   |         `- error: cannot find 'pthread_mutex_lock' in scope
91 |     }
92 |
/host/spi-builder-workspace/.build/checkouts/SwiftSoup/Sources/Mutex.swift:94:9: error: cannot find 'pthread_mutex_unlock' in scope
92 |
93 |     func unlock() {
94 |         pthread_mutex_unlock(&mutex)
   |         `- error: cannot find 'pthread_mutex_unlock' in scope
95 |     }
96 | #endif
BUILD FAILURE 6.2 wasm