Build Information
Failed to build leaf-kit, reference 1.14.3 (64cc0a), with Swift 6.3 for Wasm on 23 Jul 2026 15:03:33 UTC.
Build Command
bash -c docker run --pull=always --rm -v "checkouts-54344849-1":/host -w "$PWD" -e JAVA_HOME="/root/.sdkman/candidates/java/current" -e SPI_BUILD="1" -e SPI_PROCESSING="1" registry.gitlab.com/saguaro1/spi-images:wasm-6.3-latest swift build --swift-sdk swift-6.3.2-RELEASE_wasm 2>&1Build Log
========================================
RunAll
========================================
Builder version: 333316120c8b89ed7d21f1b34865290794301d91
Interrupt handler set up.
========================================
Checkout
========================================
Clone URL: https://github.com/vapor/leaf-kit.git
Reference: 1.14.3
Initialized empty Git repository in /host/spi-builder-workspace/.git/
hint: Using 'master' as the name for the initial branch. This default branch name
hint: is subject to change. To configure the initial branch name to use in all
hint: of your new repositories, which will suppress this warning, call:
hint:
hint: git config --global init.defaultBranch <name>
hint:
hint: Names commonly chosen instead of 'master' are 'main', 'trunk' and
hint: 'development'. The just-created branch can be renamed via this command:
hint:
hint: git branch -m <name>
From https://github.com/vapor/leaf-kit
* tag 1.14.3 -> FETCH_HEAD
HEAD is now at 64cc0a5 Make errors thrown by built-in Leaf tags less uselsss and confusing (#149)
Cloned https://github.com/vapor/leaf-kit.git
Revision (git rev-parse @):
64cc0a5c8dcf4fbd03be73b944f6850c0b82e439
SPI manifest file found: $PWD/.spi.yml
SUCCESS checkout https://github.com/vapor/leaf-kit.git at 1.14.3
========================================
Build
========================================
Selected platform: wasm
Swift version: 6.3
Building package at path: $PWD
https://github.com/vapor/leaf-kit.git
Running build ...
bash -c docker run --pull=always --rm -v "checkouts-54344849-1":/host -w "$PWD" -e JAVA_HOME="/root/.sdkman/candidates/java/current" -e SPI_BUILD="1" -e SPI_PROCESSING="1" registry.gitlab.com/saguaro1/spi-images:wasm-6.3-latest swift build --swift-sdk swift-6.3.2-RELEASE_wasm 2>&1
wasm-6.3-latest: Pulling from saguaro1/spi-images
Digest: sha256:501b6bfc4ca8a27c305c68f9d5c778f996de82635741ab45476a03ffa6fa26d2
Status: Image is up to date for registry.gitlab.com/saguaro1/spi-images:wasm-6.3-latest
Fetching https://github.com/apple/swift-nio.git
[1/84905] Fetching swift-nio
Fetched https://github.com/apple/swift-nio.git from cache (3.84s)
Computing version for https://github.com/apple/swift-nio.git
Computed https://github.com/apple/swift-nio.git at 2.101.3 (4.12s)
Fetching https://github.com/apple/swift-system.git
Fetching https://github.com/apple/swift-collections.git
Fetching https://github.com/apple/swift-atomics.git
[1/1868] Fetching swift-atomics
[1066/8222] Fetching swift-atomics, swift-system
[1933/34652] Fetching swift-atomics, swift-system, swift-collections
Fetched https://github.com/apple/swift-atomics.git from cache (1.21s)
[9526/32784] Fetching swift-system, swift-collections
Fetched https://github.com/apple/swift-system.git from cache (1.27s)
[10308/26430] Fetching swift-collections
Fetched https://github.com/apple/swift-collections.git from cache (2.74s)
Computing version for https://github.com/apple/swift-atomics.git
Computed https://github.com/apple/swift-atomics.git at 1.3.1 (3.22s)
Computing version for https://github.com/apple/swift-collections.git
Computed https://github.com/apple/swift-collections.git at 1.6.0 (0.36s)
Computing version for https://github.com/apple/swift-system.git
Computed https://github.com/apple/swift-system.git at 1.7.5 (0.21s)
Creating working copy for https://github.com/apple/swift-nio.git
Working copy of https://github.com/apple/swift-nio.git resolved at 2.101.3
Creating working copy for https://github.com/apple/swift-atomics.git
Working copy of https://github.com/apple/swift-atomics.git resolved at 1.3.1
Creating working copy for https://github.com/apple/swift-system.git
Working copy of https://github.com/apple/swift-system.git resolved at 1.7.5
Creating working copy for https://github.com/apple/swift-collections.git
Working copy of https://github.com/apple/swift-collections.git resolved at 1.6.0
Building for debugging...
[0/31] Write sources
[16/31] Compiling _AtomicsShims.c
[17/31] Compiling CNIOWASI CNIOWASI.c
[17/31] Compiling CNIOWindows shim.c
[19/31] Compiling CNIOWindows WSAStartup.c
[20/31] Compiling CNIOPosix event_loop_id.c
[20/31] Compiling CSystem shims.c
[21/31] Compiling CNIOOpenBSD shim.c
[23/31] Compiling CNIOFreeBSD shim.c
[23/31] Compiling CNIOLinux liburing_shims.c
[23/31] Compiling CNIOLinux shim.c
[26/31] Compiling CNIODarwin shim.c
[27/31] Write sources
[28/31] Write swift-version-24593BA9C3E375BF.txt
[30/110] Emitting module _NIOBase64
[31/110] Emitting module InternalCollectionsUtilities
[32/112] Emitting module SystemPackage
[32/117] Compiling c-nioatomics.c
[33/117] Compiling c-atomics.c
[35/124] Compiling SystemPackage IOCompletion.swift
[36/124] Compiling SystemPackage IORequest.swift
[37/124] Compiling SystemPackage IORing+Util.swift
[38/124] Compiling SystemPackage IORing.swift
[39/124] Compiling SystemPackage RawIORequest.swift
[40/124] Compiling SystemPackage FilePathWindows.swift
[41/124] Compiling SystemPackage FilePermissions.swift
[42/124] Compiling SystemPackage FilePathComponentView.swift
[45/126] Compiling _NIOBase64 Base64.swift
[47/127] Compiling InternalCollectionsUtilities UnsafeBufferPointer+Extras.swift
[49/127] Compiling SystemPackage FileHelpers.swift
[50/127] Compiling SystemPackage FileOperations.swift
[51/127] Compiling SystemPackage FilePath.swift
[54/127] Compiling SystemPackage FilePathTemp.swift
[55/127] Compiling SystemPackage FilePathTempPosix.swift
[56/127] Emitting module Atomics
[57/127] Compiling SystemPackage Errno.swift
[58/127] Compiling SystemPackage ErrnoWindows.swift
[59/127] Compiling SystemPackage FileDescriptor.swift
[65/127] Compiling Atomics IntegerOperations.swift
[66/127] Compiling Atomics Unmanaged extensions.swift
[73/127] Compiling SystemPackage SystemString.swift
[74/127] Compiling SystemPackage Util+StringArray.swift
[75/127] Compiling SystemPackage Util.swift
[76/127] Compiling SystemPackage UtilConsumers.swift
[77/127] Compiling SystemPackage WinSDK+Overlay.swift
[90/128] Compiling _NIODataStructures _TinyArray.swift
[95/165] Compiling ContainersPreview Drain+Map.swift
[96/165] Compiling ContainersPreview Drain+Reduce.swift
[97/165] Compiling ContainersPreview Drain.swift
[98/165] Compiling ContainersPreview Producer+Collect.swift
[99/165] Compiling ContainersPreview Producer+Filter.swift
[100/165] Compiling ContainersPreview Producer+Map.swift
[101/165] Compiling ContainersPreview Producer+Reduce.swift
[102/165] Compiling ContainersPreview Producer.swift
[103/165] Compiling ContainersPreview InputSpan.swift
[104/165] Compiling ContainersPreview MutableRef.swift
[105/169] Compiling ContainersPreview BorrowingSequence+Standard Conformances.swift
[106/169] Compiling ContainersPreview BorrowingSequence+Utilities.swift
[107/169] Compiling ContainersPreview BorrowingSequence.swift
[108/169] Compiling ContainersPreview BidirectionalContainer.swift
[109/169] Compiling ContainersPreview Container+Filter.swift
[110/169] Compiling ContainersPreview PermutableContainer.swift
[111/169] Compiling ContainersPreview RandomAccessContainer.swift
[112/169] Compiling ContainersPreview RangeExpression2.swift
[113/169] Compiling ContainersPreview RangeReplaceableContainer.swift
[114/169] Compiling ContainersPreview Strideable+Limits.swift
[115/169] Emitting module ContainersPreview
[116/169] Compiling ContainersPreview Container+SpanwiseZip.swift
[117/169] Compiling ContainersPreview Container.swift
[118/169] Compiling ContainersPreview ContainerIterator.swift
[119/169] Compiling ContainersPreview DynamicContainer.swift
[120/169] Compiling ContainersPreview MutableContainer.swift
[121/169] Compiling ContainersPreview BorrowingIteratorProtocol+Map.swift
[122/169] Compiling ContainersPreview BorrowingIteratorProtocol+Reduce.swift
[123/169] Compiling ContainersPreview BorrowingIteratorProtocol+SpanwiseZip.swift
[124/169] Compiling ContainersPreview BorrowingIteratorProtocol.swift
[125/169] Compiling ContainersPreview BorrowingSequence+Algorithms.swift
[126/169] Compiling ContainersPreview OutputSpan+Extras.swift
[127/169] Compiling ContainersPreview TemporaryAllocation.swift
[128/169] Compiling ContainersPreview BorrowingIteratorProtocol+Copy.swift
[129/169] Compiling ContainersPreview BorrowingIteratorProtocol+ElementsEqual.swift
[130/169] Compiling ContainersPreview BorrowingIteratorProtocol+Filter.swift
[131/169] Compiling ContainersPreview Ref.swift
[132/169] Compiling ContainersPreview Shared.swift
[133/169] Compiling ContainersPreview SpanIterator.swift
[134/169] Compiling ContainersPreview UniqueBox.swift
[136/170] Compiling _NIODataStructures PriorityQueue.swift
[137/170] Emitting module _NIODataStructures
[138/170] Compiling _NIODataStructures Heap.swift
[140/171] Compiling NIOConcurrencyHelpers atomics.swift
[141/171] Compiling NIOConcurrencyHelpers lock.swift
[142/212] Compiling DequeModule RigidDeque+Append.swift
[143/212] Compiling DequeModule RigidDeque+Consumption.swift
[144/212] Compiling DequeModule RigidDeque+Container.swift
[145/212] Compiling DequeModule RigidDeque+Descriptions.swift
[146/212] Compiling DequeModule UniqueDeque+Hashable.swift
[147/212] Compiling DequeModule Deque.swift
[148/212] Compiling DequeModule RigidDeque+Equatable.swift
[149/212] Compiling DequeModule RigidDeque+Experimental.swift
[150/212] Compiling DequeModule RigidDeque+Hashable.swift
[151/212] Compiling DequeModule RigidDeque+Initializers.swift
[152/212] Compiling DequeModule RigidDeque+Insertions.swift
[153/212] Compiling DequeModule RigidDeque+Prepend.swift
[154/212] Compiling DequeModule Deque+Codable.swift
[155/212] Compiling DequeModule Deque+Collection.swift
[156/212] Compiling DequeModule Deque+CustomReflectable.swift
[157/212] Compiling DequeModule Deque+Descriptions.swift
[158/212] Compiling DequeModule Deque+Equatable.swift
[159/212] Compiling DequeModule Deque+ExpressibleByArrayLiteral.swift
[160/212] Compiling DequeModule UniqueDeque+Container.swift
[161/212] Compiling DequeModule UniqueDeque+Deprecated.swift
[162/212] Compiling DequeModule UniqueDeque+Descriptions.swift
[163/212] Compiling DequeModule UniqueDeque+Equatable.swift
[164/212] Compiling DequeModule UniqueDeque+Experimental.swift
[165/212] Compiling DequeModule _DequeBuffer.swift
[166/212] Compiling DequeModule _DequeBufferHeader.swift
[167/212] Compiling NIOConcurrencyHelpers NIOLock.swift
[168/212] Compiling NIOConcurrencyHelpers NIOLockedValueBox.swift
[169/212] Compiling NIOConcurrencyHelpers NIOThreadPoolWorkAvailable.swift
[170/212] Compiling NIOConcurrencyHelpers NIOAtomic.swift
[171/212] Emitting module NIOConcurrencyHelpers
[186/219] Compiling DequeModule UniqueDeque+Initializers.swift
[187/219] Compiling DequeModule UniqueDeque+Insertions.swift
[188/219] Compiling DequeModule UniqueDeque+Prepend.swift
[189/219] Compiling DequeModule UniqueDeque+Removals.swift
[190/219] Compiling DequeModule RigidDeque+Removals.swift
[191/219] Compiling DequeModule RigidDeque+Replacements.swift
[192/219] Compiling DequeModule RigidDeque+Testing.swift
[193/219] Compiling DequeModule RigidDeque.swift
[194/219] Compiling DequeModule UniqueDeque+Append.swift
[195/219] Compiling DequeModule UniqueDeque+Consumption.swift
[208/219] Compiling DequeModule Deque+Extras.swift
[209/219] Compiling DequeModule Deque+Hashable.swift
[210/219] Compiling DequeModule Deque+Testing.swift
[211/219] Compiling DequeModule Deque._Storage.swift
[212/219] Compiling DequeModule Deque._UnsafeHandle.swift
[214/219] Emitting module DequeModule
[215/219] Compiling DequeModule UniqueDeque+Replacements.swift
[216/219] Compiling DequeModule UniqueDeque.swift
[217/219] Compiling DequeModule _DequeSlot.swift
[218/219] Compiling DequeModule _UnsafeDequeHandle.swift
[219/219] Compiling DequeModule _UnsafeDequeSegments.swift
[221/284] Compiling NIOCore EventLoopFuture+Deprecated.swift
[222/284] Compiling NIOCore EventLoopFuture+WithEventLoop.swift
[223/284] Compiling NIOCore EventLoopFuture.swift
[224/284] Compiling NIOCore FileDescriptor.swift
[225/284] Compiling NIOCore FileHandle.swift
[226/284] Compiling NIOCore FileRegion.swift
[227/284] Compiling NIOCore GlobalSingletons.swift
[228/284] Compiling NIOCore IO.swift
[229/284] Compiling NIOCore IOData.swift
[230/292] Compiling NIOCore AddressedEnvelope.swift
[231/292] Compiling NIOCore AsyncAwaitSupport.swift
[232/292] Compiling NIOCore AsyncChannel.swift
[233/292] Compiling NIOCore AsyncChannelHandler.swift
[234/292] Compiling NIOCore AsyncChannelInboundStream.swift
[235/292] Compiling NIOCore AsyncChannelOutboundWriter.swift
[236/292] Compiling NIOCore NIOAsyncSequenceProducer.swift
[237/292] Compiling NIOCore NIOAsyncSequenceProducerStrategies.swift
[238/292] Compiling NIOCore NIOAsyncWriter.swift
[239/292] Compiling NIOCore CircularBuffer.swift
[240/292] Compiling NIOCore Codec.swift
[241/292] Compiling NIOCore ConvenienceOptionSupport.swift
[242/292] Compiling NIOCore DeadChannel.swift
[243/292] Compiling NIOCore DispatchQueue+WithFuture.swift
[244/292] Compiling NIOCore EventLoop+Deprecated.swift
[245/292] Compiling NIOCore EventLoop+SerialExecutor.swift
[246/292] Compiling NIOCore EventLoop.swift
[247/292] Compiling NIOCore EventLoopFuture+AssumeIsolated.swift
[248/292] Compiling NIOCore NIOCoreSendableMetatype.swift
[249/292] Compiling NIOCore NIODecodedAsyncSequence.swift
[250/292] Compiling NIOCore NIOLoopBound.swift
[251/292] Compiling NIOCore NIOPooledRecvBufferAllocator.swift
[252/292] Compiling NIOCore NIOScheduledCallback.swift
[253/292] Compiling NIOCore NIOSendable.swift
[254/292] Compiling NIOCore NIOSplitLinesMessageDecoder.swift
[255/292] Compiling NIOCore NIOTransportAccessibleChannelCore.swift
[256/292] Compiling NIOCore RecvByteBufferAllocator.swift
[257/292] Compiling NIOCore NIOThrowingAsyncSequenceProducer.swift
[258/292] Compiling NIOCore BSDSocketAPI.swift
[259/292] Compiling NIOCore ByteBuffer-aux.swift
[260/292] Compiling NIOCore ByteBuffer-binaryEncodedLengthPrefix.swift
[261/292] Compiling NIOCore ByteBuffer-conversions.swift
[262/292] Compiling NIOCore ByteBuffer-core.swift
[263/292] Compiling NIOCore ByteBuffer-hex.swift
[264/292] Compiling NIOCore ByteBuffer-int.swift
[265/292] Compiling NIOCore ByteBuffer-lengthPrefix.swift
[266/292] Compiling NIOCore IPProtocol.swift
[267/292] Compiling NIOCore IntegerBitPacking.swift
[268/292] Compiling NIOCore IntegerTypes.swift
[269/292] Compiling NIOCore Interfaces.swift
[270/292] Compiling NIOCore Linux.swift
[271/292] Compiling NIOCore MarkedCircularBuffer.swift
[272/292] Compiling NIOCore MulticastChannel.swift
[273/292] Compiling NIOCore NIOAny.swift
[274/292] Compiling NIOCore NIOCloseOnErrorHandler.swift
[275/292] Compiling NIOCore SingleStepByteToMessageDecoder.swift
[276/292] Compiling NIOCore SocketAddresses.swift
[277/292] Compiling NIOCore SocketOptionProvider.swift
[278/292] Compiling NIOCore SystemCallHelpers.swift
[279/292] Compiling NIOCore TimeAmount+Duration.swift
[280/292] Compiling NIOCore TypeAssistedChannelHandler.swift
[281/292] Compiling NIOCore UniversalBootstrapSupport.swift
[282/292] Compiling NIOCore Utilities.swift
[283/292] Emitting module NIOCore
[284/292] Compiling NIOCore ByteBuffer-multi-int.swift
[285/292] Compiling NIOCore ByteBuffer-quicBinaryEncodingStrategy.swift
[286/292] Compiling NIOCore ByteBuffer-views.swift
[287/292] Compiling NIOCore Channel.swift
[288/292] Compiling NIOCore ChannelHandler.swift
[289/292] Compiling NIOCore ChannelHandlers.swift
[290/292] Compiling NIOCore ChannelInvoker.swift
[291/292] Compiling NIOCore ChannelOption.swift
[292/292] Compiling NIOCore ChannelPipeline.swift
error: emit-module command failed with exit code 1 (use -v to see invocation)
[294/350] Emitting module NIOPosix
/host/spi-builder-workspace/.build/checkouts/swift-nio/Sources/NIOPosix/BaseSocketChannel+AccessibleTransport.swift:17:11: error: cannot find type 'BaseSocketChannel' in scope
15 | import NIOCore
16 |
17 | extension BaseSocketChannel where SocketType: BaseSocket {
| `- error: cannot find type 'BaseSocketChannel' in scope
18 | /// The underlying transport type backing this channel.
19 | typealias Transport = NIOBSDSocket.Handle
/host/spi-builder-workspace/.build/checkouts/swift-nio/Sources/NIOPosix/BaseSocketChannel+AccessibleTransport.swift:27:11: error: cannot find type 'BaseSocketChannel' in scope
25 | }
26 |
27 | extension BaseSocketChannel where SocketType: PipePair {
| `- error: cannot find type 'BaseSocketChannel' in scope
28 | /// The underlying transport type backing this channel.
29 | typealias Transport = NIOBSDSocket.PipeHandle
/host/spi-builder-workspace/.build/checkouts/swift-nio/Sources/NIOPosix/BaseSocketChannel+AccessibleTransport.swift:42:11: error: cannot find type 'SocketChannel' in scope
40 | }
41 |
42 | extension SocketChannel: NIOTransportAccessibleChannelCore {}
| `- error: cannot find type 'SocketChannel' in scope
43 | extension ServerSocketChannel: NIOTransportAccessibleChannelCore {}
44 | extension DatagramChannel: NIOTransportAccessibleChannelCore {}
/host/spi-builder-workspace/.build/checkouts/swift-nio/Sources/NIOPosix/BaseSocketChannel+AccessibleTransport.swift:43:11: error: cannot find type 'ServerSocketChannel' in scope
41 |
42 | extension SocketChannel: NIOTransportAccessibleChannelCore {}
43 | extension ServerSocketChannel: NIOTransportAccessibleChannelCore {}
| `- error: cannot find type 'ServerSocketChannel' in scope
44 | extension DatagramChannel: NIOTransportAccessibleChannelCore {}
45 | extension PipeChannel: NIOTransportAccessibleChannelCore {}
/host/spi-builder-workspace/.build/checkouts/swift-nio/Sources/NIOPosix/BaseSocketChannel+AccessibleTransport.swift:44:11: error: cannot find type 'DatagramChannel' in scope
42 | extension SocketChannel: NIOTransportAccessibleChannelCore {}
43 | extension ServerSocketChannel: NIOTransportAccessibleChannelCore {}
44 | extension DatagramChannel: NIOTransportAccessibleChannelCore {}
| `- error: cannot find type 'DatagramChannel' in scope
45 | extension PipeChannel: NIOTransportAccessibleChannelCore {}
46 |
/host/spi-builder-workspace/.build/checkouts/swift-nio/Sources/NIOPosix/BaseSocketChannel+AccessibleTransport.swift:45:11: error: cannot find type 'PipeChannel' in scope
43 | extension ServerSocketChannel: NIOTransportAccessibleChannelCore {}
44 | extension DatagramChannel: NIOTransportAccessibleChannelCore {}
45 | extension PipeChannel: NIOTransportAccessibleChannelCore {}
| `- error: cannot find type 'PipeChannel' in scope
46 |
[295/350] Compiling NIOPosix HappyEyeballs.swift
[296/350] Compiling NIOPosix IO.swift
[297/350] Compiling NIOPosix IntegerBitPacking.swift
[298/350] Compiling NIOPosix IntegerTypes.swift
[299/350] Compiling NIOPosix Linux.swift
[300/350] Compiling NIOPosix LinuxCPUSet.swift
[301/350] Compiling NIOPosix LinuxUring.swift
[302/350] Compiling NIOPosix BaseStreamSocketChannel.swift
[303/350] Compiling NIOPosix Bootstrap.swift
[304/350] Compiling NIOPosix ControlMessage.swift
[305/350] Compiling NIOPosix DatagramVectorReadManager.swift
[306/350] Compiling NIOPosix Errors+Any.swift
[307/350] Compiling NIOPosix FileDescriptor.swift
[308/350] Compiling NIOPosix GetaddrinfoResolver.swift
[309/357] Compiling NIOPosix SelectorWSAPoll.swift
[310/357] Compiling NIOPosix ServerSocket.swift
[311/357] Compiling NIOPosix Socket.swift
[312/357] Compiling NIOPosix SocketChannel.swift
[313/357] Compiling NIOPosix SocketProtocols.swift
[314/357] Compiling NIOPosix StructuredConcurrencyHelpers.swift
[315/357] Compiling NIOPosix System.swift
[316/357] Compiling NIOPosix BSDSocketAPICommon.swift
/host/spi-builder-workspace/.build/checkouts/swift-nio/Sources/NIOPosix/BaseSocketChannel+AccessibleTransport.swift:17:11: error: cannot find type 'BaseSocketChannel' in scope
15 | import NIOCore
16 |
17 | extension BaseSocketChannel where SocketType: BaseSocket {
| `- error: cannot find type 'BaseSocketChannel' in scope
18 | /// The underlying transport type backing this channel.
19 | typealias Transport = NIOBSDSocket.Handle
/host/spi-builder-workspace/.build/checkouts/swift-nio/Sources/NIOPosix/BaseSocketChannel+AccessibleTransport.swift:27:11: error: cannot find type 'BaseSocketChannel' in scope
25 | }
26 |
27 | extension BaseSocketChannel where SocketType: PipePair {
| `- error: cannot find type 'BaseSocketChannel' in scope
28 | /// The underlying transport type backing this channel.
29 | typealias Transport = NIOBSDSocket.PipeHandle
/host/spi-builder-workspace/.build/checkouts/swift-nio/Sources/NIOPosix/BaseSocketChannel+AccessibleTransport.swift:42:11: error: cannot find type 'SocketChannel' in scope
40 | }
41 |
42 | extension SocketChannel: NIOTransportAccessibleChannelCore {}
| `- error: cannot find type 'SocketChannel' in scope
43 | extension ServerSocketChannel: NIOTransportAccessibleChannelCore {}
44 | extension DatagramChannel: NIOTransportAccessibleChannelCore {}
/host/spi-builder-workspace/.build/checkouts/swift-nio/Sources/NIOPosix/BaseSocketChannel+AccessibleTransport.swift:43:11: error: cannot find type 'ServerSocketChannel' in scope
41 |
42 | extension SocketChannel: NIOTransportAccessibleChannelCore {}
43 | extension ServerSocketChannel: NIOTransportAccessibleChannelCore {}
| `- error: cannot find type 'ServerSocketChannel' in scope
44 | extension DatagramChannel: NIOTransportAccessibleChannelCore {}
45 | extension PipeChannel: NIOTransportAccessibleChannelCore {}
/host/spi-builder-workspace/.build/checkouts/swift-nio/Sources/NIOPosix/BaseSocketChannel+AccessibleTransport.swift:44:11: error: cannot find type 'DatagramChannel' in scope
42 | extension SocketChannel: NIOTransportAccessibleChannelCore {}
43 | extension ServerSocketChannel: NIOTransportAccessibleChannelCore {}
44 | extension DatagramChannel: NIOTransportAccessibleChannelCore {}
| `- error: cannot find type 'DatagramChannel' in scope
45 | extension PipeChannel: NIOTransportAccessibleChannelCore {}
46 |
/host/spi-builder-workspace/.build/checkouts/swift-nio/Sources/NIOPosix/BaseSocketChannel+AccessibleTransport.swift:45:11: error: cannot find type 'PipeChannel' in scope
43 | extension ServerSocketChannel: NIOTransportAccessibleChannelCore {}
44 | extension DatagramChannel: NIOTransportAccessibleChannelCore {}
45 | extension PipeChannel: NIOTransportAccessibleChannelCore {}
| `- error: cannot find type 'PipeChannel' in scope
46 |
/host/spi-builder-workspace/.build/checkouts/swift-nio/Sources/NIOPosix/BaseSocketChannel+AccessibleTransport.swift:17:29: error: 'where' clause cannot be applied to a non-generic top-level declaration
15 | import NIOCore
16 |
17 | extension BaseSocketChannel where SocketType: BaseSocket {
| `- error: 'where' clause cannot be applied to a non-generic top-level declaration
18 | /// The underlying transport type backing this channel.
19 | typealias Transport = NIOBSDSocket.Handle
/host/spi-builder-workspace/.build/checkouts/swift-nio/Sources/NIOPosix/BaseSocketChannel+AccessibleTransport.swift:27:29: error: 'where' clause cannot be applied to a non-generic top-level declaration
25 | }
26 |
27 | extension BaseSocketChannel where SocketType: PipePair {
| `- error: 'where' clause cannot be applied to a non-generic top-level declaration
28 | /// The underlying transport type backing this channel.
29 | typealias Transport = NIOBSDSocket.PipeHandle
[317/357] Compiling NIOPosix BSDSocketAPIPosix.swift
/host/spi-builder-workspace/.build/checkouts/swift-nio/Sources/NIOPosix/BaseSocketChannel+AccessibleTransport.swift:17:11: error: cannot find type 'BaseSocketChannel' in scope
15 | import NIOCore
16 |
17 | extension BaseSocketChannel where SocketType: BaseSocket {
| `- error: cannot find type 'BaseSocketChannel' in scope
18 | /// The underlying transport type backing this channel.
19 | typealias Transport = NIOBSDSocket.Handle
/host/spi-builder-workspace/.build/checkouts/swift-nio/Sources/NIOPosix/BaseSocketChannel+AccessibleTransport.swift:27:11: error: cannot find type 'BaseSocketChannel' in scope
25 | }
26 |
27 | extension BaseSocketChannel where SocketType: PipePair {
| `- error: cannot find type 'BaseSocketChannel' in scope
28 | /// The underlying transport type backing this channel.
29 | typealias Transport = NIOBSDSocket.PipeHandle
/host/spi-builder-workspace/.build/checkouts/swift-nio/Sources/NIOPosix/BaseSocketChannel+AccessibleTransport.swift:42:11: error: cannot find type 'SocketChannel' in scope
40 | }
41 |
42 | extension SocketChannel: NIOTransportAccessibleChannelCore {}
| `- error: cannot find type 'SocketChannel' in scope
43 | extension ServerSocketChannel: NIOTransportAccessibleChannelCore {}
44 | extension DatagramChannel: NIOTransportAccessibleChannelCore {}
/host/spi-builder-workspace/.build/checkouts/swift-nio/Sources/NIOPosix/BaseSocketChannel+AccessibleTransport.swift:43:11: error: cannot find type 'ServerSocketChannel' in scope
41 |
42 | extension SocketChannel: NIOTransportAccessibleChannelCore {}
43 | extension ServerSocketChannel: NIOTransportAccessibleChannelCore {}
| `- error: cannot find type 'ServerSocketChannel' in scope
44 | extension DatagramChannel: NIOTransportAccessibleChannelCore {}
45 | extension PipeChannel: NIOTransportAccessibleChannelCore {}
/host/spi-builder-workspace/.build/checkouts/swift-nio/Sources/NIOPosix/BaseSocketChannel+AccessibleTransport.swift:44:11: error: cannot find type 'DatagramChannel' in scope
42 | extension SocketChannel: NIOTransportAccessibleChannelCore {}
43 | extension ServerSocketChannel: NIOTransportAccessibleChannelCore {}
44 | extension DatagramChannel: NIOTransportAccessibleChannelCore {}
| `- error: cannot find type 'DatagramChannel' in scope
45 | extension PipeChannel: NIOTransportAccessibleChannelCore {}
46 |
/host/spi-builder-workspace/.build/checkouts/swift-nio/Sources/NIOPosix/BaseSocketChannel+AccessibleTransport.swift:45:11: error: cannot find type 'PipeChannel' in scope
43 | extension ServerSocketChannel: NIOTransportAccessibleChannelCore {}
44 | extension DatagramChannel: NIOTransportAccessibleChannelCore {}
45 | extension PipeChannel: NIOTransportAccessibleChannelCore {}
| `- error: cannot find type 'PipeChannel' in scope
46 |
/host/spi-builder-workspace/.build/checkouts/swift-nio/Sources/NIOPosix/BaseSocketChannel+AccessibleTransport.swift:17:29: error: 'where' clause cannot be applied to a non-generic top-level declaration
15 | import NIOCore
16 |
17 | extension BaseSocketChannel where SocketType: BaseSocket {
| `- error: 'where' clause cannot be applied to a non-generic top-level declaration
18 | /// The underlying transport type backing this channel.
19 | typealias Transport = NIOBSDSocket.Handle
/host/spi-builder-workspace/.build/checkouts/swift-nio/Sources/NIOPosix/BaseSocketChannel+AccessibleTransport.swift:27:29: error: 'where' clause cannot be applied to a non-generic top-level declaration
25 | }
26 |
27 | extension BaseSocketChannel where SocketType: PipePair {
| `- error: 'where' clause cannot be applied to a non-generic top-level declaration
28 | /// The underlying transport type backing this channel.
29 | typealias Transport = NIOBSDSocket.PipeHandle
[318/357] Compiling NIOPosix BSDSocketAPIWindows.swift
/host/spi-builder-workspace/.build/checkouts/swift-nio/Sources/NIOPosix/BaseSocketChannel+AccessibleTransport.swift:17:11: error: cannot find type 'BaseSocketChannel' in scope
15 | import NIOCore
16 |
17 | extension BaseSocketChannel where SocketType: BaseSocket {
| `- error: cannot find type 'BaseSocketChannel' in scope
18 | /// The underlying transport type backing this channel.
19 | typealias Transport = NIOBSDSocket.Handle
/host/spi-builder-workspace/.build/checkouts/swift-nio/Sources/NIOPosix/BaseSocketChannel+AccessibleTransport.swift:27:11: error: cannot find type 'BaseSocketChannel' in scope
25 | }
26 |
27 | extension BaseSocketChannel where SocketType: PipePair {
| `- error: cannot find type 'BaseSocketChannel' in scope
28 | /// The underlying transport type backing this channel.
29 | typealias Transport = NIOBSDSocket.PipeHandle
/host/spi-builder-workspace/.build/checkouts/swift-nio/Sources/NIOPosix/BaseSocketChannel+AccessibleTransport.swift:42:11: error: cannot find type 'SocketChannel' in scope
40 | }
41 |
42 | extension SocketChannel: NIOTransportAccessibleChannelCore {}
| `- error: cannot find type 'SocketChannel' in scope
43 | extension ServerSocketChannel: NIOTransportAccessibleChannelCore {}
44 | extension DatagramChannel: NIOTransportAccessibleChannelCore {}
/host/spi-builder-workspace/.build/checkouts/swift-nio/Sources/NIOPosix/BaseSocketChannel+AccessibleTransport.swift:43:11: error: cannot find type 'ServerSocketChannel' in scope
41 |
42 | extension SocketChannel: NIOTransportAccessibleChannelCore {}
43 | extension ServerSocketChannel: NIOTransportAccessibleChannelCore {}
| `- error: cannot find type 'ServerSocketChannel' in scope
44 | extension DatagramChannel: NIOTransportAccessibleChannelCore {}
45 | extension PipeChannel: NIOTransportAccessibleChannelCore {}
/host/spi-builder-workspace/.build/checkouts/swift-nio/Sources/NIOPosix/BaseSocketChannel+AccessibleTransport.swift:44:11: error: cannot find type 'DatagramChannel' in scope
42 | extension SocketChannel: NIOTransportAccessibleChannelCore {}
43 | extension ServerSocketChannel: NIOTransportAccessibleChannelCore {}
44 | extension DatagramChannel: NIOTransportAccessibleChannelCore {}
| `- error: cannot find type 'DatagramChannel' in scope
45 | extension PipeChannel: NIOTransportAccessibleChannelCore {}
46 |
/host/spi-builder-workspace/.build/checkouts/swift-nio/Sources/NIOPosix/BaseSocketChannel+AccessibleTransport.swift:45:11: error: cannot find type 'PipeChannel' in scope
43 | extension ServerSocketChannel: NIOTransportAccessibleChannelCore {}
44 | extension DatagramChannel: NIOTransportAccessibleChannelCore {}
45 | extension PipeChannel: NIOTransportAccessibleChannelCore {}
| `- error: cannot find type 'PipeChannel' in scope
46 |
/host/spi-builder-workspace/.build/checkouts/swift-nio/Sources/NIOPosix/BaseSocketChannel+AccessibleTransport.swift:17:29: error: 'where' clause cannot be applied to a non-generic top-level declaration
15 | import NIOCore
16 |
17 | extension BaseSocketChannel where SocketType: BaseSocket {
| `- error: 'where' clause cannot be applied to a non-generic top-level declaration
18 | /// The underlying transport type backing this channel.
19 | typealias Transport = NIOBSDSocket.Handle
/host/spi-builder-workspace/.build/checkouts/swift-nio/Sources/NIOPosix/BaseSocketChannel+AccessibleTransport.swift:27:29: error: 'where' clause cannot be applied to a non-generic top-level declaration
25 | }
26 |
27 | extension BaseSocketChannel where SocketType: PipePair {
| `- error: 'where' clause cannot be applied to a non-generic top-level declaration
28 | /// The underlying transport type backing this channel.
29 | typealias Transport = NIOBSDSocket.PipeHandle
[319/357] Compiling NIOPosix BaseSocket.swift
/host/spi-builder-workspace/.build/checkouts/swift-nio/Sources/NIOPosix/BaseSocketChannel+AccessibleTransport.swift:17:11: error: cannot find type 'BaseSocketChannel' in scope
15 | import NIOCore
16 |
17 | extension BaseSocketChannel where SocketType: BaseSocket {
| `- error: cannot find type 'BaseSocketChannel' in scope
18 | /// The underlying transport type backing this channel.
19 | typealias Transport = NIOBSDSocket.Handle
/host/spi-builder-workspace/.build/checkouts/swift-nio/Sources/NIOPosix/BaseSocketChannel+AccessibleTransport.swift:27:11: error: cannot find type 'BaseSocketChannel' in scope
25 | }
26 |
27 | extension BaseSocketChannel where SocketType: PipePair {
| `- error: cannot find type 'BaseSocketChannel' in scope
28 | /// The underlying transport type backing this channel.
29 | typealias Transport = NIOBSDSocket.PipeHandle
/host/spi-builder-workspace/.build/checkouts/swift-nio/Sources/NIOPosix/BaseSocketChannel+AccessibleTransport.swift:42:11: error: cannot find type 'SocketChannel' in scope
40 | }
41 |
42 | extension SocketChannel: NIOTransportAccessibleChannelCore {}
| `- error: cannot find type 'SocketChannel' in scope
43 | extension ServerSocketChannel: NIOTransportAccessibleChannelCore {}
44 | extension DatagramChannel: NIOTransportAccessibleChannelCore {}
/host/spi-builder-workspace/.build/checkouts/swift-nio/Sources/NIOPosix/BaseSocketChannel+AccessibleTransport.swift:43:11: error: cannot find type 'ServerSocketChannel' in scope
41 |
42 | extension SocketChannel: NIOTransportAccessibleChannelCore {}
43 | extension ServerSocketChannel: NIOTransportAccessibleChannelCore {}
| `- error: cannot find type 'ServerSocketChannel' in scope
44 | extension DatagramChannel: NIOTransportAccessibleChannelCore {}
45 | extension PipeChannel: NIOTransportAccessibleChannelCore {}
/host/spi-builder-workspace/.build/checkouts/swift-nio/Sources/NIOPosix/BaseSocketChannel+AccessibleTransport.swift:44:11: error: cannot find type 'DatagramChannel' in scope
42 | extension SocketChannel: NIOTransportAccessibleChannelCore {}
43 | extension ServerSocketChannel: NIOTransportAccessibleChannelCore {}
44 | extension DatagramChannel: NIOTransportAccessibleChannelCore {}
| `- error: cannot find type 'DatagramChannel' in scope
45 | extension PipeChannel: NIOTransportAccessibleChannelCore {}
46 |
/host/spi-builder-workspace/.build/checkouts/swift-nio/Sources/NIOPosix/BaseSocketChannel+AccessibleTransport.swift:45:11: error: cannot find type 'PipeChannel' in scope
43 | extension ServerSocketChannel: NIOTransportAccessibleChannelCore {}
44 | extension DatagramChannel: NIOTransportAccessibleChannelCore {}
45 | extension PipeChannel: NIOTransportAccessibleChannelCore {}
| `- error: cannot find type 'PipeChannel' in scope
46 |
/host/spi-builder-workspace/.build/checkouts/swift-nio/Sources/NIOPosix/BaseSocketChannel+AccessibleTransport.swift:17:29: error: 'where' clause cannot be applied to a non-generic top-level declaration
15 | import NIOCore
16 |
17 | extension BaseSocketChannel where SocketType: BaseSocket {
| `- error: 'where' clause cannot be applied to a non-generic top-level declaration
18 | /// The underlying transport type backing this channel.
19 | typealias Transport = NIOBSDSocket.Handle
/host/spi-builder-workspace/.build/checkouts/swift-nio/Sources/NIOPosix/BaseSocketChannel+AccessibleTransport.swift:27:29: error: 'where' clause cannot be applied to a non-generic top-level declaration
25 | }
26 |
27 | extension BaseSocketChannel where SocketType: PipePair {
| `- error: 'where' clause cannot be applied to a non-generic top-level declaration
28 | /// The underlying transport type backing this channel.
29 | typealias Transport = NIOBSDSocket.PipeHandle
[320/357] Compiling NIOPosix BaseSocketChannel+AccessibleTransport.swift
/host/spi-builder-workspace/.build/checkouts/swift-nio/Sources/NIOPosix/BaseSocketChannel+AccessibleTransport.swift:17:11: error: cannot find type 'BaseSocketChannel' in scope
15 | import NIOCore
16 |
17 | extension BaseSocketChannel where SocketType: BaseSocket {
| `- error: cannot find type 'BaseSocketChannel' in scope
18 | /// The underlying transport type backing this channel.
19 | typealias Transport = NIOBSDSocket.Handle
/host/spi-builder-workspace/.build/checkouts/swift-nio/Sources/NIOPosix/BaseSocketChannel+AccessibleTransport.swift:27:11: error: cannot find type 'BaseSocketChannel' in scope
25 | }
26 |
27 | extension BaseSocketChannel where SocketType: PipePair {
| `- error: cannot find type 'BaseSocketChannel' in scope
28 | /// The underlying transport type backing this channel.
29 | typealias Transport = NIOBSDSocket.PipeHandle
/host/spi-builder-workspace/.build/checkouts/swift-nio/Sources/NIOPosix/BaseSocketChannel+AccessibleTransport.swift:42:11: error: cannot find type 'SocketChannel' in scope
40 | }
41 |
42 | extension SocketChannel: NIOTransportAccessibleChannelCore {}
| `- error: cannot find type 'SocketChannel' in scope
43 | extension ServerSocketChannel: NIOTransportAccessibleChannelCore {}
44 | extension DatagramChannel: NIOTransportAccessibleChannelCore {}
/host/spi-builder-workspace/.build/checkouts/swift-nio/Sources/NIOPosix/BaseSocketChannel+AccessibleTransport.swift:43:11: error: cannot find type 'ServerSocketChannel' in scope
41 |
42 | extension SocketChannel: NIOTransportAccessibleChannelCore {}
43 | extension ServerSocketChannel: NIOTransportAccessibleChannelCore {}
| `- error: cannot find type 'ServerSocketChannel' in scope
44 | extension DatagramChannel: NIOTransportAccessibleChannelCore {}
45 | extension PipeChannel: NIOTransportAccessibleChannelCore {}
/host/spi-builder-workspace/.build/checkouts/swift-nio/Sources/NIOPosix/BaseSocketChannel+AccessibleTransport.swift:44:11: error: cannot find type 'DatagramChannel' in scope
42 | extension SocketChannel: NIOTransportAccessibleChannelCore {}
43 | extension ServerSocketChannel: NIOTransportAccessibleChannelCore {}
44 | extension DatagramChannel: NIOTransportAccessibleChannelCore {}
| `- error: cannot find type 'DatagramChannel' in scope
45 | extension PipeChannel: NIOTransportAccessibleChannelCore {}
46 |
/host/spi-builder-workspace/.build/checkouts/swift-nio/Sources/NIOPosix/BaseSocketChannel+AccessibleTransport.swift:45:11: error: cannot find type 'PipeChannel' in scope
43 | extension ServerSocketChannel: NIOTransportAccessibleChannelCore {}
44 | extension DatagramChannel: NIOTransportAccessibleChannelCore {}
45 | extension PipeChannel: NIOTransportAccessibleChannelCore {}
| `- error: cannot find type 'PipeChannel' in scope
46 |
/host/spi-builder-workspace/.build/checkouts/swift-nio/Sources/NIOPosix/BaseSocketChannel+AccessibleTransport.swift:17:29: error: 'where' clause cannot be applied to a non-generic top-level declaration
15 | import NIOCore
16 |
17 | extension BaseSocketChannel where SocketType: BaseSocket {
| `- error: 'where' clause cannot be applied to a non-generic top-level declaration
18 | /// The underlying transport type backing this channel.
19 | typealias Transport = NIOBSDSocket.Handle
/host/spi-builder-workspace/.build/checkouts/swift-nio/Sources/NIOPosix/BaseSocketChannel+AccessibleTransport.swift:27:29: error: 'where' clause cannot be applied to a non-generic top-level declaration
25 | }
26 |
27 | extension BaseSocketChannel where SocketType: PipePair {
| `- error: 'where' clause cannot be applied to a non-generic top-level declaration
28 | /// The underlying transport type backing this channel.
29 | typealias Transport = NIOBSDSocket.PipeHandle
[321/357] Compiling NIOPosix BaseSocketChannel+SocketOptionProvider.swift
/host/spi-builder-workspace/.build/checkouts/swift-nio/Sources/NIOPosix/BaseSocketChannel+AccessibleTransport.swift:17:11: error: cannot find type 'BaseSocketChannel' in scope
15 | import NIOCore
16 |
17 | extension BaseSocketChannel where SocketType: BaseSocket {
| `- error: cannot find type 'BaseSocketChannel' in scope
18 | /// The underlying transport type backing this channel.
19 | typealias Transport = NIOBSDSocket.Handle
/host/spi-builder-workspace/.build/checkouts/swift-nio/Sources/NIOPosix/BaseSocketChannel+AccessibleTransport.swift:27:11: error: cannot find type 'BaseSocketChannel' in scope
25 | }
26 |
27 | extension BaseSocketChannel where SocketType: PipePair {
| `- error: cannot find type 'BaseSocketChannel' in scope
28 | /// The underlying transport type backing this channel.
29 | typealias Transport = NIOBSDSocket.PipeHandle
/host/spi-builder-workspace/.build/checkouts/swift-nio/Sources/NIOPosix/BaseSocketChannel+AccessibleTransport.swift:42:11: error: cannot find type 'SocketChannel' in scope
40 | }
41 |
42 | extension SocketChannel: NIOTransportAccessibleChannelCore {}
| `- error: cannot find type 'SocketChannel' in scope
43 | extension ServerSocketChannel: NIOTransportAccessibleChannelCore {}
44 | extension DatagramChannel: NIOTransportAccessibleChannelCore {}
/host/spi-builder-workspace/.build/checkouts/swift-nio/Sources/NIOPosix/BaseSocketChannel+AccessibleTransport.swift:43:11: error: cannot find type 'ServerSocketChannel' in scope
41 |
42 | extension SocketChannel: NIOTransportAccessibleChannelCore {}
43 | extension ServerSocketChannel: NIOTransportAccessibleChannelCore {}
| `- error: cannot find type 'ServerSocketChannel' in scope
44 | extension DatagramChannel: NIOTransportAccessibleChannelCore {}
45 | extension PipeChannel: NIOTransportAccessibleChannelCore {}
/host/spi-builder-workspace/.build/checkouts/swift-nio/Sources/NIOPosix/BaseSocketChannel+AccessibleTransport.swift:44:11: error: cannot find type 'DatagramChannel' in scope
42 | extension SocketChannel: NIOTransportAccessibleChannelCore {}
43 | extension ServerSocketChannel: NIOTransportAccessibleChannelCore {}
44 | extension DatagramChannel: NIOTransportAccessibleChannelCore {}
| `- error: cannot find type 'DatagramChannel' in scope
45 | extension PipeChannel: NIOTransportAccessibleChannelCore {}
46 |
/host/spi-builder-workspace/.build/checkouts/swift-nio/Sources/NIOPosix/BaseSocketChannel+AccessibleTransport.swift:45:11: error: cannot find type 'PipeChannel' in scope
43 | extension ServerSocketChannel: NIOTransportAccessibleChannelCore {}
44 | extension DatagramChannel: NIOTransportAccessibleChannelCore {}
45 | extension PipeChannel: NIOTransportAccessibleChannelCore {}
| `- error: cannot find type 'PipeChannel' in scope
46 |
/host/spi-builder-workspace/.build/checkouts/swift-nio/Sources/NIOPosix/BaseSocketChannel+AccessibleTransport.swift:17:29: error: 'where' clause cannot be applied to a non-generic top-level declaration
15 | import NIOCore
16 |
17 | extension BaseSocketChannel where SocketType: BaseSocket {
| `- error: 'where' clause cannot be applied to a non-generic top-level declaration
18 | /// The underlying transport type backing this channel.
19 | typealias Transport = NIOBSDSocket.Handle
/host/spi-builder-workspace/.build/checkouts/swift-nio/Sources/NIOPosix/BaseSocketChannel+AccessibleTransport.swift:27:29: error: 'where' clause cannot be applied to a non-generic top-level declaration
25 | }
26 |
27 | extension BaseSocketChannel where SocketType: PipePair {
| `- error: 'where' clause cannot be applied to a non-generic top-level declaration
28 | /// The underlying transport type backing this channel.
29 | typealias Transport = NIOBSDSocket.PipeHandle
[322/357] Compiling NIOPosix BaseSocketChannel.swift
/host/spi-builder-workspace/.build/checkouts/swift-nio/Sources/NIOPosix/BaseSocketChannel+AccessibleTransport.swift:17:11: error: cannot find type 'BaseSocketChannel' in scope
15 | import NIOCore
16 |
17 | extension BaseSocketChannel where SocketType: BaseSocket {
| `- error: cannot find type 'BaseSocketChannel' in scope
18 | /// The underlying transport type backing this channel.
19 | typealias Transport = NIOBSDSocket.Handle
/host/spi-builder-workspace/.build/checkouts/swift-nio/Sources/NIOPosix/BaseSocketChannel+AccessibleTransport.swift:27:11: error: cannot find type 'BaseSocketChannel' in scope
25 | }
26 |
27 | extension BaseSocketChannel where SocketType: PipePair {
| `- error: cannot find type 'BaseSocketChannel' in scope
28 | /// The underlying transport type backing this channel.
29 | typealias Transport = NIOBSDSocket.PipeHandle
/host/spi-builder-workspace/.build/checkouts/swift-nio/Sources/NIOPosix/BaseSocketChannel+AccessibleTransport.swift:42:11: error: cannot find type 'SocketChannel' in scope
40 | }
41 |
42 | extension SocketChannel: NIOTransportAccessibleChannelCore {}
| `- error: cannot find type 'SocketChannel' in scope
43 | extension ServerSocketChannel: NIOTransportAccessibleChannelCore {}
44 | extension DatagramChannel: NIOTransportAccessibleChannelCore {}
/host/spi-builder-workspace/.build/checkouts/swift-nio/Sources/NIOPosix/BaseSocketChannel+AccessibleTransport.swift:43:11: error: cannot find type 'ServerSocketChannel' in scope
41 |
42 | extension SocketChannel: NIOTransportAccessibleChannelCore {}
43 | extension ServerSocketChannel: NIOTransportAccessibleChannelCore {}
| `- error: cannot find type 'ServerSocketChannel' in scope
44 | extension DatagramChannel: NIOTransportAccessibleChannelCore {}
45 | extension PipeChannel: NIOTransportAccessibleChannelCore {}
/host/spi-builder-workspace/.build/checkouts/swift-nio/Sources/NIOPosix/BaseSocketChannel+AccessibleTransport.swift:44:11: error: cannot find type 'DatagramChannel' in scope
42 | extension SocketChannel: NIOTransportAccessibleChannelCore {}
43 | extension ServerSocketChannel: NIOTransportAccessibleChannelCore {}
44 | extension DatagramChannel: NIOTransportAccessibleChannelCore {}
| `- error: cannot find type 'DatagramChannel' in scope
45 | extension PipeChannel: NIOTransportAccessibleChannelCore {}
46 |
/host/spi-builder-workspace/.build/checkouts/swift-nio/Sources/NIOPosix/BaseSocketChannel+AccessibleTransport.swift:45:11: error: cannot find type 'PipeChannel' in scope
43 | extension ServerSocketChannel: NIOTransportAccessibleChannelCore {}
44 | extension DatagramChannel: NIOTransportAccessibleChannelCore {}
45 | extension PipeChannel: NIOTransportAccessibleChannelCore {}
| `- error: cannot find type 'PipeChannel' in scope
46 |
/host/spi-builder-workspace/.build/checkouts/swift-nio/Sources/NIOPosix/BaseSocketChannel+AccessibleTransport.swift:17:29: error: 'where' clause cannot be applied to a non-generic top-level declaration
15 | import NIOCore
16 |
17 | extension BaseSocketChannel where SocketType: BaseSocket {
| `- error: 'where' clause cannot be applied to a non-generic top-level declaration
18 | /// The underlying transport type backing this channel.
19 | typealias Transport = NIOBSDSocket.Handle
/host/spi-builder-workspace/.build/checkouts/swift-nio/Sources/NIOPosix/BaseSocketChannel+AccessibleTransport.swift:27:29: error: 'where' clause cannot be applied to a non-generic top-level declaration
25 | }
26 |
27 | extension BaseSocketChannel where SocketType: PipePair {
| `- error: 'where' clause cannot be applied to a non-generic top-level declaration
28 | /// The underlying transport type backing this channel.
29 | typealias Transport = NIOBSDSocket.PipeHandle
[323/357] Compiling NIOPosix PipeChannel.swift
[324/357] Compiling NIOPosix PipePair.swift
[325/357] Compiling NIOPosix Pool.swift
[326/357] Compiling NIOPosix PosixSingletons+ConcurrencyTakeOver.swift
[327/357] Compiling NIOPosix PosixSingletons.swift
[328/357] Compiling NIOPosix RawSocketBootstrap.swift
[329/357] Compiling NIOPosix Resolver.swift
[330/357] Compiling NIOPosix Selectable.swift
[331/357] Compiling NIOPosix SelectableChannel.swift
[332/357] Compiling NIOPosix SelectableEventLoop.swift
[333/357] Compiling NIOPosix SelectorEpoll.swift
[334/357] Compiling NIOPosix SelectorGeneric.swift
[335/357] Compiling NIOPosix SelectorKqueue.swift
[336/357] Compiling NIOPosix SelectorUring.swift
[337/357] Compiling NIOPosix MultiThreadedEventLoopGroup.swift
[338/357] Compiling NIOPosix NIOPosixSendableMetatype.swift
[339/357] Compiling NIOPosix NIORandomizedDNSResolver.swift
[340/357] Compiling NIOPosix NIOThreadPool.swift
[341/357] Compiling NIOPosix NonBlockingFileIO.swift
[342/357] Compiling NIOPosix PendingDatagramWritesManager.swift
[343/357] Compiling NIOPosix PendingWritesManager.swift
[344/357] Compiling NIOPosix Thread.swift
[345/357] Compiling NIOPosix ThreadPosix.swift
[346/357] Compiling NIOPosix ThreadWindows.swift
[347/357] Compiling NIOPosix Utilities.swift
[348/357] Compiling NIOPosix VsockAddress.swift
[349/357] Compiling NIOPosix VsockChannelEvents.swift
[350/357] Compiling NIOPosix Windows.swift
[351/357] Emitting module NIOEmbedded
[352/357] Compiling NIOEmbedded AsyncTestingChannel.swift
BUILD FAILURE 6.3 wasm