The Swift Package Index logo.Swift Package Index

Build Information

Failed to build WWSimpleVideoPlayerViewUI, reference main (47e952), with Swift 6.4 for watchOS using Xcode 27.0 on 26 Sep 2026 23:30:35 UTC.

Build Command

env DEVELOPER_DIR=/Applications/Xcode-27.0.0-Release.Candidate.app xcrun xcodebuild -IDEClonedSourcePackagesDirPathOverride=$PWD/.dependencies -skipMacroValidation -skipPackagePluginValidation -derivedDataPath $PWD/.derivedData build -scheme WWSimpleVideoPlayerViewUI -destination generic/platform=watchOS

Build Log

========================================
RunAll
========================================
Builder version: 5.1.0
Interrupt handler set up.
========================================
Checkout
========================================
Clone URL: https://github.com/William-Weng/WWSimpleVideoPlayerViewUI.git
Reference: main
Initialized empty Git repository in /Users/admin/builder/spi-builder-workspace/.git/
From https://github.com/William-Weng/WWSimpleVideoPlayerViewUI
 * branch            main       -> FETCH_HEAD
 * [new branch]      main       -> origin/main
HEAD is now at 47e952e - 支援PIP畫中畫播放功能
Cloned https://github.com/William-Weng/WWSimpleVideoPlayerViewUI.git
Revision (git rev-parse @):
47e952e7a973361559949b1e044ece29b57b27ee
SUCCESS checkout https://github.com/William-Weng/WWSimpleVideoPlayerViewUI.git at main
========================================
Build
========================================
Selected platform:         watchOS
Swift version:             6.4
Building package at path:  $PWD
https://github.com/William-Weng/WWSimpleVideoPlayerViewUI.git
Command line invocation:
    /Applications/Xcode-27.0.0-Release.Candidate.app/Contents/Developer/usr/bin/xcodebuild -IDEClonedSourcePackagesDirPathOverride=/Users/admin/builder/spi-builder-workspace/.dependencies -resolvePackageDependencies
Resolve Package Graph
Resolve Package Graph
Resolved source packages:
  WWSimpleVideoPlayerViewUI: /Users/admin/builder/spi-builder-workspace
resolved source packages: WWSimpleVideoPlayerViewUI
2026-09-26 19:29:50.158 xcodebuild[529:3031] [MT] IDERunDestination: Supported platforms for the buildables in the current scheme is empty.
{
  "dependencies" : [
  ],
  "manifest_display_name" : "WWSimpleVideoPlayerViewUI",
  "name" : "WWSimpleVideoPlayerViewUI",
  "path" : "/Users/admin/builder/spi-builder-workspace",
  "platforms" : [
    {
      "name" : "ios",
      "version" : "17.0"
    }
  ],
  "products" : [
    {
      "name" : "WWSimpleVideoPlayerViewUI",
      "targets" : [
        "WWSimpleVideoPlayerViewUI"
      ],
      "type" : {
        "library" : [
          "automatic"
        ]
      }
    }
  ],
  "swift_languages_versions" : [
    "5"
  ],
  "targets" : [
    {
      "c99name" : "WWSimpleVideoPlayerViewUI",
      "module_type" : "SwiftTarget",
      "name" : "WWSimpleVideoPlayerViewUI",
      "path" : "Sources/WWSimpleVideoPlayerViewUI",
      "product_memberships" : [
        "WWSimpleVideoPlayerViewUI"
      ],
      "resources" : [
        {
          "path" : "/Users/admin/builder/spi-builder-workspace/Sources/WWSimpleVideoPlayerViewUI/Privacy",
          "rule" : {
            "copy" : {
            }
          }
        }
      ],
      "sources" : [
        "Manager/SystemBrightnessManager.swift",
        "Manager/SystemVolumeManager.swift",
        "Manager/VideoPlayerManager.swift",
        "Provider/VideoThumbnailProvider.swift",
        "Utility/Configure.swift",
        "Utility/Constant.swift",
        "Utility/Extension.swift",
        "Utility/Model.swift",
        "Utility/Protocol.swift",
        "View/AVPlayerView.swift",
        "View/BlurView.swift",
        "View/HiddenVolumeView.swift",
        "View/VideoProgressBar.swift",
        "WWSimpleVideoPlayerViewUI.swift"
      ],
      "type" : "library"
    }
  ],
  "tools_version" : "5.10"
}
{
  "workspace" : {
    "name" : "WWSimpleVideoPlayerViewUI",
    "schemes" : [
      "WWSimpleVideoPlayerViewUI"
    ]
  }
}
2026-09-26 19:30:22.291 xcodebuild[627:3854] [MT] IDERunDestination: Supported platforms for the buildables in the current scheme is empty.
Running build ...
env DEVELOPER_DIR=/Applications/Xcode-27.0.0-Release.Candidate.app xcrun xcodebuild -IDEClonedSourcePackagesDirPathOverride=$PWD/.dependencies -skipMacroValidation -skipPackagePluginValidation -derivedDataPath $PWD/.derivedData build -scheme WWSimpleVideoPlayerViewUI -destination generic/platform=watchOS
Command line invocation:
    /Applications/Xcode-27.0.0-Release.Candidate.app/Contents/Developer/usr/bin/xcodebuild -IDEClonedSourcePackagesDirPathOverride=/Users/admin/builder/spi-builder-workspace/.dependencies -skipMacroValidation -skipPackagePluginValidation -derivedDataPath /Users/admin/builder/spi-builder-workspace/.derivedData build -scheme WWSimpleVideoPlayerViewUI -destination generic/platform=watchOS
Resolve Package Graph
Resolved source packages:
  WWSimpleVideoPlayerViewUI: /Users/admin/builder/spi-builder-workspace
ComputePackagePrebuildTargetDependencyGraph
Prepare packages
CreateBuildRequest
SendProjectDescription
CreateBuildOperation
ComputeTargetDependencyGraph
note: Building targets in dependency order
note: Target dependency graph (3 targets)
    Target 'WWSimpleVideoPlayerViewUI-product' in project 'WWSimpleVideoPlayerViewUI'
        ➜ Explicit dependency on target 'WWSimpleVideoPlayerViewUI' in project 'WWSimpleVideoPlayerViewUI'
        ➜ Explicit dependency on target 'WWSimpleVideoPlayerViewUI_WWSimpleVideoPlayerViewUI' in project 'WWSimpleVideoPlayerViewUI'
    Target 'WWSimpleVideoPlayerViewUI' in project 'WWSimpleVideoPlayerViewUI'
        ➜ Explicit dependency on target 'WWSimpleVideoPlayerViewUI_WWSimpleVideoPlayerViewUI' in project 'WWSimpleVideoPlayerViewUI'
    Target 'WWSimpleVideoPlayerViewUI_WWSimpleVideoPlayerViewUI' in project 'WWSimpleVideoPlayerViewUI' (no dependencies)
GatherProvisioningInputs
CreateBuildDescription
ExecuteExternalTool /Applications/Xcode-27.0.0-Release.Candidate.app/Contents/Developer/Toolchains/XcodeDefault.xctoolchain/usr/bin/clang -v -E -dM -isysroot /Applications/Xcode-27.0.0-Release.Candidate.app/Contents/Developer/Platforms/WatchOS.platform/Developer/SDKs/WatchOS27.0.sdk -x c -c /dev/null
ExecuteExternalTool /Applications/Xcode-27.0.0-Release.Candidate.app/Contents/Developer/Toolchains/XcodeDefault.xctoolchain/usr/bin/swiftc --version
ExecuteExternalTool /Applications/Xcode-27.0.0-Release.Candidate.app/Contents/Developer/Toolchains/XcodeDefault.xctoolchain/usr/bin/ld -version_details
Build description signature: c0e49ea872fc12395775e5078c16153d
Build description path: /Users/admin/builder/spi-builder-workspace/.derivedData/Build/Intermediates.noindex/XCBuildData/c0e49ea872fc12395775e5078c16153d.xcbuilddata
CreateBuildDirectory /Users/admin/builder/spi-builder-workspace/.derivedData/SDKExplicitPrecompiledModules
    cd /Users/admin/builder/spi-builder-workspace/.swiftpm/xcode
    builtin-create-build-directory /Users/admin/builder/spi-builder-workspace/.derivedData/SDKExplicitPrecompiledModules
CreateBuildDirectory /Users/admin/builder/spi-builder-workspace/.derivedData/ModuleCache.noindex
    cd /Users/admin/builder/spi-builder-workspace/.swiftpm/xcode
    builtin-create-build-directory /Users/admin/builder/spi-builder-workspace/.derivedData/ModuleCache.noindex
CreateBuildDirectory /Users/admin/builder/spi-builder-workspace/.derivedData/CompilationCache.noindex
    cd /Users/admin/builder/spi-builder-workspace/.swiftpm/xcode
    builtin-create-build-directory /Users/admin/builder/spi-builder-workspace/.derivedData/CompilationCache.noindex
CreateBuildDirectory /Users/admin/builder/spi-builder-workspace/.derivedData/Build/Products
    cd /Users/admin/builder/spi-builder-workspace/.swiftpm/xcode
    builtin-create-build-directory /Users/admin/builder/spi-builder-workspace/.derivedData/Build/Products
CreateBuildDirectory /Users/admin/builder/spi-builder-workspace/.derivedData/Build/Intermediates.noindex
    cd /Users/admin/builder/spi-builder-workspace/.swiftpm/xcode
    builtin-create-build-directory /Users/admin/builder/spi-builder-workspace/.derivedData/Build/Intermediates.noindex
ClangStatCache /Applications/Xcode-27.0.0-Release.Candidate.app/Contents/Developer/Toolchains/XcodeDefault.xctoolchain/usr/bin/clang-stat-cache /Applications/Xcode-27.0.0-Release.Candidate.app/Contents/Developer/Platforms/WatchOS.platform/Developer/SDKs/WatchOS27.0.sdk /Users/admin/builder/spi-builder-workspace/.derivedData/SDKStatCaches.noindex/watchos27.0-24R360-e829b21a6f8c9b70876ba0858053c04477534ef55a1706bf4c1112bbb242f0a2.sdkstatcache
    cd /Users/admin/builder/spi-builder-workspace/.swiftpm/xcode
    /Applications/Xcode-27.0.0-Release.Candidate.app/Contents/Developer/Toolchains/XcodeDefault.xctoolchain/usr/bin/clang-stat-cache /Applications/Xcode-27.0.0-Release.Candidate.app/Contents/Developer/Platforms/WatchOS.platform/Developer/SDKs/WatchOS27.0.sdk -o /Users/admin/builder/spi-builder-workspace/.derivedData/SDKStatCaches.noindex/watchos27.0-24R360-e829b21a6f8c9b70876ba0858053c04477534ef55a1706bf4c1112bbb242f0a2.sdkstatcache
CreateBuildDirectory /Users/admin/builder/spi-builder-workspace/.derivedData/Build/Intermediates.noindex/SwiftExplicitPrecompiledModules
    cd /Users/admin/builder/spi-builder-workspace/.swiftpm/xcode
    builtin-create-build-directory /Users/admin/builder/spi-builder-workspace/.derivedData/Build/Intermediates.noindex/SwiftExplicitPrecompiledModules
CreateBuildDirectory /Users/admin/builder/spi-builder-workspace/.derivedData/Build/Intermediates.noindex/PrecompiledHeaders
    cd /Users/admin/builder/spi-builder-workspace/.swiftpm/xcode
    builtin-create-build-directory /Users/admin/builder/spi-builder-workspace/.derivedData/Build/Intermediates.noindex/PrecompiledHeaders
CreateBuildDirectory /Users/admin/builder/spi-builder-workspace/.derivedData/Build/Intermediates.noindex/ExplicitPrecompiledModules
    cd /Users/admin/builder/spi-builder-workspace/.swiftpm/xcode
    builtin-create-build-directory /Users/admin/builder/spi-builder-workspace/.derivedData/Build/Intermediates.noindex/ExplicitPrecompiledModules
CreateBuildDirectory /Users/admin/builder/spi-builder-workspace/.derivedData/Build/Products/Debug-watchos
    cd /Users/admin/builder/spi-builder-workspace/.swiftpm/xcode
    builtin-create-build-directory /Users/admin/builder/spi-builder-workspace/.derivedData/Build/Products/Debug-watchos
CreateBuildDirectory /Users/admin/builder/spi-builder-workspace/.derivedData/Build/Intermediates.noindex/EagerLinkingTBDs/Debug-watchos
    cd /Users/admin/builder/spi-builder-workspace/.swiftpm/xcode
    builtin-create-build-directory /Users/admin/builder/spi-builder-workspace/.derivedData/Build/Intermediates.noindex/EagerLinkingTBDs/Debug-watchos
CreateBuildDirectory /Users/admin/builder/spi-builder-workspace/.derivedData/Build/Products/Debug-watchos/PackageFrameworks
    cd /Users/admin/builder/spi-builder-workspace/.swiftpm/xcode
    builtin-create-build-directory /Users/admin/builder/spi-builder-workspace/.derivedData/Build/Products/Debug-watchos/PackageFrameworks
MkDir /Users/admin/builder/spi-builder-workspace/.derivedData/Build/Products/Debug-watchos/WWSimpleVideoPlayerViewUI_WWSimpleVideoPlayerViewUI.bundle (in target 'WWSimpleVideoPlayerViewUI_WWSimpleVideoPlayerViewUI' from project 'WWSimpleVideoPlayerViewUI')
    cd /Users/admin/builder/spi-builder-workspace
    /bin/mkdir -p /Users/admin/builder/spi-builder-workspace/.derivedData/Build/Products/Debug-watchos/WWSimpleVideoPlayerViewUI_WWSimpleVideoPlayerViewUI.bundle
WriteAuxiliaryFile /Users/admin/builder/spi-builder-workspace/.derivedData/Build/Intermediates.noindex/WWSimpleVideoPlayerViewUI.build/Debug-watchos/WWSimpleVideoPlayerViewUI-t.build/WWSimpleVideoPlayerViewUI.modulemap (in target 'WWSimpleVideoPlayerViewUI' from project 'WWSimpleVideoPlayerViewUI')
    cd /Users/admin/builder/spi-builder-workspace
    write-file /Users/admin/builder/spi-builder-workspace/.derivedData/Build/Intermediates.noindex/WWSimpleVideoPlayerViewUI.build/Debug-watchos/WWSimpleVideoPlayerViewUI-t.build/WWSimpleVideoPlayerViewUI.modulemap
WriteAuxiliaryFile /Users/admin/builder/spi-builder-workspace/.derivedData/Build/Intermediates.noindex/WWSimpleVideoPlayerViewUI.build/Debug-watchos/WWSimpleVideoPlayerViewUI-t.build/WWSimpleVideoPlayerViewUI.DependencyStaticMetadataFileList (in target 'WWSimpleVideoPlayerViewUI' from project 'WWSimpleVideoPlayerViewUI')
    cd /Users/admin/builder/spi-builder-workspace
    write-file /Users/admin/builder/spi-builder-workspace/.derivedData/Build/Intermediates.noindex/WWSimpleVideoPlayerViewUI.build/Debug-watchos/WWSimpleVideoPlayerViewUI-t.build/WWSimpleVideoPlayerViewUI.DependencyStaticMetadataFileList
WriteAuxiliaryFile /Users/admin/builder/spi-builder-workspace/.derivedData/Build/Intermediates.noindex/WWSimpleVideoPlayerViewUI.build/Debug-watchos/WWSimpleVideoPlayerViewUI_WWSimpleVideoPlayerViewUI-b.build/empty-WWSimpleVideoPlayerViewUI_WWSimpleVideoPlayerViewUI.plist (in target 'WWSimpleVideoPlayerViewUI_WWSimpleVideoPlayerViewUI' from project 'WWSimpleVideoPlayerViewUI')
    cd /Users/admin/builder/spi-builder-workspace
    write-file /Users/admin/builder/spi-builder-workspace/.derivedData/Build/Intermediates.noindex/WWSimpleVideoPlayerViewUI.build/Debug-watchos/WWSimpleVideoPlayerViewUI_WWSimpleVideoPlayerViewUI-b.build/empty-WWSimpleVideoPlayerViewUI_WWSimpleVideoPlayerViewUI.plist
WriteAuxiliaryFile /Users/admin/builder/spi-builder-workspace/.derivedData/Build/Intermediates.noindex/WWSimpleVideoPlayerViewUI.build/Debug-watchos/WWSimpleVideoPlayerViewUI-t.build/WWSimpleVideoPlayerViewUI.DependencyMetadataFileList (in target 'WWSimpleVideoPlayerViewUI' from project 'WWSimpleVideoPlayerViewUI')
    cd /Users/admin/builder/spi-builder-workspace
    write-file /Users/admin/builder/spi-builder-workspace/.derivedData/Build/Intermediates.noindex/WWSimpleVideoPlayerViewUI.build/Debug-watchos/WWSimpleVideoPlayerViewUI-t.build/WWSimpleVideoPlayerViewUI.DependencyMetadataFileList
WriteAuxiliaryFile /Users/admin/builder/spi-builder-workspace/.derivedData/Build/Intermediates.noindex/WWSimpleVideoPlayerViewUI.build/Debug-watchos/WWSimpleVideoPlayerViewUI_WWSimpleVideoPlayerViewUI-b.build/WWSimpleVideoPlayerViewUI_WWSimpleVideoPlayerViewUI.DependencyMetadataFileList (in target 'WWSimpleVideoPlayerViewUI_WWSimpleVideoPlayerViewUI' from project 'WWSimpleVideoPlayerViewUI')
    cd /Users/admin/builder/spi-builder-workspace
    write-file /Users/admin/builder/spi-builder-workspace/.derivedData/Build/Intermediates.noindex/WWSimpleVideoPlayerViewUI.build/Debug-watchos/WWSimpleVideoPlayerViewUI_WWSimpleVideoPlayerViewUI-b.build/WWSimpleVideoPlayerViewUI_WWSimpleVideoPlayerViewUI.DependencyMetadataFileList
WriteAuxiliaryFile /Users/admin/builder/spi-builder-workspace/.derivedData/Build/Intermediates.noindex/WWSimpleVideoPlayerViewUI.build/Debug-watchos/WWSimpleVideoPlayerViewUI_WWSimpleVideoPlayerViewUI-b.build/WWSimpleVideoPlayerViewUI_WWSimpleVideoPlayerViewUI.DependencyStaticMetadataFileList (in target 'WWSimpleVideoPlayerViewUI_WWSimpleVideoPlayerViewUI' from project 'WWSimpleVideoPlayerViewUI')
    cd /Users/admin/builder/spi-builder-workspace
    write-file /Users/admin/builder/spi-builder-workspace/.derivedData/Build/Intermediates.noindex/WWSimpleVideoPlayerViewUI.build/Debug-watchos/WWSimpleVideoPlayerViewUI_WWSimpleVideoPlayerViewUI-b.build/WWSimpleVideoPlayerViewUI_WWSimpleVideoPlayerViewUI.DependencyStaticMetadataFileList
WriteAuxiliaryFile /Users/admin/builder/spi-builder-workspace/.derivedData/Build/Intermediates.noindex/WWSimpleVideoPlayerViewUI.build/Debug-watchos/WWSimpleVideoPlayerViewUI-t.build/Objects-normal/arm64_32/WWSimpleVideoPlayerViewUI.SwiftFileList (in target 'WWSimpleVideoPlayerViewUI' from project 'WWSimpleVideoPlayerViewUI')
    cd /Users/admin/builder/spi-builder-workspace
    write-file /Users/admin/builder/spi-builder-workspace/.derivedData/Build/Intermediates.noindex/WWSimpleVideoPlayerViewUI.build/Debug-watchos/WWSimpleVideoPlayerViewUI-t.build/Objects-normal/arm64_32/WWSimpleVideoPlayerViewUI.SwiftFileList
WriteAuxiliaryFile /Users/admin/builder/spi-builder-workspace/.derivedData/Build/Intermediates.noindex/WWSimpleVideoPlayerViewUI.build/Debug-watchos/WWSimpleVideoPlayerViewUI-t.build/Objects-normal/arm64_32/WWSimpleVideoPlayerViewUI_const_extract_protocols.json (in target 'WWSimpleVideoPlayerViewUI' from project 'WWSimpleVideoPlayerViewUI')
    cd /Users/admin/builder/spi-builder-workspace
    write-file /Users/admin/builder/spi-builder-workspace/.derivedData/Build/Intermediates.noindex/WWSimpleVideoPlayerViewUI.build/Debug-watchos/WWSimpleVideoPlayerViewUI-t.build/Objects-normal/arm64_32/WWSimpleVideoPlayerViewUI_const_extract_protocols.json
WriteAuxiliaryFile /Users/admin/builder/spi-builder-workspace/.derivedData/Build/Intermediates.noindex/WWSimpleVideoPlayerViewUI.build/Debug-watchos/WWSimpleVideoPlayerViewUI-t.build/Objects-normal/arm64_32/WWSimpleVideoPlayerViewUI.SwiftConstValuesFileList (in target 'WWSimpleVideoPlayerViewUI' from project 'WWSimpleVideoPlayerViewUI')
    cd /Users/admin/builder/spi-builder-workspace
    write-file /Users/admin/builder/spi-builder-workspace/.derivedData/Build/Intermediates.noindex/WWSimpleVideoPlayerViewUI.build/Debug-watchos/WWSimpleVideoPlayerViewUI-t.build/Objects-normal/arm64_32/WWSimpleVideoPlayerViewUI.SwiftConstValuesFileList
WriteAuxiliaryFile /Users/admin/builder/spi-builder-workspace/.derivedData/Build/Intermediates.noindex/WWSimpleVideoPlayerViewUI.build/Debug-watchos/WWSimpleVideoPlayerViewUI-t.build/Objects-normal/arm64_32/WWSimpleVideoPlayerViewUI.LinkFileList (in target 'WWSimpleVideoPlayerViewUI' from project 'WWSimpleVideoPlayerViewUI')
    cd /Users/admin/builder/spi-builder-workspace
    write-file /Users/admin/builder/spi-builder-workspace/.derivedData/Build/Intermediates.noindex/WWSimpleVideoPlayerViewUI.build/Debug-watchos/WWSimpleVideoPlayerViewUI-t.build/Objects-normal/arm64_32/WWSimpleVideoPlayerViewUI.LinkFileList
WriteAuxiliaryFile /Users/admin/builder/spi-builder-workspace/.derivedData/Build/Intermediates.noindex/WWSimpleVideoPlayerViewUI.build/Debug-watchos/WWSimpleVideoPlayerViewUI-t.build/Objects-normal/arm64_32/WWSimpleVideoPlayerViewUI-OutputFileMap.json (in target 'WWSimpleVideoPlayerViewUI' from project 'WWSimpleVideoPlayerViewUI')
    cd /Users/admin/builder/spi-builder-workspace
    write-file /Users/admin/builder/spi-builder-workspace/.derivedData/Build/Intermediates.noindex/WWSimpleVideoPlayerViewUI.build/Debug-watchos/WWSimpleVideoPlayerViewUI-t.build/Objects-normal/arm64_32/WWSimpleVideoPlayerViewUI-OutputFileMap.json
WriteAuxiliaryFile /Users/admin/builder/spi-builder-workspace/.derivedData/Build/Intermediates.noindex/WWSimpleVideoPlayerViewUI.build/Debug-watchos/WWSimpleVideoPlayerViewUI-t.build/Objects-normal/arm64/WWSimpleVideoPlayerViewUI.LinkFileList (in target 'WWSimpleVideoPlayerViewUI' from project 'WWSimpleVideoPlayerViewUI')
    cd /Users/admin/builder/spi-builder-workspace
    write-file /Users/admin/builder/spi-builder-workspace/.derivedData/Build/Intermediates.noindex/WWSimpleVideoPlayerViewUI.build/Debug-watchos/WWSimpleVideoPlayerViewUI-t.build/Objects-normal/arm64/WWSimpleVideoPlayerViewUI.LinkFileList
WriteAuxiliaryFile /Users/admin/builder/spi-builder-workspace/.derivedData/Build/Intermediates.noindex/WWSimpleVideoPlayerViewUI.build/Debug-watchos/WWSimpleVideoPlayerViewUI-t.build/Objects-normal/arm64/WWSimpleVideoPlayerViewUI.SwiftConstValuesFileList (in target 'WWSimpleVideoPlayerViewUI' from project 'WWSimpleVideoPlayerViewUI')
    cd /Users/admin/builder/spi-builder-workspace
    write-file /Users/admin/builder/spi-builder-workspace/.derivedData/Build/Intermediates.noindex/WWSimpleVideoPlayerViewUI.build/Debug-watchos/WWSimpleVideoPlayerViewUI-t.build/Objects-normal/arm64/WWSimpleVideoPlayerViewUI.SwiftConstValuesFileList
WriteAuxiliaryFile /Users/admin/builder/spi-builder-workspace/.derivedData/Build/Intermediates.noindex/WWSimpleVideoPlayerViewUI.build/Debug-watchos/WWSimpleVideoPlayerViewUI-t.build/Objects-normal/arm64/WWSimpleVideoPlayerViewUI_const_extract_protocols.json (in target 'WWSimpleVideoPlayerViewUI' from project 'WWSimpleVideoPlayerViewUI')
    cd /Users/admin/builder/spi-builder-workspace
    write-file /Users/admin/builder/spi-builder-workspace/.derivedData/Build/Intermediates.noindex/WWSimpleVideoPlayerViewUI.build/Debug-watchos/WWSimpleVideoPlayerViewUI-t.build/Objects-normal/arm64/WWSimpleVideoPlayerViewUI_const_extract_protocols.json
WriteAuxiliaryFile /Users/admin/builder/spi-builder-workspace/.derivedData/Build/Intermediates.noindex/WWSimpleVideoPlayerViewUI.build/Debug-watchos/WWSimpleVideoPlayerViewUI-t.build/Objects-normal/arm64/WWSimpleVideoPlayerViewUI.SwiftFileList (in target 'WWSimpleVideoPlayerViewUI' from project 'WWSimpleVideoPlayerViewUI')
    cd /Users/admin/builder/spi-builder-workspace
    write-file /Users/admin/builder/spi-builder-workspace/.derivedData/Build/Intermediates.noindex/WWSimpleVideoPlayerViewUI.build/Debug-watchos/WWSimpleVideoPlayerViewUI-t.build/Objects-normal/arm64/WWSimpleVideoPlayerViewUI.SwiftFileList
WriteAuxiliaryFile /Users/admin/builder/spi-builder-workspace/.derivedData/Build/Intermediates.noindex/WWSimpleVideoPlayerViewUI.build/Debug-watchos/WWSimpleVideoPlayerViewUI-t.build/Objects-normal/arm64/WWSimpleVideoPlayerViewUI-OutputFileMap.json (in target 'WWSimpleVideoPlayerViewUI' from project 'WWSimpleVideoPlayerViewUI')
    cd /Users/admin/builder/spi-builder-workspace
    write-file /Users/admin/builder/spi-builder-workspace/.derivedData/Build/Intermediates.noindex/WWSimpleVideoPlayerViewUI.build/Debug-watchos/WWSimpleVideoPlayerViewUI-t.build/Objects-normal/arm64/WWSimpleVideoPlayerViewUI-OutputFileMap.json
WriteAuxiliaryFile /Users/admin/builder/spi-builder-workspace/.derivedData/Build/Intermediates.noindex/WWSimpleVideoPlayerViewUI.build/Debug-watchos/WWSimpleVideoPlayerViewUI-t.build/DerivedSources/resource_bundle_accessor.swift (in target 'WWSimpleVideoPlayerViewUI' from project 'WWSimpleVideoPlayerViewUI')
    cd /Users/admin/builder/spi-builder-workspace
    write-file /Users/admin/builder/spi-builder-workspace/.derivedData/Build/Intermediates.noindex/WWSimpleVideoPlayerViewUI.build/Debug-watchos/WWSimpleVideoPlayerViewUI-t.build/DerivedSources/resource_bundle_accessor.swift
Copy /Users/admin/builder/spi-builder-workspace/.derivedData/Build/Intermediates.noindex/GeneratedModuleMaps-watchos/WWSimpleVideoPlayerViewUI.modulemap /Users/admin/builder/spi-builder-workspace/.derivedData/Build/Intermediates.noindex/WWSimpleVideoPlayerViewUI.build/Debug-watchos/WWSimpleVideoPlayerViewUI-t.build/WWSimpleVideoPlayerViewUI.modulemap (in target 'WWSimpleVideoPlayerViewUI' from project 'WWSimpleVideoPlayerViewUI')
    cd /Users/admin/builder/spi-builder-workspace
    builtin-copy -exclude .DS_Store -exclude CVS -exclude .svn -exclude .git -exclude .hg -resolve-src-symlinks /Users/admin/builder/spi-builder-workspace/.derivedData/Build/Intermediates.noindex/WWSimpleVideoPlayerViewUI.build/Debug-watchos/WWSimpleVideoPlayerViewUI-t.build/WWSimpleVideoPlayerViewUI.modulemap /Users/admin/builder/spi-builder-workspace/.derivedData/Build/Intermediates.noindex/GeneratedModuleMaps-watchos
ProcessInfoPlistFile /Users/admin/builder/spi-builder-workspace/.derivedData/Build/Products/Debug-watchos/WWSimpleVideoPlayerViewUI_WWSimpleVideoPlayerViewUI.bundle/Info.plist /Users/admin/builder/spi-builder-workspace/.derivedData/Build/Intermediates.noindex/WWSimpleVideoPlayerViewUI.build/Debug-watchos/WWSimpleVideoPlayerViewUI_WWSimpleVideoPlayerViewUI-b.build/empty-WWSimpleVideoPlayerViewUI_WWSimpleVideoPlayerViewUI.plist (in target 'WWSimpleVideoPlayerViewUI_WWSimpleVideoPlayerViewUI' from project 'WWSimpleVideoPlayerViewUI')
    cd /Users/admin/builder/spi-builder-workspace
    builtin-infoPlistUtility /Users/admin/builder/spi-builder-workspace/.derivedData/Build/Intermediates.noindex/WWSimpleVideoPlayerViewUI.build/Debug-watchos/WWSimpleVideoPlayerViewUI_WWSimpleVideoPlayerViewUI-b.build/empty-WWSimpleVideoPlayerViewUI_WWSimpleVideoPlayerViewUI.plist -producttype com.apple.product-type.bundle -expandbuildsettings -format binary -platform watchos -o /Users/admin/builder/spi-builder-workspace/.derivedData/Build/Products/Debug-watchos/WWSimpleVideoPlayerViewUI_WWSimpleVideoPlayerViewUI.bundle/Info.plist
CpResource /Users/admin/builder/spi-builder-workspace/.derivedData/Build/Products/Debug-watchos/WWSimpleVideoPlayerViewUI_WWSimpleVideoPlayerViewUI.bundle/Privacy /Users/admin/builder/spi-builder-workspace/Sources/WWSimpleVideoPlayerViewUI/Privacy (in target 'WWSimpleVideoPlayerViewUI_WWSimpleVideoPlayerViewUI' from project 'WWSimpleVideoPlayerViewUI')
    cd /Users/admin/builder/spi-builder-workspace
    builtin-copy -exclude .DS_Store -exclude CVS -exclude .svn -exclude .git -exclude .hg -resolve-src-symlinks /Users/admin/builder/spi-builder-workspace/Sources/WWSimpleVideoPlayerViewUI/Privacy /Users/admin/builder/spi-builder-workspace/.derivedData/Build/Products/Debug-watchos/WWSimpleVideoPlayerViewUI_WWSimpleVideoPlayerViewUI.bundle
RegisterExecutionPolicyException /Users/admin/builder/spi-builder-workspace/.derivedData/Build/Products/Debug-watchos/WWSimpleVideoPlayerViewUI_WWSimpleVideoPlayerViewUI.bundle (in target 'WWSimpleVideoPlayerViewUI_WWSimpleVideoPlayerViewUI' from project 'WWSimpleVideoPlayerViewUI')
    cd /Users/admin/builder/spi-builder-workspace
    builtin-RegisterExecutionPolicyException /Users/admin/builder/spi-builder-workspace/.derivedData/Build/Products/Debug-watchos/WWSimpleVideoPlayerViewUI_WWSimpleVideoPlayerViewUI.bundle
Touch /Users/admin/builder/spi-builder-workspace/.derivedData/Build/Products/Debug-watchos/WWSimpleVideoPlayerViewUI_WWSimpleVideoPlayerViewUI.bundle (in target 'WWSimpleVideoPlayerViewUI_WWSimpleVideoPlayerViewUI' from project 'WWSimpleVideoPlayerViewUI')
    cd /Users/admin/builder/spi-builder-workspace
    /usr/bin/touch -c /Users/admin/builder/spi-builder-workspace/.derivedData/Build/Products/Debug-watchos/WWSimpleVideoPlayerViewUI_WWSimpleVideoPlayerViewUI.bundle
SwiftDriver WWSimpleVideoPlayerViewUI normal arm64 com.apple.xcode.tools.swift.compiler (in target 'WWSimpleVideoPlayerViewUI' from project 'WWSimpleVideoPlayerViewUI')
    cd /Users/admin/builder/spi-builder-workspace/.swiftpm/xcode
    builtin-SwiftDriver -- /Applications/Xcode-27.0.0-Release.Candidate.app/Contents/Developer/Toolchains/XcodeDefault.xctoolchain/usr/bin/swiftc -parse-as-library -module-name WWSimpleVideoPlayerViewUI -Onone @/Users/admin/builder/spi-builder-workspace/.derivedData/Build/Intermediates.noindex/WWSimpleVideoPlayerViewUI.build/Debug-watchos/WWSimpleVideoPlayerViewUI-t.build/Objects-normal/arm64/WWSimpleVideoPlayerViewUI.SwiftFileList -DSWIFT_PACKAGE -DDEBUG -DSWIFT_MODULE_RESOURCE_BUNDLE_AVAILABLE -DXcode -plugin-path /Applications/Xcode-27.0.0-Release.Candidate.app/Contents/Developer/Toolchains/XcodeDefault.xctoolchain/usr/lib/swift/host/plugins/testing -enable-experimental-feature DebugDescriptionMacro -sdk /Applications/Xcode-27.0.0-Release.Candidate.app/Contents/Developer/Platforms/WatchOS.platform/Developer/SDKs/WatchOS27.0.sdk -target arm64-apple-watchos10.0 -g -module-cache-path /Users/admin/builder/spi-builder-workspace/.derivedData/ModuleCache.noindex -Xfrontend -serialize-debugging-options -enable-testing -index-store-path /Users/admin/builder/spi-builder-workspace/.derivedData/Index.noindex/DataStore -Xcc -D_LIBCPP_HARDENING_MODE\=_LIBCPP_HARDENING_MODE_DEBUG -swift-version 5 -I /Users/admin/builder/spi-builder-workspace/.derivedData/Build/Products/Debug-watchos -Isystem /Applications/Xcode-27.0.0-Release.Candidate.app/Contents/Developer/Platforms/WatchOS.platform/Developer/usr/lib -F /Users/admin/builder/spi-builder-workspace/.derivedData/Build/Products/Debug-watchos -F /Applications/Xcode-27.0.0-Release.Candidate.app/Contents/Developer/Platforms/WatchOS.platform/Developer/Library/Frameworks -F /Applications/Xcode-27.0.0-Release.Candidate.app/Contents/Developer/Platforms/WatchOS.platform/Developer/SDKs/WatchOS27.0.sdk/Developer/Library/Frameworks -c -j10 -enable-batch-mode -incremental -Xcc -ivfsstatcache -Xcc /Users/admin/builder/spi-builder-workspace/.derivedData/SDKStatCaches.noindex/watchos27.0-24R360-e829b21a6f8c9b70876ba0858053c04477534ef55a1706bf4c1112bbb242f0a2.sdkstatcache -output-file-map /Users/admin/builder/spi-builder-workspace/.derivedData/Build/Intermediates.noindex/WWSimpleVideoPlayerViewUI.build/Debug-watchos/WWSimpleVideoPlayerViewUI-t.build/Objects-normal/arm64/WWSimpleVideoPlayerViewUI-OutputFileMap.json -save-temps -no-color-diagnostics -explicit-module-build -module-cache-path /Users/admin/builder/spi-builder-workspace/.derivedData/Build/Intermediates.noindex/SwiftExplicitPrecompiledModules -clang-scanner-module-cache-path /Users/admin/builder/spi-builder-workspace/.derivedData/ModuleCache.noindex -sdk-module-cache-path /Users/admin/builder/spi-builder-workspace/.derivedData/SDKExplicitPrecompiledModules -emit-dependencies -emit-module -emit-module-path /Users/admin/builder/spi-builder-workspace/.derivedData/Build/Intermediates.noindex/WWSimpleVideoPlayerViewUI.build/Debug-watchos/WWSimpleVideoPlayerViewUI-t.build/Objects-normal/arm64/WWSimpleVideoPlayerViewUI.swiftmodule -serialize-diagnostics -dependency-scan-serialize-diagnostics-path /Users/admin/builder/spi-builder-workspace/.derivedData/Build/Intermediates.noindex/WWSimpleVideoPlayerViewUI.build/Debug-watchos/WWSimpleVideoPlayerViewUI-t.build/Objects-normal/arm64/WWSimpleVideoPlayerViewUI-dependency-scan.dia -validate-clang-modules-once -clang-build-session-file /Users/admin/builder/spi-builder-workspace/.derivedData/ModuleCache.noindex/Session.modulevalidation -Xcc -fmodules-prune-interval\=86400 -Xcc -fmodules-prune-after\=345600 -package-name spi_builder_workspace -emit-const-values -const-gather-protocols-list /Users/admin/builder/spi-builder-workspace/.derivedData/Build/Intermediates.noindex/WWSimpleVideoPlayerViewUI.build/Debug-watchos/WWSimpleVideoPlayerViewUI-t.build/Objects-normal/arm64/WWSimpleVideoPlayerViewUI_const_extract_protocols.json -Xcc -I/Users/admin/builder/spi-builder-workspace/.derivedData/Build/Products/Debug-watchos/include -Xcc -I/Users/admin/builder/spi-builder-workspace/.derivedData/Build/Intermediates.noindex/WWSimpleVideoPlayerViewUI.build/Debug-watchos/WWSimpleVideoPlayerViewUI-t.build/DerivedSources-normal/arm64 -Xcc -I/Users/admin/builder/spi-builder-workspace/.derivedData/Build/Intermediates.noindex/WWSimpleVideoPlayerViewUI.build/Debug-watchos/WWSimpleVideoPlayerViewUI-t.build/DerivedSources/arm64 -Xcc -I/Users/admin/builder/spi-builder-workspace/.derivedData/Build/Intermediates.noindex/WWSimpleVideoPlayerViewUI.build/Debug-watchos/WWSimpleVideoPlayerViewUI-t.build/DerivedSources -Xcc -DSWIFT_PACKAGE -Xcc -DDEBUG\=1 -emit-objc-header -emit-objc-header-path /Users/admin/builder/spi-builder-workspace/.derivedData/Build/Intermediates.noindex/WWSimpleVideoPlayerViewUI.build/Debug-watchos/WWSimpleVideoPlayerViewUI-t.build/Objects-normal/arm64/WWSimpleVideoPlayerViewUI-Swift.h -working-directory /Users/admin/builder/spi-builder-workspace/.swiftpm/xcode -experimental-emit-module-separately -disable-cmo
SwiftDriver WWSimpleVideoPlayerViewUI normal arm64_32 com.apple.xcode.tools.swift.compiler (in target 'WWSimpleVideoPlayerViewUI' from project 'WWSimpleVideoPlayerViewUI')
    cd /Users/admin/builder/spi-builder-workspace/.swiftpm/xcode
    builtin-SwiftDriver -- /Applications/Xcode-27.0.0-Release.Candidate.app/Contents/Developer/Toolchains/XcodeDefault.xctoolchain/usr/bin/swiftc -parse-as-library -module-name WWSimpleVideoPlayerViewUI -Onone @/Users/admin/builder/spi-builder-workspace/.derivedData/Build/Intermediates.noindex/WWSimpleVideoPlayerViewUI.build/Debug-watchos/WWSimpleVideoPlayerViewUI-t.build/Objects-normal/arm64_32/WWSimpleVideoPlayerViewUI.SwiftFileList -DSWIFT_PACKAGE -DDEBUG -DSWIFT_MODULE_RESOURCE_BUNDLE_AVAILABLE -DXcode -plugin-path /Applications/Xcode-27.0.0-Release.Candidate.app/Contents/Developer/Toolchains/XcodeDefault.xctoolchain/usr/lib/swift/host/plugins/testing -enable-experimental-feature DebugDescriptionMacro -sdk /Applications/Xcode-27.0.0-Release.Candidate.app/Contents/Developer/Platforms/WatchOS.platform/Developer/SDKs/WatchOS27.0.sdk -target arm64_32-apple-watchos10.0 -g -module-cache-path /Users/admin/builder/spi-builder-workspace/.derivedData/ModuleCache.noindex -Xfrontend -serialize-debugging-options -enable-testing -index-store-path /Users/admin/builder/spi-builder-workspace/.derivedData/Index.noindex/DataStore -Xcc -D_LIBCPP_HARDENING_MODE\=_LIBCPP_HARDENING_MODE_DEBUG -swift-version 5 -I /Users/admin/builder/spi-builder-workspace/.derivedData/Build/Products/Debug-watchos -Isystem /Applications/Xcode-27.0.0-Release.Candidate.app/Contents/Developer/Platforms/WatchOS.platform/Developer/usr/lib -F /Users/admin/builder/spi-builder-workspace/.derivedData/Build/Products/Debug-watchos -F /Applications/Xcode-27.0.0-Release.Candidate.app/Contents/Developer/Platforms/WatchOS.platform/Developer/Library/Frameworks -F /Applications/Xcode-27.0.0-Release.Candidate.app/Contents/Developer/Platforms/WatchOS.platform/Developer/SDKs/WatchOS27.0.sdk/Developer/Library/Frameworks -c -j10 -enable-batch-mode -incremental -Xcc -ivfsstatcache -Xcc /Users/admin/builder/spi-builder-workspace/.derivedData/SDKStatCaches.noindex/watchos27.0-24R360-e829b21a6f8c9b70876ba0858053c04477534ef55a1706bf4c1112bbb242f0a2.sdkstatcache -output-file-map /Users/admin/builder/spi-builder-workspace/.derivedData/Build/Intermediates.noindex/WWSimpleVideoPlayerViewUI.build/Debug-watchos/WWSimpleVideoPlayerViewUI-t.build/Objects-normal/arm64_32/WWSimpleVideoPlayerViewUI-OutputFileMap.json -save-temps -no-color-diagnostics -explicit-module-build -module-cache-path /Users/admin/builder/spi-builder-workspace/.derivedData/Build/Intermediates.noindex/SwiftExplicitPrecompiledModules -clang-scanner-module-cache-path /Users/admin/builder/spi-builder-workspace/.derivedData/ModuleCache.noindex -sdk-module-cache-path /Users/admin/builder/spi-builder-workspace/.derivedData/SDKExplicitPrecompiledModules -emit-dependencies -emit-module -emit-module-path /Users/admin/builder/spi-builder-workspace/.derivedData/Build/Intermediates.noindex/WWSimpleVideoPlayerViewUI.build/Debug-watchos/WWSimpleVideoPlayerViewUI-t.build/Objects-normal/arm64_32/WWSimpleVideoPlayerViewUI.swiftmodule -serialize-diagnostics -dependency-scan-serialize-diagnostics-path /Users/admin/builder/spi-builder-workspace/.derivedData/Build/Intermediates.noindex/WWSimpleVideoPlayerViewUI.build/Debug-watchos/WWSimpleVideoPlayerViewUI-t.build/Objects-normal/arm64_32/WWSimpleVideoPlayerViewUI-dependency-scan.dia -validate-clang-modules-once -clang-build-session-file /Users/admin/builder/spi-builder-workspace/.derivedData/ModuleCache.noindex/Session.modulevalidation -Xcc -fmodules-prune-interval\=86400 -Xcc -fmodules-prune-after\=345600 -package-name spi_builder_workspace -emit-const-values -const-gather-protocols-list /Users/admin/builder/spi-builder-workspace/.derivedData/Build/Intermediates.noindex/WWSimpleVideoPlayerViewUI.build/Debug-watchos/WWSimpleVideoPlayerViewUI-t.build/Objects-normal/arm64_32/WWSimpleVideoPlayerViewUI_const_extract_protocols.json -Xcc -I/Users/admin/builder/spi-builder-workspace/.derivedData/Build/Products/Debug-watchos/include -Xcc -I/Users/admin/builder/spi-builder-workspace/.derivedData/Build/Intermediates.noindex/WWSimpleVideoPlayerViewUI.build/Debug-watchos/WWSimpleVideoPlayerViewUI-t.build/DerivedSources-normal/arm64_32 -Xcc -I/Users/admin/builder/spi-builder-workspace/.derivedData/Build/Intermediates.noindex/WWSimpleVideoPlayerViewUI.build/Debug-watchos/WWSimpleVideoPlayerViewUI-t.build/DerivedSources/arm64_32 -Xcc -I/Users/admin/builder/spi-builder-workspace/.derivedData/Build/Intermediates.noindex/WWSimpleVideoPlayerViewUI.build/Debug-watchos/WWSimpleVideoPlayerViewUI-t.build/DerivedSources -Xcc -DSWIFT_PACKAGE -Xcc -DDEBUG\=1 -emit-objc-header -emit-objc-header-path /Users/admin/builder/spi-builder-workspace/.derivedData/Build/Intermediates.noindex/WWSimpleVideoPlayerViewUI.build/Debug-watchos/WWSimpleVideoPlayerViewUI-t.build/Objects-normal/arm64_32/WWSimpleVideoPlayerViewUI-Swift.h -working-directory /Users/admin/builder/spi-builder-workspace/.swiftpm/xcode -experimental-emit-module-separately -disable-cmo
SwiftExplicitDependencyGeneratePcm arm64 /Users/admin/builder/spi-builder-workspace/.derivedData/SDKExplicitPrecompiledModules/ptrcheck-AIF0NDOYZ8ORBNHQAQR5NNB8M.pcm
SwiftExplicitDependencyGeneratePcm arm64 /Users/admin/builder/spi-builder-workspace/.derivedData/SDKExplicitPrecompiledModules/DeveloperToolsSupport-E7CNISCB36UE8XQ9IOHK9XDX1.pcm
SwiftExplicitDependencyGeneratePcm arm64 /Users/admin/builder/spi-builder-workspace/.derivedData/SDKExplicitPrecompiledModules/_SwiftConcurrencyShims-659N52XSKR5F0QSB880BH2FJR.pcm
SwiftExplicitDependencyGeneratePcm arm64 /Users/admin/builder/spi-builder-workspace/.derivedData/SDKExplicitPrecompiledModules/_Builtin_stdbool-83J96QSOFE9VX04AAS6310UAE.pcm
SwiftExplicitDependencyGeneratePcm arm64 /Users/admin/builder/spi-builder-workspace/.derivedData/SDKExplicitPrecompiledModules/ptrauth-3TZ9WJCGLYD25HQPWH4968ONX.pcm
SwiftExplicitDependencyGeneratePcm arm64 /Users/admin/builder/spi-builder-workspace/.derivedData/SDKExplicitPrecompiledModules/_Builtin_stddef-1FU30Y8SWFB7OUUHMJQH5J6FM.pcm
SwiftExplicitDependencyGeneratePcm arm64_32 /Users/admin/builder/spi-builder-workspace/.derivedData/SDKExplicitPrecompiledModules/_Builtin_stddef-H44EFHQX6XSS5MZ7QP6YJZ76.pcm
SwiftExplicitDependencyGeneratePcm arm64_32 /Users/admin/builder/spi-builder-workspace/.derivedData/SDKExplicitPrecompiledModules/DeveloperToolsSupport-DZU5G1OCMNWU0AQRULIFHUJ1Z.pcm
SwiftExplicitDependencyGeneratePcm arm64 /Users/admin/builder/spi-builder-workspace/.derivedData/SDKExplicitPrecompiledModules/_AvailabilityInternal-BUNV3UXM65NT37THI4W1AM0SF.pcm
SwiftExplicitDependencyGeneratePcm arm64 /Users/admin/builder/spi-builder-workspace/.derivedData/SDKExplicitPrecompiledModules/_Builtin_stdarg-A7UU8LE6MP85SM26YO7PBZNUQ.pcm
SwiftExplicitDependencyGeneratePcm arm64 /Users/admin/builder/spi-builder-workspace/.derivedData/SDKExplicitPrecompiledModules/SwiftShims-4MXFZPV6FEB0XBYXCGPWAMQGL.pcm
SwiftExplicitDependencyGeneratePcm arm64_32 /Users/admin/builder/spi-builder-workspace/.derivedData/SDKExplicitPrecompiledModules/_AvailabilityInternal-244WAN3Z1QBT7PIA64EZEFY1R.pcm
SwiftExplicitDependencyGeneratePcm arm64_32 /Users/admin/builder/spi-builder-workspace/.derivedData/SDKExplicitPrecompiledModules/_Builtin_float-6KO8O3PEWRCA4WC6PPLOYO6WJ.pcm
SwiftExplicitDependencyGeneratePcm arm64_32 /Users/admin/builder/spi-builder-workspace/.derivedData/SDKExplicitPrecompiledModules/_SwiftConcurrencyShims-6RTBPQ03V7BM9SPRK8SUE055H.pcm
SwiftExplicitDependencyGeneratePcm arm64_32 /Users/admin/builder/spi-builder-workspace/.derivedData/SDKExplicitPrecompiledModules/_Builtin_stdarg-D305JG44A2WPI6CJY37X3QJE8.pcm
SwiftExplicitDependencyGeneratePcm arm64_32 /Users/admin/builder/spi-builder-workspace/.derivedData/SDKExplicitPrecompiledModules/SwiftShims-9CQQGWTSNTN9EB5NSHDWUJICH.pcm
SwiftExplicitDependencyGeneratePcm arm64_32 /Users/admin/builder/spi-builder-workspace/.derivedData/SDKExplicitPrecompiledModules/_Builtin_stdbool-A967K8W8YUYEC9SN52KJ7OO88.pcm
SwiftExplicitDependencyGeneratePcm arm64_32 /Users/admin/builder/spi-builder-workspace/.derivedData/SDKExplicitPrecompiledModules/ptrcheck-7ELIH9BTIGVKX3UBITM9N72WD.pcm
SwiftExplicitDependencyGeneratePcm arm64_32 /Users/admin/builder/spi-builder-workspace/.derivedData/SDKExplicitPrecompiledModules/ptrauth-BFXF358ME5AK535N5A9Z766WU.pcm
SwiftExplicitDependencyGeneratePcm arm64 /Users/admin/builder/spi-builder-workspace/.derivedData/SDKExplicitPrecompiledModules/_Builtin_float-C0CW5Q4HGBQYKE77TC42IAFB5.pcm
SwiftExplicitDependencyGeneratePcm arm64_32 /Users/admin/builder/spi-builder-workspace/.derivedData/SDKExplicitPrecompiledModules/_DarwinFoundation1-2GWF9RFMPLQW4PDHS3NARVI3G.pcm
SwiftExplicitDependencyGeneratePcm arm64 /Users/admin/builder/spi-builder-workspace/.derivedData/SDKExplicitPrecompiledModules/_DarwinFoundation1-7SPX3MD0HMP55E4OLNCPNDQ53.pcm
SwiftExplicitDependencyGeneratePcm arm64 /Users/admin/builder/spi-builder-workspace/.derivedData/SDKExplicitPrecompiledModules/_Builtin_limits-9GWPA2B0H20DYUNYHYCWKABJG.pcm
SwiftExplicitDependencyGeneratePcm arm64 /Users/admin/builder/spi-builder-workspace/.derivedData/SDKExplicitPrecompiledModules/_DarwinFoundation2-D0XAPJU49S5E9XMKYOFGSTB1Q.pcm
SwiftExplicitDependencyGeneratePcm arm64_32 /Users/admin/builder/spi-builder-workspace/.derivedData/SDKExplicitPrecompiledModules/_DarwinFoundation2-9MY8GOSYRO0M9MKNXF6D3MBNK.pcm
SwiftExplicitDependencyGeneratePcm arm64_32 /Users/admin/builder/spi-builder-workspace/.derivedData/SDKExplicitPrecompiledModules/_Builtin_limits-3VKBU2AFTD65PAJZ5CJ3LHFM2.pcm
SwiftExplicitDependencyGeneratePcm arm64_32 /Users/admin/builder/spi-builder-workspace/.derivedData/SDKExplicitPrecompiledModules/string_h-BFVLUQUSBZWYMLCU9QI7VZALW.pcm
SwiftExplicitDependencyGeneratePcm arm64_32 /Users/admin/builder/spi-builder-workspace/.derivedData/SDKExplicitPrecompiledModules/sys_types-8TLLMW08ZJWDGIIPKOYFGHHZW.pcm
SwiftExplicitDependencyGeneratePcm arm64_32 /Users/admin/builder/spi-builder-workspace/.derivedData/SDKExplicitPrecompiledModules/_Builtin_tgmath-23PGCKURCQILXMK0MYZRYDCOU.pcm
SwiftExplicitDependencyGeneratePcm arm64_32 /Users/admin/builder/spi-builder-workspace/.derivedData/SDKExplicitPrecompiledModules/_Builtin_stdint-1HMXWI3V0V4TXHRWZOMZGZ80Y.pcm
SwiftExplicitDependencyGeneratePcm arm64 /Users/admin/builder/spi-builder-workspace/.derivedData/SDKExplicitPrecompiledModules/_Builtin_tgmath-8NQ96OZ0YHXEC24JI95P01UF8.pcm
SwiftExplicitDependencyGeneratePcm arm64 /Users/admin/builder/spi-builder-workspace/.derivedData/SDKExplicitPrecompiledModules/sys_types-2KXQLI78OUCDP779AE68GZJ2.pcm
SwiftExplicitDependencyGeneratePcm arm64 /Users/admin/builder/spi-builder-workspace/.derivedData/SDKExplicitPrecompiledModules/string_h-E6PRXK75PHIPCZFWOFCQ3QBMK.pcm
SwiftExplicitDependencyGeneratePcm arm64 /Users/admin/builder/spi-builder-workspace/.derivedData/SDKExplicitPrecompiledModules/_Builtin_stdint-8XMILLJZEGRN2XG7XZUXZ5RLX.pcm
SwiftExplicitDependencyGeneratePcm arm64_32 /Users/admin/builder/spi-builder-workspace/.derivedData/SDKExplicitPrecompiledModules/_Builtin_stdatomic-1TY035TURL76BF2U98PZPPZRX.pcm
SwiftExplicitDependencyGeneratePcm arm64_32 /Users/admin/builder/spi-builder-workspace/.derivedData/SDKExplicitPrecompiledModules/_Builtin_intrinsics-196IIAKDQVU42DLOZP9OQCV76.pcm
SwiftExplicitDependencyGeneratePcm arm64_32 /Users/admin/builder/spi-builder-workspace/.derivedData/SDKExplicitPrecompiledModules/_DarwinFoundation3-3DUTYQDQSD9HUAAVY947NMWOI.pcm
SwiftExplicitDependencyGeneratePcm arm64 /Users/admin/builder/spi-builder-workspace/.derivedData/SDKExplicitPrecompiledModules/_Builtin_intrinsics-75960HIPCIYA06IUW8FIIPQT.pcm
SwiftExplicitDependencyGeneratePcm arm64 /Users/admin/builder/spi-builder-workspace/.derivedData/SDKExplicitPrecompiledModules/_Builtin_stdatomic-7JEFA3KBJJJN6TKJWY3OG1VG5.pcm
SwiftExplicitDependencyGeneratePcm arm64 /Users/admin/builder/spi-builder-workspace/.derivedData/SDKExplicitPrecompiledModules/_DarwinFoundation3-B97LRG0E9GON2NUE65TVG81HU.pcm
SwiftExplicitDependencyGeneratePcm arm64_32 /Users/admin/builder/spi-builder-workspace/.derivedData/SDKExplicitPrecompiledModules/_Builtin_inttypes-D2KPCR4PEX9AQA33NGLUT5SBR.pcm
SwiftExplicitDependencyGeneratePcm arm64 /Users/admin/builder/spi-builder-workspace/.derivedData/SDKExplicitPrecompiledModules/_Builtin_inttypes-3UQSCM7WNM9EK4HZML8TY5J3D.pcm
SwiftExplicitDependencyGeneratePcm arm64_32 /Users/admin/builder/spi-builder-workspace/.derivedData/SDKExplicitPrecompiledModules/Darwin-3FVT1SKLN2ZQ5RVOABMTQBB34.pcm
SwiftExplicitDependencyGeneratePcm arm64 /Users/admin/builder/spi-builder-workspace/.derivedData/SDKExplicitPrecompiledModules/Darwin-3984OXKFNSPE77NT743WK8SEX.pcm
SwiftExplicitDependencyGeneratePcm arm64_32 /Users/admin/builder/spi-builder-workspace/.derivedData/SDKExplicitPrecompiledModules/simd-21UNWYOBUZI1LVSQ99S1XBLMO.pcm
SwiftExplicitDependencyGeneratePcm arm64 /Users/admin/builder/spi-builder-workspace/.derivedData/SDKExplicitPrecompiledModules/simd-EH08NODU6574T74ZKU61VP9BW.pcm
SwiftExplicitDependencyGeneratePcm arm64_32 /Users/admin/builder/spi-builder-workspace/.derivedData/SDKExplicitPrecompiledModules/ObjectiveC-6IJNELR2E80E7LUKESVCP2KET.pcm
SwiftExplicitDependencyGeneratePcm arm64_32 /Users/admin/builder/spi-builder-workspace/.derivedData/SDKExplicitPrecompiledModules/MachO-56838ZJ0NC1EBAJ0O6O8QMPDX.pcm
SwiftExplicitDependencyGeneratePcm arm64 /Users/admin/builder/spi-builder-workspace/.derivedData/SDKExplicitPrecompiledModules/ObjectiveC-72IVD3VS2RS8Q28D9PIMY0KQP.pcm
SwiftExplicitDependencyGeneratePcm arm64 /Users/admin/builder/spi-builder-workspace/.derivedData/SDKExplicitPrecompiledModules/MachO-2U90NNSAQILBNBPS1SA4F8TYP.pcm
SwiftExplicitDependencyGeneratePcm arm64 /Users/admin/builder/spi-builder-workspace/.derivedData/SDKExplicitPrecompiledModules/os_object-3SDKD7F87FTZ26OON37DRYT6O.pcm
SwiftExplicitDependencyGeneratePcm arm64_32 /Users/admin/builder/spi-builder-workspace/.derivedData/SDKExplicitPrecompiledModules/os_object-5YWTC6L4756IWSTPGXS5NM0D0.pcm
SwiftExplicitDependencyGeneratePcm arm64 /Users/admin/builder/spi-builder-workspace/.derivedData/SDKExplicitPrecompiledModules/os_workgroup-89GG5G7YC2D0ZTK6AZXXQ20DH.pcm
SwiftExplicitDependencyGeneratePcm arm64_32 /Users/admin/builder/spi-builder-workspace/.derivedData/SDKExplicitPrecompiledModules/os_workgroup-5JHTPDMNBUNHLJI8LPHKQK1JK.pcm
SwiftExplicitDependencyGeneratePcm arm64_32 /Users/admin/builder/spi-builder-workspace/.derivedData/SDKExplicitPrecompiledModules/Spatial-CWVWNML3T0NXVHZDKVLD3X1YZ.pcm
SwiftExplicitDependencyGeneratePcm arm64 /Users/admin/builder/spi-builder-workspace/.derivedData/SDKExplicitPrecompiledModules/Spatial-44FJGYXFAT2AQAW9Z6T7YS02U.pcm
SwiftExplicitDependencyGeneratePcm arm64 /Users/admin/builder/spi-builder-workspace/.derivedData/SDKExplicitPrecompiledModules/Dispatch-1NLJOVAK60XP0DUB05XA59EIM.pcm
SwiftExplicitDependencyGeneratePcm arm64_32 /Users/admin/builder/spi-builder-workspace/.derivedData/SDKExplicitPrecompiledModules/Dispatch-2P62F1T4XV63S4P99TUDTOK2Q.pcm
SwiftExplicitDependencyGeneratePcm arm64 /Users/admin/builder/spi-builder-workspace/.derivedData/SDKExplicitPrecompiledModules/XPC-40DR0X1DHKGCV4J1IOLFS8MOU.pcm
SwiftExplicitDependencyGeneratePcm arm64 /Users/admin/builder/spi-builder-workspace/.derivedData/SDKExplicitPrecompiledModules/CoreFoundation-8T2L24YC5NU7WO6WQJWRY7W08.pcm
SwiftExplicitDependencyGeneratePcm arm64_32 /Users/admin/builder/spi-builder-workspace/.derivedData/SDKExplicitPrecompiledModules/XPC-81Y45QFY96XYYFCW2GT6FY8S4.pcm
SwiftExplicitDependencyGeneratePcm arm64_32 /Users/admin/builder/spi-builder-workspace/.derivedData/SDKExplicitPrecompiledModules/CoreFoundation-8E6Y4BA3EXYKUGJ24GT9LGV3N.pcm
SwiftExplicitDependencyGeneratePcm arm64_32 /Users/admin/builder/spi-builder-workspace/.derivedData/SDKExplicitPrecompiledModules/os-E5IGB442IA6SBB25TTCOLK2OC.pcm
SwiftExplicitDependencyGeneratePcm arm64 /Users/admin/builder/spi-builder-workspace/.derivedData/SDKExplicitPrecompiledModules/os-5DIL6Z9LFIGLMZAHM7X2T5435.pcm
SwiftExplicitDependencyGeneratePcm arm64_32 /Users/admin/builder/spi-builder-workspace/.derivedData/SDKExplicitPrecompiledModules/Security-D7TOWF88VWF67TB9HAFP5UWB1.pcm
SwiftExplicitDependencyGeneratePcm arm64_32 /Users/admin/builder/spi-builder-workspace/.derivedData/SDKExplicitPrecompiledModules/CoreGraphics-9FDXYX6BKBUT6TJ2VF819E7T5.pcm
SwiftExplicitDependencyGeneratePcm arm64_32 /Users/admin/builder/spi-builder-workspace/.derivedData/SDKExplicitPrecompiledModules/CoreAudioTypes-9GVB1DHA32M46R4A9NWSI3I2K.pcm
SwiftExplicitDependencyGeneratePcm arm64 /Users/admin/builder/spi-builder-workspace/.derivedData/SDKExplicitPrecompiledModules/CoreGraphics-DWNZ73GEH98SBJXZ7DEXB420K.pcm
SwiftExplicitDependencyGeneratePcm arm64 /Users/admin/builder/spi-builder-workspace/.derivedData/SDKExplicitPrecompiledModules/CoreAudioTypes-A9MF7N5LT63G21HNFVM6BT14B.pcm
SwiftExplicitDependencyGeneratePcm arm64 /Users/admin/builder/spi-builder-workspace/.derivedData/SDKExplicitPrecompiledModules/Security-6RZ6YBRU8WCUHRFFRVUK5WKMM.pcm
SwiftExplicitDependencyGeneratePcm arm64_32 /Users/admin/builder/spi-builder-workspace/.derivedData/SDKExplicitPrecompiledModules/CoreAudio-5W6MX6OUPWBMUR8VD5LHT1PZF.pcm
SwiftExplicitDependencyGeneratePcm arm64 /Users/admin/builder/spi-builder-workspace/.derivedData/SDKExplicitPrecompiledModules/CoreAudio-1B79RJJTP71GE6UY9WLESAN3C.pcm
SwiftExplicitDependencyGeneratePcm arm64_32 /Users/admin/builder/spi-builder-workspace/.derivedData/SDKExplicitPrecompiledModules/Foundation-BJ2VQGI3OGR34500MEQ1VKHPH.pcm
SwiftExplicitDependencyGeneratePcm arm64 /Users/admin/builder/spi-builder-workspace/.derivedData/SDKExplicitPrecompiledModules/Foundation-DLBKUSGXN8QHAT8W0OARR9S8A.pcm
SwiftExplicitDependencyGeneratePcm arm64_32 /Users/admin/builder/spi-builder-workspace/.derivedData/SDKExplicitPrecompiledModules/CoreVideo-2P8HI0403J99LBDPKNFJ5D4DL.pcm
SwiftExplicitDependencyGeneratePcm arm64_32 /Users/admin/builder/spi-builder-workspace/.derivedData/SDKExplicitPrecompiledModules/CoreText-C9X2REPZN2V5BSU4G80FCETDR.pcm
SwiftExplicitDependencyGeneratePcm arm64_32 /Users/admin/builder/spi-builder-workspace/.derivedData/SDKExplicitPrecompiledModules/ImageIO-2Y4S05VUFWLNTRW92S35BUMG8.pcm
SwiftExplicitDependencyGeneratePcm arm64 /Users/admin/builder/spi-builder-workspace/.derivedData/SDKExplicitPrecompiledModules/CoreVideo-8MRR5MNWUOAW2DBPGUQ8FKK4.pcm
SwiftExplicitDependencyGeneratePcm arm64 /Users/admin/builder/spi-builder-workspace/.derivedData/SDKExplicitPrecompiledModules/ImageIO-208F4GO13XRG67XXLAMH07N4X.pcm
SwiftExplicitDependencyGeneratePcm arm64 /Users/admin/builder/spi-builder-workspace/.derivedData/SDKExplicitPrecompiledModules/CoreText-970YJN6NIYGK1316L35Z0O8QT.pcm
SwiftExplicitDependencyGeneratePcm arm64_32 /Users/admin/builder/spi-builder-workspace/.derivedData/SDKExplicitPrecompiledModules/CoreMedia-AO387T8CHWTTZODD1DGT0UAFA.pcm
SwiftExplicitDependencyGeneratePcm arm64 /Users/admin/builder/spi-builder-workspace/.derivedData/SDKExplicitPrecompiledModules/CoreMedia-1AJVCUZNAO74KIKMFVFUUHWDI.pcm
SwiftExplicitDependencyGeneratePcm arm64 /Users/admin/builder/spi-builder-workspace/.derivedData/SDKExplicitPrecompiledModules/CoreTransferable-9PPG3SLJ55T4LITIFYX2M0NOZ.pcm
SwiftExplicitDependencyGeneratePcm arm64 /Users/admin/builder/spi-builder-workspace/.derivedData/SDKExplicitPrecompiledModules/Accessibility-27QMG6ZQ1NKYTNBYFPM1XKNFC.pcm
SwiftExplicitDependencyGeneratePcm arm64 /Users/admin/builder/spi-builder-workspace/.derivedData/SDKExplicitPrecompiledModules/SceneKit-5HZKIL7XETTTD8TOHYPN8JKRJ.pcm
SwiftExplicitDependencyGeneratePcm arm64 /Users/admin/builder/spi-builder-workspace/.derivedData/SDKExplicitPrecompiledModules/OSLog-B7VGO357Y3GJG35TST7DKDSI3.pcm
SwiftExplicitDependencyGeneratePcm arm64 /Users/admin/builder/spi-builder-workspace/.derivedData/SDKExplicitPrecompiledModules/AVKit-APT69Z4XLJTO6G3GFJEUMDL9G.pcm
SwiftExplicitDependencyGeneratePcm arm64 /Users/admin/builder/spi-builder-workspace/.derivedData/SDKExplicitPrecompiledModules/UniformTypeIdentifiers-8L08Q8DQJV8C4AW84YVGFGTRN.pcm
SwiftExplicitDependencyGeneratePcm arm64 /Users/admin/builder/spi-builder-workspace/.derivedData/SDKExplicitPrecompiledModules/Symbols-3EFABTJ9L5PQDJ7RQCYQWEJMM.pcm
SwiftExplicitDependencyGeneratePcm arm64 /Users/admin/builder/spi-builder-workspace/.derivedData/SDKExplicitPrecompiledModules/CoreData-9JFJC4UET8BAO5IPV2JU6W9V8.pcm
SwiftExplicitDependencyGeneratePcm arm64 /Users/admin/builder/spi-builder-workspace/.derivedData/SDKExplicitPrecompiledModules/UserNotifications-ARAH8MEQ0C2L0FBO39HITJMAO.pcm
SwiftExplicitDependencyGeneratePcm arm64 /Users/admin/builder/spi-builder-workspace/.derivedData/SDKExplicitPrecompiledModules/DataDetection-7BNVI1SZW5ISQL5SX4WL2X7I5.pcm
SwiftExplicitDependencyGeneratePcm arm64_32 /Users/admin/builder/spi-builder-workspace/.derivedData/SDKExplicitPrecompiledModules/OSLog-D9AVFY0KWO7RVBIQ73CBIJVCN.pcm
SwiftExplicitDependencyGeneratePcm arm64_32 /Users/admin/builder/spi-builder-workspace/.derivedData/SDKExplicitPrecompiledModules/CoreMIDI-8Q3SSIDM9J726670QKKYTPP3W.pcm
SwiftExplicitDependencyGeneratePcm arm64_32 /Users/admin/builder/spi-builder-workspace/.derivedData/SDKExplicitPrecompiledModules/CoreTransferable-5D4IR6X37682FPHJ5CBPTKQV6.pcm
SwiftExplicitDependencyGeneratePcm arm64_32 /Users/admin/builder/spi-builder-workspace/.derivedData/SDKExplicitPrecompiledModules/UniformTypeIdentifiers-CJZ3NTHPSBH4XWX5EVOG56UZS.pcm
SwiftExplicitDependencyGeneratePcm arm64_32 /Users/admin/builder/spi-builder-workspace/.derivedData/SDKExplicitPrecompiledModules/DataDetection-U9BF7WHFVA6BZGFXXXP272PS.pcm
SwiftExplicitDependencyGeneratePcm arm64_32 /Users/admin/builder/spi-builder-workspace/.derivedData/SDKExplicitPrecompiledModules/_LocationEssentials-AQ1OL9QKC3LQLY5CNSRM1HB53.pcm
SwiftExplicitDependencyGeneratePcm arm64_32 /Users/admin/builder/spi-builder-workspace/.derivedData/SDKExplicitPrecompiledModules/SceneKit-DKNLHKM5FJBQ79LSNMSSMBUBR.pcm
SwiftExplicitDependencyGeneratePcm arm64_32 /Users/admin/builder/spi-builder-workspace/.derivedData/SDKExplicitPrecompiledModules/UserNotifications-6TBN8TEAKO014N1T2QD926XED.pcm
SwiftExplicitDependencyGeneratePcm arm64_32 /Users/admin/builder/spi-builder-workspace/.derivedData/SDKExplicitPrecompiledModules/Symbols-1H97WMG76HU94F5VGJR19PXFY.pcm
SwiftExplicitDependencyGeneratePcm arm64_32 /Users/admin/builder/spi-builder-workspace/.derivedData/SDKExplicitPrecompiledModules/CoreData-7AU1AFQWUH88EAPDKVMLJPKVD.pcm
SwiftExplicitDependencyGeneratePcm arm64_32 /Users/admin/builder/spi-builder-workspace/.derivedData/SDKExplicitPrecompiledModules/QuartzCore-6375NPYACK5NYVHPMC1QQ8MC2.pcm
SwiftExplicitDependencyGeneratePcm arm64_32 /Users/admin/builder/spi-builder-workspace/.derivedData/SDKExplicitPrecompiledModules/AVKit-DGLMG173V7OD5E3TSXVW687BU.pcm
SwiftExplicitDependencyGeneratePcm arm64_32 /Users/admin/builder/spi-builder-workspace/.derivedData/SDKExplicitPrecompiledModules/Accessibility-F385OMZ5GYBUY5O4QAJB4NRII.pcm
SwiftExplicitDependencyGeneratePcm arm64 /Users/admin/builder/spi-builder-workspace/.derivedData/SDKExplicitPrecompiledModules/CoreMIDI-DMNFPOXYVF7STUO5GNB3DF2BQ.pcm
SwiftExplicitDependencyGeneratePcm arm64_32 /Users/admin/builder/spi-builder-workspace/.derivedData/SDKExplicitPrecompiledModules/CoreLocation-8XU5YMYM4P11RQMYCQAG65ITK.pcm
SwiftExplicitDependencyGeneratePcm arm64 /Users/admin/builder/spi-builder-workspace/.derivedData/SDKExplicitPrecompiledModules/_LocationEssentials-5ZZDGDXB6HLQUC72SJW7YJ7MK.pcm
SwiftExplicitDependencyGeneratePcm arm64 /Users/admin/builder/spi-builder-workspace/.derivedData/SDKExplicitPrecompiledModules/QuartzCore-94KFMWNOU7ZLUZNB4T5DLZC9D.pcm
SwiftExplicitDependencyGeneratePcm arm64_32 /Users/admin/builder/spi-builder-workspace/.derivedData/SDKExplicitPrecompiledModules/AVFAudio-E592LPPEJNCSUD5VBNV0IP3RS.pcm
SwiftExplicitDependencyGeneratePcm arm64_32 /Users/admin/builder/spi-builder-workspace/.derivedData/SDKExplicitPrecompiledModules/UIUtilities-9YFVNIMRC5HRVOIARNWHP1E3H.pcm
SwiftExplicitDependencyGeneratePcm arm64 /Users/admin/builder/spi-builder-workspace/.derivedData/SDKExplicitPrecompiledModules/UIUtilities-IR7RNW23VAUKYI9MLCS9NL9A.pcm
SwiftExplicitDependencyGeneratePcm arm64 /Users/admin/builder/spi-builder-workspace/.derivedData/SDKExplicitPrecompiledModules/CoreLocation-ACKJ9K7ABI14F97Y46Y6SRR17.pcm
SwiftExplicitDependencyGeneratePcm arm64_32 /Users/admin/builder/spi-builder-workspace/.derivedData/SDKExplicitPrecompiledModules/CoreMotion-1XGTVTE5PP32UHME8AC63TL6.pcm
SwiftExplicitDependencyGeneratePcm arm64_32 /Users/admin/builder/spi-builder-workspace/.derivedData/SDKExplicitPrecompiledModules/SwiftUICore-3Q7WLRD8MR9R3NGIPUBQCP6F6.pcm
SwiftExplicitDependencyGeneratePcm arm64 /Users/admin/builder/spi-builder-workspace/.derivedData/SDKExplicitPrecompiledModules/AVFAudio-6A028BJEJQTO3623H6QZ4E26C.pcm
SwiftExplicitDependencyGeneratePcm arm64 /Users/admin/builder/spi-builder-workspace/.derivedData/SDKExplicitPrecompiledModules/SwiftUICore-C1DST1IX2Z0PTH5SJJZ1IULRB.pcm
SwiftExplicitDependencyGeneratePcm arm64 /Users/admin/builder/spi-builder-workspace/.derivedData/SDKExplicitPrecompiledModules/CoreMotion-6RD5K48QT1F4L9CATNFD2O7YB.pcm
SwiftExplicitDependencyGeneratePcm arm64_32 /Users/admin/builder/spi-builder-workspace/.derivedData/SDKExplicitPrecompiledModules/AVFoundation-EPE1OBOP1126QTAL5QEGZFKYT.pcm
SwiftExplicitDependencyGeneratePcm arm64_32 /Users/admin/builder/spi-builder-workspace/.derivedData/SDKExplicitPrecompiledModules/UIKit-6PPV7YPZ89CZPHYAP072QH8B6.pcm
SwiftExplicitDependencyGeneratePcm arm64 /Users/admin/builder/spi-builder-workspace/.derivedData/SDKExplicitPrecompiledModules/AVFoundation-78VW43DHMXH57E9M5JLISD2E9.pcm
SwiftExplicitDependencyGeneratePcm arm64 /Users/admin/builder/spi-builder-workspace/.derivedData/SDKExplicitPrecompiledModules/UIKit-27R3P1YMV4C6JLDT661G3MRIA.pcm
SwiftExplicitDependencyGeneratePcm arm64_32 /Users/admin/builder/spi-builder-workspace/.derivedData/SDKExplicitPrecompiledModules/MapKit-CWGB4YMP1VX1NYQN5FULFD5DR.pcm
SwiftExplicitDependencyGeneratePcm arm64_32 /Users/admin/builder/spi-builder-workspace/.derivedData/SDKExplicitPrecompiledModules/HomeKit-DUDZOMSN3UK8GNTNBNMPIWJRN.pcm
SwiftExplicitDependencyGeneratePcm arm64_32 /Users/admin/builder/spi-builder-workspace/.derivedData/SDKExplicitPrecompiledModules/MediaPlayer-7RF6UXKAQIQ99SMZVPK5OJJGN.pcm
SwiftExplicitDependencyGeneratePcm arm64 /Users/admin/builder/spi-builder-workspace/.derivedData/SDKExplicitPrecompiledModules/MediaPlayer-2OMAHQI6WUPRYSYECT67X4AM3.pcm
SwiftExplicitDependencyGeneratePcm arm64 /Users/admin/builder/spi-builder-workspace/.derivedData/SDKExplicitPrecompiledModules/HomeKit-DTS1N4AWILAL1URZ5IOXV5221.pcm
SwiftExplicitDependencyGeneratePcm arm64 /Users/admin/builder/spi-builder-workspace/.derivedData/SDKExplicitPrecompiledModules/MapKit-EJJWC7IL56MPLQMI93GJRE5OG.pcm
SwiftExplicitDependencyGeneratePcm arm64_32 /Users/admin/builder/spi-builder-workspace/.derivedData/SDKExplicitPrecompiledModules/WatchKit-FHF6WTKLC2APGK3LA2XJ6516.pcm
SwiftExplicitDependencyGeneratePcm arm64 /Users/admin/builder/spi-builder-workspace/.derivedData/SDKExplicitPrecompiledModules/WatchKit-3VT3K8YON6FJ6OWSUFJMFMP8J.pcm
SwiftExplicitDependencyGeneratePcm arm64_32 /Users/admin/builder/spi-builder-workspace/.derivedData/SDKExplicitPrecompiledModules/SwiftUI-9AYG9OCT5VOJK7V4MX1WYR86T.pcm
SwiftCompile normal arm64_32 Compiling\ BlurView.swift /Users/admin/builder/spi-builder-workspace/Sources/WWSimpleVideoPlayerViewUI/View/BlurView.swift (in target 'WWSimpleVideoPlayerViewUI' from project 'WWSimpleVideoPlayerViewUI')
SwiftCompile normal arm64_32 /Users/admin/builder/spi-builder-workspace/Sources/WWSimpleVideoPlayerViewUI/View/BlurView.swift (in target 'WWSimpleVideoPlayerViewUI' from project 'WWSimpleVideoPlayerViewUI')
    cd /Users/admin/builder/spi-builder-workspace/.swiftpm/xcode
    builtin-SwiftPerFileCompile BlurView.swift
/Users/admin/builder/spi-builder-workspace/Sources/WWSimpleVideoPlayerViewUI/View/BlurView.swift:13:16: error: 'UIBlurEffect' is unavailable in watchOS
11 | struct BlurView: UIViewRepresentable {
12 |
13 |     var style: UIBlurEffect.Style
   |                `- error: 'UIBlurEffect' is unavailable in watchOS
14 |
15 |     func makeUIView(context: Context) -> UIVisualEffectView {
/Applications/Xcode-27.0.0-Release.Candidate.app/Contents/Developer/Platforms/WatchOS.platform/Developer/SDKs/WatchOS27.0.sdk/System/Library/Frameworks/UIKit.framework/Headers/UIBlurEffect.h:61:12: note: 'UIBlurEffect' has been explicitly marked unavailable here
59 | /* UIBlurEffect will provide a blur that appears to have been applied to the content layered behind the UIVisualEffectView. Views added to the contentView of a blur visual effect are not blurred themselves. */
60 | UIKIT_EXTERN API_AVAILABLE(ios(8.0)) API_UNAVAILABLE(watchos) NS_SWIFT_UI_ACTOR
61 | @interface UIBlurEffect : UIVisualEffect
   |            `- note: 'UIBlurEffect' has been explicitly marked unavailable here
62 |
63 | + (UIBlurEffect *)effectWithStyle:(UIBlurEffectStyle)style;
/Users/admin/builder/spi-builder-workspace/Sources/WWSimpleVideoPlayerViewUI/View/BlurView.swift:15:30: error: cannot find type 'Context' in scope
13 |     var style: UIBlurEffect.Style
14 |
15 |     func makeUIView(context: Context) -> UIVisualEffectView {
   |                              `- error: cannot find type 'Context' in scope
16 |         .init(effect: UIBlurEffect(style: style))
17 |     }
/Users/admin/builder/spi-builder-workspace/Sources/WWSimpleVideoPlayerViewUI/View/BlurView.swift:15:42: error: 'UIVisualEffectView' is unavailable in watchOS
13 |     var style: UIBlurEffect.Style
14 |
15 |     func makeUIView(context: Context) -> UIVisualEffectView {
   |                                          `- error: 'UIVisualEffectView' is unavailable in watchOS
16 |         .init(effect: UIBlurEffect(style: style))
17 |     }
/Applications/Xcode-27.0.0-Release.Candidate.app/Contents/Developer/Platforms/WatchOS.platform/Developer/SDKs/WatchOS27.0.sdk/System/Library/Frameworks/UIKit.framework/Headers/UIVisualEffectView.h:28:12: note: 'UIVisualEffectView' has been explicitly marked unavailable here
26 |
27 | UIKIT_EXTERN API_AVAILABLE(ios(8.0)) API_UNAVAILABLE(watchos) NS_SWIFT_UI_ACTOR
28 | @interface UIVisualEffectView : UIView <NSSecureCoding>
   |            `- note: 'UIVisualEffectView' has been explicitly marked unavailable here
29 |
30 | @property (nonatomic, strong, readonly) UIView *contentView; // Do not add subviews directly to UIVisualEffectView, use this view instead.
/Users/admin/builder/spi-builder-workspace/Sources/WWSimpleVideoPlayerViewUI/View/BlurView.swift:19:62: error: cannot find type 'Context' in scope
17 |     }
18 |
19 |     func updateUIView(_ uiView: UIVisualEffectView, context: Context) {}
   |                                                              `- error: cannot find type 'Context' in scope
20 | }
21 |
/Users/admin/builder/spi-builder-workspace/Sources/WWSimpleVideoPlayerViewUI/View/BlurView.swift:19:33: error: 'UIVisualEffectView' is unavailable in watchOS
17 |     }
18 |
19 |     func updateUIView(_ uiView: UIVisualEffectView, context: Context) {}
   |                                 `- error: 'UIVisualEffectView' is unavailable in watchOS
20 | }
21 |
/Applications/Xcode-27.0.0-Release.Candidate.app/Contents/Developer/Platforms/WatchOS.platform/Developer/SDKs/WatchOS27.0.sdk/System/Library/Frameworks/UIKit.framework/Headers/UIVisualEffectView.h:28:12: note: 'UIVisualEffectView' has been explicitly marked unavailable here
26 |
27 | UIKIT_EXTERN API_AVAILABLE(ios(8.0)) API_UNAVAILABLE(watchos) NS_SWIFT_UI_ACTOR
28 | @interface UIVisualEffectView : UIView <NSSecureCoding>
   |            `- note: 'UIVisualEffectView' has been explicitly marked unavailable here
29 |
30 | @property (nonatomic, strong, readonly) UIView *contentView; // Do not add subviews directly to UIVisualEffectView, use this view instead.
/Users/admin/builder/spi-builder-workspace/Sources/WWSimpleVideoPlayerViewUI/View/BlurView.swift:11:18: error: cannot find type 'UIViewRepresentable' in scope
 9 |
10 | // MARK: - 輔助元件:UIKit 毛玻璃效果
11 | struct BlurView: UIViewRepresentable {
   |                  `- error: cannot find type 'UIViewRepresentable' in scope
12 |
13 |     var style: UIBlurEffect.Style
SwiftCompile normal arm64_32 Compiling\ HiddenVolumeView.swift /Users/admin/builder/spi-builder-workspace/Sources/WWSimpleVideoPlayerViewUI/View/HiddenVolumeView.swift (in target 'WWSimpleVideoPlayerViewUI' from project 'WWSimpleVideoPlayerViewUI')
SwiftCompile normal arm64_32 /Users/admin/builder/spi-builder-workspace/Sources/WWSimpleVideoPlayerViewUI/View/HiddenVolumeView.swift (in target 'WWSimpleVideoPlayerViewUI' from project 'WWSimpleVideoPlayerViewUI')
    cd /Users/admin/builder/spi-builder-workspace/.swiftpm/xcode
    builtin-SwiftPerFileCompile HiddenVolumeView.swift
/Users/admin/builder/spi-builder-workspace/Sources/WWSimpleVideoPlayerViewUI/View/HiddenVolumeView.swift:14:30: error: cannot find type 'Context' in scope
12 | struct HiddenVolumeView: UIViewRepresentable {
13 |
14 |     func makeUIView(context: Context) -> MPVolumeView {
   |                              `- error: cannot find type 'Context' in scope
15 |         .init(frame: .zero)
16 |     }
/Users/admin/builder/spi-builder-workspace/Sources/WWSimpleVideoPlayerViewUI/View/HiddenVolumeView.swift:14:42: error: 'MPVolumeView' is unavailable in watchOS
12 | struct HiddenVolumeView: UIViewRepresentable {
13 |
14 |     func makeUIView(context: Context) -> MPVolumeView {
   |                                          `- error: 'MPVolumeView' is unavailable in watchOS
15 |         .init(frame: .zero)
16 |     }
/Applications/Xcode-27.0.0-Release.Candidate.app/Contents/Developer/Platforms/WatchOS.platform/Developer/SDKs/WatchOS27.0.sdk/System/Library/Frameworks/MediaPlayer.framework/Headers/MPVolumeView.h:20:12: note: 'MPVolumeView' has been explicitly marked unavailable here
18 |
19 | MP_API(ios(2.0))
20 | @interface MPVolumeView : UIView <NSCoding>
   |            `- note: 'MPVolumeView' has been explicitly marked unavailable here
21 |
22 | @property (nonatomic) BOOL showsVolumeSlider MP_API(ios(4.2)); // Default is YES.
/Users/admin/builder/spi-builder-workspace/Sources/WWSimpleVideoPlayerViewUI/View/HiddenVolumeView.swift:18:56: error: cannot find type 'Context' in scope
16 |     }
17 |
18 |     func updateUIView(_ uiView: MPVolumeView, context: Context) {}
   |                                                        `- error: cannot find type 'Context' in scope
19 | }
20 |
/Users/admin/builder/spi-builder-workspace/Sources/WWSimpleVideoPlayerViewUI/View/HiddenVolumeView.swift:18:33: error: 'MPVolumeView' is unavailable in watchOS
16 |     }
17 |
18 |     func updateUIView(_ uiView: MPVolumeView, context: Context) {}
   |                                 `- error: 'MPVolumeView' is unavailable in watchOS
19 | }
20 |
/Applications/Xcode-27.0.0-Release.Candidate.app/Contents/Developer/Platforms/WatchOS.platform/Developer/SDKs/WatchOS27.0.sdk/System/Library/Frameworks/MediaPlayer.framework/Headers/MPVolumeView.h:20:12: note: 'MPVolumeView' has been explicitly marked unavailable here
18 |
19 | MP_API(ios(2.0))
20 | @interface MPVolumeView : UIView <NSCoding>
   |            `- note: 'MPVolumeView' has been explicitly marked unavailable here
21 |
22 | @property (nonatomic) BOOL showsVolumeSlider MP_API(ios(4.2)); // Default is YES.
SwiftCompile normal arm64_32 Compiling\ VideoProgressBar.swift /Users/admin/builder/spi-builder-workspace/Sources/WWSimpleVideoPlayerViewUI/View/VideoProgressBar.swift (in target 'WWSimpleVideoPlayerViewUI' from project 'WWSimpleVideoPlayerViewUI')
/Users/admin/builder/spi-builder-workspace/Sources/WWSimpleVideoPlayerViewUI/View/VideoProgressBar.swift:127:13: warning: immutable value 'previewHeight' was never used; consider replacing with '_' or removing it [#NoUsage]
125 |         let thumbX = max(0, min(playedWidth - thumbSize * 0.5, width - thumbSize))
126 |         let previewWidth: CGFloat = 120
127 |         let previewHeight: CGFloat = 68
    |             `- warning: immutable value 'previewHeight' was never used; consider replacing with '_' or removing it [#NoUsage]
128 |         let previewX = max(0, min(playedWidth - previewWidth * 0.5, width - previewWidth))
129 |
SwiftCompile normal arm64_32 /Users/admin/builder/spi-builder-workspace/Sources/WWSimpleVideoPlayerViewUI/View/VideoProgressBar.swift (in target 'WWSimpleVideoPlayerViewUI' from project 'WWSimpleVideoPlayerViewUI')
    cd /Users/admin/builder/spi-builder-workspace/.swiftpm/xcode
    builtin-SwiftPerFileCompile VideoProgressBar.swift
SwiftCompile normal arm64_32 Compiling\ Model.swift,\ Protocol.swift /Users/admin/builder/spi-builder-workspace/Sources/WWSimpleVideoPlayerViewUI/Utility/Model.swift /Users/admin/builder/spi-builder-workspace/Sources/WWSimpleVideoPlayerViewUI/Utility/Protocol.swift (in target 'WWSimpleVideoPlayerViewUI' from project 'WWSimpleVideoPlayerViewUI')
SwiftCompile normal arm64_32 /Users/admin/builder/spi-builder-workspace/Sources/WWSimpleVideoPlayerViewUI/Utility/Model.swift (in target 'WWSimpleVideoPlayerViewUI' from project 'WWSimpleVideoPlayerViewUI')
    cd /Users/admin/builder/spi-builder-workspace/.swiftpm/xcode
    builtin-SwiftPerFileCompile Model.swift
SwiftCompile normal arm64_32 /Users/admin/builder/spi-builder-workspace/Sources/WWSimpleVideoPlayerViewUI/Utility/Protocol.swift (in target 'WWSimpleVideoPlayerViewUI' from project 'WWSimpleVideoPlayerViewUI')
    cd /Users/admin/builder/spi-builder-workspace/.swiftpm/xcode
    builtin-SwiftPerFileCompile Protocol.swift
SwiftCompile normal arm64_32 Compiling\ VideoThumbnailProvider.swift,\ Configure.swift /Users/admin/builder/spi-builder-workspace/Sources/WWSimpleVideoPlayerViewUI/Provider/VideoThumbnailProvider.swift /Users/admin/builder/spi-builder-workspace/Sources/WWSimpleVideoPlayerViewUI/Utility/Configure.swift (in target 'WWSimpleVideoPlayerViewUI' from project 'WWSimpleVideoPlayerViewUI')
/Users/admin/builder/spi-builder-workspace/Sources/WWSimpleVideoPlayerViewUI/Provider/VideoThumbnailProvider.swift:22:28: error: 'AVAssetImageGenerator' is unavailable in watchOS
20 |
21 |     @ObservationIgnored
22 |     private var generator: AVAssetImageGenerator?   // AVFoundation 提供的縮圖產生器 (用來從影片指定時間點擷取畫面)
   |                            `- error: 'AVAssetImageGenerator' is unavailable in watchOS
23 |
24 |     @ObservationIgnored
/Applications/Xcode-27.0.0-Release.Candidate.app/Contents/Developer/Platforms/WatchOS.platform/Developer/SDKs/WatchOS27.0.sdk/System/Library/Frameworks/AVFoundation.framework/Headers/AVAssetImageGenerator.h:87:12: note: 'AVAssetImageGenerator' has been explicitly marked unavailable here
 85 |
 86 | API_AVAILABLE(macos(10.7), ios(4.0), tvos(9.0), visionos(1.0)) API_UNAVAILABLE(watchos)
 87 | @interface AVAssetImageGenerator : NSObject
    |            `- note: 'AVAssetImageGenerator' has been explicitly marked unavailable here
 88 | {
 89 | @private
/Users/admin/builder/spi-builder-workspace/Sources/WWSimpleVideoPlayerViewUI/Provider/VideoThumbnailProvider.swift:42:31: error: type 'AVAssetImageGenerator?' has no member 'build'
40 |         do {
41 |             _ = try await asset.load(.tracks)
42 |             self.generator = .build(asset: asset, maximumSize: size)
   |                               `- error: type 'AVAssetImageGenerator?' has no member 'build'
43 |         } catch {
44 |             print("prepare thumbnail failed:", error)
/Users/admin/builder/spi-builder-workspace/Sources/WWSimpleVideoPlayerViewUI/Provider/VideoThumbnailProvider.swift:75:27: error: 'requestedTimeToleranceBefore' is unavailable in watchOS
73 |         Task {
74 |             do {
75 |                 generator.requestedTimeToleranceBefore = .zero
   |                           `- error: 'requestedTimeToleranceBefore' is unavailable in watchOS
76 |                 generator.requestedTimeToleranceAfter = CMTime(seconds: 2, preferredTimescale: 600)
77 |
/Applications/Xcode-27.0.0-Release.Candidate.app/Contents/Developer/Platforms/WatchOS.platform/Developer/SDKs/WatchOS27.0.sdk/System/Library/Frameworks/AVFoundation.framework/Headers/AVAssetImageGenerator.h:136:30: note: 'requestedTimeToleranceBefore' has been explicitly marked unavailable here
134 |    Pass kCMTimeZero for both toleranceBefore and toleranceAfter to request frame-accurate image generation; this may incur additional decoding delay.
135 |    Default is kCMTimePositiveInfinity. */
136 | @property (nonatomic) CMTime requestedTimeToleranceBefore API_AVAILABLE(macos(10.7), ios(5.0), tvos(9.0), visionos(1.0)) API_UNAVAILABLE(watchos);
    |                              `- note: 'requestedTimeToleranceBefore' has been explicitly marked unavailable here
137 | @property (nonatomic) CMTime requestedTimeToleranceAfter API_AVAILABLE(macos(10.7), ios(5.0), tvos(9.0), visionos(1.0)) API_UNAVAILABLE(watchos);
138 |
/Users/admin/builder/spi-builder-workspace/Sources/WWSimpleVideoPlayerViewUI/Provider/VideoThumbnailProvider.swift:76:27: error: 'requestedTimeToleranceAfter' is unavailable in watchOS
74 |             do {
75 |                 generator.requestedTimeToleranceBefore = .zero
76 |                 generator.requestedTimeToleranceAfter = CMTime(seconds: 2, preferredTimescale: 600)
   |                           `- error: 'requestedTimeToleranceAfter' is unavailable in watchOS
77 |
78 |                 let result = try await generator.image(at: time)
/Applications/Xcode-27.0.0-Release.Candidate.app/Contents/Developer/Platforms/WatchOS.platform/Developer/SDKs/WatchOS27.0.sdk/System/Library/Frameworks/AVFoundation.framework/Headers/AVAssetImageGenerator.h:137:30: note: 'requestedTimeToleranceAfter' has been explicitly marked unavailable here
135 |    Default is kCMTimePositiveInfinity. */
136 | @property (nonatomic) CMTime requestedTimeToleranceBefore API_AVAILABLE(macos(10.7), ios(5.0), tvos(9.0), visionos(1.0)) API_UNAVAILABLE(watchos);
137 | @property (nonatomic) CMTime requestedTimeToleranceAfter API_AVAILABLE(macos(10.7), ios(5.0), tvos(9.0), visionos(1.0)) API_UNAVAILABLE(watchos);
    |                              `- note: 'requestedTimeToleranceAfter' has been explicitly marked unavailable here
138 |
139 | /*!
SwiftCompile normal arm64_32 /Users/admin/builder/spi-builder-workspace/Sources/WWSimpleVideoPlayerViewUI/Provider/VideoThumbnailProvider.swift (in target 'WWSimpleVideoPlayerViewUI' from project 'WWSimpleVideoPlayerViewUI')
    cd /Users/admin/builder/spi-builder-workspace/.swiftpm/xcode
    builtin-SwiftPerFileCompile VideoThumbnailProvider.swift
SwiftCompile normal arm64_32 /Users/admin/builder/spi-builder-workspace/Sources/WWSimpleVideoPlayerViewUI/Utility/Configure.swift (in target 'WWSimpleVideoPlayerViewUI' from project 'WWSimpleVideoPlayerViewUI')
    cd /Users/admin/builder/spi-builder-workspace/.swiftpm/xcode
    builtin-SwiftPerFileCompile Configure.swift
SwiftCompile normal arm64_32 Compiling\ SystemVolumeManager.swift,\ VideoPlayerManager.swift /Users/admin/builder/spi-builder-workspace/Sources/WWSimpleVideoPlayerViewUI/Manager/SystemVolumeManager.swift /Users/admin/builder/spi-builder-workspace/Sources/WWSimpleVideoPlayerViewUI/Manager/VideoPlayerManager.swift (in target 'WWSimpleVideoPlayerViewUI' from project 'WWSimpleVideoPlayerViewUI')
/Users/admin/builder/spi-builder-workspace/Sources/WWSimpleVideoPlayerViewUI/Manager/SystemVolumeManager.swift:18:30: error: 'MPVolumeView' is unavailable in watchOS
16 |
17 |     private let audioSession = AVAudioSession.sharedInstance()
18 |     private let volumeView = MPVolumeView(frame: .zero)
   |                              `- error: 'MPVolumeView' is unavailable in watchOS
19 |
20 |     private init() {}
/Applications/Xcode-27.0.0-Release.Candidate.app/Contents/Developer/Platforms/WatchOS.platform/Developer/SDKs/WatchOS27.0.sdk/System/Library/Frameworks/MediaPlayer.framework/Headers/MPVolumeView.h:20:12: note: 'MPVolumeView' has been explicitly marked unavailable here
18 |
19 | MP_API(ios(2.0))
20 | @interface MPVolumeView : UIView <NSCoding>
   |            `- note: 'MPVolumeView' has been explicitly marked unavailable here
21 |
22 | @property (nonatomic) BOOL showsVolumeSlider MP_API(ios(4.2)); // Default is YES.
/Users/admin/builder/spi-builder-workspace/Sources/WWSimpleVideoPlayerViewUI/Manager/SystemVolumeManager.swift:32:82: error: 'UISlider' is unavailable in watchOS
30 |         let clampedValue = min(max(value, 0), 1)
31 |
32 |         if let slider = volumeView.subviews.first(where: { $0 is UISlider }) as? UISlider {
   |                                                                                  `- error: 'UISlider' is unavailable in watchOS
33 |             Task { @MainActor in
34 |                 slider.value = clampedValue
/Applications/Xcode-27.0.0-Release.Candidate.app/Contents/Developer/Platforms/WatchOS.platform/Developer/SDKs/WatchOS27.0.sdk/System/Library/Frameworks/UIKit.framework/Headers/UISlider.h:26:12: note: 'UISlider' has been explicitly marked unavailable here
24 |
25 | UIKIT_EXTERN API_AVAILABLE(ios(2.0)) API_UNAVAILABLE(tvos, watchos) NS_SWIFT_UI_ACTOR
26 | @interface UISlider : UIControl <NSCoding>
   |            `- note: 'UISlider' has been explicitly marked unavailable here
27 |
28 | @property(nonatomic) float value;                                 // default 0.0. this value will be pinned to min/max
SwiftCompile normal arm64_32 /Users/admin/builder/spi-builder-workspace/Sources/WWSimpleVideoPlayerViewUI/Manager/SystemVolumeManager.swift (in target 'WWSimpleVideoPlayerViewUI' from project 'WWSimpleVideoPlayerViewUI')
    cd /Users/admin/builder/spi-builder-workspace/.swiftpm/xcode
    builtin-SwiftPerFileCompile SystemVolumeManager.swift
SwiftCompile normal arm64_32 /Users/admin/builder/spi-builder-workspace/Sources/WWSimpleVideoPlayerViewUI/Manager/VideoPlayerManager.swift (in target 'WWSimpleVideoPlayerViewUI' from project 'WWSimpleVideoPlayerViewUI')
    cd /Users/admin/builder/spi-builder-workspace/.swiftpm/xcode
    builtin-SwiftPerFileCompile VideoPlayerManager.swift
SwiftCompile normal arm64_32 Compiling\ AVPlayerView.swift /Users/admin/builder/spi-builder-workspace/Sources/WWSimpleVideoPlayerViewUI/View/AVPlayerView.swift (in target 'WWSimpleVideoPlayerViewUI' from project 'WWSimpleVideoPlayerViewUI')
/Users/admin/builder/spi-builder-workspace/Sources/WWSimpleVideoPlayerViewUI/View/AVPlayerView.swift:14:17: error: cannot find type 'AVPlayer' in scope
12 | struct AVPlayerView: UIViewControllerRepresentable {
13 |
14 |     let player: AVPlayer        // 外部傳入的播放器實例 => 由外層 manager 負責建立、更新與控制
   |                 `- error: cannot find type 'AVPlayer' in scope
15 |     let showsControls: Bool     // 是否顯示系統原生播放控制列
16 |
/Users/admin/builder/spi-builder-workspace/Sources/WWSimpleVideoPlayerViewUI/View/AVPlayerView.swift:18:52: error: cannot find type 'AVPlayerViewController' in scope
16 |
17 |     /// 建立並回傳 UIKit 的 AVPlayerViewController => SwiftUI 第一次載入時會呼叫這裡
18 |     func makeUIViewController(context: Context) -> AVPlayerViewController {
   |                                                    `- error: cannot find type 'AVPlayerViewController' in scope
19 |
20 |         let viewController = AVPlayerViewController()
/Users/admin/builder/spi-builder-workspace/Sources/WWSimpleVideoPlayerViewUI/View/AVPlayerView.swift:18:40: error: cannot find type 'Context' in scope
16 |
17 |     /// 建立並回傳 UIKit 的 AVPlayerViewController => SwiftUI 第一次載入時會呼叫這裡
18 |     func makeUIViewController(context: Context) -> AVPlayerViewController {
   |                                        `- error: cannot find type 'Context' in scope
19 |
20 |         let viewController = AVPlayerViewController()
/Users/admin/builder/spi-builder-workspace/Sources/WWSimpleVideoPlayerViewUI/View/AVPlayerView.swift:30:53: error: cannot find type 'AVPlayerViewController' in scope
28 |
29 |     /// SwiftUI 狀態更新時會呼叫這裡 => 當 player 或控制列設定變動時,更新對應屬性
30 |     func updateUIViewController(_ uiViewController: AVPlayerViewController, context: Context) {
   |                                                     `- error: cannot find type 'AVPlayerViewController' in scope
31 |         uiViewController.player = player
32 |         uiViewController.showsPlaybackControls = showsControls
/Users/admin/builder/spi-builder-workspace/Sources/WWSimpleVideoPlayerViewUI/View/AVPlayerView.swift:30:86: error: cannot find type 'Context' in scope
28 |
29 |     /// SwiftUI 狀態更新時會呼叫這裡 => 當 player 或控制列設定變動時,更新對應屬性
30 |     func updateUIViewController(_ uiViewController: AVPlayerViewController, context: Context) {
   |                                                                                      `- error: cannot find type 'Context' in scope
31 |         uiViewController.player = player
32 |         uiViewController.showsPlaybackControls = showsControls
/Users/admin/builder/spi-builder-workspace/Sources/WWSimpleVideoPlayerViewUI/View/AVPlayerView.swift:12:22: error: cannot find type 'UIViewControllerRepresentable' in scope
10 |
11 | /// SwiftUI 包裝 AVPlayerViewController 用來在 SwiftUI 中顯示 AVPlayer 內容
12 | struct AVPlayerView: UIViewControllerRepresentable {
   |                      `- error: cannot find type 'UIViewControllerRepresentable' in scope
13 |
14 |     let player: AVPlayer        // 外部傳入的播放器實例 => 由外層 manager 負責建立、更新與控制
SwiftCompile normal arm64_32 /Users/admin/builder/spi-builder-workspace/Sources/WWSimpleVideoPlayerViewUI/View/AVPlayerView.swift (in target 'WWSimpleVideoPlayerViewUI' from project 'WWSimpleVideoPlayerViewUI')
    cd /Users/admin/builder/spi-builder-workspace/.swiftpm/xcode
    builtin-SwiftPerFileCompile AVPlayerView.swift
SwiftEmitModule normal arm64_32 Emitting\ module\ for\ WWSimpleVideoPlayerViewUI (in target 'WWSimpleVideoPlayerViewUI' from project 'WWSimpleVideoPlayerViewUI')
/Users/admin/builder/spi-builder-workspace/Sources/WWSimpleVideoPlayerViewUI/Manager/SystemVolumeManager.swift:18:30: error: 'MPVolumeView' is unavailable in watchOS
16 |
17 |     private let audioSession = AVAudioSession.sharedInstance()
18 |     private let volumeView = MPVolumeView(frame: .zero)
   |                              `- error: 'MPVolumeView' is unavailable in watchOS
19 |
20 |     private init() {}
/Applications/Xcode-27.0.0-Release.Candidate.app/Contents/Developer/Platforms/WatchOS.platform/Developer/SDKs/WatchOS27.0.sdk/System/Library/Frameworks/MediaPlayer.framework/Headers/MPVolumeView.h:20:12: note: 'MPVolumeView' has been explicitly marked unavailable here
18 |
19 | MP_API(ios(2.0))
20 | @interface MPVolumeView : UIView <NSCoding>
   |            `- note: 'MPVolumeView' has been explicitly marked unavailable here
21 |
22 | @property (nonatomic) BOOL showsVolumeSlider MP_API(ios(4.2)); // Default is YES.
/Users/admin/builder/spi-builder-workspace/Sources/WWSimpleVideoPlayerViewUI/Provider/VideoThumbnailProvider.swift:22:28: error: 'AVAssetImageGenerator' is unavailable in watchOS
20 |
21 |     @ObservationIgnored
22 |     private var generator: AVAssetImageGenerator?   // AVFoundation 提供的縮圖產生器 (用來從影片指定時間點擷取畫面)
   |                            `- error: 'AVAssetImageGenerator' is unavailable in watchOS
23 |
24 |     @ObservationIgnored
/Applications/Xcode-27.0.0-Release.Candidate.app/Contents/Developer/Platforms/WatchOS.platform/Developer/SDKs/WatchOS27.0.sdk/System/Library/Frameworks/AVFoundation.framework/Headers/AVAssetImageGenerator.h:87:12: note: 'AVAssetImageGenerator' has been explicitly marked unavailable here
 85 |
 86 | API_AVAILABLE(macos(10.7), ios(4.0), tvos(9.0), visionos(1.0)) API_UNAVAILABLE(watchos)
 87 | @interface AVAssetImageGenerator : NSObject
    |            `- note: 'AVAssetImageGenerator' has been explicitly marked unavailable here
 88 | {
 89 | @private
/Users/admin/builder/spi-builder-workspace/Sources/WWSimpleVideoPlayerViewUI/Utility/Extension.swift:67:11: error: cannot find type 'AVPlayer' in scope
 65 |
 66 | // MARK: - AVPlayer
 67 | extension AVPlayer {
    |           `- error: cannot find type 'AVPlayer' in scope
 68 |
 69 |     /// 替換當前播放的影片項目為指定 URL 的資源
/Users/admin/builder/spi-builder-workspace/Sources/WWSimpleVideoPlayerViewUI/Utility/Extension.swift:84:11: error: cannot find type 'AVAssetImageGenerator' in scope
 82 |
 83 | // MARK: - AVAssetImageGenerator
 84 | extension AVAssetImageGenerator {
    |           `- error: cannot find type 'AVAssetImageGenerator' in scope
 85 |
 86 |     /// 建立 AVAssetImageGenerator
/Users/admin/builder/spi-builder-workspace/Sources/WWSimpleVideoPlayerViewUI/View/AVPlayerView.swift:14:17: error: cannot find type 'AVPlayer' in scope
12 | struct AVPlayerView: UIViewControllerRepresentable {
13 |
14 |     let player: AVPlayer        // 外部傳入的播放器實例 => 由外層 manager 負責建立、更新與控制
   |                 `- error: cannot find type 'AVPlayer' in scope
15 |     let showsControls: Bool     // 是否顯示系統原生播放控制列
16 |
/Users/admin/builder/spi-builder-workspace/Sources/WWSimpleVideoPlayerViewUI/View/AVPlayerView.swift:18:52: error: cannot find type 'AVPlayerViewController' in scope
16 |
17 |     /// 建立並回傳 UIKit 的 AVPlayerViewController => SwiftUI 第一次載入時會呼叫這裡
18 |     func makeUIViewController(context: Context) -> AVPlayerViewController {
   |                                                    `- error: cannot find type 'AVPlayerViewController' in scope
19 |
20 |         let viewController = AVPlayerViewController()
/Users/admin/builder/spi-builder-workspace/Sources/WWSimpleVideoPlayerViewUI/View/AVPlayerView.swift:18:40: error: cannot find type 'Context' in scope
16 |
17 |     /// 建立並回傳 UIKit 的 AVPlayerViewController => SwiftUI 第一次載入時會呼叫這裡
18 |     func makeUIViewController(context: Context) -> AVPlayerViewController {
   |                                        `- error: cannot find type 'Context' in scope
19 |
20 |         let viewController = AVPlayerViewController()
/Users/admin/builder/spi-builder-workspace/Sources/WWSimpleVideoPlayerViewUI/View/AVPlayerView.swift:30:53: error: cannot find type 'AVPlayerViewController' in scope
28 |
29 |     /// SwiftUI 狀態更新時會呼叫這裡 => 當 player 或控制列設定變動時,更新對應屬性
30 |     func updateUIViewController(_ uiViewController: AVPlayerViewController, context: Context) {
   |                                                     `- error: cannot find type 'AVPlayerViewController' in scope
31 |         uiViewController.player = player
32 |         uiViewController.showsPlaybackControls = showsControls
/Users/admin/builder/spi-builder-workspace/Sources/WWSimpleVideoPlayerViewUI/View/AVPlayerView.swift:30:86: error: cannot find type 'Context' in scope
28 |
29 |     /// SwiftUI 狀態更新時會呼叫這裡 => 當 player 或控制列設定變動時,更新對應屬性
30 |     func updateUIViewController(_ uiViewController: AVPlayerViewController, context: Context) {
   |                                                                                      `- error: cannot find type 'Context' in scope
31 |         uiViewController.player = player
32 |         uiViewController.showsPlaybackControls = showsControls
/Users/admin/builder/spi-builder-workspace/Sources/WWSimpleVideoPlayerViewUI/View/AVPlayerView.swift:12:22: error: cannot find type 'UIViewControllerRepresentable' in scope
10 |
11 | /// SwiftUI 包裝 AVPlayerViewController 用來在 SwiftUI 中顯示 AVPlayer 內容
12 | struct AVPlayerView: UIViewControllerRepresentable {
   |                      `- error: cannot find type 'UIViewControllerRepresentable' in scope
13 |
14 |     let player: AVPlayer        // 外部傳入的播放器實例 => 由外層 manager 負責建立、更新與控制
/Users/admin/builder/spi-builder-workspace/Sources/WWSimpleVideoPlayerViewUI/View/BlurView.swift:13:16: error: 'UIBlurEffect' is unavailable in watchOS
11 | struct BlurView: UIViewRepresentable {
12 |
13 |     var style: UIBlurEffect.Style
   |                `- error: 'UIBlurEffect' is unavailable in watchOS
14 |
15 |     func makeUIView(context: Context) -> UIVisualEffectView {
/Applications/Xcode-27.0.0-Release.Candidate.app/Contents/Developer/Platforms/WatchOS.platform/Developer/SDKs/WatchOS27.0.sdk/System/Library/Frameworks/UIKit.framework/Headers/UIBlurEffect.h:61:12: note: 'UIBlurEffect' has been explicitly marked unavailable here
59 | /* UIBlurEffect will provide a blur that appears to have been applied to the content layered behind the UIVisualEffectView. Views added to the contentView of a blur visual effect are not blurred themselves. */
60 | UIKIT_EXTERN API_AVAILABLE(ios(8.0)) API_UNAVAILABLE(watchos) NS_SWIFT_UI_ACTOR
61 | @interface UIBlurEffect : UIVisualEffect
   |            `- note: 'UIBlurEffect' has been explicitly marked unavailable here
62 |
63 | + (UIBlurEffect *)effectWithStyle:(UIBlurEffectStyle)style;
/Users/admin/builder/spi-builder-workspace/Sources/WWSimpleVideoPlayerViewUI/View/BlurView.swift:15:30: error: cannot find type 'Context' in scope
13 |     var style: UIBlurEffect.Style
14 |
15 |     func makeUIView(context: Context) -> UIVisualEffectView {
   |                              `- error: cannot find type 'Context' in scope
16 |         .init(effect: UIBlurEffect(style: style))
17 |     }
/Users/admin/builder/spi-builder-workspace/Sources/WWSimpleVideoPlayerViewUI/View/BlurView.swift:15:42: error: 'UIVisualEffectView' is unavailable in watchOS
13 |     var style: UIBlurEffect.Style
14 |
15 |     func makeUIView(context: Context) -> UIVisualEffectView {
   |                                          `- error: 'UIVisualEffectView' is unavailable in watchOS
16 |         .init(effect: UIBlurEffect(style: style))
17 |     }
/Applications/Xcode-27.0.0-Release.Candidate.app/Contents/Developer/Platforms/WatchOS.platform/Developer/SDKs/WatchOS27.0.sdk/System/Library/Frameworks/UIKit.framework/Headers/UIVisualEffectView.h:28:12: note: 'UIVisualEffectView' has been explicitly marked unavailable here
26 |
27 | UIKIT_EXTERN API_AVAILABLE(ios(8.0)) API_UNAVAILABLE(watchos) NS_SWIFT_UI_ACTOR
28 | @interface UIVisualEffectView : UIView <NSSecureCoding>
   |            `- note: 'UIVisualEffectView' has been explicitly marked unavailable here
29 |
30 | @property (nonatomic, strong, readonly) UIView *contentView; // Do not add subviews directly to UIVisualEffectView, use this view instead.
/Users/admin/builder/spi-builder-workspace/Sources/WWSimpleVideoPlayerViewUI/View/BlurView.swift:19:62: error: cannot find type 'Context' in scope
17 |     }
18 |
19 |     func updateUIView(_ uiView: UIVisualEffectView, context: Context) {}
   |                                                              `- error: cannot find type 'Context' in scope
20 | }
21 |
/Users/admin/builder/spi-builder-workspace/Sources/WWSimpleVideoPlayerViewUI/View/BlurView.swift:19:33: error: 'UIVisualEffectView' is unavailable in watchOS
17 |     }
18 |
19 |     func updateUIView(_ uiView: UIVisualEffectView, context: Context) {}
   |                                 `- error: 'UIVisualEffectView' is unavailable in watchOS
20 | }
21 |
/Applications/Xcode-27.0.0-Release.Candidate.app/Contents/Developer/Platforms/WatchOS.platform/Developer/SDKs/WatchOS27.0.sdk/System/Library/Frameworks/UIKit.framework/Headers/UIVisualEffectView.h:28:12: note: 'UIVisualEffectView' has been explicitly marked unavailable here
26 |
27 | UIKIT_EXTERN API_AVAILABLE(ios(8.0)) API_UNAVAILABLE(watchos) NS_SWIFT_UI_ACTOR
28 | @interface UIVisualEffectView : UIView <NSSecureCoding>
   |            `- note: 'UIVisualEffectView' has been explicitly marked unavailable here
29 |
30 | @property (nonatomic, strong, readonly) UIView *contentView; // Do not add subviews directly to UIVisualEffectView, use this view instead.
/Users/admin/builder/spi-builder-workspace/Sources/WWSimpleVideoPlayerViewUI/View/BlurView.swift:11:18: error: cannot find type 'UIViewRepresentable' in scope
 9 |
10 | // MARK: - 輔助元件:UIKit 毛玻璃效果
11 | struct BlurView: UIViewRepresentable {
   |                  `- error: cannot find type 'UIViewRepresentable' in scope
12 |
13 |     var style: UIBlurEffect.Style
/Users/admin/builder/spi-builder-workspace/Sources/WWSimpleVideoPlayerViewUI/View/HiddenVolumeView.swift:14:30: error: cannot find type 'Context' in scope
12 | struct HiddenVolumeView: UIViewRepresentable {
13 |
14 |     func makeUIView(context: Context) -> MPVolumeView {
   |                              `- error: cannot find type 'Context' in scope
15 |         .init(frame: .zero)
16 |     }
/Users/admin/builder/spi-builder-workspace/Sources/WWSimpleVideoPlayerViewUI/View/HiddenVolumeView.swift:14:42: error: 'MPVolumeView' is unavailable in watchOS
12 | struct HiddenVolumeView: UIViewRepresentable {
13 |
14 |     func makeUIView(context: Context) -> MPVolumeView {
   |                                          `- error: 'MPVolumeView' is unavailable in watchOS
15 |         .init(frame: .zero)
16 |     }
/Applications/Xcode-27.0.0-Release.Candidate.app/Contents/Developer/Platforms/WatchOS.platform/Developer/SDKs/WatchOS27.0.sdk/System/Library/Frameworks/MediaPlayer.framework/Headers/MPVolumeView.h:20:12: note: 'MPVolumeView' has been explicitly marked unavailable here
18 |
19 | MP_API(ios(2.0))
20 | @interface MPVolumeView : UIView <NSCoding>
   |            `- note: 'MPVolumeView' has been explicitly marked unavailable here
21 |
22 | @property (nonatomic) BOOL showsVolumeSlider MP_API(ios(4.2)); // Default is YES.
/Users/admin/builder/spi-builder-workspace/Sources/WWSimpleVideoPlayerViewUI/View/HiddenVolumeView.swift:18:56: error: cannot find type 'Context' in scope
16 |     }
17 |
18 |     func updateUIView(_ uiView: MPVolumeView, context: Context) {}
   |                                                        `- error: cannot find type 'Context' in scope
19 | }
20 |
/Users/admin/builder/spi-builder-workspace/Sources/WWSimpleVideoPlayerViewUI/View/HiddenVolumeView.swift:18:33: error: 'MPVolumeView' is unavailable in watchOS
16 |     }
17 |
18 |     func updateUIView(_ uiView: MPVolumeView, context: Context) {}
   |                                 `- error: 'MPVolumeView' is unavailable in watchOS
19 | }
20 |
/Applications/Xcode-27.0.0-Release.Candidate.app/Contents/Developer/Platforms/WatchOS.platform/Developer/SDKs/WatchOS27.0.sdk/System/Library/Frameworks/MediaPlayer.framework/Headers/MPVolumeView.h:20:12: note: 'MPVolumeView' has been explicitly marked unavailable here
18 |
19 | MP_API(ios(2.0))
20 | @interface MPVolumeView : UIView <NSCoding>
   |            `- note: 'MPVolumeView' has been explicitly marked unavailable here
21 |
22 | @property (nonatomic) BOOL showsVolumeSlider MP_API(ios(4.2)); // Default is YES.
/Users/admin/builder/spi-builder-workspace/Sources/WWSimpleVideoPlayerViewUI/View/HiddenVolumeView.swift:12:26: error: cannot find type 'UIViewRepresentable' in scope
10 |
11 | // MARK: - 輔助元件:阻擋系統自帶 HUD 專用
12 | struct HiddenVolumeView: UIViewRepresentable {
   |                          `- error: cannot find type 'UIViewRepresentable' in scope
13 |
14 |     func makeUIView(context: Context) -> MPVolumeView {
Failed frontend command:
/Applications/Xcode-27.0.0-Release.Candidate.app/Contents/Developer/Toolchains/XcodeDefault.xctoolchain/usr/bin/swift-frontend -frontend -emit-module -experimental-skip-non-inlinable-function-bodies-without-types /Users/admin/builder/spi-builder-workspace/.derivedData/Build/Intermediates.noindex/WWSimpleVideoPlayerViewUI.build/Debug-watchos/WWSimpleVideoPlayerViewUI-t.build/DerivedSources/resource_bundle_accessor.swift /Users/admin/builder/spi-builder-workspace/Sources/WWSimpleVideoPlayerViewUI/Manager/SystemBrightnessManager.swift /Users/admin/builder/spi-builder-workspace/Sources/WWSimpleVideoPlayerViewUI/Manager/SystemVolumeManager.swift /Users/admin/builder/spi-builder-workspace/Sources/WWSimpleVideoPlayerViewUI/Manager/VideoPlayerManager.swift /Users/admin/builder/spi-builder-workspace/Sources/WWSimpleVideoPlayerViewUI/Provider/VideoThumbnailProvider.swift /Users/admin/builder/spi-builder-workspace/Sources/WWSimpleVideoPlayerViewUI/Utility/Configure.swift /Users/admin/builder/spi-builder-workspace/Sources/WWSimpleVideoPlayerViewUI/Utility/Constant.swift /Users/admin/builder/spi-builder-workspace/Sources/WWSimpleVideoPlayerViewUI/Utility/Extension.swift /Users/admin/builder/spi-builder-workspace/Sources/WWSimpleVideoPlayerViewUI/Utility/Model.swift /Users/admin/builder/spi-builder-workspace/Sources/WWSimpleVideoPlayerViewUI/Utility/Protocol.swift /Users/admin/builder/spi-builder-workspace/Sources/WWSimpleVideoPlayerViewUI/View/AVPlayerView.swift /Users/admin/builder/spi-builder-workspace/Sources/WWSimpleVideoPlayerViewUI/View/BlurView.swift /Users/admin/builder/spi-builder-workspace/Sources/WWSimpleVideoPlayerViewUI/View/HiddenVolumeView.swift /Users/admin/builder/spi-builder-workspace/Sources/WWSimpleVideoPlayerViewUI/View/VideoProgressBar.swift /Users/admin/builder/spi-builder-workspace/Sources/WWSimpleVideoPlayerViewUI/WWSimpleVideoPlayerViewUI.swift -target arm64_32-apple-watchos10.0 -disable-cross-import-overlay-search -swift-module-cross-import AVKit /Applications/Xcode-27.0.0-Release.Candidate.app/Contents/Developer/Platforms/WatchOS.platform/Developer/SDKs/WatchOS.sdk/System/Library/Frameworks/AVKit.framework/Modules/AVKit.swiftcrossimport/SwiftUI.swiftoverlay -swift-module-cross-import MediaPlayer /Applications/Xcode-27.0.0-Release.Candidate.app/Contents/Developer/Platforms/WatchOS.platform/Developer/SDKs/WatchOS.sdk/System/Library/Frameworks/MediaPlayer.framework/Modules/MediaPlayer.swiftcrossimport/AppIntents.swiftoverlay -swift-module-cross-import MediaPlayer /Applications/Xcode-27.0.0-Release.Candidate.app/Contents/Developer/Platforms/WatchOS.platform/Developer/SDKs/WatchOS27.0.sdk/System/Library/Frameworks/MediaPlayer.framework/Modules/MediaPlayer.swiftcrossimport/AppIntents.swiftoverlay -load-resolved-plugin /Applications/Xcode-27.0.0-Release.Candidate.app/Contents/Developer/Platforms/WatchOS.platform/Developer/usr/lib/swift/host/plugins/libFoundationMacros.dylib\#/Applications/Xcode-27.0.0-Release.Candidate.app/Contents/Developer/Platforms/WatchOS.platform/Developer/usr/bin/swift-plugin-server\#FoundationMacros -load-resolved-plugin /Applications/Xcode-27.0.0-Release.Candidate.app/Contents/Developer/Platforms/WatchOS.platform/Developer/usr/lib/swift/host/plugins/libObservationMacros.dylib\#/Applications/Xcode-27.0.0-Release.Candidate.app/Contents/Developer/Platforms/WatchOS.platform/Developer/usr/bin/swift-plugin-server\#ObservationMacros -load-resolved-plugin /Applications/Xcode-27.0.0-Release.Candidate.app/Contents/Developer/Platforms/WatchOS.platform/Developer/usr/lib/swift/host/plugins/libPreviewsMacros.dylib\#/Applications/Xcode-27.0.0-Release.Candidate.app/Contents/Developer/Platforms/WatchOS.platform/Developer/usr/bin/swift-plugin-server\#PreviewsMacros -load-resolved-plugin /Applications/Xcode-27.0.0-Release.Candidate.app/Contents/Developer/Platforms/WatchOS.platform/Developer/usr/lib/swift/host/plugins/libSwiftMacros.dylib\#/Applications/Xcode-27.0.0-Release.Candidate.app/Contents/Developer/Platforms/WatchOS.platform/Developer/usr/bin/swift-plugin-server\#SwiftMacros -load-resolved-plugin /Applications/Xcode-27.0.0-Release.Candidate.app/Contents/Developer/Platforms/WatchOS.platform/Developer/usr/lib/swift/host/plugins/libSwiftUIMacros.dylib\#/Applications/Xcode-27.0.0-Release.Candidate.app/Contents/Developer/Platforms/WatchOS.platform/Developer/usr/bin/swift-plugin-server\#SwiftUIMacros -disable-implicit-swift-modules -Xcc -fno-implicit-modules -Xcc -fno-implicit-module-maps -explicit-swift-module-map-file /Users/admin/builder/spi-builder-workspace/.derivedData/Build/Intermediates.noindex/WWSimpleVideoPlayerViewUI.build/Debug-watchos/WWSimpleVideoPlayerViewUI-t.build/Objects-normal/arm64_32/WWSimpleVideoPlayerViewUI-dependencies-1.json -enable-objc-interop -sdk /Applications/Xcode-27.0.0-Release.Candidate.app/Contents/Developer/Platforms/WatchOS.platform/Developer/SDKs/WatchOS27.0.sdk -I /Users/admin/builder/spi-builder-workspace/.derivedData/Build/Products/Debug-watchos -Isystem /Applications/Xcode-27.0.0-Release.Candidate.app/Contents/Developer/Platforms/WatchOS.platform/Developer/usr/lib -F /Users/admin/builder/spi-builder-workspace/.derivedData/Build/Products/Debug-watchos -F /Applications/Xcode-27.0.0-Release.Candidate.app/Contents/Developer/Platforms/WatchOS.platform/Developer/Library/Frameworks -F /Applications/Xcode-27.0.0-Release.Candidate.app/Contents/Developer/Platforms/WatchOS.platform/Developer/SDKs/WatchOS27.0.sdk/Developer/Library/Frameworks -module-cache-path /Users/admin/builder/spi-builder-workspace/.derivedData/Build/Intermediates.noindex/SwiftExplicitPrecompiledModules -no-color-diagnostics -Xcc -fno-color-diagnostics -enable-testing -g -debug-info-format\=dwarf -dwarf-version\=4 -swift-version 5 -Onone -D SWIFT_PACKAGE -D DEBUG -D SWIFT_MODULE_RESOURCE_BUNDLE_AVAILABLE -D Xcode -serialize-debugging-options -enable-experimental-feature DebugDescriptionMacro -empty-abi-descriptor -validate-clang-modules-once -clang-build-session-file /Users/admin/builder/spi-builder-workspace/.derivedData/ModuleCache.noindex/Session.modulevalidation -Xcc -working-directory -Xcc /Users/admin/builder/spi-builder-workspace/.swiftpm/xcode -enable-anonymous-context-mangled-names -file-compilation-dir /Users/admin/builder/spi-builder-workspace/.swiftpm/xcode -Xcc -D_LIBCPP_HARDENING_MODE\=_LIBCPP_HARDENING_MODE_DEBUG -Xcc -ivfsstatcache -Xcc /Users/admin/builder/spi-builder-workspace/.derivedData/SDKStatCaches.noindex/watchos27.0-24R360-e829b21a6f8c9b70876ba0858053c04477534ef55a1706bf4c1112bbb242f0a2.sdkstatcache -Xcc -fmodules-prune-interval\=86400 -Xcc -fmodules-prune-after\=345600 -Xcc -I/Users/admin/builder/spi-builder-workspace/.derivedData/Build/Products/Debug-watchos/include -Xcc -I/Users/admin/builder/spi-builder-workspace/.derivedData/Build/Intermediates.noindex/WWSimpleVideoPlayerViewUI.build/Debug-watchos/WWSimpleVideoPlayerViewUI-t.build/DerivedSources-normal/arm64_32 -Xcc -I/Users/admin/builder/spi-builder-workspace/.derivedData/Build/Intermediates.noindex/WWSimpleVideoPlayerViewUI.build/Debug-watchos/WWSimpleVideoPlayerViewUI-t.build/DerivedSources/arm64_32 -Xcc -I/Users/admin/builder/spi-builder-workspace/.derivedData/Build/Intermediates.noindex/WWSimpleVideoPlayerViewUI.build/Debug-watchos/WWSimpleVideoPlayerViewUI-t.build/DerivedSources -Xcc -DSWIFT_PACKAGE -Xcc -DDEBUG\=1 -no-auto-bridging-header-chaining -module-name WWSimpleVideoPlayerViewUI -package-name spi_builder_workspace -const-gather-protocols-file /Users/admin/builder/spi-builder-workspace/.derivedData/Build/Intermediates.noindex/WWSimpleVideoPlayerViewUI.build/Debug-watchos/WWSimpleVideoPlayerViewUI-t.build/Objects-normal/arm64_32/WWSimpleVideoPlayerViewUI_const_extract_protocols.json -disable-clang-spi -clang-target arm64_32-apple-watchos27.0 -target-sdk-version 27.0 -target-sdk-name watchos27.0 -in-process-plugin-server-path /Applications/Xcode-27.0.0-Release.Candidate.app/Contents/Developer/Toolchains/XcodeDefault.xctoolchain/usr/lib/swift/host/libSwiftInProcPluginServer.dylib -emit-module-doc-path /Users/admin/builder/spi-builder-workspace/.derivedData/Build/Intermediates.noindex/WWSimpleVideoPlayerViewUI.build/Debug-watchos/WWSimpleVideoPlayerViewUI-t.build/Objects-normal/arm64_32/WWSimpleVideoPlayerViewUI.swiftdoc -emit-module-source-info-path /Users/admin/builder/spi-builder-workspace/.derivedData/Build/Intermediates.noindex/WWSimpleVideoPlayerViewUI.build/Debug-watchos/WWSimpleVideoPlayerViewUI-t.build/Objects-normal/arm64_32/WWSimpleVideoPlayerViewUI.swiftsourceinfo -emit-objc-header-path /Users/admin/builder/spi-builder-workspace/.derivedData/Build/Intermediates.noindex/WWSimpleVideoPlayerViewUI.build/Debug-watchos/WWSimpleVideoPlayerViewUI-t.build/Objects-normal/arm64_32/WWSimpleVideoPlayerViewUI-Swift.h -serialize-diagnostics-path /Users/admin/builder/spi-builder-workspace/.derivedData/Build/Intermediates.noindex/WWSimpleVideoPlayerViewUI.build/Debug-watchos/WWSimpleVideoPlayerViewUI-t.build/Objects-normal/arm64_32/WWSimpleVideoPlayerViewUI-primary-emit-module.dia -emit-dependencies-path /Users/admin/builder/spi-builder-workspace/.derivedData/Build/Intermediates.noindex/WWSimpleVideoPlayerViewUI.build/Debug-watchos/WWSimpleVideoPlayerViewUI-t.build/Objects-normal/arm64_32/WWSimpleVideoPlayerViewUI-primary-emit-module.d -parse-as-library -o /Users/admin/builder/spi-builder-workspace/.derivedData/Build/Intermediates.noindex/WWSimpleVideoPlayerViewUI.build/Debug-watchos/WWSimpleVideoPlayerViewUI-t.build/Objects-normal/arm64_32/WWSimpleVideoPlayerViewUI.swiftmodule -emit-abi-descriptor-path /Users/admin/builder/spi-builder-workspace/.derivedData/Build/Intermediates.noindex/WWSimpleVideoPlayerViewUI.build/Debug-watchos/WWSimpleVideoPlayerViewUI-t.build/Objects-normal/arm64_32/WWSimpleVideoPlayerViewUI.abi.json
SwiftCompile normal arm64_32 (in target 'WWSimpleVideoPlayerViewUI' from project 'WWSimpleVideoPlayerViewUI')
    cd /Users/admin/builder/spi-builder-workspace/.swiftpm/xcode

SwiftCompile normal arm64_32 Compiling\ WWSimpleVideoPlayerViewUI.swift /Users/admin/builder/spi-builder-workspace/Sources/WWSimpleVideoPlayerViewUI/WWSimpleVideoPlayerViewUI.swift (in target 'WWSimpleVideoPlayerViewUI' from project 'WWSimpleVideoPlayerViewUI')
SwiftCompile normal arm64_32 /Users/admin/builder/spi-builder-workspace/Sources/WWSimpleVideoPlayerViewUI/WWSimpleVideoPlayerViewUI.swift (in target 'WWSimpleVideoPlayerViewUI' from project 'WWSimpleVideoPlayerViewUI')
    cd /Users/admin/builder/spi-builder-workspace/.swiftpm/xcode
    builtin-SwiftPerFileCompile WWSimpleVideoPlayerViewUI.swift
SwiftCompile normal arm64_32 Compiling\ Constant.swift,\ Extension.swift /Users/admin/builder/spi-builder-workspace/Sources/WWSimpleVideoPlayerViewUI/Utility/Constant.swift /Users/admin/builder/spi-builder-workspace/Sources/WWSimpleVideoPlayerViewUI/Utility/Extension.swift (in target 'WWSimpleVideoPlayerViewUI' from project 'WWSimpleVideoPlayerViewUI')
/Users/admin/builder/spi-builder-workspace/Sources/WWSimpleVideoPlayerViewUI/Utility/Extension.swift:67:11: error: cannot find type 'AVPlayer' in scope
 65 |
 66 | // MARK: - AVPlayer
 67 | extension AVPlayer {
    |           `- error: cannot find type 'AVPlayer' in scope
 68 |
 69 |     /// 替換當前播放的影片項目為指定 URL 的資源
SwiftCompile normal arm64_32 /Users/admin/builder/spi-builder-workspace/Sources/WWSimpleVideoPlayerViewUI/Utility/Constant.swift (in target 'WWSimpleVideoPlayerViewUI' from project 'WWSimpleVideoPlayerViewUI')
    cd /Users/admin/builder/spi-builder-workspace/.swiftpm/xcode
    builtin-SwiftPerFileCompile Constant.swift
SwiftCompile normal arm64_32 /Users/admin/builder/spi-builder-workspace/Sources/WWSimpleVideoPlayerViewUI/Utility/Extension.swift (in target 'WWSimpleVideoPlayerViewUI' from project 'WWSimpleVideoPlayerViewUI')
    cd /Users/admin/builder/spi-builder-workspace/.swiftpm/xcode
    builtin-SwiftPerFileCompile Extension.swift
SwiftExplicitDependencyGeneratePcm arm64 /Users/admin/builder/spi-builder-workspace/.derivedData/SDKExplicitPrecompiledModules/SwiftUI-APXDH8ULYLM6FD17YRA73TULO.pcm
PruneExplicitPrecompiledModules /Users/admin/builder/spi-builder-workspace/.derivedData/Build/Intermediates.noindex/ExplicitPrecompiledModules
PruneExplicitPrecompiledModules /Users/admin/builder/spi-builder-workspace/.derivedData/Build/Intermediates.noindex/SwiftExplicitPrecompiledModules
PruneExplicitPrecompiledModules /Users/admin/builder/spi-builder-workspace/.derivedData/SDKExplicitPrecompiledModules
2026-09-26 19:30:23.796 xcodebuild[628:3897] [MT] IDERunDestination: Supported platforms for the buildables in the current scheme is empty.
** BUILD FAILED **
The following build commands failed:
	SwiftEmitModule normal arm64_32 Emitting\ module\ for\ WWSimpleVideoPlayerViewUI (in target 'WWSimpleVideoPlayerViewUI' from project 'WWSimpleVideoPlayerViewUI')
	SwiftCompile normal arm64_32 (in target 'WWSimpleVideoPlayerViewUI' from project 'WWSimpleVideoPlayerViewUI')
	Building workspace WWSimpleVideoPlayerViewUI with scheme WWSimpleVideoPlayerViewUI
(3 failures)
Command line invocation:
    /Applications/Xcode-27.0.0-Release.Candidate.app/Contents/Developer/usr/bin/xcodebuild -IDEClonedSourcePackagesDirPathOverride=/Users/admin/builder/spi-builder-workspace/.dependencies -resolvePackageDependencies
Resolve Package Graph
Resolved source packages:
  WWSimpleVideoPlayerViewUI: /Users/admin/builder/spi-builder-workspace
resolved source packages: WWSimpleVideoPlayerViewUI
2026-09-26 19:30:30.956 xcodebuild[820:4704] [MT] IDERunDestination: Supported platforms for the buildables in the current scheme is empty.
{
  "dependencies" : [
  ],
  "manifest_display_name" : "WWSimpleVideoPlayerViewUI",
  "name" : "WWSimpleVideoPlayerViewUI",
  "path" : "/Users/admin/builder/spi-builder-workspace",
  "platforms" : [
    {
      "name" : "ios",
      "version" : "17.0"
    }
  ],
  "products" : [
    {
      "name" : "WWSimpleVideoPlayerViewUI",
      "targets" : [
        "WWSimpleVideoPlayerViewUI"
      ],
      "type" : {
        "library" : [
          "automatic"
        ]
      }
    }
  ],
  "swift_languages_versions" : [
    "5"
  ],
  "targets" : [
    {
      "c99name" : "WWSimpleVideoPlayerViewUI",
      "module_type" : "SwiftTarget",
      "name" : "WWSimpleVideoPlayerViewUI",
      "path" : "Sources/WWSimpleVideoPlayerViewUI",
      "product_memberships" : [
        "WWSimpleVideoPlayerViewUI"
      ],
      "resources" : [
        {
          "path" : "/Users/admin/builder/spi-builder-workspace/Sources/WWSimpleVideoPlayerViewUI/Privacy",
          "rule" : {
            "copy" : {
            }
          }
        }
      ],
      "sources" : [
        "Manager/SystemBrightnessManager.swift",
        "Manager/SystemVolumeManager.swift",
        "Manager/VideoPlayerManager.swift",
        "Provider/VideoThumbnailProvider.swift",
        "Utility/Configure.swift",
        "Utility/Constant.swift",
        "Utility/Extension.swift",
        "Utility/Model.swift",
        "Utility/Protocol.swift",
        "View/AVPlayerView.swift",
        "View/BlurView.swift",
        "View/HiddenVolumeView.swift",
        "View/VideoProgressBar.swift",
        "WWSimpleVideoPlayerViewUI.swift"
      ],
      "type" : "library"
    }
  ],
  "tools_version" : "5.10"
}
{
  "workspace" : {
    "name" : "WWSimpleVideoPlayerViewUI",
    "schemes" : [
      "WWSimpleVideoPlayerViewUI"
    ]
  }
}
2026-09-26 19:30:32.207 xcodebuild[828:4773] [MT] IDERunDestination: Supported platforms for the buildables in the current scheme is empty.
Running build ...
env DEVELOPER_DIR=/Applications/Xcode-27.0.0-Release.Candidate.app xcrun xcodebuild -IDEClonedSourcePackagesDirPathOverride=$PWD/.dependencies -skipMacroValidation -skipPackagePluginValidation -derivedDataPath $PWD/.derivedData build -scheme WWSimpleVideoPlayerViewUI -destination generic/platform=watchOS
Command line invocation:
    /Applications/Xcode-27.0.0-Release.Candidate.app/Contents/Developer/usr/bin/xcodebuild -IDEClonedSourcePackagesDirPathOverride=/Users/admin/builder/spi-builder-workspace/.dependencies -skipMacroValidation -skipPackagePluginValidation -derivedDataPath /Users/admin/builder/spi-builder-workspace/.derivedData build -scheme WWSimpleVideoPlayerViewUI -destination generic/platform=watchOS
Resolve Package Graph
Resolved source packages:
  WWSimpleVideoPlayerViewUI: /Users/admin/builder/spi-builder-workspace
ComputePackagePrebuildTargetDependencyGraph
Prepare packages
CreateBuildRequest
SendProjectDescription
CreateBuildOperation
ComputeTargetDependencyGraph
note: Building targets in dependency order
note: Target dependency graph (3 targets)
    Target 'WWSimpleVideoPlayerViewUI-product' in project 'WWSimpleVideoPlayerViewUI'
        ➜ Explicit dependency on target 'WWSimpleVideoPlayerViewUI' in project 'WWSimpleVideoPlayerViewUI'
        ➜ Explicit dependency on target 'WWSimpleVideoPlayerViewUI_WWSimpleVideoPlayerViewUI' in project 'WWSimpleVideoPlayerViewUI'
    Target 'WWSimpleVideoPlayerViewUI' in project 'WWSimpleVideoPlayerViewUI'
        ➜ Explicit dependency on target 'WWSimpleVideoPlayerViewUI_WWSimpleVideoPlayerViewUI' in project 'WWSimpleVideoPlayerViewUI'
    Target 'WWSimpleVideoPlayerViewUI_WWSimpleVideoPlayerViewUI' in project 'WWSimpleVideoPlayerViewUI' (no dependencies)
GatherProvisioningInputs
CreateBuildDescription
ClangStatCache /Applications/Xcode-27.0.0-Release.Candidate.app/Contents/Developer/Toolchains/XcodeDefault.xctoolchain/usr/bin/clang-stat-cache /Applications/Xcode-27.0.0-Release.Candidate.app/Contents/Developer/Platforms/WatchOS.platform/Developer/SDKs/WatchOS27.0.sdk /Users/admin/builder/spi-builder-workspace/.derivedData/SDKStatCaches.noindex/watchos27.0-24R360-e829b21a6f8c9b70876ba0858053c04477534ef55a1706bf4c1112bbb242f0a2.sdkstatcache
    cd /Users/admin/builder/spi-builder-workspace/.swiftpm/xcode
    /Applications/Xcode-27.0.0-Release.Candidate.app/Contents/Developer/Toolchains/XcodeDefault.xctoolchain/usr/bin/clang-stat-cache /Applications/Xcode-27.0.0-Release.Candidate.app/Contents/Developer/Platforms/WatchOS.platform/Developer/SDKs/WatchOS27.0.sdk -o /Users/admin/builder/spi-builder-workspace/.derivedData/SDKStatCaches.noindex/watchos27.0-24R360-e829b21a6f8c9b70876ba0858053c04477534ef55a1706bf4c1112bbb242f0a2.sdkstatcache
SwiftDriver WWSimpleVideoPlayerViewUI normal arm64 com.apple.xcode.tools.swift.compiler (in target 'WWSimpleVideoPlayerViewUI' from project 'WWSimpleVideoPlayerViewUI')
    cd /Users/admin/builder/spi-builder-workspace/.swiftpm/xcode
    builtin-SwiftDriver -- /Applications/Xcode-27.0.0-Release.Candidate.app/Contents/Developer/Toolchains/XcodeDefault.xctoolchain/usr/bin/swiftc -parse-as-library -module-name WWSimpleVideoPlayerViewUI -Onone @/Users/admin/builder/spi-builder-workspace/.derivedData/Build/Intermediates.noindex/WWSimpleVideoPlayerViewUI.build/Debug-watchos/WWSimpleVideoPlayerViewUI-t.build/Objects-normal/arm64/WWSimpleVideoPlayerViewUI.SwiftFileList -DSWIFT_PACKAGE -DDEBUG -DSWIFT_MODULE_RESOURCE_BUNDLE_AVAILABLE -DXcode -plugin-path /Applications/Xcode-27.0.0-Release.Candidate.app/Contents/Developer/Toolchains/XcodeDefault.xctoolchain/usr/lib/swift/host/plugins/testing -enable-experimental-feature DebugDescriptionMacro -sdk /Applications/Xcode-27.0.0-Release.Candidate.app/Contents/Developer/Platforms/WatchOS.platform/Developer/SDKs/WatchOS27.0.sdk -target arm64-apple-watchos10.0 -g -module-cache-path /Users/admin/builder/spi-builder-workspace/.derivedData/ModuleCache.noindex -Xfrontend -serialize-debugging-options -enable-testing -index-store-path /Users/admin/builder/spi-builder-workspace/.derivedData/Index.noindex/DataStore -Xcc -D_LIBCPP_HARDENING_MODE\=_LIBCPP_HARDENING_MODE_DEBUG -swift-version 5 -I /Users/admin/builder/spi-builder-workspace/.derivedData/Build/Products/Debug-watchos -Isystem /Applications/Xcode-27.0.0-Release.Candidate.app/Contents/Developer/Platforms/WatchOS.platform/Developer/usr/lib -F /Users/admin/builder/spi-builder-workspace/.derivedData/Build/Products/Debug-watchos -F /Applications/Xcode-27.0.0-Release.Candidate.app/Contents/Developer/Platforms/WatchOS.platform/Developer/Library/Frameworks -F /Applications/Xcode-27.0.0-Release.Candidate.app/Contents/Developer/Platforms/WatchOS.platform/Developer/SDKs/WatchOS27.0.sdk/Developer/Library/Frameworks -c -j10 -enable-batch-mode -incremental -Xcc -ivfsstatcache -Xcc /Users/admin/builder/spi-builder-workspace/.derivedData/SDKStatCaches.noindex/watchos27.0-24R360-e829b21a6f8c9b70876ba0858053c04477534ef55a1706bf4c1112bbb242f0a2.sdkstatcache -output-file-map /Users/admin/builder/spi-builder-workspace/.derivedData/Build/Intermediates.noindex/WWSimpleVideoPlayerViewUI.build/Debug-watchos/WWSimpleVideoPlayerViewUI-t.build/Objects-normal/arm64/WWSimpleVideoPlayerViewUI-OutputFileMap.json -save-temps -no-color-diagnostics -explicit-module-build -module-cache-path /Users/admin/builder/spi-builder-workspace/.derivedData/Build/Intermediates.noindex/SwiftExplicitPrecompiledModules -clang-scanner-module-cache-path /Users/admin/builder/spi-builder-workspace/.derivedData/ModuleCache.noindex -sdk-module-cache-path /Users/admin/builder/spi-builder-workspace/.derivedData/SDKExplicitPrecompiledModules -emit-dependencies -emit-module -emit-module-path /Users/admin/builder/spi-builder-workspace/.derivedData/Build/Intermediates.noindex/WWSimpleVideoPlayerViewUI.build/Debug-watchos/WWSimpleVideoPlayerViewUI-t.build/Objects-normal/arm64/WWSimpleVideoPlayerViewUI.swiftmodule -serialize-diagnostics -dependency-scan-serialize-diagnostics-path /Users/admin/builder/spi-builder-workspace/.derivedData/Build/Intermediates.noindex/WWSimpleVideoPlayerViewUI.build/Debug-watchos/WWSimpleVideoPlayerViewUI-t.build/Objects-normal/arm64/WWSimpleVideoPlayerViewUI-dependency-scan.dia -validate-clang-modules-once -clang-build-session-file /Users/admin/builder/spi-builder-workspace/.derivedData/ModuleCache.noindex/Session.modulevalidation -Xcc -fmodules-prune-interval\=86400 -Xcc -fmodules-prune-after\=345600 -package-name spi_builder_workspace -emit-const-values -const-gather-protocols-list /Users/admin/builder/spi-builder-workspace/.derivedData/Build/Intermediates.noindex/WWSimpleVideoPlayerViewUI.build/Debug-watchos/WWSimpleVideoPlayerViewUI-t.build/Objects-normal/arm64/WWSimpleVideoPlayerViewUI_const_extract_protocols.json -Xcc -I/Users/admin/builder/spi-builder-workspace/.derivedData/Build/Products/Debug-watchos/include -Xcc -I/Users/admin/builder/spi-builder-workspace/.derivedData/Build/Intermediates.noindex/WWSimpleVideoPlayerViewUI.build/Debug-watchos/WWSimpleVideoPlayerViewUI-t.build/DerivedSources-normal/arm64 -Xcc -I/Users/admin/builder/spi-builder-workspace/.derivedData/Build/Intermediates.noindex/WWSimpleVideoPlayerViewUI.build/Debug-watchos/WWSimpleVideoPlayerViewUI-t.build/DerivedSources/arm64 -Xcc -I/Users/admin/builder/spi-builder-workspace/.derivedData/Build/Intermediates.noindex/WWSimpleVideoPlayerViewUI.build/Debug-watchos/WWSimpleVideoPlayerViewUI-t.build/DerivedSources -Xcc -DSWIFT_PACKAGE -Xcc -DDEBUG\=1 -emit-objc-header -emit-objc-header-path /Users/admin/builder/spi-builder-workspace/.derivedData/Build/Intermediates.noindex/WWSimpleVideoPlayerViewUI.build/Debug-watchos/WWSimpleVideoPlayerViewUI-t.build/Objects-normal/arm64/WWSimpleVideoPlayerViewUI-Swift.h -working-directory /Users/admin/builder/spi-builder-workspace/.swiftpm/xcode -experimental-emit-module-separately -disable-cmo
SwiftDriver WWSimpleVideoPlayerViewUI normal arm64_32 com.apple.xcode.tools.swift.compiler (in target 'WWSimpleVideoPlayerViewUI' from project 'WWSimpleVideoPlayerViewUI')
    cd /Users/admin/builder/spi-builder-workspace/.swiftpm/xcode
    builtin-SwiftDriver -- /Applications/Xcode-27.0.0-Release.Candidate.app/Contents/Developer/Toolchains/XcodeDefault.xctoolchain/usr/bin/swiftc -parse-as-library -module-name WWSimpleVideoPlayerViewUI -Onone @/Users/admin/builder/spi-builder-workspace/.derivedData/Build/Intermediates.noindex/WWSimpleVideoPlayerViewUI.build/Debug-watchos/WWSimpleVideoPlayerViewUI-t.build/Objects-normal/arm64_32/WWSimpleVideoPlayerViewUI.SwiftFileList -DSWIFT_PACKAGE -DDEBUG -DSWIFT_MODULE_RESOURCE_BUNDLE_AVAILABLE -DXcode -plugin-path /Applications/Xcode-27.0.0-Release.Candidate.app/Contents/Developer/Toolchains/XcodeDefault.xctoolchain/usr/lib/swift/host/plugins/testing -enable-experimental-feature DebugDescriptionMacro -sdk /Applications/Xcode-27.0.0-Release.Candidate.app/Contents/Developer/Platforms/WatchOS.platform/Developer/SDKs/WatchOS27.0.sdk -target arm64_32-apple-watchos10.0 -g -module-cache-path /Users/admin/builder/spi-builder-workspace/.derivedData/ModuleCache.noindex -Xfrontend -serialize-debugging-options -enable-testing -index-store-path /Users/admin/builder/spi-builder-workspace/.derivedData/Index.noindex/DataStore -Xcc -D_LIBCPP_HARDENING_MODE\=_LIBCPP_HARDENING_MODE_DEBUG -swift-version 5 -I /Users/admin/builder/spi-builder-workspace/.derivedData/Build/Products/Debug-watchos -Isystem /Applications/Xcode-27.0.0-Release.Candidate.app/Contents/Developer/Platforms/WatchOS.platform/Developer/usr/lib -F /Users/admin/builder/spi-builder-workspace/.derivedData/Build/Products/Debug-watchos -F /Applications/Xcode-27.0.0-Release.Candidate.app/Contents/Developer/Platforms/WatchOS.platform/Developer/Library/Frameworks -F /Applications/Xcode-27.0.0-Release.Candidate.app/Contents/Developer/Platforms/WatchOS.platform/Developer/SDKs/WatchOS27.0.sdk/Developer/Library/Frameworks -c -j10 -enable-batch-mode -incremental -Xcc -ivfsstatcache -Xcc /Users/admin/builder/spi-builder-workspace/.derivedData/SDKStatCaches.noindex/watchos27.0-24R360-e829b21a6f8c9b70876ba0858053c04477534ef55a1706bf4c1112bbb242f0a2.sdkstatcache -output-file-map /Users/admin/builder/spi-builder-workspace/.derivedData/Build/Intermediates.noindex/WWSimpleVideoPlayerViewUI.build/Debug-watchos/WWSimpleVideoPlayerViewUI-t.build/Objects-normal/arm64_32/WWSimpleVideoPlayerViewUI-OutputFileMap.json -save-temps -no-color-diagnostics -explicit-module-build -module-cache-path /Users/admin/builder/spi-builder-workspace/.derivedData/Build/Intermediates.noindex/SwiftExplicitPrecompiledModules -clang-scanner-module-cache-path /Users/admin/builder/spi-builder-workspace/.derivedData/ModuleCache.noindex -sdk-module-cache-path /Users/admin/builder/spi-builder-workspace/.derivedData/SDKExplicitPrecompiledModules -emit-dependencies -emit-module -emit-module-path /Users/admin/builder/spi-builder-workspace/.derivedData/Build/Intermediates.noindex/WWSimpleVideoPlayerViewUI.build/Debug-watchos/WWSimpleVideoPlayerViewUI-t.build/Objects-normal/arm64_32/WWSimpleVideoPlayerViewUI.swiftmodule -serialize-diagnostics -dependency-scan-serialize-diagnostics-path /Users/admin/builder/spi-builder-workspace/.derivedData/Build/Intermediates.noindex/WWSimpleVideoPlayerViewUI.build/Debug-watchos/WWSimpleVideoPlayerViewUI-t.build/Objects-normal/arm64_32/WWSimpleVideoPlayerViewUI-dependency-scan.dia -validate-clang-modules-once -clang-build-session-file /Users/admin/builder/spi-builder-workspace/.derivedData/ModuleCache.noindex/Session.modulevalidation -Xcc -fmodules-prune-interval\=86400 -Xcc -fmodules-prune-after\=345600 -package-name spi_builder_workspace -emit-const-values -const-gather-protocols-list /Users/admin/builder/spi-builder-workspace/.derivedData/Build/Intermediates.noindex/WWSimpleVideoPlayerViewUI.build/Debug-watchos/WWSimpleVideoPlayerViewUI-t.build/Objects-normal/arm64_32/WWSimpleVideoPlayerViewUI_const_extract_protocols.json -Xcc -I/Users/admin/builder/spi-builder-workspace/.derivedData/Build/Products/Debug-watchos/include -Xcc -I/Users/admin/builder/spi-builder-workspace/.derivedData/Build/Intermediates.noindex/WWSimpleVideoPlayerViewUI.build/Debug-watchos/WWSimpleVideoPlayerViewUI-t.build/DerivedSources-normal/arm64_32 -Xcc -I/Users/admin/builder/spi-builder-workspace/.derivedData/Build/Intermediates.noindex/WWSimpleVideoPlayerViewUI.build/Debug-watchos/WWSimpleVideoPlayerViewUI-t.build/DerivedSources/arm64_32 -Xcc -I/Users/admin/builder/spi-builder-workspace/.derivedData/Build/Intermediates.noindex/WWSimpleVideoPlayerViewUI.build/Debug-watchos/WWSimpleVideoPlayerViewUI-t.build/DerivedSources -Xcc -DSWIFT_PACKAGE -Xcc -DDEBUG\=1 -emit-objc-header -emit-objc-header-path /Users/admin/builder/spi-builder-workspace/.derivedData/Build/Intermediates.noindex/WWSimpleVideoPlayerViewUI.build/Debug-watchos/WWSimpleVideoPlayerViewUI-t.build/Objects-normal/arm64_32/WWSimpleVideoPlayerViewUI-Swift.h -working-directory /Users/admin/builder/spi-builder-workspace/.swiftpm/xcode -experimental-emit-module-separately -disable-cmo
SwiftEmitModule normal arm64_32 Emitting\ module\ for\ WWSimpleVideoPlayerViewUI (in target 'WWSimpleVideoPlayerViewUI' from project 'WWSimpleVideoPlayerViewUI')
/Users/admin/builder/spi-builder-workspace/Sources/WWSimpleVideoPlayerViewUI/Manager/SystemVolumeManager.swift:18:30: error: 'MPVolumeView' is unavailable in watchOS
16 |
17 |     private let audioSession = AVAudioSession.sharedInstance()
18 |     private let volumeView = MPVolumeView(frame: .zero)
   |                              `- error: 'MPVolumeView' is unavailable in watchOS
19 |
20 |     private init() {}
/Applications/Xcode-27.0.0-Release.Candidate.app/Contents/Developer/Platforms/WatchOS.platform/Developer/SDKs/WatchOS27.0.sdk/System/Library/Frameworks/MediaPlayer.framework/Headers/MPVolumeView.h:20:12: note: 'MPVolumeView' has been explicitly marked unavailable here
18 |
19 | MP_API(ios(2.0))
20 | @interface MPVolumeView : UIView <NSCoding>
   |            `- note: 'MPVolumeView' has been explicitly marked unavailable here
21 |
22 | @property (nonatomic) BOOL showsVolumeSlider MP_API(ios(4.2)); // Default is YES.
/Users/admin/builder/spi-builder-workspace/Sources/WWSimpleVideoPlayerViewUI/Provider/VideoThumbnailProvider.swift:22:28: error: 'AVAssetImageGenerator' is unavailable in watchOS
20 |
21 |     @ObservationIgnored
22 |     private var generator: AVAssetImageGenerator?   // AVFoundation 提供的縮圖產生器 (用來從影片指定時間點擷取畫面)
   |                            `- error: 'AVAssetImageGenerator' is unavailable in watchOS
23 |
24 |     @ObservationIgnored
/Applications/Xcode-27.0.0-Release.Candidate.app/Contents/Developer/Platforms/WatchOS.platform/Developer/SDKs/WatchOS27.0.sdk/System/Library/Frameworks/AVFoundation.framework/Headers/AVAssetImageGenerator.h:87:12: note: 'AVAssetImageGenerator' has been explicitly marked unavailable here
 85 |
 86 | API_AVAILABLE(macos(10.7), ios(4.0), tvos(9.0), visionos(1.0)) API_UNAVAILABLE(watchos)
 87 | @interface AVAssetImageGenerator : NSObject
    |            `- note: 'AVAssetImageGenerator' has been explicitly marked unavailable here
 88 | {
 89 | @private
/Users/admin/builder/spi-builder-workspace/Sources/WWSimpleVideoPlayerViewUI/Utility/Extension.swift:67:11: error: cannot find type 'AVPlayer' in scope
 65 |
 66 | // MARK: - AVPlayer
 67 | extension AVPlayer {
    |           `- error: cannot find type 'AVPlayer' in scope
 68 |
 69 |     /// 替換當前播放的影片項目為指定 URL 的資源
/Users/admin/builder/spi-builder-workspace/Sources/WWSimpleVideoPlayerViewUI/Utility/Extension.swift:84:11: error: cannot find type 'AVAssetImageGenerator' in scope
 82 |
 83 | // MARK: - AVAssetImageGenerator
 84 | extension AVAssetImageGenerator {
    |           `- error: cannot find type 'AVAssetImageGenerator' in scope
 85 |
 86 |     /// 建立 AVAssetImageGenerator
/Users/admin/builder/spi-builder-workspace/Sources/WWSimpleVideoPlayerViewUI/View/AVPlayerView.swift:14:17: error: cannot find type 'AVPlayer' in scope
12 | struct AVPlayerView: UIViewControllerRepresentable {
13 |
14 |     let player: AVPlayer        // 外部傳入的播放器實例 => 由外層 manager 負責建立、更新與控制
   |                 `- error: cannot find type 'AVPlayer' in scope
15 |     let showsControls: Bool     // 是否顯示系統原生播放控制列
16 |
/Users/admin/builder/spi-builder-workspace/Sources/WWSimpleVideoPlayerViewUI/View/AVPlayerView.swift:18:52: error: cannot find type 'AVPlayerViewController' in scope
16 |
17 |     /// 建立並回傳 UIKit 的 AVPlayerViewController => SwiftUI 第一次載入時會呼叫這裡
18 |     func makeUIViewController(context: Context) -> AVPlayerViewController {
   |                                                    `- error: cannot find type 'AVPlayerViewController' in scope
19 |
20 |         let viewController = AVPlayerViewController()
/Users/admin/builder/spi-builder-workspace/Sources/WWSimpleVideoPlayerViewUI/View/AVPlayerView.swift:18:40: error: cannot find type 'Context' in scope
16 |
17 |     /// 建立並回傳 UIKit 的 AVPlayerViewController => SwiftUI 第一次載入時會呼叫這裡
18 |     func makeUIViewController(context: Context) -> AVPlayerViewController {
   |                                        `- error: cannot find type 'Context' in scope
19 |
20 |         let viewController = AVPlayerViewController()
/Users/admin/builder/spi-builder-workspace/Sources/WWSimpleVideoPlayerViewUI/View/AVPlayerView.swift:30:53: error: cannot find type 'AVPlayerViewController' in scope
28 |
29 |     /// SwiftUI 狀態更新時會呼叫這裡 => 當 player 或控制列設定變動時,更新對應屬性
30 |     func updateUIViewController(_ uiViewController: AVPlayerViewController, context: Context) {
   |                                                     `- error: cannot find type 'AVPlayerViewController' in scope
31 |         uiViewController.player = player
32 |         uiViewController.showsPlaybackControls = showsControls
/Users/admin/builder/spi-builder-workspace/Sources/WWSimpleVideoPlayerViewUI/View/AVPlayerView.swift:30:86: error: cannot find type 'Context' in scope
28 |
29 |     /// SwiftUI 狀態更新時會呼叫這裡 => 當 player 或控制列設定變動時,更新對應屬性
30 |     func updateUIViewController(_ uiViewController: AVPlayerViewController, context: Context) {
   |                                                                                      `- error: cannot find type 'Context' in scope
31 |         uiViewController.player = player
32 |         uiViewController.showsPlaybackControls = showsControls
/Users/admin/builder/spi-builder-workspace/Sources/WWSimpleVideoPlayerViewUI/View/AVPlayerView.swift:12:22: error: cannot find type 'UIViewControllerRepresentable' in scope
10 |
11 | /// SwiftUI 包裝 AVPlayerViewController 用來在 SwiftUI 中顯示 AVPlayer 內容
12 | struct AVPlayerView: UIViewControllerRepresentable {
   |                      `- error: cannot find type 'UIViewControllerRepresentable' in scope
13 |
14 |     let player: AVPlayer        // 外部傳入的播放器實例 => 由外層 manager 負責建立、更新與控制
/Users/admin/builder/spi-builder-workspace/Sources/WWSimpleVideoPlayerViewUI/View/BlurView.swift:13:16: error: 'UIBlurEffect' is unavailable in watchOS
11 | struct BlurView: UIViewRepresentable {
12 |
13 |     var style: UIBlurEffect.Style
   |                `- error: 'UIBlurEffect' is unavailable in watchOS
14 |
15 |     func makeUIView(context: Context) -> UIVisualEffectView {
/Applications/Xcode-27.0.0-Release.Candidate.app/Contents/Developer/Platforms/WatchOS.platform/Developer/SDKs/WatchOS27.0.sdk/System/Library/Frameworks/UIKit.framework/Headers/UIBlurEffect.h:61:12: note: 'UIBlurEffect' has been explicitly marked unavailable here
59 | /* UIBlurEffect will provide a blur that appears to have been applied to the content layered behind the UIVisualEffectView. Views added to the contentView of a blur visual effect are not blurred themselves. */
60 | UIKIT_EXTERN API_AVAILABLE(ios(8.0)) API_UNAVAILABLE(watchos) NS_SWIFT_UI_ACTOR
61 | @interface UIBlurEffect : UIVisualEffect
   |            `- note: 'UIBlurEffect' has been explicitly marked unavailable here
62 |
63 | + (UIBlurEffect *)effectWithStyle:(UIBlurEffectStyle)style;
/Users/admin/builder/spi-builder-workspace/Sources/WWSimpleVideoPlayerViewUI/View/BlurView.swift:15:30: error: cannot find type 'Context' in scope
13 |     var style: UIBlurEffect.Style
14 |
15 |     func makeUIView(context: Context) -> UIVisualEffectView {
   |                              `- error: cannot find type 'Context' in scope
16 |         .init(effect: UIBlurEffect(style: style))
17 |     }
/Users/admin/builder/spi-builder-workspace/Sources/WWSimpleVideoPlayerViewUI/View/BlurView.swift:15:42: error: 'UIVisualEffectView' is unavailable in watchOS
13 |     var style: UIBlurEffect.Style
14 |
15 |     func makeUIView(context: Context) -> UIVisualEffectView {
   |                                          `- error: 'UIVisualEffectView' is unavailable in watchOS
16 |         .init(effect: UIBlurEffect(style: style))
17 |     }
/Applications/Xcode-27.0.0-Release.Candidate.app/Contents/Developer/Platforms/WatchOS.platform/Developer/SDKs/WatchOS27.0.sdk/System/Library/Frameworks/UIKit.framework/Headers/UIVisualEffectView.h:28:12: note: 'UIVisualEffectView' has been explicitly marked unavailable here
26 |
27 | UIKIT_EXTERN API_AVAILABLE(ios(8.0)) API_UNAVAILABLE(watchos) NS_SWIFT_UI_ACTOR
28 | @interface UIVisualEffectView : UIView <NSSecureCoding>
   |            `- note: 'UIVisualEffectView' has been explicitly marked unavailable here
29 |
30 | @property (nonatomic, strong, readonly) UIView *contentView; // Do not add subviews directly to UIVisualEffectView, use this view instead.
/Users/admin/builder/spi-builder-workspace/Sources/WWSimpleVideoPlayerViewUI/View/BlurView.swift:19:62: error: cannot find type 'Context' in scope
17 |     }
18 |
19 |     func updateUIView(_ uiView: UIVisualEffectView, context: Context) {}
   |                                                              `- error: cannot find type 'Context' in scope
20 | }
21 |
/Users/admin/builder/spi-builder-workspace/Sources/WWSimpleVideoPlayerViewUI/View/BlurView.swift:19:33: error: 'UIVisualEffectView' is unavailable in watchOS
17 |     }
18 |
19 |     func updateUIView(_ uiView: UIVisualEffectView, context: Context) {}
   |                                 `- error: 'UIVisualEffectView' is unavailable in watchOS
20 | }
21 |
/Applications/Xcode-27.0.0-Release.Candidate.app/Contents/Developer/Platforms/WatchOS.platform/Developer/SDKs/WatchOS27.0.sdk/System/Library/Frameworks/UIKit.framework/Headers/UIVisualEffectView.h:28:12: note: 'UIVisualEffectView' has been explicitly marked unavailable here
26 |
27 | UIKIT_EXTERN API_AVAILABLE(ios(8.0)) API_UNAVAILABLE(watchos) NS_SWIFT_UI_ACTOR
28 | @interface UIVisualEffectView : UIView <NSSecureCoding>
   |            `- note: 'UIVisualEffectView' has been explicitly marked unavailable here
29 |
30 | @property (nonatomic, strong, readonly) UIView *contentView; // Do not add subviews directly to UIVisualEffectView, use this view instead.
/Users/admin/builder/spi-builder-workspace/Sources/WWSimpleVideoPlayerViewUI/View/BlurView.swift:11:18: error: cannot find type 'UIViewRepresentable' in scope
 9 |
10 | // MARK: - 輔助元件:UIKit 毛玻璃效果
11 | struct BlurView: UIViewRepresentable {
   |                  `- error: cannot find type 'UIViewRepresentable' in scope
12 |
13 |     var style: UIBlurEffect.Style
/Users/admin/builder/spi-builder-workspace/Sources/WWSimpleVideoPlayerViewUI/View/HiddenVolumeView.swift:14:30: error: cannot find type 'Context' in scope
12 | struct HiddenVolumeView: UIViewRepresentable {
13 |
14 |     func makeUIView(context: Context) -> MPVolumeView {
   |                              `- error: cannot find type 'Context' in scope
15 |         .init(frame: .zero)
16 |     }
/Users/admin/builder/spi-builder-workspace/Sources/WWSimpleVideoPlayerViewUI/View/HiddenVolumeView.swift:14:42: error: 'MPVolumeView' is unavailable in watchOS
12 | struct HiddenVolumeView: UIViewRepresentable {
13 |
14 |     func makeUIView(context: Context) -> MPVolumeView {
   |                                          `- error: 'MPVolumeView' is unavailable in watchOS
15 |         .init(frame: .zero)
16 |     }
/Applications/Xcode-27.0.0-Release.Candidate.app/Contents/Developer/Platforms/WatchOS.platform/Developer/SDKs/WatchOS27.0.sdk/System/Library/Frameworks/MediaPlayer.framework/Headers/MPVolumeView.h:20:12: note: 'MPVolumeView' has been explicitly marked unavailable here
18 |
19 | MP_API(ios(2.0))
20 | @interface MPVolumeView : UIView <NSCoding>
   |            `- note: 'MPVolumeView' has been explicitly marked unavailable here
21 |
22 | @property (nonatomic) BOOL showsVolumeSlider MP_API(ios(4.2)); // Default is YES.
/Users/admin/builder/spi-builder-workspace/Sources/WWSimpleVideoPlayerViewUI/View/HiddenVolumeView.swift:18:56: error: cannot find type 'Context' in scope
16 |     }
17 |
18 |     func updateUIView(_ uiView: MPVolumeView, context: Context) {}
   |                                                        `- error: cannot find type 'Context' in scope
19 | }
20 |
/Users/admin/builder/spi-builder-workspace/Sources/WWSimpleVideoPlayerViewUI/View/HiddenVolumeView.swift:18:33: error: 'MPVolumeView' is unavailable in watchOS
16 |     }
17 |
18 |     func updateUIView(_ uiView: MPVolumeView, context: Context) {}
   |                                 `- error: 'MPVolumeView' is unavailable in watchOS
19 | }
20 |
/Applications/Xcode-27.0.0-Release.Candidate.app/Contents/Developer/Platforms/WatchOS.platform/Developer/SDKs/WatchOS27.0.sdk/System/Library/Frameworks/MediaPlayer.framework/Headers/MPVolumeView.h:20:12: note: 'MPVolumeView' has been explicitly marked unavailable here
18 |
19 | MP_API(ios(2.0))
20 | @interface MPVolumeView : UIView <NSCoding>
   |            `- note: 'MPVolumeView' has been explicitly marked unavailable here
21 |
22 | @property (nonatomic) BOOL showsVolumeSlider MP_API(ios(4.2)); // Default is YES.
/Users/admin/builder/spi-builder-workspace/Sources/WWSimpleVideoPlayerViewUI/View/HiddenVolumeView.swift:12:26: error: cannot find type 'UIViewRepresentable' in scope
10 |
11 | // MARK: - 輔助元件:阻擋系統自帶 HUD 專用
12 | struct HiddenVolumeView: UIViewRepresentable {
   |                          `- error: cannot find type 'UIViewRepresentable' in scope
13 |
14 |     func makeUIView(context: Context) -> MPVolumeView {
Failed frontend command:
SwiftCompile normal arm64_32 (in target 'WWSimpleVideoPlayerViewUI' from project 'WWSimpleVideoPlayerViewUI')
    cd /Users/admin/builder/spi-builder-workspace/.swiftpm/xcode

/Applications/Xcode-27.0.0-Release.Candidate.app/Contents/Developer/Toolchains/XcodeDefault.xctoolchain/usr/bin/swift-frontend -frontend -emit-module -experimental-skip-non-inlinable-function-bodies-without-types /Users/admin/builder/spi-builder-workspace/.derivedData/Build/Intermediates.noindex/WWSimpleVideoPlayerViewUI.build/Debug-watchos/WWSimpleVideoPlayerViewUI-t.build/DerivedSources/resource_bundle_accessor.swift /Users/admin/builder/spi-builder-workspace/Sources/WWSimpleVideoPlayerViewUI/Manager/SystemBrightnessManager.swift /Users/admin/builder/spi-builder-workspace/Sources/WWSimpleVideoPlayerViewUI/Manager/SystemVolumeManager.swift /Users/admin/builder/spi-builder-workspace/Sources/WWSimpleVideoPlayerViewUI/Manager/VideoPlayerManager.swift /Users/admin/builder/spi-builder-workspace/Sources/WWSimpleVideoPlayerViewUI/Provider/VideoThumbnailProvider.swift /Users/admin/builder/spi-builder-workspace/Sources/WWSimpleVideoPlayerViewUI/Utility/Configure.swift /Users/admin/builder/spi-builder-workspace/Sources/WWSimpleVideoPlayerViewUI/Utility/Constant.swift /Users/admin/builder/spi-builder-workspace/Sources/WWSimpleVideoPlayerViewUI/Utility/Extension.swift /Users/admin/builder/spi-builder-workspace/Sources/WWSimpleVideoPlayerViewUI/Utility/Model.swift /Users/admin/builder/spi-builder-workspace/Sources/WWSimpleVideoPlayerViewUI/Utility/Protocol.swift /Users/admin/builder/spi-builder-workspace/Sources/WWSimpleVideoPlayerViewUI/View/AVPlayerView.swift /Users/admin/builder/spi-builder-workspace/Sources/WWSimpleVideoPlayerViewUI/View/BlurView.swift /Users/admin/builder/spi-builder-workspace/Sources/WWSimpleVideoPlayerViewUI/View/HiddenVolumeView.swift /Users/admin/builder/spi-builder-workspace/Sources/WWSimpleVideoPlayerViewUI/View/VideoProgressBar.swift /Users/admin/builder/spi-builder-workspace/Sources/WWSimpleVideoPlayerViewUI/WWSimpleVideoPlayerViewUI.swift -target arm64_32-apple-watchos10.0 -disable-cross-import-overlay-search -swift-module-cross-import AVKit /Applications/Xcode-27.0.0-Release.Candidate.app/Contents/Developer/Platforms/WatchOS.platform/Developer/SDKs/WatchOS.sdk/System/Library/Frameworks/AVKit.framework/Modules/AVKit.swiftcrossimport/SwiftUI.swiftoverlay -swift-module-cross-import MediaPlayer /Applications/Xcode-27.0.0-Release.Candidate.app/Contents/Developer/Platforms/WatchOS.platform/Developer/SDKs/WatchOS.sdk/System/Library/Frameworks/MediaPlayer.framework/Modules/MediaPlayer.swiftcrossimport/AppIntents.swiftoverlay -swift-module-cross-import MediaPlayer /Applications/Xcode-27.0.0-Release.Candidate.app/Contents/Developer/Platforms/WatchOS.platform/Developer/SDKs/WatchOS27.0.sdk/System/Library/Frameworks/MediaPlayer.framework/Modules/MediaPlayer.swiftcrossimport/AppIntents.swiftoverlay -load-resolved-plugin /Applications/Xcode-27.0.0-Release.Candidate.app/Contents/Developer/Platforms/WatchOS.platform/Developer/usr/lib/swift/host/plugins/libFoundationMacros.dylib\#/Applications/Xcode-27.0.0-Release.Candidate.app/Contents/Developer/Platforms/WatchOS.platform/Developer/usr/bin/swift-plugin-server\#FoundationMacros -load-resolved-plugin /Applications/Xcode-27.0.0-Release.Candidate.app/Contents/Developer/Platforms/WatchOS.platform/Developer/usr/lib/swift/host/plugins/libObservationMacros.dylib\#/Applications/Xcode-27.0.0-Release.Candidate.app/Contents/Developer/Platforms/WatchOS.platform/Developer/usr/bin/swift-plugin-server\#ObservationMacros -load-resolved-plugin /Applications/Xcode-27.0.0-Release.Candidate.app/Contents/Developer/Platforms/WatchOS.platform/Developer/usr/lib/swift/host/plugins/libPreviewsMacros.dylib\#/Applications/Xcode-27.0.0-Release.Candidate.app/Contents/Developer/Platforms/WatchOS.platform/Developer/usr/bin/swift-plugin-server\#PreviewsMacros -load-resolved-plugin /Applications/Xcode-27.0.0-Release.Candidate.app/Contents/Developer/Platforms/WatchOS.platform/Developer/usr/lib/swift/host/plugins/libSwiftMacros.dylib\#/Applications/Xcode-27.0.0-Release.Candidate.app/Contents/Developer/Platforms/WatchOS.platform/Developer/usr/bin/swift-plugin-server\#SwiftMacros -load-resolved-plugin /Applications/Xcode-27.0.0-Release.Candidate.app/Contents/Developer/Platforms/WatchOS.platform/Developer/usr/lib/swift/host/plugins/libSwiftUIMacros.dylib\#/Applications/Xcode-27.0.0-Release.Candidate.app/Contents/Developer/Platforms/WatchOS.platform/Developer/usr/bin/swift-plugin-server\#SwiftUIMacros -disable-implicit-swift-modules -Xcc -fno-implicit-modules -Xcc -fno-implicit-module-maps -explicit-swift-module-map-file /Users/admin/builder/spi-builder-workspace/.derivedData/Build/Intermediates.noindex/WWSimpleVideoPlayerViewUI.build/Debug-watchos/WWSimpleVideoPlayerViewUI-t.build/Objects-normal/arm64_32/WWSimpleVideoPlayerViewUI-dependencies-2.json -enable-objc-interop -sdk /Applications/Xcode-27.0.0-Release.Candidate.app/Contents/Developer/Platforms/WatchOS.platform/Developer/SDKs/WatchOS27.0.sdk -I /Users/admin/builder/spi-builder-workspace/.derivedData/Build/Products/Debug-watchos -Isystem /Applications/Xcode-27.0.0-Release.Candidate.app/Contents/Developer/Platforms/WatchOS.platform/Developer/usr/lib -F /Users/admin/builder/spi-builder-workspace/.derivedData/Build/Products/Debug-watchos -F /Applications/Xcode-27.0.0-Release.Candidate.app/Contents/Developer/Platforms/WatchOS.platform/Developer/Library/Frameworks -F /Applications/Xcode-27.0.0-Release.Candidate.app/Contents/Developer/Platforms/WatchOS.platform/Developer/SDKs/WatchOS27.0.sdk/Developer/Library/Frameworks -module-cache-path /Users/admin/builder/spi-builder-workspace/.derivedData/Build/Intermediates.noindex/SwiftExplicitPrecompiledModules -no-color-diagnostics -Xcc -fno-color-diagnostics -enable-testing -g -debug-info-format\=dwarf -dwarf-version\=4 -swift-version 5 -Onone -D SWIFT_PACKAGE -D DEBUG -D SWIFT_MODULE_RESOURCE_BUNDLE_AVAILABLE -D Xcode -serialize-debugging-options -enable-experimental-feature DebugDescriptionMacro -empty-abi-descriptor -validate-clang-modules-once -clang-build-session-file /Users/admin/builder/spi-builder-workspace/.derivedData/ModuleCache.noindex/Session.modulevalidation -Xcc -working-directory -Xcc /Users/admin/builder/spi-builder-workspace/.swiftpm/xcode -enable-anonymous-context-mangled-names -file-compilation-dir /Users/admin/builder/spi-builder-workspace/.swiftpm/xcode -Xcc -D_LIBCPP_HARDENING_MODE\=_LIBCPP_HARDENING_MODE_DEBUG -Xcc -ivfsstatcache -Xcc /Users/admin/builder/spi-builder-workspace/.derivedData/SDKStatCaches.noindex/watchos27.0-24R360-e829b21a6f8c9b70876ba0858053c04477534ef55a1706bf4c1112bbb242f0a2.sdkstatcache -Xcc -fmodules-prune-interval\=86400 -Xcc -fmodules-prune-after\=345600 -Xcc -I/Users/admin/builder/spi-builder-workspace/.derivedData/Build/Products/Debug-watchos/include -Xcc -I/Users/admin/builder/spi-builder-workspace/.derivedData/Build/Intermediates.noindex/WWSimpleVideoPlayerViewUI.build/Debug-watchos/WWSimpleVideoPlayerViewUI-t.build/DerivedSources-normal/arm64_32 -Xcc -I/Users/admin/builder/spi-builder-workspace/.derivedData/Build/Intermediates.noindex/WWSimpleVideoPlayerViewUI.build/Debug-watchos/WWSimpleVideoPlayerViewUI-t.build/DerivedSources/arm64_32 -Xcc -I/Users/admin/builder/spi-builder-workspace/.derivedData/Build/Intermediates.noindex/WWSimpleVideoPlayerViewUI.build/Debug-watchos/WWSimpleVideoPlayerViewUI-t.build/DerivedSources -Xcc -DSWIFT_PACKAGE -Xcc -DDEBUG\=1 -no-auto-bridging-header-chaining -module-name WWSimpleVideoPlayerViewUI -package-name spi_builder_workspace -const-gather-protocols-file /Users/admin/builder/spi-builder-workspace/.derivedData/Build/Intermediates.noindex/WWSimpleVideoPlayerViewUI.build/Debug-watchos/WWSimpleVideoPlayerViewUI-t.build/Objects-normal/arm64_32/WWSimpleVideoPlayerViewUI_const_extract_protocols.json -disable-clang-spi -clang-target arm64_32-apple-watchos27.0 -target-sdk-version 27.0 -target-sdk-name watchos27.0 -in-process-plugin-server-path /Applications/Xcode-27.0.0-Release.Candidate.app/Contents/Developer/Toolchains/XcodeDefault.xctoolchain/usr/lib/swift/host/libSwiftInProcPluginServer.dylib -emit-module-doc-path /Users/admin/builder/spi-builder-workspace/.derivedData/Build/Intermediates.noindex/WWSimpleVideoPlayerViewUI.build/Debug-watchos/WWSimpleVideoPlayerViewUI-t.build/Objects-normal/arm64_32/WWSimpleVideoPlayerViewUI.swiftdoc -emit-module-source-info-path /Users/admin/builder/spi-builder-workspace/.derivedData/Build/Intermediates.noindex/WWSimpleVideoPlayerViewUI.build/Debug-watchos/WWSimpleVideoPlayerViewUI-t.build/Objects-normal/arm64_32/WWSimpleVideoPlayerViewUI.swiftsourceinfo -emit-objc-header-path /Users/admin/builder/spi-builder-workspace/.derivedData/Build/Intermediates.noindex/WWSimpleVideoPlayerViewUI.build/Debug-watchos/WWSimpleVideoPlayerViewUI-t.build/Objects-normal/arm64_32/WWSimpleVideoPlayerViewUI-Swift.h -serialize-diagnostics-path /Users/admin/builder/spi-builder-workspace/.derivedData/Build/Intermediates.noindex/WWSimpleVideoPlayerViewUI.build/Debug-watchos/WWSimpleVideoPlayerViewUI-t.build/Objects-normal/arm64_32/WWSimpleVideoPlayerViewUI-primary-emit-module.dia -emit-dependencies-path /Users/admin/builder/spi-builder-workspace/.derivedData/Build/Intermediates.noindex/WWSimpleVideoPlayerViewUI.build/Debug-watchos/WWSimpleVideoPlayerViewUI-t.build/Objects-normal/arm64_32/WWSimpleVideoPlayerViewUI-primary-emit-module.d -parse-as-library -o /Users/admin/builder/spi-builder-workspace/.derivedData/Build/Intermediates.noindex/WWSimpleVideoPlayerViewUI.build/Debug-watchos/WWSimpleVideoPlayerViewUI-t.build/Objects-normal/arm64_32/WWSimpleVideoPlayerViewUI.swiftmodule -emit-abi-descriptor-path /Users/admin/builder/spi-builder-workspace/.derivedData/Build/Intermediates.noindex/WWSimpleVideoPlayerViewUI.build/Debug-watchos/WWSimpleVideoPlayerViewUI-t.build/Objects-normal/arm64_32/WWSimpleVideoPlayerViewUI.abi.json
SwiftCompile normal arm64_32 Compiling\ SystemVolumeManager.swift,\ VideoPlayerManager.swift /Users/admin/builder/spi-builder-workspace/Sources/WWSimpleVideoPlayerViewUI/Manager/SystemVolumeManager.swift /Users/admin/builder/spi-builder-workspace/Sources/WWSimpleVideoPlayerViewUI/Manager/VideoPlayerManager.swift (in target 'WWSimpleVideoPlayerViewUI' from project 'WWSimpleVideoPlayerViewUI')
SwiftCompile normal arm64_32 /Users/admin/builder/spi-builder-workspace/Sources/WWSimpleVideoPlayerViewUI/Manager/SystemVolumeManager.swift (in target 'WWSimpleVideoPlayerViewUI' from project 'WWSimpleVideoPlayerViewUI')
    cd /Users/admin/builder/spi-builder-workspace/.swiftpm/xcode
    builtin-SwiftPerFileCompile SystemVolumeManager.swift
SwiftCompile normal arm64_32 /Users/admin/builder/spi-builder-workspace/Sources/WWSimpleVideoPlayerViewUI/Manager/VideoPlayerManager.swift (in target 'WWSimpleVideoPlayerViewUI' from project 'WWSimpleVideoPlayerViewUI')
    cd /Users/admin/builder/spi-builder-workspace/.swiftpm/xcode
    builtin-SwiftPerFileCompile VideoPlayerManager.swift
/Users/admin/builder/spi-builder-workspace/Sources/WWSimpleVideoPlayerViewUI/Manager/SystemVolumeManager.swift:18:30: error: 'MPVolumeView' is unavailable in watchOS
16 |
17 |     private let audioSession = AVAudioSession.sharedInstance()
18 |     private let volumeView = MPVolumeView(frame: .zero)
   |                              `- error: 'MPVolumeView' is unavailable in watchOS
19 |
20 |     private init() {}
/Applications/Xcode-27.0.0-Release.Candidate.app/Contents/Developer/Platforms/WatchOS.platform/Developer/SDKs/WatchOS27.0.sdk/System/Library/Frameworks/MediaPlayer.framework/Headers/MPVolumeView.h:20:12: note: 'MPVolumeView' has been explicitly marked unavailable here
18 |
19 | MP_API(ios(2.0))
20 | @interface MPVolumeView : UIView <NSCoding>
   |            `- note: 'MPVolumeView' has been explicitly marked unavailable here
21 |
22 | @property (nonatomic) BOOL showsVolumeSlider MP_API(ios(4.2)); // Default is YES.
/Users/admin/builder/spi-builder-workspace/Sources/WWSimpleVideoPlayerViewUI/Manager/SystemVolumeManager.swift:32:82: error: 'UISlider' is unavailable in watchOS
30 |         let clampedValue = min(max(value, 0), 1)
31 |
32 |         if let slider = volumeView.subviews.first(where: { $0 is UISlider }) as? UISlider {
   |                                                                                  `- error: 'UISlider' is unavailable in watchOS
33 |             Task { @MainActor in
34 |                 slider.value = clampedValue
/Applications/Xcode-27.0.0-Release.Candidate.app/Contents/Developer/Platforms/WatchOS.platform/Developer/SDKs/WatchOS27.0.sdk/System/Library/Frameworks/UIKit.framework/Headers/UISlider.h:26:12: note: 'UISlider' has been explicitly marked unavailable here
24 |
25 | UIKIT_EXTERN API_AVAILABLE(ios(2.0)) API_UNAVAILABLE(tvos, watchos) NS_SWIFT_UI_ACTOR
26 | @interface UISlider : UIControl <NSCoding>
   |            `- note: 'UISlider' has been explicitly marked unavailable here
27 |
28 | @property(nonatomic) float value;                                 // default 0.0. this value will be pinned to min/max
SwiftCompile normal arm64_32 Compiling\ VideoThumbnailProvider.swift,\ Configure.swift /Users/admin/builder/spi-builder-workspace/Sources/WWSimpleVideoPlayerViewUI/Provider/VideoThumbnailProvider.swift /Users/admin/builder/spi-builder-workspace/Sources/WWSimpleVideoPlayerViewUI/Utility/Configure.swift (in target 'WWSimpleVideoPlayerViewUI' from project 'WWSimpleVideoPlayerViewUI')
SwiftCompile normal arm64_32 /Users/admin/builder/spi-builder-workspace/Sources/WWSimpleVideoPlayerViewUI/Provider/VideoThumbnailProvider.swift (in target 'WWSimpleVideoPlayerViewUI' from project 'WWSimpleVideoPlayerViewUI')
    cd /Users/admin/builder/spi-builder-workspace/.swiftpm/xcode
    builtin-SwiftPerFileCompile VideoThumbnailProvider.swift
SwiftCompile normal arm64_32 /Users/admin/builder/spi-builder-workspace/Sources/WWSimpleVideoPlayerViewUI/Utility/Configure.swift (in target 'WWSimpleVideoPlayerViewUI' from project 'WWSimpleVideoPlayerViewUI')
    cd /Users/admin/builder/spi-builder-workspace/.swiftpm/xcode
    builtin-SwiftPerFileCompile Configure.swift
/Users/admin/builder/spi-builder-workspace/Sources/WWSimpleVideoPlayerViewUI/Provider/VideoThumbnailProvider.swift:22:28: error: 'AVAssetImageGenerator' is unavailable in watchOS
20 |
21 |     @ObservationIgnored
22 |     private var generator: AVAssetImageGenerator?   // AVFoundation 提供的縮圖產生器 (用來從影片指定時間點擷取畫面)
   |                            `- error: 'AVAssetImageGenerator' is unavailable in watchOS
23 |
24 |     @ObservationIgnored
/Applications/Xcode-27.0.0-Release.Candidate.app/Contents/Developer/Platforms/WatchOS.platform/Developer/SDKs/WatchOS27.0.sdk/System/Library/Frameworks/AVFoundation.framework/Headers/AVAssetImageGenerator.h:87:12: note: 'AVAssetImageGenerator' has been explicitly marked unavailable here
 85 |
 86 | API_AVAILABLE(macos(10.7), ios(4.0), tvos(9.0), visionos(1.0)) API_UNAVAILABLE(watchos)
 87 | @interface AVAssetImageGenerator : NSObject
    |            `- note: 'AVAssetImageGenerator' has been explicitly marked unavailable here
 88 | {
 89 | @private
/Users/admin/builder/spi-builder-workspace/Sources/WWSimpleVideoPlayerViewUI/Provider/VideoThumbnailProvider.swift:42:31: error: type 'AVAssetImageGenerator?' has no member 'build'
40 |         do {
41 |             _ = try await asset.load(.tracks)
42 |             self.generator = .build(asset: asset, maximumSize: size)
   |                               `- error: type 'AVAssetImageGenerator?' has no member 'build'
43 |         } catch {
44 |             print("prepare thumbnail failed:", error)
/Users/admin/builder/spi-builder-workspace/Sources/WWSimpleVideoPlayerViewUI/Provider/VideoThumbnailProvider.swift:75:27: error: 'requestedTimeToleranceBefore' is unavailable in watchOS
73 |         Task {
74 |             do {
75 |                 generator.requestedTimeToleranceBefore = .zero
   |                           `- error: 'requestedTimeToleranceBefore' is unavailable in watchOS
76 |                 generator.requestedTimeToleranceAfter = CMTime(seconds: 2, preferredTimescale: 600)
77 |
/Applications/Xcode-27.0.0-Release.Candidate.app/Contents/Developer/Platforms/WatchOS.platform/Developer/SDKs/WatchOS27.0.sdk/System/Library/Frameworks/AVFoundation.framework/Headers/AVAssetImageGenerator.h:136:30: note: 'requestedTimeToleranceBefore' has been explicitly marked unavailable here
134 |    Pass kCMTimeZero for both toleranceBefore and toleranceAfter to request frame-accurate image generation; this may incur additional decoding delay.
135 |    Default is kCMTimePositiveInfinity. */
136 | @property (nonatomic) CMTime requestedTimeToleranceBefore API_AVAILABLE(macos(10.7), ios(5.0), tvos(9.0), visionos(1.0)) API_UNAVAILABLE(watchos);
    |                              `- note: 'requestedTimeToleranceBefore' has been explicitly marked unavailable here
137 | @property (nonatomic) CMTime requestedTimeToleranceAfter API_AVAILABLE(macos(10.7), ios(5.0), tvos(9.0), visionos(1.0)) API_UNAVAILABLE(watchos);
138 |
/Users/admin/builder/spi-builder-workspace/Sources/WWSimpleVideoPlayerViewUI/Provider/VideoThumbnailProvider.swift:76:27: error: 'requestedTimeToleranceAfter' is unavailable in watchOS
74 |             do {
75 |                 generator.requestedTimeToleranceBefore = .zero
76 |                 generator.requestedTimeToleranceAfter = CMTime(seconds: 2, preferredTimescale: 600)
   |                           `- error: 'requestedTimeToleranceAfter' is unavailable in watchOS
77 |
78 |                 let result = try await generator.image(at: time)
/Applications/Xcode-27.0.0-Release.Candidate.app/Contents/Developer/Platforms/WatchOS.platform/Developer/SDKs/WatchOS27.0.sdk/System/Library/Frameworks/AVFoundation.framework/Headers/AVAssetImageGenerator.h:137:30: note: 'requestedTimeToleranceAfter' has been explicitly marked unavailable here
135 |    Default is kCMTimePositiveInfinity. */
136 | @property (nonatomic) CMTime requestedTimeToleranceBefore API_AVAILABLE(macos(10.7), ios(5.0), tvos(9.0), visionos(1.0)) API_UNAVAILABLE(watchos);
137 | @property (nonatomic) CMTime requestedTimeToleranceAfter API_AVAILABLE(macos(10.7), ios(5.0), tvos(9.0), visionos(1.0)) API_UNAVAILABLE(watchos);
    |                              `- note: 'requestedTimeToleranceAfter' has been explicitly marked unavailable here
138 |
139 | /*!
SwiftCompile normal arm64_32 Compiling\ resource_bundle_accessor.swift,\ SystemBrightnessManager.swift /Users/admin/builder/spi-builder-workspace/.derivedData/Build/Intermediates.noindex/WWSimpleVideoPlayerViewUI.build/Debug-watchos/WWSimpleVideoPlayerViewUI-t.build/DerivedSources/resource_bundle_accessor.swift /Users/admin/builder/spi-builder-workspace/Sources/WWSimpleVideoPlayerViewUI/Manager/SystemBrightnessManager.swift (in target 'WWSimpleVideoPlayerViewUI' from project 'WWSimpleVideoPlayerViewUI')
/Users/admin/builder/spi-builder-workspace/Sources/WWSimpleVideoPlayerViewUI/Manager/SystemBrightnessManager.swift:20:9: error: 'UIScreen' is unavailable in watchOS
18 |     /// 目前螢幕亮度
19 |     var currentBrightness: CGFloat {
20 |         UIScreen.main.brightness
   |         `- error: 'UIScreen' is unavailable in watchOS
21 |     }
22 |
/Applications/Xcode-27.0.0-Release.Candidate.app/Contents/Developer/Platforms/WatchOS.platform/Developer/SDKs/WatchOS27.0.sdk/System/Library/Frameworks/UIKit.framework/Headers/UIScreen.h:54:12: note: 'UIScreen' has been explicitly marked unavailable here
 52 |
 53 | UIKIT_EXTERN API_AVAILABLE(ios(2.0)) API_UNAVAILABLE(visionos, watchos) NS_SWIFT_UI_ACTOR
 54 | @interface UIScreen : NSObject <UITraitEnvironment>
    |            `- note: 'UIScreen' has been explicitly marked unavailable here
 55 |
 56 | @property(class, nonatomic, readonly) NSArray<UIScreen *> *screens API_DEPRECATED("Use UIApplication.shared.openSessions to find open sessions with scenes from other screens", ios(3.2, 16.0), visionos(1.0, 1.0)) API_UNAVAILABLE(watchos); // all screens currently attached to the device
/Users/admin/builder/spi-builder-workspace/Sources/WWSimpleVideoPlayerViewUI/Manager/SystemBrightnessManager.swift:20:18: error: 'main' is unavailable in watchOS
18 |     /// 目前螢幕亮度
19 |     var currentBrightness: CGFloat {
20 |         UIScreen.main.brightness
   |                  `- error: 'main' is unavailable in watchOS
21 |     }
22 |
/Applications/Xcode-27.0.0-Release.Candidate.app/Contents/Developer/Platforms/WatchOS.platform/Developer/SDKs/WatchOS27.0.sdk/System/Library/Frameworks/UIKit.framework/Headers/UIScreen.h:57:49: note: 'main' has been explicitly marked unavailable here
 55 |
 56 | @property(class, nonatomic, readonly) NSArray<UIScreen *> *screens API_DEPRECATED("Use UIApplication.shared.openSessions to find open sessions with scenes from other screens", ios(3.2, 16.0), visionos(1.0, 1.0)) API_UNAVAILABLE(watchos); // all screens currently attached to the device
 57 | @property(class, nonatomic, readonly) UIScreen *mainScreen API_DEPRECATED("Use a UIScreen instance found through context instead (i.e, view.window.windowScene.screen), or for properties like UIScreen.scale with trait equivalents, use a traitCollection found through context.", ios(2.0, 26.0), tvos(9.0, 26.0), visionos(1.0, 26.0)) API_UNAVAILABLE(watchos);
    |                                                 `- note: 'main' has been explicitly marked unavailable here
 58 |
 59 | @property(nonatomic,readonly) CGRect  bounds;                // Bounds of entire screen in points
/Users/admin/builder/spi-builder-workspace/Sources/WWSimpleVideoPlayerViewUI/Manager/SystemBrightnessManager.swift:28:13: error: 'UIScreen' is unavailable in watchOS
26 |
27 |         Task { @MainActor in
28 |             UIScreen.main.brightness = clampedValue
   |             `- error: 'UIScreen' is unavailable in watchOS
29 |         }
30 |     }
/Applications/Xcode-27.0.0-Release.Candidate.app/Contents/Developer/Platforms/WatchOS.platform/Developer/SDKs/WatchOS27.0.sdk/System/Library/Frameworks/UIKit.framework/Headers/UIScreen.h:54:12: note: 'UIScreen' has been explicitly marked unavailable here
 52 |
 53 | UIKIT_EXTERN API_AVAILABLE(ios(2.0)) API_UNAVAILABLE(visionos, watchos) NS_SWIFT_UI_ACTOR
 54 | @interface UIScreen : NSObject <UITraitEnvironment>
    |            `- note: 'UIScreen' has been explicitly marked unavailable here
 55 |
 56 | @property(class, nonatomic, readonly) NSArray<UIScreen *> *screens API_DEPRECATED("Use UIApplication.shared.openSessions to find open sessions with scenes from other screens", ios(3.2, 16.0), visionos(1.0, 1.0)) API_UNAVAILABLE(watchos); // all screens currently attached to the device
SwiftCompile normal arm64_32 /Users/admin/builder/spi-builder-workspace/.derivedData/Build/Intermediates.noindex/WWSimpleVideoPlayerViewUI.build/Debug-watchos/WWSimpleVideoPlayerViewUI-t.build/DerivedSources/resource_bundle_accessor.swift (in target 'WWSimpleVideoPlayerViewUI' from project 'WWSimpleVideoPlayerViewUI')
    cd /Users/admin/builder/spi-builder-workspace/.swiftpm/xcode
    builtin-SwiftPerFileCompile resource_bundle_accessor.swift
SwiftCompile normal arm64_32 /Users/admin/builder/spi-builder-workspace/Sources/WWSimpleVideoPlayerViewUI/Manager/SystemBrightnessManager.swift (in target 'WWSimpleVideoPlayerViewUI' from project 'WWSimpleVideoPlayerViewUI')
    cd /Users/admin/builder/spi-builder-workspace/.swiftpm/xcode
    builtin-SwiftPerFileCompile SystemBrightnessManager.swift
SwiftCompile normal arm64_32 Compiling\ Constant.swift,\ Extension.swift /Users/admin/builder/spi-builder-workspace/Sources/WWSimpleVideoPlayerViewUI/Utility/Constant.swift /Users/admin/builder/spi-builder-workspace/Sources/WWSimpleVideoPlayerViewUI/Utility/Extension.swift (in target 'WWSimpleVideoPlayerViewUI' from project 'WWSimpleVideoPlayerViewUI')
/Users/admin/builder/spi-builder-workspace/Sources/WWSimpleVideoPlayerViewUI/Utility/Extension.swift:67:11: error: cannot find type 'AVPlayer' in scope
 65 |
 66 | // MARK: - AVPlayer
 67 | extension AVPlayer {
    |           `- error: cannot find type 'AVPlayer' in scope
 68 |
 69 |     /// 替換當前播放的影片項目為指定 URL 的資源
SwiftCompile normal arm64_32 /Users/admin/builder/spi-builder-workspace/Sources/WWSimpleVideoPlayerViewUI/Utility/Constant.swift (in target 'WWSimpleVideoPlayerViewUI' from project 'WWSimpleVideoPlayerViewUI')
    cd /Users/admin/builder/spi-builder-workspace/.swiftpm/xcode
    builtin-SwiftPerFileCompile Constant.swift
SwiftCompile normal arm64_32 /Users/admin/builder/spi-builder-workspace/Sources/WWSimpleVideoPlayerViewUI/Utility/Extension.swift (in target 'WWSimpleVideoPlayerViewUI' from project 'WWSimpleVideoPlayerViewUI')
    cd /Users/admin/builder/spi-builder-workspace/.swiftpm/xcode
    builtin-SwiftPerFileCompile Extension.swift
SwiftCompile normal arm64_32 Compiling\ AVPlayerView.swift /Users/admin/builder/spi-builder-workspace/Sources/WWSimpleVideoPlayerViewUI/View/AVPlayerView.swift (in target 'WWSimpleVideoPlayerViewUI' from project 'WWSimpleVideoPlayerViewUI')
/Users/admin/builder/spi-builder-workspace/Sources/WWSimpleVideoPlayerViewUI/View/AVPlayerView.swift:14:17: error: cannot find type 'AVPlayer' in scope
12 | struct AVPlayerView: UIViewControllerRepresentable {
13 |
14 |     let player: AVPlayer        // 外部傳入的播放器實例 => 由外層 manager 負責建立、更新與控制
   |                 `- error: cannot find type 'AVPlayer' in scope
15 |     let showsControls: Bool     // 是否顯示系統原生播放控制列
16 |
/Users/admin/builder/spi-builder-workspace/Sources/WWSimpleVideoPlayerViewUI/View/AVPlayerView.swift:18:52: error: cannot find type 'AVPlayerViewController' in scope
16 |
17 |     /// 建立並回傳 UIKit 的 AVPlayerViewController => SwiftUI 第一次載入時會呼叫這裡
18 |     func makeUIViewController(context: Context) -> AVPlayerViewController {
   |                                                    `- error: cannot find type 'AVPlayerViewController' in scope
19 |
20 |         let viewController = AVPlayerViewController()
/Users/admin/builder/spi-builder-workspace/Sources/WWSimpleVideoPlayerViewUI/View/AVPlayerView.swift:18:40: error: cannot find type 'Context' in scope
16 |
17 |     /// 建立並回傳 UIKit 的 AVPlayerViewController => SwiftUI 第一次載入時會呼叫這裡
18 |     func makeUIViewController(context: Context) -> AVPlayerViewController {
   |                                        `- error: cannot find type 'Context' in scope
19 |
20 |         let viewController = AVPlayerViewController()
/Users/admin/builder/spi-builder-workspace/Sources/WWSimpleVideoPlayerViewUI/View/AVPlayerView.swift:30:53: error: cannot find type 'AVPlayerViewController' in scope
28 |
29 |     /// SwiftUI 狀態更新時會呼叫這裡 => 當 player 或控制列設定變動時,更新對應屬性
30 |     func updateUIViewController(_ uiViewController: AVPlayerViewController, context: Context) {
   |                                                     `- error: cannot find type 'AVPlayerViewController' in scope
31 |         uiViewController.player = player
32 |         uiViewController.showsPlaybackControls = showsControls
/Users/admin/builder/spi-builder-workspace/Sources/WWSimpleVideoPlayerViewUI/View/AVPlayerView.swift:30:86: error: cannot find type 'Context' in scope
28 |
29 |     /// SwiftUI 狀態更新時會呼叫這裡 => 當 player 或控制列設定變動時,更新對應屬性
30 |     func updateUIViewController(_ uiViewController: AVPlayerViewController, context: Context) {
   |                                                                                      `- error: cannot find type 'Context' in scope
31 |         uiViewController.player = player
32 |         uiViewController.showsPlaybackControls = showsControls
/Users/admin/builder/spi-builder-workspace/Sources/WWSimpleVideoPlayerViewUI/View/AVPlayerView.swift:12:22: error: cannot find type 'UIViewControllerRepresentable' in scope
10 |
11 | /// SwiftUI 包裝 AVPlayerViewController 用來在 SwiftUI 中顯示 AVPlayer 內容
12 | struct AVPlayerView: UIViewControllerRepresentable {
   |                      `- error: cannot find type 'UIViewControllerRepresentable' in scope
13 |
14 |     let player: AVPlayer        // 外部傳入的播放器實例 => 由外層 manager 負責建立、更新與控制
SwiftCompile normal arm64_32 /Users/admin/builder/spi-builder-workspace/Sources/WWSimpleVideoPlayerViewUI/View/AVPlayerView.swift (in target 'WWSimpleVideoPlayerViewUI' from project 'WWSimpleVideoPlayerViewUI')
    cd /Users/admin/builder/spi-builder-workspace/.swiftpm/xcode
    builtin-SwiftPerFileCompile AVPlayerView.swift
SwiftCompile normal arm64_32 Compiling\ Model.swift,\ Protocol.swift /Users/admin/builder/spi-builder-workspace/Sources/WWSimpleVideoPlayerViewUI/Utility/Model.swift /Users/admin/builder/spi-builder-workspace/Sources/WWSimpleVideoPlayerViewUI/Utility/Protocol.swift (in target 'WWSimpleVideoPlayerViewUI' from project 'WWSimpleVideoPlayerViewUI')
SwiftCompile normal arm64_32 /Users/admin/builder/spi-builder-workspace/Sources/WWSimpleVideoPlayerViewUI/Utility/Model.swift (in target 'WWSimpleVideoPlayerViewUI' from project 'WWSimpleVideoPlayerViewUI')
    cd /Users/admin/builder/spi-builder-workspace/.swiftpm/xcode
    builtin-SwiftPerFileCompile Model.swift
SwiftCompile normal arm64_32 /Users/admin/builder/spi-builder-workspace/Sources/WWSimpleVideoPlayerViewUI/Utility/Protocol.swift (in target 'WWSimpleVideoPlayerViewUI' from project 'WWSimpleVideoPlayerViewUI')
    cd /Users/admin/builder/spi-builder-workspace/.swiftpm/xcode
    builtin-SwiftPerFileCompile Protocol.swift
SwiftCompile normal arm64_32 Compiling\ BlurView.swift /Users/admin/builder/spi-builder-workspace/Sources/WWSimpleVideoPlayerViewUI/View/BlurView.swift (in target 'WWSimpleVideoPlayerViewUI' from project 'WWSimpleVideoPlayerViewUI')
/Users/admin/builder/spi-builder-workspace/Sources/WWSimpleVideoPlayerViewUI/View/BlurView.swift:13:16: error: 'UIBlurEffect' is unavailable in watchOS
11 | struct BlurView: UIViewRepresentable {
12 |
13 |     var style: UIBlurEffect.Style
   |                `- error: 'UIBlurEffect' is unavailable in watchOS
14 |
15 |     func makeUIView(context: Context) -> UIVisualEffectView {
/Applications/Xcode-27.0.0-Release.Candidate.app/Contents/Developer/Platforms/WatchOS.platform/Developer/SDKs/WatchOS27.0.sdk/System/Library/Frameworks/UIKit.framework/Headers/UIBlurEffect.h:61:12: note: 'UIBlurEffect' has been explicitly marked unavailable here
59 | /* UIBlurEffect will provide a blur that appears to have been applied to the content layered behind the UIVisualEffectView. Views added to the contentView of a blur visual effect are not blurred themselves. */
60 | UIKIT_EXTERN API_AVAILABLE(ios(8.0)) API_UNAVAILABLE(watchos) NS_SWIFT_UI_ACTOR
61 | @interface UIBlurEffect : UIVisualEffect
   |            `- note: 'UIBlurEffect' has been explicitly marked unavailable here
62 |
63 | + (UIBlurEffect *)effectWithStyle:(UIBlurEffectStyle)style;
/Users/admin/builder/spi-builder-workspace/Sources/WWSimpleVideoPlayerViewUI/View/BlurView.swift:15:30: error: cannot find type 'Context' in scope
13 |     var style: UIBlurEffect.Style
14 |
15 |     func makeUIView(context: Context) -> UIVisualEffectView {
   |                              `- error: cannot find type 'Context' in scope
16 |         .init(effect: UIBlurEffect(style: style))
17 |     }
/Users/admin/builder/spi-builder-workspace/Sources/WWSimpleVideoPlayerViewUI/View/BlurView.swift:15:42: error: 'UIVisualEffectView' is unavailable in watchOS
13 |     var style: UIBlurEffect.Style
14 |
15 |     func makeUIView(context: Context) -> UIVisualEffectView {
   |                                          `- error: 'UIVisualEffectView' is unavailable in watchOS
16 |         .init(effect: UIBlurEffect(style: style))
17 |     }
/Applications/Xcode-27.0.0-Release.Candidate.app/Contents/Developer/Platforms/WatchOS.platform/Developer/SDKs/WatchOS27.0.sdk/System/Library/Frameworks/UIKit.framework/Headers/UIVisualEffectView.h:28:12: note: 'UIVisualEffectView' has been explicitly marked unavailable here
26 |
27 | UIKIT_EXTERN API_AVAILABLE(ios(8.0)) API_UNAVAILABLE(watchos) NS_SWIFT_UI_ACTOR
28 | @interface UIVisualEffectView : UIView <NSSecureCoding>
   |            `- note: 'UIVisualEffectView' has been explicitly marked unavailable here
29 |
30 | @property (nonatomic, strong, readonly) UIView *contentView; // Do not add subviews directly to UIVisualEffectView, use this view instead.
/Users/admin/builder/spi-builder-workspace/Sources/WWSimpleVideoPlayerViewUI/View/BlurView.swift:19:62: error: cannot find type 'Context' in scope
17 |     }
18 |
19 |     func updateUIView(_ uiView: UIVisualEffectView, context: Context) {}
   |                                                              `- error: cannot find type 'Context' in scope
20 | }
21 |
/Users/admin/builder/spi-builder-workspace/Sources/WWSimpleVideoPlayerViewUI/View/BlurView.swift:19:33: error: 'UIVisualEffectView' is unavailable in watchOS
17 |     }
18 |
19 |     func updateUIView(_ uiView: UIVisualEffectView, context: Context) {}
   |                                 `- error: 'UIVisualEffectView' is unavailable in watchOS
20 | }
21 |
/Applications/Xcode-27.0.0-Release.Candidate.app/Contents/Developer/Platforms/WatchOS.platform/Developer/SDKs/WatchOS27.0.sdk/System/Library/Frameworks/UIKit.framework/Headers/UIVisualEffectView.h:28:12: note: 'UIVisualEffectView' has been explicitly marked unavailable here
26 |
27 | UIKIT_EXTERN API_AVAILABLE(ios(8.0)) API_UNAVAILABLE(watchos) NS_SWIFT_UI_ACTOR
28 | @interface UIVisualEffectView : UIView <NSSecureCoding>
   |            `- note: 'UIVisualEffectView' has been explicitly marked unavailable here
29 |
30 | @property (nonatomic, strong, readonly) UIView *contentView; // Do not add subviews directly to UIVisualEffectView, use this view instead.
/Users/admin/builder/spi-builder-workspace/Sources/WWSimpleVideoPlayerViewUI/View/BlurView.swift:11:18: error: cannot find type 'UIViewRepresentable' in scope
 9 |
10 | // MARK: - 輔助元件:UIKit 毛玻璃效果
11 | struct BlurView: UIViewRepresentable {
   |                  `- error: cannot find type 'UIViewRepresentable' in scope
12 |
13 |     var style: UIBlurEffect.Style
SwiftCompile normal arm64_32 /Users/admin/builder/spi-builder-workspace/Sources/WWSimpleVideoPlayerViewUI/View/BlurView.swift (in target 'WWSimpleVideoPlayerViewUI' from project 'WWSimpleVideoPlayerViewUI')
    cd /Users/admin/builder/spi-builder-workspace/.swiftpm/xcode
    builtin-SwiftPerFileCompile BlurView.swift
SwiftCompile normal arm64_32 Compiling\ WWSimpleVideoPlayerViewUI.swift /Users/admin/builder/spi-builder-workspace/Sources/WWSimpleVideoPlayerViewUI/WWSimpleVideoPlayerViewUI.swift (in target 'WWSimpleVideoPlayerViewUI' from project 'WWSimpleVideoPlayerViewUI')
/Users/admin/builder/spi-builder-workspace/Sources/WWSimpleVideoPlayerViewUI/View/AVPlayerView.swift:14:17: error: cannot find type 'AVPlayer' in scope
12 | struct AVPlayerView: UIViewControllerRepresentable {
13 |
14 |     let player: AVPlayer        // 外部傳入的播放器實例 => 由外層 manager 負責建立、更新與控制
   |                 `- error: cannot find type 'AVPlayer' in scope
15 |     let showsControls: Bool     // 是否顯示系統原生播放控制列
16 |
/Users/admin/builder/spi-builder-workspace/Sources/WWSimpleVideoPlayerViewUI/WWSimpleVideoPlayerViewUI.swift:109:35: error: failed to produce diagnostic for expression; please submit a bug report (https://swift.org/contributing/#reporting-bugs)
107 |     /// HUD 的顯示 / 隱藏通過 `showHUD` 控制 `opacity`,並使用動畫
108 |     @ViewBuilder
109 |     var hudOverlayView: some View {
    |                                   `- error: failed to produce diagnostic for expression; please submit a bug report (https://swift.org/contributing/#reporting-bugs)
110 |
111 |         let size: CGSize = .init(width: 90, height: 70)
SwiftCompile normal arm64_32 /Users/admin/builder/spi-builder-workspace/Sources/WWSimpleVideoPlayerViewUI/WWSimpleVideoPlayerViewUI.swift (in target 'WWSimpleVideoPlayerViewUI' from project 'WWSimpleVideoPlayerViewUI')
    cd /Users/admin/builder/spi-builder-workspace/.swiftpm/xcode
    builtin-SwiftPerFileCompile WWSimpleVideoPlayerViewUI.swift
SwiftCompile normal arm64_32 Compiling\ HiddenVolumeView.swift /Users/admin/builder/spi-builder-workspace/Sources/WWSimpleVideoPlayerViewUI/View/HiddenVolumeView.swift (in target 'WWSimpleVideoPlayerViewUI' from project 'WWSimpleVideoPlayerViewUI')
/Users/admin/builder/spi-builder-workspace/Sources/WWSimpleVideoPlayerViewUI/View/HiddenVolumeView.swift:14:30: error: cannot find type 'Context' in scope
12 | struct HiddenVolumeView: UIViewRepresentable {
13 |
14 |     func makeUIView(context: Context) -> MPVolumeView {
   |                              `- error: cannot find type 'Context' in scope
15 |         .init(frame: .zero)
16 |     }
/Users/admin/builder/spi-builder-workspace/Sources/WWSimpleVideoPlayerViewUI/View/HiddenVolumeView.swift:14:42: error: 'MPVolumeView' is unavailable in watchOS
12 | struct HiddenVolumeView: UIViewRepresentable {
13 |
14 |     func makeUIView(context: Context) -> MPVolumeView {
   |                                          `- error: 'MPVolumeView' is unavailable in watchOS
15 |         .init(frame: .zero)
16 |     }
/Applications/Xcode-27.0.0-Release.Candidate.app/Contents/Developer/Platforms/WatchOS.platform/Developer/SDKs/WatchOS27.0.sdk/System/Library/Frameworks/MediaPlayer.framework/Headers/MPVolumeView.h:20:12: note: 'MPVolumeView' has been explicitly marked unavailable here
18 |
19 | MP_API(ios(2.0))
20 | @interface MPVolumeView : UIView <NSCoding>
   |            `- note: 'MPVolumeView' has been explicitly marked unavailable here
21 |
22 | @property (nonatomic) BOOL showsVolumeSlider MP_API(ios(4.2)); // Default is YES.
/Users/admin/builder/spi-builder-workspace/Sources/WWSimpleVideoPlayerViewUI/View/HiddenVolumeView.swift:18:56: error: cannot find type 'Context' in scope
16 |     }
17 |
18 |     func updateUIView(_ uiView: MPVolumeView, context: Context) {}
   |                                                        `- error: cannot find type 'Context' in scope
19 | }
20 |
/Users/admin/builder/spi-builder-workspace/Sources/WWSimpleVideoPlayerViewUI/View/HiddenVolumeView.swift:18:33: error: 'MPVolumeView' is unavailable in watchOS
16 |     }
17 |
18 |     func updateUIView(_ uiView: MPVolumeView, context: Context) {}
   |                                 `- error: 'MPVolumeView' is unavailable in watchOS
19 | }
20 |
/Applications/Xcode-27.0.0-Release.Candidate.app/Contents/Developer/Platforms/WatchOS.platform/Developer/SDKs/WatchOS27.0.sdk/System/Library/Frameworks/MediaPlayer.framework/Headers/MPVolumeView.h:20:12: note: 'MPVolumeView' has been explicitly marked unavailable here
18 |
19 | MP_API(ios(2.0))
20 | @interface MPVolumeView : UIView <NSCoding>
   |            `- note: 'MPVolumeView' has been explicitly marked unavailable here
21 |
22 | @property (nonatomic) BOOL showsVolumeSlider MP_API(ios(4.2)); // Default is YES.
SwiftCompile normal arm64_32 /Users/admin/builder/spi-builder-workspace/Sources/WWSimpleVideoPlayerViewUI/View/HiddenVolumeView.swift (in target 'WWSimpleVideoPlayerViewUI' from project 'WWSimpleVideoPlayerViewUI')
    cd /Users/admin/builder/spi-builder-workspace/.swiftpm/xcode
    builtin-SwiftPerFileCompile HiddenVolumeView.swift
SwiftExplicitDependencyGeneratePcm arm64 /Users/admin/builder/spi-builder-workspace/.derivedData/SDKExplicitPrecompiledModules/SwiftUI-APXDH8ULYLM6FD17YRA73TULO.pcm
PruneExplicitPrecompiledModules /Users/admin/builder/spi-builder-workspace/.derivedData/Build/Intermediates.noindex/ExplicitPrecompiledModules
PruneExplicitPrecompiledModules /Users/admin/builder/spi-builder-workspace/.derivedData/Build/Intermediates.noindex/SwiftExplicitPrecompiledModules
PruneExplicitPrecompiledModules /Users/admin/builder/spi-builder-workspace/.derivedData/SDKExplicitPrecompiledModules
2026-09-26 19:30:33.230 xcodebuild[829:4798] [MT] IDERunDestination: Supported platforms for the buildables in the current scheme is empty.
** BUILD FAILED **
The following build commands failed:
	SwiftCompile normal arm64_32 (in target 'WWSimpleVideoPlayerViewUI' from project 'WWSimpleVideoPlayerViewUI')
	SwiftEmitModule normal arm64_32 Emitting\ module\ for\ WWSimpleVideoPlayerViewUI (in target 'WWSimpleVideoPlayerViewUI' from project 'WWSimpleVideoPlayerViewUI')
	Building workspace WWSimpleVideoPlayerViewUI with scheme WWSimpleVideoPlayerViewUI
(3 failures)
BUILD FAILURE 6.4 watchOS