Build Information
Failed to build swift-copying, reference main (b05fc7), with Swift 6.1 for visionOS using Xcode 16.3 on 15 Aug 2026 04:05:30 UTC.
Build Command
No build command. This typically means the build failed at an early stage where we determine the build command.Build Log
========================================
RunAll
========================================
Builder version: undefined version: run 'make version' to update
Interrupt handler set up.
========================================
Checkout
========================================
Clone URL: https://github.com/yysskk/swift-copying.git
Reference: main
Initialized empty Git repository in /Users/admin/builder/spi-builder-workspace/.git/
From https://github.com/yysskk/swift-copying
* branch main -> FETCH_HEAD
* [new branch] main -> origin/main
HEAD is now at b05fc75 Merge pull request #61 from yysskk/chore/release-1.5.0
Cloned https://github.com/yysskk/swift-copying.git
Revision (git rev-parse @):
b05fc7566b7bc6628c0dcb5f89c704b8c79a2dce
SPI manifest file found: $PWD/.spi.yml
SUCCESS checkout https://github.com/yysskk/swift-copying.git at main
========================================
Build
========================================
Selected platform: visionOS
Swift version: 6.1
Building package at path: $PWD
https://github.com/yysskk/swift-copying.git
https://github.com/yysskk/swift-copying.git
error: 'spi-builder-workspace': package 'spi-builder-workspace' is using Swift tools version 6.2.0 but the installed version is 6.1.0
error: fatalError
Command line invocation:
/Applications/Xcode-16.3.0.app/Contents/Developer/usr/bin/xcodebuild -IDEClonedSourcePackagesDirPathOverride=/Users/admin/builder/spi-builder-workspace/.dependencies -resolvePackageDependencies
Resolve Package Graph
package 'spi-builder-workspace' is using Swift tools version 6.2.0 but the installed version is 6.1.0
Resolved source packages:
spi-builder-workspace: (null)
2026-08-14 21:05:29.330 xcodebuild[504:2917] Writing error result bundle to /var/folders/5k/5yc19ymj0jqd5v0zvgfqz0xw0000gn/T/ResultBundle_2026-14-08_21-05-0029.xcresult
xcodebuild: error: Could not resolve package dependencies:
package 'spi-builder-workspace' is using Swift tools version 6.2.0 but the installed version is 6.1.0
Command line invocation:
/Applications/Xcode-16.3.0.app/Contents/Developer/usr/bin/xcodebuild -IDEClonedSourcePackagesDirPathOverride=/Users/admin/builder/spi-builder-workspace/.dependencies -resolvePackageDependencies
Resolve Package Graph
package 'spi-builder-workspace' is using Swift tools version 6.2.0 but the installed version is 6.1.0
Resolved source packages:
spi-builder-workspace: (null)
2026-08-14 21:05:30.114 xcodebuild[515:3016] Writing error result bundle to /var/folders/5k/5yc19ymj0jqd5v0zvgfqz0xw0000gn/T/ResultBundle_2026-14-08_21-05-0030.xcresult
xcodebuild: error: Could not resolve package dependencies:
package 'spi-builder-workspace' is using Swift tools version 6.2.0 but the installed version is 6.1.0
BUILD FAILURE 6.1 visionOS