The Swift Package Index logo.Swift Package Index

Build Information

Failed to build Harvester, reference 1.1.0 (91d519), with Swift 6.4 for tvOS using Xcode 27.0 on 18 Sep 2026 21:24:23 UTC.

Build Command

env DEVELOPER_DIR=/Applications/Xcode-27.0.0-Release.Candidate.app xcrun xcodebuild -IDEClonedSourcePackagesDirPathOverride=$PWD/.dependencies -skipMacroValidation -skipPackagePluginValidation -derivedDataPath $PWD/.derivedData build -scheme Harvester-Package -destination generic/platform=tvOS

Build Log

========================================
RunAll
========================================
Builder version: 5.1.0
Interrupt handler set up.
========================================
Checkout
========================================
Clone URL: https://github.com/Swift-CoreUI/Harvester.git
Reference: 1.1.0
Initialized empty Git repository in /Users/admin/builder/spi-builder-workspace/.git/
From https://github.com/Swift-CoreUI/Harvester
 * tag               1.1.0      -> FETCH_HEAD
HEAD is now at 91d5193 attachChild & attachLoader Publisher extensions. ChildViewController Subscriber implementation
Cloned https://github.com/Swift-CoreUI/Harvester.git
Revision (git rev-parse @):
91d51930ad75bea245f300b48416d5eec08084e1
SUCCESS checkout https://github.com/Swift-CoreUI/Harvester.git at 1.1.0
========================================
Build
========================================
Selected platform:         tvOS
Swift version:             6.4
Building package at path:  $PWD
https://github.com/Swift-CoreUI/Harvester.git
Command line invocation:
    /Applications/Xcode-27.0.0-Release.Candidate.app/Contents/Developer/usr/bin/xcodebuild -IDEClonedSourcePackagesDirPathOverride=/Users/admin/builder/spi-builder-workspace/.dependencies -resolvePackageDependencies
Resolve Package Graph
Resolve Package Graph
Resolved source packages:
  Harvester: /Users/admin/builder/spi-builder-workspace
resolved source packages: Harvester
2026-09-18 17:23:29.026 xcodebuild[525:2999] [MT] IDERunDestination: Supported platforms for the buildables in the current scheme is empty.
{
  "dependencies" : [
  ],
  "manifest_display_name" : "Harvester",
  "name" : "Harvester",
  "path" : "/Users/admin/builder/spi-builder-workspace",
  "platforms" : [
    {
      "name" : "ios",
      "version" : "13.0"
    },
    {
      "name" : "macos",
      "version" : "11.0"
    }
  ],
  "products" : [
    {
      "name" : "Harvester",
      "targets" : [
        "Harvester"
      ],
      "type" : {
        "library" : [
          "automatic"
        ]
      }
    },
    {
      "name" : "XCTestHarvester",
      "targets" : [
        "XCTestHarvester"
      ],
      "type" : {
        "library" : [
          "automatic"
        ]
      }
    }
  ],
  "targets" : [
    {
      "c99name" : "XCTestHarvester",
      "module_type" : "SwiftTarget",
      "name" : "XCTestHarvester",
      "path" : "Sources/XCTestHarvester",
      "product_memberships" : [
        "XCTestHarvester"
      ],
      "sources" : [
        "XCTestCase+waitForPublisher.swift"
      ],
      "type" : "library"
    },
    {
      "c99name" : "HarvesterTests",
      "module_type" : "SwiftTarget",
      "name" : "HarvesterTests",
      "path" : "Tests/HarvesterTests",
      "sources" : [
        "AttachChildTests.swift"
      ],
      "target_dependencies" : [
        "Harvester",
        "XCTestHarvester"
      ],
      "type" : "test"
    },
    {
      "c99name" : "Harvester",
      "module_type" : "SwiftTarget",
      "name" : "Harvester",
      "path" : "Sources/Harvester",
      "product_memberships" : [
        "Harvester"
      ],
      "sources" : [
        "Publisher+assignWeak.swift",
        "Publisher+asyncFirst.swift",
        "Publisher+attachChild.swift",
        "UIControl+Publisher.swift",
        "UITextField+Publisher.swift",
        "UITextView+Publisher.swift"
      ],
      "type" : "library"
    }
  ],
  "tools_version" : "5.3"
}
{
  "workspace" : {
    "name" : "Harvester",
    "schemes" : [
      "Harvester",
      "Harvester-Package",
      "XCTestHarvester"
    ]
  }
}
2026-09-18 17:24:10.682 xcodebuild[623:3910] [MT] IDERunDestination: Supported platforms for the buildables in the current scheme is empty.
Running build ...
env DEVELOPER_DIR=/Applications/Xcode-27.0.0-Release.Candidate.app xcrun xcodebuild -IDEClonedSourcePackagesDirPathOverride=$PWD/.dependencies -skipMacroValidation -skipPackagePluginValidation -derivedDataPath $PWD/.derivedData build -scheme Harvester-Package -destination generic/platform=tvOS
Command line invocation:
    /Applications/Xcode-27.0.0-Release.Candidate.app/Contents/Developer/usr/bin/xcodebuild -IDEClonedSourcePackagesDirPathOverride=/Users/admin/builder/spi-builder-workspace/.dependencies -skipMacroValidation -skipPackagePluginValidation -derivedDataPath /Users/admin/builder/spi-builder-workspace/.derivedData build -scheme Harvester-Package -destination generic/platform=tvOS
Resolve Package Graph
Resolved source packages:
  Harvester: /Users/admin/builder/spi-builder-workspace
ComputePackagePrebuildTargetDependencyGraph
Prepare packages
CreateBuildRequest
SendProjectDescription
CreateBuildOperation
ComputeTargetDependencyGraph
note: Building targets in dependency order
note: Target dependency graph (4 targets)
    Target 'XCTestHarvester-product' in project 'Harvester'
        ➜ Explicit dependency on target 'XCTestHarvester' in project 'Harvester'
    Target 'XCTestHarvester' in project 'Harvester' (no dependencies)
    Target 'Harvester-product' in project 'Harvester'
        ➜ Explicit dependency on target 'Harvester' in project 'Harvester'
    Target 'Harvester' in project 'Harvester' (no dependencies)
GatherProvisioningInputs
CreateBuildDescription
ExecuteExternalTool /Applications/Xcode-27.0.0-Release.Candidate.app/Contents/Developer/Toolchains/XcodeDefault.xctoolchain/usr/bin/clang -v -E -dM -isysroot /Applications/Xcode-27.0.0-Release.Candidate.app/Contents/Developer/Platforms/AppleTVOS.platform/Developer/SDKs/AppleTVOS27.0.sdk -x c -c /dev/null
ExecuteExternalTool /Applications/Xcode-27.0.0-Release.Candidate.app/Contents/Developer/Toolchains/XcodeDefault.xctoolchain/usr/bin/swiftc --version
ExecuteExternalTool /Applications/Xcode-27.0.0-Release.Candidate.app/Contents/Developer/Toolchains/XcodeDefault.xctoolchain/usr/bin/ld -version_details
Build description signature: c910885109951fd235384a1b5d1187dc
Build description path: /Users/admin/builder/spi-builder-workspace/.derivedData/Build/Intermediates.noindex/XCBuildData/c910885109951fd235384a1b5d1187dc.xcbuilddata
CreateBuildDirectory /Users/admin/builder/spi-builder-workspace/.derivedData/SDKExplicitPrecompiledModules
    cd /Users/admin/builder/spi-builder-workspace/.swiftpm/xcode
    builtin-create-build-directory /Users/admin/builder/spi-builder-workspace/.derivedData/SDKExplicitPrecompiledModules
CreateBuildDirectory /Users/admin/builder/spi-builder-workspace/.derivedData/ModuleCache.noindex
    cd /Users/admin/builder/spi-builder-workspace/.swiftpm/xcode
    builtin-create-build-directory /Users/admin/builder/spi-builder-workspace/.derivedData/ModuleCache.noindex
CreateBuildDirectory /Users/admin/builder/spi-builder-workspace/.derivedData/CompilationCache.noindex
    cd /Users/admin/builder/spi-builder-workspace/.swiftpm/xcode
    builtin-create-build-directory /Users/admin/builder/spi-builder-workspace/.derivedData/CompilationCache.noindex
CreateBuildDirectory /Users/admin/builder/spi-builder-workspace/.derivedData/Build/Intermediates.noindex
    cd /Users/admin/builder/spi-builder-workspace/.swiftpm/xcode
    builtin-create-build-directory /Users/admin/builder/spi-builder-workspace/.derivedData/Build/Intermediates.noindex
CreateBuildDirectory /Users/admin/builder/spi-builder-workspace/.derivedData/Build/Products
    cd /Users/admin/builder/spi-builder-workspace/.swiftpm/xcode
    builtin-create-build-directory /Users/admin/builder/spi-builder-workspace/.derivedData/Build/Products
ClangStatCache /Applications/Xcode-27.0.0-Release.Candidate.app/Contents/Developer/Toolchains/XcodeDefault.xctoolchain/usr/bin/clang-stat-cache /Applications/Xcode-27.0.0-Release.Candidate.app/Contents/Developer/Platforms/AppleTVOS.platform/Developer/SDKs/AppleTVOS27.0.sdk /Users/admin/builder/spi-builder-workspace/.derivedData/SDKStatCaches.noindex/appletvos27.0-24J360-e829b21a6f8c9b70876ba0858053c044b32bfd8d43560033f8d89884cdb90028.sdkstatcache
    cd /Users/admin/builder/spi-builder-workspace/.swiftpm/xcode
    /Applications/Xcode-27.0.0-Release.Candidate.app/Contents/Developer/Toolchains/XcodeDefault.xctoolchain/usr/bin/clang-stat-cache /Applications/Xcode-27.0.0-Release.Candidate.app/Contents/Developer/Platforms/AppleTVOS.platform/Developer/SDKs/AppleTVOS27.0.sdk -o /Users/admin/builder/spi-builder-workspace/.derivedData/SDKStatCaches.noindex/appletvos27.0-24J360-e829b21a6f8c9b70876ba0858053c044b32bfd8d43560033f8d89884cdb90028.sdkstatcache
CreateBuildDirectory /Users/admin/builder/spi-builder-workspace/.derivedData/Build/Intermediates.noindex/PrecompiledHeaders
    cd /Users/admin/builder/spi-builder-workspace/.swiftpm/xcode
    builtin-create-build-directory /Users/admin/builder/spi-builder-workspace/.derivedData/Build/Intermediates.noindex/PrecompiledHeaders
CreateBuildDirectory /Users/admin/builder/spi-builder-workspace/.derivedData/Build/Intermediates.noindex/SwiftExplicitPrecompiledModules
    cd /Users/admin/builder/spi-builder-workspace/.swiftpm/xcode
    builtin-create-build-directory /Users/admin/builder/spi-builder-workspace/.derivedData/Build/Intermediates.noindex/SwiftExplicitPrecompiledModules
CreateBuildDirectory /Users/admin/builder/spi-builder-workspace/.derivedData/Build/Intermediates.noindex/ExplicitPrecompiledModules
    cd /Users/admin/builder/spi-builder-workspace/.swiftpm/xcode
    builtin-create-build-directory /Users/admin/builder/spi-builder-workspace/.derivedData/Build/Intermediates.noindex/ExplicitPrecompiledModules
CreateBuildDirectory /Users/admin/builder/spi-builder-workspace/.derivedData/Build/Products/Debug-appletvos
    cd /Users/admin/builder/spi-builder-workspace/.swiftpm/xcode
    builtin-create-build-directory /Users/admin/builder/spi-builder-workspace/.derivedData/Build/Products/Debug-appletvos
CreateBuildDirectory /Users/admin/builder/spi-builder-workspace/.derivedData/Build/Intermediates.noindex/EagerLinkingTBDs/Debug-appletvos
    cd /Users/admin/builder/spi-builder-workspace/.swiftpm/xcode
    builtin-create-build-directory /Users/admin/builder/spi-builder-workspace/.derivedData/Build/Intermediates.noindex/EagerLinkingTBDs/Debug-appletvos
CreateBuildDirectory /Users/admin/builder/spi-builder-workspace/.derivedData/Build/Products/Debug-appletvos/PackageFrameworks
    cd /Users/admin/builder/spi-builder-workspace/.swiftpm/xcode
    builtin-create-build-directory /Users/admin/builder/spi-builder-workspace/.derivedData/Build/Products/Debug-appletvos/PackageFrameworks
WriteAuxiliaryFile /Users/admin/builder/spi-builder-workspace/.derivedData/Build/Intermediates.noindex/Harvester.build/Debug-appletvos/XCTestHarvester-t.build/XCTestHarvester.DependencyStaticMetadataFileList (in target 'XCTestHarvester' from project 'Harvester')
    cd /Users/admin/builder/spi-builder-workspace
    write-file /Users/admin/builder/spi-builder-workspace/.derivedData/Build/Intermediates.noindex/Harvester.build/Debug-appletvos/XCTestHarvester-t.build/XCTestHarvester.DependencyStaticMetadataFileList
WriteAuxiliaryFile /Users/admin/builder/spi-builder-workspace/.derivedData/Build/Intermediates.noindex/Harvester.build/Debug-appletvos/XCTestHarvester-t.build/XCTestHarvester.DependencyMetadataFileList (in target 'XCTestHarvester' from project 'Harvester')
    cd /Users/admin/builder/spi-builder-workspace
    write-file /Users/admin/builder/spi-builder-workspace/.derivedData/Build/Intermediates.noindex/Harvester.build/Debug-appletvos/XCTestHarvester-t.build/XCTestHarvester.DependencyMetadataFileList
WriteAuxiliaryFile /Users/admin/builder/spi-builder-workspace/.derivedData/Build/Intermediates.noindex/Harvester.build/Debug-appletvos/XCTestHarvester-t.build/XCTestHarvester.modulemap (in target 'XCTestHarvester' from project 'Harvester')
    cd /Users/admin/builder/spi-builder-workspace
    write-file /Users/admin/builder/spi-builder-workspace/.derivedData/Build/Intermediates.noindex/Harvester.build/Debug-appletvos/XCTestHarvester-t.build/XCTestHarvester.modulemap
WriteAuxiliaryFile /Users/admin/builder/spi-builder-workspace/.derivedData/Build/Intermediates.noindex/Harvester.build/Debug-appletvos/XCTestHarvester-t.build/Objects-normal/arm64/XCTestHarvester_const_extract_protocols.json (in target 'XCTestHarvester' from project 'Harvester')
    cd /Users/admin/builder/spi-builder-workspace
    write-file /Users/admin/builder/spi-builder-workspace/.derivedData/Build/Intermediates.noindex/Harvester.build/Debug-appletvos/XCTestHarvester-t.build/Objects-normal/arm64/XCTestHarvester_const_extract_protocols.json
WriteAuxiliaryFile /Users/admin/builder/spi-builder-workspace/.derivedData/Build/Intermediates.noindex/Harvester.build/Debug-appletvos/XCTestHarvester-t.build/Objects-normal/arm64/XCTestHarvester-OutputFileMap.json (in target 'XCTestHarvester' from project 'Harvester')
    cd /Users/admin/builder/spi-builder-workspace
    write-file /Users/admin/builder/spi-builder-workspace/.derivedData/Build/Intermediates.noindex/Harvester.build/Debug-appletvos/XCTestHarvester-t.build/Objects-normal/arm64/XCTestHarvester-OutputFileMap.json
WriteAuxiliaryFile /Users/admin/builder/spi-builder-workspace/.derivedData/Build/Intermediates.noindex/Harvester.build/Debug-appletvos/XCTestHarvester-t.build/Objects-normal/arm64/XCTestHarvester.LinkFileList (in target 'XCTestHarvester' from project 'Harvester')
    cd /Users/admin/builder/spi-builder-workspace
    write-file /Users/admin/builder/spi-builder-workspace/.derivedData/Build/Intermediates.noindex/Harvester.build/Debug-appletvos/XCTestHarvester-t.build/Objects-normal/arm64/XCTestHarvester.LinkFileList
WriteAuxiliaryFile /Users/admin/builder/spi-builder-workspace/.derivedData/Build/Intermediates.noindex/Harvester.build/Debug-appletvos/XCTestHarvester-t.build/Objects-normal/arm64/XCTestHarvester.SwiftFileList (in target 'XCTestHarvester' from project 'Harvester')
    cd /Users/admin/builder/spi-builder-workspace
    write-file /Users/admin/builder/spi-builder-workspace/.derivedData/Build/Intermediates.noindex/Harvester.build/Debug-appletvos/XCTestHarvester-t.build/Objects-normal/arm64/XCTestHarvester.SwiftFileList
WriteAuxiliaryFile /Users/admin/builder/spi-builder-workspace/.derivedData/Build/Intermediates.noindex/Harvester.build/Debug-appletvos/XCTestHarvester-t.build/Objects-normal/arm64/XCTestHarvester.SwiftConstValuesFileList (in target 'XCTestHarvester' from project 'Harvester')
    cd /Users/admin/builder/spi-builder-workspace
    write-file /Users/admin/builder/spi-builder-workspace/.derivedData/Build/Intermediates.noindex/Harvester.build/Debug-appletvos/XCTestHarvester-t.build/Objects-normal/arm64/XCTestHarvester.SwiftConstValuesFileList
WriteAuxiliaryFile /Users/admin/builder/spi-builder-workspace/.derivedData/Build/Intermediates.noindex/Harvester.build/Debug-appletvos/Harvester-t.build/Objects-normal/arm64/Harvester_const_extract_protocols.json (in target 'Harvester' from project 'Harvester')
    cd /Users/admin/builder/spi-builder-workspace
    write-file /Users/admin/builder/spi-builder-workspace/.derivedData/Build/Intermediates.noindex/Harvester.build/Debug-appletvos/Harvester-t.build/Objects-normal/arm64/Harvester_const_extract_protocols.json
WriteAuxiliaryFile /Users/admin/builder/spi-builder-workspace/.derivedData/Build/Intermediates.noindex/Harvester.build/Debug-appletvos/Harvester-t.build/Objects-normal/arm64/Harvester.SwiftFileList (in target 'Harvester' from project 'Harvester')
    cd /Users/admin/builder/spi-builder-workspace
    write-file /Users/admin/builder/spi-builder-workspace/.derivedData/Build/Intermediates.noindex/Harvester.build/Debug-appletvos/Harvester-t.build/Objects-normal/arm64/Harvester.SwiftFileList
WriteAuxiliaryFile /Users/admin/builder/spi-builder-workspace/.derivedData/Build/Intermediates.noindex/Harvester.build/Debug-appletvos/Harvester-t.build/Objects-normal/arm64/Harvester.SwiftConstValuesFileList (in target 'Harvester' from project 'Harvester')
    cd /Users/admin/builder/spi-builder-workspace
    write-file /Users/admin/builder/spi-builder-workspace/.derivedData/Build/Intermediates.noindex/Harvester.build/Debug-appletvos/Harvester-t.build/Objects-normal/arm64/Harvester.SwiftConstValuesFileList
WriteAuxiliaryFile /Users/admin/builder/spi-builder-workspace/.derivedData/Build/Intermediates.noindex/Harvester.build/Debug-appletvos/Harvester-t.build/Objects-normal/arm64/Harvester.LinkFileList (in target 'Harvester' from project 'Harvester')
    cd /Users/admin/builder/spi-builder-workspace
    write-file /Users/admin/builder/spi-builder-workspace/.derivedData/Build/Intermediates.noindex/Harvester.build/Debug-appletvos/Harvester-t.build/Objects-normal/arm64/Harvester.LinkFileList
WriteAuxiliaryFile /Users/admin/builder/spi-builder-workspace/.derivedData/Build/Intermediates.noindex/Harvester.build/Debug-appletvos/Harvester-t.build/Objects-normal/arm64/Harvester-OutputFileMap.json (in target 'Harvester' from project 'Harvester')
    cd /Users/admin/builder/spi-builder-workspace
    write-file /Users/admin/builder/spi-builder-workspace/.derivedData/Build/Intermediates.noindex/Harvester.build/Debug-appletvos/Harvester-t.build/Objects-normal/arm64/Harvester-OutputFileMap.json
WriteAuxiliaryFile /Users/admin/builder/spi-builder-workspace/.derivedData/Build/Intermediates.noindex/Harvester.build/Debug-appletvos/Harvester-t.build/Harvester.modulemap (in target 'Harvester' from project 'Harvester')
    cd /Users/admin/builder/spi-builder-workspace
    write-file /Users/admin/builder/spi-builder-workspace/.derivedData/Build/Intermediates.noindex/Harvester.build/Debug-appletvos/Harvester-t.build/Harvester.modulemap
WriteAuxiliaryFile /Users/admin/builder/spi-builder-workspace/.derivedData/Build/Intermediates.noindex/Harvester.build/Debug-appletvos/Harvester-t.build/Harvester.DependencyStaticMetadataFileList (in target 'Harvester' from project 'Harvester')
    cd /Users/admin/builder/spi-builder-workspace
    write-file /Users/admin/builder/spi-builder-workspace/.derivedData/Build/Intermediates.noindex/Harvester.build/Debug-appletvos/Harvester-t.build/Harvester.DependencyStaticMetadataFileList
WriteAuxiliaryFile /Users/admin/builder/spi-builder-workspace/.derivedData/Build/Intermediates.noindex/Harvester.build/Debug-appletvos/Harvester-t.build/Harvester.DependencyMetadataFileList (in target 'Harvester' from project 'Harvester')
    cd /Users/admin/builder/spi-builder-workspace
    write-file /Users/admin/builder/spi-builder-workspace/.derivedData/Build/Intermediates.noindex/Harvester.build/Debug-appletvos/Harvester-t.build/Harvester.DependencyMetadataFileList
Copy /Users/admin/builder/spi-builder-workspace/.derivedData/Build/Intermediates.noindex/GeneratedModuleMaps-appletvos/XCTestHarvester.modulemap /Users/admin/builder/spi-builder-workspace/.derivedData/Build/Intermediates.noindex/Harvester.build/Debug-appletvos/XCTestHarvester-t.build/XCTestHarvester.modulemap (in target 'XCTestHarvester' from project 'Harvester')
    cd /Users/admin/builder/spi-builder-workspace
    builtin-copy -exclude .DS_Store -exclude CVS -exclude .svn -exclude .git -exclude .hg -resolve-src-symlinks /Users/admin/builder/spi-builder-workspace/.derivedData/Build/Intermediates.noindex/Harvester.build/Debug-appletvos/XCTestHarvester-t.build/XCTestHarvester.modulemap /Users/admin/builder/spi-builder-workspace/.derivedData/Build/Intermediates.noindex/GeneratedModuleMaps-appletvos
Copy /Users/admin/builder/spi-builder-workspace/.derivedData/Build/Intermediates.noindex/GeneratedModuleMaps-appletvos/Harvester.modulemap /Users/admin/builder/spi-builder-workspace/.derivedData/Build/Intermediates.noindex/Harvester.build/Debug-appletvos/Harvester-t.build/Harvester.modulemap (in target 'Harvester' from project 'Harvester')
    cd /Users/admin/builder/spi-builder-workspace
    builtin-copy -exclude .DS_Store -exclude CVS -exclude .svn -exclude .git -exclude .hg -resolve-src-symlinks /Users/admin/builder/spi-builder-workspace/.derivedData/Build/Intermediates.noindex/Harvester.build/Debug-appletvos/Harvester-t.build/Harvester.modulemap /Users/admin/builder/spi-builder-workspace/.derivedData/Build/Intermediates.noindex/GeneratedModuleMaps-appletvos
SwiftDriver XCTestHarvester normal arm64 com.apple.xcode.tools.swift.compiler (in target 'XCTestHarvester' from project 'Harvester')
    cd /Users/admin/builder/spi-builder-workspace/.swiftpm/xcode
    builtin-SwiftDriver -- /Applications/Xcode-27.0.0-Release.Candidate.app/Contents/Developer/Toolchains/XcodeDefault.xctoolchain/usr/bin/swiftc -parse-as-library -module-name XCTestHarvester -Onone @/Users/admin/builder/spi-builder-workspace/.derivedData/Build/Intermediates.noindex/Harvester.build/Debug-appletvos/XCTestHarvester-t.build/Objects-normal/arm64/XCTestHarvester.SwiftFileList -DSWIFT_PACKAGE -DDEBUG -DSWIFT_MODULE_RESOURCE_BUNDLE_UNAVAILABLE -DXcode -plugin-path /Applications/Xcode-27.0.0-Release.Candidate.app/Contents/Developer/Toolchains/XcodeDefault.xctoolchain/usr/lib/swift/host/plugins/testing -enable-experimental-feature DebugDescriptionMacro -sdk /Applications/Xcode-27.0.0-Release.Candidate.app/Contents/Developer/Platforms/AppleTVOS.platform/Developer/SDKs/AppleTVOS27.0.sdk -target arm64-apple-tvos15.0 -g -module-cache-path /Users/admin/builder/spi-builder-workspace/.derivedData/ModuleCache.noindex -Xfrontend -serialize-debugging-options -profile-coverage-mapping -profile-generate -enable-testing -index-store-path /Users/admin/builder/spi-builder-workspace/.derivedData/Index.noindex/DataStore -Xcc -D_LIBCPP_HARDENING_MODE\=_LIBCPP_HARDENING_MODE_DEBUG -swift-version 5 -I /Users/admin/builder/spi-builder-workspace/.derivedData/Build/Products/Debug-appletvos -Isystem /Applications/Xcode-27.0.0-Release.Candidate.app/Contents/Developer/Platforms/AppleTVOS.platform/Developer/usr/lib -F /Users/admin/builder/spi-builder-workspace/.derivedData/Build/Products/Debug-appletvos -F /Applications/Xcode-27.0.0-Release.Candidate.app/Contents/Developer/Platforms/AppleTVOS.platform/Developer/Library/Frameworks -F /Applications/Xcode-27.0.0-Release.Candidate.app/Contents/Developer/Platforms/AppleTVOS.platform/Developer/SDKs/AppleTVOS27.0.sdk/Developer/Library/Frameworks -c -j10 -enable-batch-mode -incremental -Xcc -ivfsstatcache -Xcc /Users/admin/builder/spi-builder-workspace/.derivedData/SDKStatCaches.noindex/appletvos27.0-24J360-e829b21a6f8c9b70876ba0858053c044b32bfd8d43560033f8d89884cdb90028.sdkstatcache -output-file-map /Users/admin/builder/spi-builder-workspace/.derivedData/Build/Intermediates.noindex/Harvester.build/Debug-appletvos/XCTestHarvester-t.build/Objects-normal/arm64/XCTestHarvester-OutputFileMap.json -save-temps -no-color-diagnostics -explicit-module-build -module-cache-path /Users/admin/builder/spi-builder-workspace/.derivedData/Build/Intermediates.noindex/SwiftExplicitPrecompiledModules -clang-scanner-module-cache-path /Users/admin/builder/spi-builder-workspace/.derivedData/ModuleCache.noindex -sdk-module-cache-path /Users/admin/builder/spi-builder-workspace/.derivedData/SDKExplicitPrecompiledModules -emit-dependencies -emit-module -emit-module-path /Users/admin/builder/spi-builder-workspace/.derivedData/Build/Intermediates.noindex/Harvester.build/Debug-appletvos/XCTestHarvester-t.build/Objects-normal/arm64/XCTestHarvester.swiftmodule -serialize-diagnostics -dependency-scan-serialize-diagnostics-path /Users/admin/builder/spi-builder-workspace/.derivedData/Build/Intermediates.noindex/Harvester.build/Debug-appletvos/XCTestHarvester-t.build/Objects-normal/arm64/XCTestHarvester-dependency-scan.dia -validate-clang-modules-once -clang-build-session-file /Users/admin/builder/spi-builder-workspace/.derivedData/ModuleCache.noindex/Session.modulevalidation -Xcc -fmodules-prune-interval\=86400 -Xcc -fmodules-prune-after\=345600 -emit-const-values -const-gather-protocols-list /Users/admin/builder/spi-builder-workspace/.derivedData/Build/Intermediates.noindex/Harvester.build/Debug-appletvos/XCTestHarvester-t.build/Objects-normal/arm64/XCTestHarvester_const_extract_protocols.json -Xcc -I/Users/admin/builder/spi-builder-workspace/.derivedData/Build/Products/Debug-appletvos/include -Xcc -I/Users/admin/builder/spi-builder-workspace/.derivedData/Build/Intermediates.noindex/Harvester.build/Debug-appletvos/XCTestHarvester-t.build/DerivedSources-normal/arm64 -Xcc -I/Users/admin/builder/spi-builder-workspace/.derivedData/Build/Intermediates.noindex/Harvester.build/Debug-appletvos/XCTestHarvester-t.build/DerivedSources/arm64 -Xcc -I/Users/admin/builder/spi-builder-workspace/.derivedData/Build/Intermediates.noindex/Harvester.build/Debug-appletvos/XCTestHarvester-t.build/DerivedSources -Xcc -DSWIFT_PACKAGE -Xcc -DDEBUG\=1 -emit-objc-header -emit-objc-header-path /Users/admin/builder/spi-builder-workspace/.derivedData/Build/Intermediates.noindex/Harvester.build/Debug-appletvos/XCTestHarvester-t.build/Objects-normal/arm64/XCTestHarvester-Swift.h -working-directory /Users/admin/builder/spi-builder-workspace/.swiftpm/xcode -experimental-emit-module-separately -disable-cmo
SwiftDriver Harvester normal arm64 com.apple.xcode.tools.swift.compiler (in target 'Harvester' from project 'Harvester')
    cd /Users/admin/builder/spi-builder-workspace/.swiftpm/xcode
    builtin-SwiftDriver -- /Applications/Xcode-27.0.0-Release.Candidate.app/Contents/Developer/Toolchains/XcodeDefault.xctoolchain/usr/bin/swiftc -parse-as-library -module-name Harvester -Onone @/Users/admin/builder/spi-builder-workspace/.derivedData/Build/Intermediates.noindex/Harvester.build/Debug-appletvos/Harvester-t.build/Objects-normal/arm64/Harvester.SwiftFileList -DSWIFT_PACKAGE -DDEBUG -DSWIFT_MODULE_RESOURCE_BUNDLE_UNAVAILABLE -DXcode -plugin-path /Applications/Xcode-27.0.0-Release.Candidate.app/Contents/Developer/Toolchains/XcodeDefault.xctoolchain/usr/lib/swift/host/plugins/testing -enable-experimental-feature DebugDescriptionMacro -sdk /Applications/Xcode-27.0.0-Release.Candidate.app/Contents/Developer/Platforms/AppleTVOS.platform/Developer/SDKs/AppleTVOS27.0.sdk -target arm64-apple-tvos15.0 -g -module-cache-path /Users/admin/builder/spi-builder-workspace/.derivedData/ModuleCache.noindex -Xfrontend -serialize-debugging-options -profile-coverage-mapping -profile-generate -enable-testing -index-store-path /Users/admin/builder/spi-builder-workspace/.derivedData/Index.noindex/DataStore -Xcc -D_LIBCPP_HARDENING_MODE\=_LIBCPP_HARDENING_MODE_DEBUG -swift-version 5 -I /Users/admin/builder/spi-builder-workspace/.derivedData/Build/Products/Debug-appletvos -Isystem /Applications/Xcode-27.0.0-Release.Candidate.app/Contents/Developer/Platforms/AppleTVOS.platform/Developer/usr/lib -F /Users/admin/builder/spi-builder-workspace/.derivedData/Build/Products/Debug-appletvos -F /Applications/Xcode-27.0.0-Release.Candidate.app/Contents/Developer/Platforms/AppleTVOS.platform/Developer/Library/Frameworks -F /Applications/Xcode-27.0.0-Release.Candidate.app/Contents/Developer/Platforms/AppleTVOS.platform/Developer/SDKs/AppleTVOS27.0.sdk/Developer/Library/Frameworks -c -j10 -enable-batch-mode -incremental -Xcc -ivfsstatcache -Xcc /Users/admin/builder/spi-builder-workspace/.derivedData/SDKStatCaches.noindex/appletvos27.0-24J360-e829b21a6f8c9b70876ba0858053c044b32bfd8d43560033f8d89884cdb90028.sdkstatcache -output-file-map /Users/admin/builder/spi-builder-workspace/.derivedData/Build/Intermediates.noindex/Harvester.build/Debug-appletvos/Harvester-t.build/Objects-normal/arm64/Harvester-OutputFileMap.json -save-temps -no-color-diagnostics -explicit-module-build -module-cache-path /Users/admin/builder/spi-builder-workspace/.derivedData/Build/Intermediates.noindex/SwiftExplicitPrecompiledModules -clang-scanner-module-cache-path /Users/admin/builder/spi-builder-workspace/.derivedData/ModuleCache.noindex -sdk-module-cache-path /Users/admin/builder/spi-builder-workspace/.derivedData/SDKExplicitPrecompiledModules -emit-dependencies -emit-module -emit-module-path /Users/admin/builder/spi-builder-workspace/.derivedData/Build/Intermediates.noindex/Harvester.build/Debug-appletvos/Harvester-t.build/Objects-normal/arm64/Harvester.swiftmodule -serialize-diagnostics -dependency-scan-serialize-diagnostics-path /Users/admin/builder/spi-builder-workspace/.derivedData/Build/Intermediates.noindex/Harvester.build/Debug-appletvos/Harvester-t.build/Objects-normal/arm64/Harvester-dependency-scan.dia -validate-clang-modules-once -clang-build-session-file /Users/admin/builder/spi-builder-workspace/.derivedData/ModuleCache.noindex/Session.modulevalidation -Xcc -fmodules-prune-interval\=86400 -Xcc -fmodules-prune-after\=345600 -emit-const-values -const-gather-protocols-list /Users/admin/builder/spi-builder-workspace/.derivedData/Build/Intermediates.noindex/Harvester.build/Debug-appletvos/Harvester-t.build/Objects-normal/arm64/Harvester_const_extract_protocols.json -Xcc -I/Users/admin/builder/spi-builder-workspace/.derivedData/Build/Products/Debug-appletvos/include -Xcc -I/Users/admin/builder/spi-builder-workspace/.derivedData/Build/Intermediates.noindex/Harvester.build/Debug-appletvos/Harvester-t.build/DerivedSources-normal/arm64 -Xcc -I/Users/admin/builder/spi-builder-workspace/.derivedData/Build/Intermediates.noindex/Harvester.build/Debug-appletvos/Harvester-t.build/DerivedSources/arm64 -Xcc -I/Users/admin/builder/spi-builder-workspace/.derivedData/Build/Intermediates.noindex/Harvester.build/Debug-appletvos/Harvester-t.build/DerivedSources -Xcc -DSWIFT_PACKAGE -Xcc -DDEBUG\=1 -emit-objc-header -emit-objc-header-path /Users/admin/builder/spi-builder-workspace/.derivedData/Build/Intermediates.noindex/Harvester.build/Debug-appletvos/Harvester-t.build/Objects-normal/arm64/Harvester-Swift.h -working-directory /Users/admin/builder/spi-builder-workspace/.swiftpm/xcode -experimental-emit-module-separately -disable-cmo
SwiftExplicitDependencyGeneratePcm arm64 /Users/admin/builder/spi-builder-workspace/.derivedData/SDKExplicitPrecompiledModules/SwiftShims-8N4EXJ4RUJTR8K9OO3CMOH1EP.pcm
SwiftExplicitDependencyGeneratePcm arm64 /Users/admin/builder/spi-builder-workspace/.derivedData/SDKExplicitPrecompiledModules/_Builtin_float-8ZJAYZ85YBOAOP52Y9H6IUNP3.pcm
SwiftExplicitDependencyGeneratePcm arm64 /Users/admin/builder/spi-builder-workspace/.derivedData/SDKExplicitPrecompiledModules/_Builtin_stddef-9ZJZ6FDEZNKTZU8YLPMFT9RAQ.pcm
SwiftExplicitDependencyGeneratePcm arm64 /Users/admin/builder/spi-builder-workspace/.derivedData/SDKExplicitPrecompiledModules/_Builtin_stdbool-AHRDH5EKLY6D04C5E42F3VCQI.pcm
SwiftExplicitDependencyGeneratePcm arm64 /Users/admin/builder/spi-builder-workspace/.derivedData/SDKExplicitPrecompiledModules/_AvailabilityInternal-BV2EDDP0MI5QJDDPEEV4D9D3V.pcm
SwiftExplicitDependencyGeneratePcm arm64 /Users/admin/builder/spi-builder-workspace/.derivedData/SDKExplicitPrecompiledModules/_SwiftConcurrencyShims-BY5PD8KF1L5KF6F4Q69HE3TJ4.pcm
SwiftExplicitDependencyGeneratePcm arm64 /Users/admin/builder/spi-builder-workspace/.derivedData/SDKExplicitPrecompiledModules/ptrcheck-2AZ6B5IBYD3RRRTFWN2ONASY3.pcm
SwiftExplicitDependencyGeneratePcm arm64 /Users/admin/builder/spi-builder-workspace/.derivedData/SDKExplicitPrecompiledModules/_Builtin_stdarg-BO2OCAUYVAXDRVQWQ8ISKGNUQ.pcm
SwiftExplicitDependencyGeneratePcm arm64 /Users/admin/builder/spi-builder-workspace/.derivedData/SDKExplicitPrecompiledModules/ptrauth-8X2KEPL7CTRPS40TUB9APHPK6.pcm
SwiftExplicitDependencyGeneratePcm arm64 /Users/admin/builder/spi-builder-workspace/.derivedData/SDKExplicitPrecompiledModules/DeveloperToolsSupport-B1X8RI63V48AJRTH2RK6JAARV.pcm
SwiftExplicitDependencyGeneratePcm arm64 /Users/admin/builder/spi-builder-workspace/.derivedData/SDKExplicitPrecompiledModules/_DarwinFoundation1-JOTYMOA1YZCIJ2NON6FQ848O.pcm
SwiftExplicitDependencyGeneratePcm arm64 /Users/admin/builder/spi-builder-workspace/.derivedData/SDKExplicitPrecompiledModules/_Builtin_limits-7JU2HP127LIT1X9E2V3D8WZ1.pcm
SwiftExplicitDependencyGeneratePcm arm64 /Users/admin/builder/spi-builder-workspace/.derivedData/SDKExplicitPrecompiledModules/_DarwinFoundation2-AOGAN1O02NKXRJN5V73AV3V3M.pcm
SwiftExplicitDependencyGeneratePcm arm64 /Users/admin/builder/spi-builder-workspace/.derivedData/SDKExplicitPrecompiledModules/_Builtin_stdint-6NFTB6IBKS143IVPGT1EKB7HO.pcm
SwiftExplicitDependencyGeneratePcm arm64 /Users/admin/builder/spi-builder-workspace/.derivedData/SDKExplicitPrecompiledModules/string_h-6EVHP7A717OUS5DMC78F79HWO.pcm
SwiftExplicitDependencyGeneratePcm arm64 /Users/admin/builder/spi-builder-workspace/.derivedData/SDKExplicitPrecompiledModules/sys_types-8GCAV1YMG5UUGHUID3CA20TCH.pcm
SwiftExplicitDependencyGeneratePcm arm64 /Users/admin/builder/spi-builder-workspace/.derivedData/SDKExplicitPrecompiledModules/_Builtin_tgmath-7ULT1EUHDHW4OZPSTT33H6QGE.pcm
SwiftExplicitDependencyGeneratePcm arm64 /Users/admin/builder/spi-builder-workspace/.derivedData/SDKExplicitPrecompiledModules/_Builtin_stdatomic-3YXHN678NGYM3NL9POJ2HVEIF.pcm
SwiftExplicitDependencyGeneratePcm arm64 /Users/admin/builder/spi-builder-workspace/.derivedData/SDKExplicitPrecompiledModules/_Builtin_intrinsics-437O2R2NID4WAQVENR63GR82C.pcm
SwiftExplicitDependencyGeneratePcm arm64 /Users/admin/builder/spi-builder-workspace/.derivedData/SDKExplicitPrecompiledModules/_DarwinFoundation3-8SR3855WDFHQPR6G9GHOI2C07.pcm
SwiftExplicitDependencyGeneratePcm arm64 /Users/admin/builder/spi-builder-workspace/.derivedData/SDKExplicitPrecompiledModules/_Builtin_inttypes-6X1IQ3QK9KEVKXOK9Y79EW7J3.pcm
SwiftExplicitDependencyGeneratePcm arm64 /Users/admin/builder/spi-builder-workspace/.derivedData/SDKExplicitPrecompiledModules/Darwin-DBSQAVBBPC3D2OMU5ZI2RXMST.pcm
SwiftExplicitDependencyGeneratePcm arm64 /Users/admin/builder/spi-builder-workspace/.derivedData/SDKExplicitPrecompiledModules/simd-117QUXEUT3Z7UQCUYWV2UA228.pcm
SwiftExplicitDependencyGeneratePcm arm64 /Users/admin/builder/spi-builder-workspace/.derivedData/SDKExplicitPrecompiledModules/MachO-EH3F5PJCIZG05NO51CEFSZYPW.pcm
SwiftExplicitDependencyGeneratePcm arm64 /Users/admin/builder/spi-builder-workspace/.derivedData/SDKExplicitPrecompiledModules/ObjectiveC-5250FDCE56N8508OR6XUYDKZM.pcm
SwiftExplicitDependencyGeneratePcm arm64 /Users/admin/builder/spi-builder-workspace/.derivedData/SDKExplicitPrecompiledModules/os_object-E2DGZ0SX0TULQHULZRPO6OKNW.pcm
SwiftExplicitDependencyGeneratePcm arm64 /Users/admin/builder/spi-builder-workspace/.derivedData/SDKExplicitPrecompiledModules/os_workgroup-DBUFF7811DKMX7VPBOJPGGF1U.pcm
SwiftExplicitDependencyGeneratePcm arm64 /Users/admin/builder/spi-builder-workspace/.derivedData/SDKExplicitPrecompiledModules/Dispatch-1QL58A0V50C39KVAIC6C38SHL.pcm
SwiftExplicitDependencyGeneratePcm arm64 /Users/admin/builder/spi-builder-workspace/.derivedData/SDKExplicitPrecompiledModules/Spatial-7U8NLEFXSB8BR7PJQGVMF5A4Q.pcm
SwiftExplicitDependencyGeneratePcm arm64 /Users/admin/builder/spi-builder-workspace/.derivedData/SDKExplicitPrecompiledModules/CoreFoundation-7TPJ7ENDC4L1A1ESHYI9TXS0D.pcm
SwiftExplicitDependencyGeneratePcm arm64 /Users/admin/builder/spi-builder-workspace/.derivedData/SDKExplicitPrecompiledModules/XPC-6O2DJFT3QUJ7QKTD3SNUB6PCR.pcm
SwiftExplicitDependencyGeneratePcm arm64 /Users/admin/builder/spi-builder-workspace/.derivedData/SDKExplicitPrecompiledModules/os-3GJI8H0BNAEZPQPQ1V0VVY3FY.pcm
SwiftExplicitDependencyGeneratePcm arm64 /Users/admin/builder/spi-builder-workspace/.derivedData/SDKExplicitPrecompiledModules/CoreGraphics-CWSP3J98S2658BYCVL6RP99T3.pcm
SwiftExplicitDependencyGeneratePcm arm64 /Users/admin/builder/spi-builder-workspace/.derivedData/SDKExplicitPrecompiledModules/CFNetwork-2CUR2VK9S3S3WPFXPNXNUWYGN.pcm
SwiftExplicitDependencyGeneratePcm arm64 /Users/admin/builder/spi-builder-workspace/.derivedData/SDKExplicitPrecompiledModules/Security-8VMXEKVDA3MHUH9AOTP905DID.pcm
SwiftExplicitDependencyGeneratePcm arm64 /Users/admin/builder/spi-builder-workspace/.derivedData/SDKExplicitPrecompiledModules/Foundation-BSSIP64DIGUKMAYJOG1WPQ78X.pcm
SwiftExplicitDependencyGeneratePcm arm64 /Users/admin/builder/spi-builder-workspace/.derivedData/SDKExplicitPrecompiledModules/ImageIO-88D4CLEBD4CLWQKT78PZ6H1O8.pcm
SwiftExplicitDependencyGeneratePcm arm64 /Users/admin/builder/spi-builder-workspace/.derivedData/SDKExplicitPrecompiledModules/CoreText-59NY7PABM0I4V978161FOC04A.pcm
SwiftExplicitDependencyGeneratePcm arm64 /Users/admin/builder/spi-builder-workspace/.derivedData/SDKExplicitPrecompiledModules/OSLog-7OT6HHTMY0ZFEQJ095LJZ6NLC.pcm
SwiftExplicitDependencyGeneratePcm arm64 /Users/admin/builder/spi-builder-workspace/.derivedData/SDKExplicitPrecompiledModules/DataDetection-37JIYZ2GWDA1L166PP1D9JKAF.pcm
SwiftExplicitDependencyGeneratePcm arm64 /Users/admin/builder/spi-builder-workspace/.derivedData/SDKExplicitPrecompiledModules/IOSurface-38FJ1CKX9FV2RD97O64Z7QB17.pcm
SwiftExplicitDependencyGeneratePcm arm64 /Users/admin/builder/spi-builder-workspace/.derivedData/SDKExplicitPrecompiledModules/UserNotifications-E9ZW5TH066WIJWH9080RC5NG4.pcm
SwiftExplicitDependencyGeneratePcm arm64 /Users/admin/builder/spi-builder-workspace/.derivedData/SDKExplicitPrecompiledModules/Symbols-B5AU9VM9Y7NU79RLMH13Z4IFM.pcm
SwiftExplicitDependencyGeneratePcm arm64 /Users/admin/builder/spi-builder-workspace/.derivedData/SDKExplicitPrecompiledModules/_LocationEssentials-ETSJ65FELPWR8WH8G49R1DF2E.pcm
SwiftExplicitDependencyGeneratePcm arm64 /Users/admin/builder/spi-builder-workspace/.derivedData/SDKExplicitPrecompiledModules/CoreTransferable-7V4O8DATEQ9F7SDNTCW8YWLG3.pcm
SwiftExplicitDependencyGeneratePcm arm64 /Users/admin/builder/spi-builder-workspace/.derivedData/SDKExplicitPrecompiledModules/UIUtilities-6ZFJ1AK4H8IBGEBMYQBWGBYLK.pcm
SwiftExplicitDependencyGeneratePcm arm64 /Users/admin/builder/spi-builder-workspace/.derivedData/SDKExplicitPrecompiledModules/UniformTypeIdentifiers-95CC8U42ZA9STP5K6GP9ZVJS5.pcm
SwiftExplicitDependencyGeneratePcm arm64 /Users/admin/builder/spi-builder-workspace/.derivedData/SDKExplicitPrecompiledModules/Accessibility-B6BODGZ4MQQTY0PBC4SHRP009.pcm
SwiftExplicitDependencyGeneratePcm arm64 /Users/admin/builder/spi-builder-workspace/.derivedData/SDKExplicitPrecompiledModules/CoreLocation-YVXXAOMVX0JH2KO1XTTKTY51.pcm
SwiftExplicitDependencyGeneratePcm arm64 /Users/admin/builder/spi-builder-workspace/.derivedData/SDKExplicitPrecompiledModules/OpenGLES-4NY99CNDU9WUNUYEIXSS1QFGE.pcm
SwiftExplicitDependencyGeneratePcm arm64 /Users/admin/builder/spi-builder-workspace/.derivedData/SDKExplicitPrecompiledModules/Metal-2KYBS7IML1SD788M91YV7Q0CC.pcm
SwiftExplicitDependencyGeneratePcm arm64 /Users/admin/builder/spi-builder-workspace/.derivedData/SDKExplicitPrecompiledModules/CoreVideo-DPU0PB5X0XLSVA2ETRGI6FJBM.pcm
SwiftExplicitDependencyGeneratePcm arm64 /Users/admin/builder/spi-builder-workspace/.derivedData/SDKExplicitPrecompiledModules/CoreImage-7S2AFJ8EIY3DUFYLEAX1JR1QV.pcm
SwiftExplicitDependencyGeneratePcm arm64 /Users/admin/builder/spi-builder-workspace/.derivedData/SDKExplicitPrecompiledModules/QuartzCore-DJSYAWKXFGVSAK5CQMOB3JSR.pcm
SwiftExplicitDependencyGeneratePcm arm64 /Users/admin/builder/spi-builder-workspace/.derivedData/SDKExplicitPrecompiledModules/SwiftUICore-543QU5V2NHKUFCYFJDKUJ7NYG.pcm
SwiftExplicitDependencyGeneratePcm arm64 /Users/admin/builder/spi-builder-workspace/.derivedData/SDKExplicitPrecompiledModules/UIKit-1TKWN7VC2X6N3ITMRVA2G0EB2.pcm
SwiftEmitModule normal arm64 Emitting\ module\ for\ Harvester (in target 'Harvester' from project 'Harvester')
SwiftCompile normal arm64 (in target 'Harvester' from project 'Harvester')
    cd /Users/admin/builder/spi-builder-workspace/.swiftpm/xcode

/Users/admin/builder/spi-builder-workspace/Sources/Harvester/Publisher+attachChild.swift:86:45: warning: conformance of 'Subscribers.ChildViewController' to protocol 'Subscriber' crosses into main actor-isolated code and can cause data races; this is an error in the Swift 6 language mode [#ConformanceIsolation]
 84 | extension Subscribers {
 85 |
 86 |     public final class ChildViewController: Subscriber, Cancellable {
    |                                             |- warning: conformance of 'Subscribers.ChildViewController' to protocol 'Subscriber' crosses into main actor-isolated code and can cause data races; this is an error in the Swift 6 language mode [#ConformanceIsolation]
    |                                             |- note: isolate this conformance to the main actor with '@MainActor'
    |                                             `- note: turn data races into runtime errors with '@preconcurrency'
 87 |         public typealias Input = Bool
 88 |         public typealias Failure = Never
    :
111 |
112 |         @MainActor
113 |         public func receive(_ isLoading: Bool) -> Subscribers.Demand {
    |                     `- note: main actor-isolated instance method 'receive' cannot satisfy nonisolated requirement
114 |             if isLoading {
115 |                 lock(true)
    :
123 |
124 |         @MainActor
125 |         public func receive(completion: Subscribers.Completion<Never>) {
    |                     `- note: main actor-isolated instance method 'receive(completion:)' cannot satisfy nonisolated requirement
126 |             detach()
127 |             lock(false)
/Users/admin/builder/spi-builder-workspace/Sources/Harvester/Publisher+attachChild.swift:86:57: warning: conformance of 'Subscribers.ChildViewController' to protocol 'Cancellable' crosses into main actor-isolated code and can cause data races; this is an error in the Swift 6 language mode [#ConformanceIsolation]
 84 | extension Subscribers {
 85 |
 86 |     public final class ChildViewController: Subscriber, Cancellable {
    |                                                         |- warning: conformance of 'Subscribers.ChildViewController' to protocol 'Cancellable' crosses into main actor-isolated code and can cause data races; this is an error in the Swift 6 language mode [#ConformanceIsolation]
    |                                                         |- note: isolate this conformance to the main actor with '@MainActor'
    |                                                         `- note: turn data races into runtime errors with '@preconcurrency'
 87 |         public typealias Input = Bool
 88 |         public typealias Failure = Never
    :
129 |
130 |         @MainActor
131 |         public func cancel() {
    |                     `- note: main actor-isolated instance method 'cancel()' cannot satisfy nonisolated requirement
132 |             detach()
133 |             lock(false)
[#ConformanceIsolation]: <https://docs.swift.org/compiler/documentation/diagnostics/conformance-isolation>
SwiftExplicitDependencyGeneratePcm arm64 /Users/admin/builder/spi-builder-workspace/.derivedData/Build/Intermediates.noindex/SwiftExplicitPrecompiledModules/XCUIAutomation-FJBJYHY5O0CJFAW58X6D04WA.pcm
SwiftCompile normal arm64 Compiling\ Publisher+asyncFirst.swift /Users/admin/builder/spi-builder-workspace/Sources/Harvester/Publisher+asyncFirst.swift (in target 'Harvester' from project 'Harvester')
SwiftCompile normal arm64 /Users/admin/builder/spi-builder-workspace/Sources/Harvester/Publisher+asyncFirst.swift (in target 'Harvester' from project 'Harvester')
    cd /Users/admin/builder/spi-builder-workspace/.swiftpm/xcode
    builtin-SwiftPerFileCompile Publisher+asyncFirst.swift
SwiftCompile normal arm64 Compiling\ UITextField+Publisher.swift /Users/admin/builder/spi-builder-workspace/Sources/Harvester/UITextField+Publisher.swift (in target 'Harvester' from project 'Harvester')
SwiftCompile normal arm64 /Users/admin/builder/spi-builder-workspace/Sources/Harvester/UITextField+Publisher.swift (in target 'Harvester' from project 'Harvester')
    cd /Users/admin/builder/spi-builder-workspace/.swiftpm/xcode
    builtin-SwiftPerFileCompile UITextField+Publisher.swift
SwiftCompile normal arm64 Compiling\ UIControl+Publisher.swift /Users/admin/builder/spi-builder-workspace/Sources/Harvester/UIControl+Publisher.swift (in target 'Harvester' from project 'Harvester')
SwiftCompile normal arm64 /Users/admin/builder/spi-builder-workspace/Sources/Harvester/UIControl+Publisher.swift (in target 'Harvester' from project 'Harvester')
    cd /Users/admin/builder/spi-builder-workspace/.swiftpm/xcode
    builtin-SwiftPerFileCompile UIControl+Publisher.swift
SwiftCompile normal arm64 Compiling\ Publisher+assignWeak.swift /Users/admin/builder/spi-builder-workspace/Sources/Harvester/Publisher+assignWeak.swift (in target 'Harvester' from project 'Harvester')
SwiftCompile normal arm64 /Users/admin/builder/spi-builder-workspace/Sources/Harvester/Publisher+assignWeak.swift (in target 'Harvester' from project 'Harvester')
    cd /Users/admin/builder/spi-builder-workspace/.swiftpm/xcode
    builtin-SwiftPerFileCompile Publisher+assignWeak.swift
SwiftCompile normal arm64 Compiling\ Publisher+attachChild.swift /Users/admin/builder/spi-builder-workspace/Sources/Harvester/Publisher+attachChild.swift (in target 'Harvester' from project 'Harvester')
/Users/admin/builder/spi-builder-workspace/Sources/Harvester/Publisher+attachChild.swift:86:45: warning: conformance of 'Subscribers.ChildViewController' to protocol 'Subscriber' crosses into main actor-isolated code and can cause data races; this is an error in the Swift 6 language mode [#ConformanceIsolation]
 84 | extension Subscribers {
 85 |
 86 |     public final class ChildViewController: Subscriber, Cancellable {
    |                                             |- warning: conformance of 'Subscribers.ChildViewController' to protocol 'Subscriber' crosses into main actor-isolated code and can cause data races; this is an error in the Swift 6 language mode [#ConformanceIsolation]
    |                                             |- note: isolate this conformance to the main actor with '@MainActor'
    |                                             `- note: turn data races into runtime errors with '@preconcurrency'
 87 |         public typealias Input = Bool
 88 |         public typealias Failure = Never
    :
111 |
112 |         @MainActor
113 |         public func receive(_ isLoading: Bool) -> Subscribers.Demand {
    |                     `- note: main actor-isolated instance method 'receive' cannot satisfy nonisolated requirement
114 |             if isLoading {
115 |                 lock(true)
    :
123 |
124 |         @MainActor
125 |         public func receive(completion: Subscribers.Completion<Never>) {
    |                     `- note: main actor-isolated instance method 'receive(completion:)' cannot satisfy nonisolated requirement
126 |             detach()
127 |             lock(false)
/Users/admin/builder/spi-builder-workspace/Sources/Harvester/Publisher+attachChild.swift:86:57: warning: conformance of 'Subscribers.ChildViewController' to protocol 'Cancellable' crosses into main actor-isolated code and can cause data races; this is an error in the Swift 6 language mode [#ConformanceIsolation]
 84 | extension Subscribers {
 85 |
 86 |     public final class ChildViewController: Subscriber, Cancellable {
    |                                                         |- warning: conformance of 'Subscribers.ChildViewController' to protocol 'Cancellable' crosses into main actor-isolated code and can cause data races; this is an error in the Swift 6 language mode [#ConformanceIsolation]
    |                                                         |- note: isolate this conformance to the main actor with '@MainActor'
    |                                                         `- note: turn data races into runtime errors with '@preconcurrency'
 87 |         public typealias Input = Bool
 88 |         public typealias Failure = Never
    :
129 |
130 |         @MainActor
131 |         public func cancel() {
    |                     `- note: main actor-isolated instance method 'cancel()' cannot satisfy nonisolated requirement
132 |             detach()
133 |             lock(false)
/Users/admin/builder/spi-builder-workspace/Sources/Harvester/Publisher+attachChild.swift:143:49: error: 'hidesBackButton' is unavailable in tvOS
141 |
142 |             parentViewController.isModalInPresentation = isLocked
143 |             parentViewController.navigationItem.hidesBackButton = isLocked
    |                                                 `- error: 'hidesBackButton' is unavailable in tvOS
144 |         }
145 |
/Applications/Xcode-27.0.0-Release.Candidate.app/Contents/Developer/Platforms/AppleTVOS.platform/Developer/SDKs/AppleTVOS27.0.sdk/System/Library/Frameworks/UIKit.framework/Headers/UINavigationItem.h:160:47: note: 'hidesBackButton' has been explicitly marked unavailable here
158 | @property (nonatomic, readwrite, copy, nullable) NSString *backButtonTitle API_AVAILABLE(ios(11.0)) API_UNAVAILABLE(watchos);
159 | /// If YES, this navigation item will hide the back button when it's on top of the stack.
160 | @property (nonatomic, readwrite, assign) BOOL hidesBackButton API_UNAVAILABLE(tvos);
    |                                               `- note: 'hidesBackButton' has been explicitly marked unavailable here
161 | - (void)setHidesBackButton:(BOOL)hidesBackButton animated:(BOOL)animated API_UNAVAILABLE(tvos);
162 | /// Controls how the back button sources its title.
[#ConformanceIsolation]: <https://docs.swift.org/compiler/documentation/diagnostics/conformance-isolation>
Failed frontend command:
/Applications/Xcode-27.0.0-Release.Candidate.app/Contents/Developer/Toolchains/XcodeDefault.xctoolchain/usr/bin/swift-frontend -frontend -c /Users/admin/builder/spi-builder-workspace/Sources/Harvester/Publisher+assignWeak.swift /Users/admin/builder/spi-builder-workspace/Sources/Harvester/Publisher+asyncFirst.swift -primary-file /Users/admin/builder/spi-builder-workspace/Sources/Harvester/Publisher+attachChild.swift /Users/admin/builder/spi-builder-workspace/Sources/Harvester/UIControl+Publisher.swift /Users/admin/builder/spi-builder-workspace/Sources/Harvester/UITextField+Publisher.swift /Users/admin/builder/spi-builder-workspace/Sources/Harvester/UITextView+Publisher.swift -emit-dependencies-path /Users/admin/builder/spi-builder-workspace/.derivedData/Build/Intermediates.noindex/Harvester.build/Debug-appletvos/Harvester-t.build/Objects-normal/arm64/Publisher+attachChild.d -emit-const-values-path /Users/admin/builder/spi-builder-workspace/.derivedData/Build/Intermediates.noindex/Harvester.build/Debug-appletvos/Harvester-t.build/Objects-normal/arm64/Publisher+attachChild.swiftconstvalues -emit-reference-dependencies-path /Users/admin/builder/spi-builder-workspace/.derivedData/Build/Intermediates.noindex/Harvester.build/Debug-appletvos/Harvester-t.build/Objects-normal/arm64/Publisher+attachChild.swiftdeps -serialize-diagnostics-path /Users/admin/builder/spi-builder-workspace/.derivedData/Build/Intermediates.noindex/Harvester.build/Debug-appletvos/Harvester-t.build/Objects-normal/arm64/Publisher+attachChild.dia -target arm64-apple-tvos15.0 -disable-cross-import-overlay-search -load-resolved-plugin /Applications/Xcode-27.0.0-Release.Candidate.app/Contents/Developer/Platforms/AppleTVOS.platform/Developer/usr/lib/swift/host/plugins/libFoundationMacros.dylib\#/Applications/Xcode-27.0.0-Release.Candidate.app/Contents/Developer/Platforms/AppleTVOS.platform/Developer/usr/bin/swift-plugin-server\#FoundationMacros -load-resolved-plugin /Applications/Xcode-27.0.0-Release.Candidate.app/Contents/Developer/Platforms/AppleTVOS.platform/Developer/usr/lib/swift/host/plugins/libObservationMacros.dylib\#/Applications/Xcode-27.0.0-Release.Candidate.app/Contents/Developer/Platforms/AppleTVOS.platform/Developer/usr/bin/swift-plugin-server\#ObservationMacros -load-resolved-plugin /Applications/Xcode-27.0.0-Release.Candidate.app/Contents/Developer/Platforms/AppleTVOS.platform/Developer/usr/lib/swift/host/plugins/libPreviewsMacros.dylib\#/Applications/Xcode-27.0.0-Release.Candidate.app/Contents/Developer/Platforms/AppleTVOS.platform/Developer/usr/bin/swift-plugin-server\#PreviewsMacros -load-resolved-plugin /Applications/Xcode-27.0.0-Release.Candidate.app/Contents/Developer/Platforms/AppleTVOS.platform/Developer/usr/lib/swift/host/plugins/libSwiftMacros.dylib\#/Applications/Xcode-27.0.0-Release.Candidate.app/Contents/Developer/Platforms/AppleTVOS.platform/Developer/usr/bin/swift-plugin-server\#SwiftMacros -load-resolved-plugin /Applications/Xcode-27.0.0-Release.Candidate.app/Contents/Developer/Platforms/AppleTVOS.platform/Developer/usr/lib/swift/host/plugins/libSwiftUIMacros.dylib\#/Applications/Xcode-27.0.0-Release.Candidate.app/Contents/Developer/Platforms/AppleTVOS.platform/Developer/usr/bin/swift-plugin-server\#SwiftUIMacros -disable-implicit-swift-modules -Xcc -fno-implicit-modules -Xcc -fno-implicit-module-maps -explicit-swift-module-map-file /Users/admin/builder/spi-builder-workspace/.derivedData/Build/Intermediates.noindex/Harvester.build/Debug-appletvos/Harvester-t.build/Objects-normal/arm64/Harvester-dependencies-1.json -Xllvm -aarch64-use-tbi -enable-objc-interop -stack-check -sdk /Applications/Xcode-27.0.0-Release.Candidate.app/Contents/Developer/Platforms/AppleTVOS.platform/Developer/SDKs/AppleTVOS27.0.sdk -I /Users/admin/builder/spi-builder-workspace/.derivedData/Build/Products/Debug-appletvos -Isystem /Applications/Xcode-27.0.0-Release.Candidate.app/Contents/Developer/Platforms/AppleTVOS.platform/Developer/usr/lib -F /Users/admin/builder/spi-builder-workspace/.derivedData/Build/Products/Debug-appletvos -F /Applications/Xcode-27.0.0-Release.Candidate.app/Contents/Developer/Platforms/AppleTVOS.platform/Developer/Library/Frameworks -F /Applications/Xcode-27.0.0-Release.Candidate.app/Contents/Developer/Platforms/AppleTVOS.platform/Developer/SDKs/AppleTVOS27.0.sdk/Developer/Library/Frameworks -module-cache-path /Users/admin/builder/spi-builder-workspace/.derivedData/Build/Intermediates.noindex/SwiftExplicitPrecompiledModules -no-color-diagnostics -Xcc -fno-color-diagnostics -enable-testing -g -debug-info-format\=dwarf -dwarf-version\=4 -profile-generate -profile-coverage-mapping -swift-version 5 -Onone -D SWIFT_PACKAGE -D DEBUG -D SWIFT_MODULE_RESOURCE_BUNDLE_UNAVAILABLE -D Xcode -serialize-debugging-options -enable-experimental-feature DebugDescriptionMacro -empty-abi-descriptor -validate-clang-modules-once -clang-build-session-file /Users/admin/builder/spi-builder-workspace/.derivedData/ModuleCache.noindex/Session.modulevalidation -Xcc -working-directory -Xcc /Users/admin/builder/spi-builder-workspace/.swiftpm/xcode -enable-anonymous-context-mangled-names -file-compilation-dir /Users/admin/builder/spi-builder-workspace/.swiftpm/xcode -Xcc -D_LIBCPP_HARDENING_MODE\=_LIBCPP_HARDENING_MODE_DEBUG -Xcc -ivfsstatcache -Xcc /Users/admin/builder/spi-builder-workspace/.derivedData/SDKStatCaches.noindex/appletvos27.0-24J360-e829b21a6f8c9b70876ba0858053c044b32bfd8d43560033f8d89884cdb90028.sdkstatcache -Xcc -fmodules-prune-interval\=86400 -Xcc -fmodules-prune-after\=345600 -Xcc -I/Users/admin/builder/spi-builder-workspace/.derivedData/Build/Products/Debug-appletvos/include -Xcc -I/Users/admin/builder/spi-builder-workspace/.derivedData/Build/Intermediates.noindex/Harvester.build/Debug-appletvos/Harvester-t.build/DerivedSources-normal/arm64 -Xcc -I/Users/admin/builder/spi-builder-workspace/.derivedData/Build/Intermediates.noindex/Harvester.build/Debug-appletvos/Harvester-t.build/DerivedSources/arm64 -Xcc -I/Users/admin/builder/spi-builder-workspace/.derivedData/Build/Intermediates.noindex/Harvester.build/Debug-appletvos/Harvester-t.build/DerivedSources -Xcc -DSWIFT_PACKAGE -Xcc -DDEBUG\=1 -no-auto-bridging-header-chaining -module-name Harvester -const-gather-protocols-file /Users/admin/builder/spi-builder-workspace/.derivedData/Build/Intermediates.noindex/Harvester.build/Debug-appletvos/Harvester-t.build/Objects-normal/arm64/Harvester_const_extract_protocols.json -disable-clang-spi -clang-target arm64-apple-tvos27.0 -target-sdk-version 27.0 -target-sdk-name appletvos27.0 -in-process-plugin-server-path /Applications/Xcode-27.0.0-Release.Candidate.app/Contents/Developer/Toolchains/XcodeDefault.xctoolchain/usr/lib/swift/host/libSwiftInProcPluginServer.dylib -parse-as-library -o /Users/admin/builder/spi-builder-workspace/.derivedData/Build/Intermediates.noindex/Harvester.build/Debug-appletvos/Harvester-t.build/Objects-normal/arm64/Publisher+attachChild.o -debug-module-path /Users/admin/builder/spi-builder-workspace/.derivedData/Build/Intermediates.noindex/Harvester.build/Debug-appletvos/Harvester-t.build/Objects-normal/arm64/Harvester.swiftmodule -index-unit-output-path /Harvester.build/Debug-appletvos/Harvester-t.build/Objects-normal/arm64/Publisher+attachChild.o -index-store-path /Users/admin/builder/spi-builder-workspace/.derivedData/Index.noindex/DataStore -index-system-modules
SwiftCompile normal arm64 /Users/admin/builder/spi-builder-workspace/Sources/Harvester/Publisher+attachChild.swift (in target 'Harvester' from project 'Harvester')
    cd /Users/admin/builder/spi-builder-workspace/.swiftpm/xcode
    builtin-SwiftPerFileCompile Publisher+attachChild.swift
SwiftCompile normal arm64 Compiling\ UITextView+Publisher.swift /Users/admin/builder/spi-builder-workspace/Sources/Harvester/UITextView+Publisher.swift (in target 'Harvester' from project 'Harvester')
SwiftCompile normal arm64 /Users/admin/builder/spi-builder-workspace/Sources/Harvester/UITextView+Publisher.swift (in target 'Harvester' from project 'Harvester')
    cd /Users/admin/builder/spi-builder-workspace/.swiftpm/xcode
    builtin-SwiftPerFileCompile UITextView+Publisher.swift
SwiftExplicitDependencyCompileModuleFromInterface arm64 /Users/admin/builder/spi-builder-workspace/.derivedData/Build/Intermediates.noindex/SwiftExplicitPrecompiledModules/XCUIAutomation-210SQ6RQ6TUMZ.swiftmodule
SwiftExplicitDependencyGeneratePcm arm64 /Users/admin/builder/spi-builder-workspace/.derivedData/Build/Intermediates.noindex/SwiftExplicitPrecompiledModules/XCTest-7MV3G0KAJR9WCI4ZIQ137RH2R.pcm
SwiftDriverJobDiscovery normal arm64 Emitting module for Harvester (in target 'Harvester' from project 'Harvester')
SwiftDriver\ Compilation\ Requirements Harvester normal arm64 com.apple.xcode.tools.swift.compiler (in target 'Harvester' from project 'Harvester')
    cd /Users/admin/builder/spi-builder-workspace/.swiftpm/xcode
    builtin-Swift-Compilation-Requirements -- /Applications/Xcode-27.0.0-Release.Candidate.app/Contents/Developer/Toolchains/XcodeDefault.xctoolchain/usr/bin/swiftc -parse-as-library -module-name Harvester -Onone @/Users/admin/builder/spi-builder-workspace/.derivedData/Build/Intermediates.noindex/Harvester.build/Debug-appletvos/Harvester-t.build/Objects-normal/arm64/Harvester.SwiftFileList -DSWIFT_PACKAGE -DDEBUG -DSWIFT_MODULE_RESOURCE_BUNDLE_UNAVAILABLE -DXcode -plugin-path /Applications/Xcode-27.0.0-Release.Candidate.app/Contents/Developer/Toolchains/XcodeDefault.xctoolchain/usr/lib/swift/host/plugins/testing -enable-experimental-feature DebugDescriptionMacro -sdk /Applications/Xcode-27.0.0-Release.Candidate.app/Contents/Developer/Platforms/AppleTVOS.platform/Developer/SDKs/AppleTVOS27.0.sdk -target arm64-apple-tvos15.0 -g -module-cache-path /Users/admin/builder/spi-builder-workspace/.derivedData/ModuleCache.noindex -Xfrontend -serialize-debugging-options -profile-coverage-mapping -profile-generate -enable-testing -index-store-path /Users/admin/builder/spi-builder-workspace/.derivedData/Index.noindex/DataStore -Xcc -D_LIBCPP_HARDENING_MODE\=_LIBCPP_HARDENING_MODE_DEBUG -swift-version 5 -I /Users/admin/builder/spi-builder-workspace/.derivedData/Build/Products/Debug-appletvos -Isystem /Applications/Xcode-27.0.0-Release.Candidate.app/Contents/Developer/Platforms/AppleTVOS.platform/Developer/usr/lib -F /Users/admin/builder/spi-builder-workspace/.derivedData/Build/Products/Debug-appletvos -F /Applications/Xcode-27.0.0-Release.Candidate.app/Contents/Developer/Platforms/AppleTVOS.platform/Developer/Library/Frameworks -F /Applications/Xcode-27.0.0-Release.Candidate.app/Contents/Developer/Platforms/AppleTVOS.platform/Developer/SDKs/AppleTVOS27.0.sdk/Developer/Library/Frameworks -c -j10 -enable-batch-mode -incremental -Xcc -ivfsstatcache -Xcc /Users/admin/builder/spi-builder-workspace/.derivedData/SDKStatCaches.noindex/appletvos27.0-24J360-e829b21a6f8c9b70876ba0858053c044b32bfd8d43560033f8d89884cdb90028.sdkstatcache -output-file-map /Users/admin/builder/spi-builder-workspace/.derivedData/Build/Intermediates.noindex/Harvester.build/Debug-appletvos/Harvester-t.build/Objects-normal/arm64/Harvester-OutputFileMap.json -save-temps -no-color-diagnostics -explicit-module-build -module-cache-path /Users/admin/builder/spi-builder-workspace/.derivedData/Build/Intermediates.noindex/SwiftExplicitPrecompiledModules -clang-scanner-module-cache-path /Users/admin/builder/spi-builder-workspace/.derivedData/ModuleCache.noindex -sdk-module-cache-path /Users/admin/builder/spi-builder-workspace/.derivedData/SDKExplicitPrecompiledModules -emit-dependencies -emit-module -emit-module-path /Users/admin/builder/spi-builder-workspace/.derivedData/Build/Intermediates.noindex/Harvester.build/Debug-appletvos/Harvester-t.build/Objects-normal/arm64/Harvester.swiftmodule -serialize-diagnostics -dependency-scan-serialize-diagnostics-path /Users/admin/builder/spi-builder-workspace/.derivedData/Build/Intermediates.noindex/Harvester.build/Debug-appletvos/Harvester-t.build/Objects-normal/arm64/Harvester-dependency-scan.dia -validate-clang-modules-once -clang-build-session-file /Users/admin/builder/spi-builder-workspace/.derivedData/ModuleCache.noindex/Session.modulevalidation -Xcc -fmodules-prune-interval\=86400 -Xcc -fmodules-prune-after\=345600 -emit-const-values -const-gather-protocols-list /Users/admin/builder/spi-builder-workspace/.derivedData/Build/Intermediates.noindex/Harvester.build/Debug-appletvos/Harvester-t.build/Objects-normal/arm64/Harvester_const_extract_protocols.json -Xcc -I/Users/admin/builder/spi-builder-workspace/.derivedData/Build/Products/Debug-appletvos/include -Xcc -I/Users/admin/builder/spi-builder-workspace/.derivedData/Build/Intermediates.noindex/Harvester.build/Debug-appletvos/Harvester-t.build/DerivedSources-normal/arm64 -Xcc -I/Users/admin/builder/spi-builder-workspace/.derivedData/Build/Intermediates.noindex/Harvester.build/Debug-appletvos/Harvester-t.build/DerivedSources/arm64 -Xcc -I/Users/admin/builder/spi-builder-workspace/.derivedData/Build/Intermediates.noindex/Harvester.build/Debug-appletvos/Harvester-t.build/DerivedSources -Xcc -DSWIFT_PACKAGE -Xcc -DDEBUG\=1 -emit-objc-header -emit-objc-header-path /Users/admin/builder/spi-builder-workspace/.derivedData/Build/Intermediates.noindex/Harvester.build/Debug-appletvos/Harvester-t.build/Objects-normal/arm64/Harvester-Swift.h -working-directory /Users/admin/builder/spi-builder-workspace/.swiftpm/xcode -experimental-emit-module-separately -disable-cmo
SwiftMergeGeneratedHeaders /Users/admin/builder/spi-builder-workspace/.derivedData/Build/Intermediates.noindex/GeneratedModuleMaps-appletvos/Harvester-Swift.h /Users/admin/builder/spi-builder-workspace/.derivedData/Build/Intermediates.noindex/Harvester.build/Debug-appletvos/Harvester-t.build/Objects-normal/arm64/Harvester-Swift.h (in target 'Harvester' from project 'Harvester')
    cd /Users/admin/builder/spi-builder-workspace
    builtin-swiftHeaderTool -arch arm64 /Users/admin/builder/spi-builder-workspace/.derivedData/Build/Intermediates.noindex/Harvester.build/Debug-appletvos/Harvester-t.build/Objects-normal/arm64/Harvester-Swift.h -o /Users/admin/builder/spi-builder-workspace/.derivedData/Build/Intermediates.noindex/GeneratedModuleMaps-appletvos/Harvester-Swift.h
Copy /Users/admin/builder/spi-builder-workspace/.derivedData/Build/Products/Debug-appletvos/Harvester.swiftmodule/arm64-apple-tvos.swiftmodule /Users/admin/builder/spi-builder-workspace/.derivedData/Build/Intermediates.noindex/Harvester.build/Debug-appletvos/Harvester-t.build/Objects-normal/arm64/Harvester.swiftmodule (in target 'Harvester' from project 'Harvester')
    cd /Users/admin/builder/spi-builder-workspace
    builtin-copy -exclude .DS_Store -exclude CVS -exclude .svn -exclude .git -exclude .hg -resolve-src-symlinks -rename /Users/admin/builder/spi-builder-workspace/.derivedData/Build/Intermediates.noindex/Harvester.build/Debug-appletvos/Harvester-t.build/Objects-normal/arm64/Harvester.swiftmodule /Users/admin/builder/spi-builder-workspace/.derivedData/Build/Products/Debug-appletvos/Harvester.swiftmodule/arm64-apple-tvos.swiftmodule
Copy /Users/admin/builder/spi-builder-workspace/.derivedData/Build/Products/Debug-appletvos/Harvester.swiftmodule/arm64-apple-tvos.swiftdoc /Users/admin/builder/spi-builder-workspace/.derivedData/Build/Intermediates.noindex/Harvester.build/Debug-appletvos/Harvester-t.build/Objects-normal/arm64/Harvester.swiftdoc (in target 'Harvester' from project 'Harvester')
    cd /Users/admin/builder/spi-builder-workspace
    builtin-copy -exclude .DS_Store -exclude CVS -exclude .svn -exclude .git -exclude .hg -resolve-src-symlinks -rename /Users/admin/builder/spi-builder-workspace/.derivedData/Build/Intermediates.noindex/Harvester.build/Debug-appletvos/Harvester-t.build/Objects-normal/arm64/Harvester.swiftdoc /Users/admin/builder/spi-builder-workspace/.derivedData/Build/Products/Debug-appletvos/Harvester.swiftmodule/arm64-apple-tvos.swiftdoc
Copy /Users/admin/builder/spi-builder-workspace/.derivedData/Build/Products/Debug-appletvos/Harvester.swiftmodule/arm64-apple-tvos.abi.json /Users/admin/builder/spi-builder-workspace/.derivedData/Build/Intermediates.noindex/Harvester.build/Debug-appletvos/Harvester-t.build/Objects-normal/arm64/Harvester.abi.json (in target 'Harvester' from project 'Harvester')
    cd /Users/admin/builder/spi-builder-workspace
    builtin-copy -exclude .DS_Store -exclude CVS -exclude .svn -exclude .git -exclude .hg -resolve-src-symlinks -rename /Users/admin/builder/spi-builder-workspace/.derivedData/Build/Intermediates.noindex/Harvester.build/Debug-appletvos/Harvester-t.build/Objects-normal/arm64/Harvester.abi.json /Users/admin/builder/spi-builder-workspace/.derivedData/Build/Products/Debug-appletvos/Harvester.swiftmodule/arm64-apple-tvos.abi.json
Copy /Users/admin/builder/spi-builder-workspace/.derivedData/Build/Products/Debug-appletvos/Harvester.swiftmodule/Project/arm64-apple-tvos.swiftsourceinfo /Users/admin/builder/spi-builder-workspace/.derivedData/Build/Intermediates.noindex/Harvester.build/Debug-appletvos/Harvester-t.build/Objects-normal/arm64/Harvester.swiftsourceinfo (in target 'Harvester' from project 'Harvester')
    cd /Users/admin/builder/spi-builder-workspace
    builtin-copy -exclude .DS_Store -exclude CVS -exclude .svn -exclude .git -exclude .hg -resolve-src-symlinks -rename /Users/admin/builder/spi-builder-workspace/.derivedData/Build/Intermediates.noindex/Harvester.build/Debug-appletvos/Harvester-t.build/Objects-normal/arm64/Harvester.swiftsourceinfo /Users/admin/builder/spi-builder-workspace/.derivedData/Build/Products/Debug-appletvos/Harvester.swiftmodule/Project/arm64-apple-tvos.swiftsourceinfo
SwiftExplicitDependencyCompileModuleFromInterface arm64 /Users/admin/builder/spi-builder-workspace/.derivedData/Build/Intermediates.noindex/SwiftExplicitPrecompiledModules/XCTest-303JGZX9ARS8K.swiftmodule
SwiftEmitModule normal arm64 Emitting\ module\ for\ XCTestHarvester (in target 'XCTestHarvester' from project 'Harvester')
SwiftCompile normal arm64 (in target 'XCTestHarvester' from project 'Harvester')
    cd /Users/admin/builder/spi-builder-workspace/.swiftpm/xcode

SwiftCompile normal arm64 Compiling\ XCTestCase+waitForPublisher.swift /Users/admin/builder/spi-builder-workspace/Sources/XCTestHarvester/XCTestCase+waitForPublisher.swift (in target 'XCTestHarvester' from project 'Harvester')
/Users/admin/builder/spi-builder-workspace/Sources/XCTestHarvester/XCTestCase+waitForPublisher.swift:50:15: warning: instance method 'waitForExpectations' is unavailable from asynchronous contexts; Use await fulfillment(of:timeout:enforceOrder:) instead; this is an error in the Swift 6 language mode
48 |         // also cancel our cancellable to avoid getting any
49 |         // unused variable warnings:
50 |         await waitForExpectations(timeout: timeout)
   |               `- warning: instance method 'waitForExpectations' is unavailable from asynchronous contexts; Use await fulfillment(of:timeout:enforceOrder:) instead; this is an error in the Swift 6 language mode
51 |         cancellable.cancel()
52 |
/Applications/Xcode-27.0.0-Release.Candidate.app/Contents/Developer/Platforms/AppleTVOS.platform/Developer/Library/Frameworks/XCTest.framework/Headers/XCTestCase+AsynchronousTesting.h:73:1: note: 'waitForExpectations(timeout:handler:)' declared here
 71 |  * loop while using this API.
 72 |  */
 73 | - (void)waitForExpectationsWithTimeout:(NSTimeInterval)timeout handler:(nullable XCT_SWIFT_SENDABLE XCWaitCompletionHandler)handler XCT_SWIFT_MAIN_ACTOR XCT_SWIFT_UNAVAILABLE_FROM_ASYNC("Use await fulfillment(of:timeout:enforceOrder:) instead");
    | `- note: 'waitForExpectations(timeout:handler:)' declared here
 74 |
 75 | /*!
SwiftCompile normal arm64 /Users/admin/builder/spi-builder-workspace/Sources/XCTestHarvester/XCTestCase+waitForPublisher.swift (in target 'XCTestHarvester' from project 'Harvester')
    cd /Users/admin/builder/spi-builder-workspace/.swiftpm/xcode
    builtin-SwiftPerFileCompile XCTestCase+waitForPublisher.swift
SwiftDriverJobDiscovery normal arm64 Emitting module for XCTestHarvester (in target 'XCTestHarvester' from project 'Harvester')
SwiftDriver\ Compilation\ Requirements XCTestHarvester normal arm64 com.apple.xcode.tools.swift.compiler (in target 'XCTestHarvester' from project 'Harvester')
    cd /Users/admin/builder/spi-builder-workspace/.swiftpm/xcode
    builtin-Swift-Compilation-Requirements -- /Applications/Xcode-27.0.0-Release.Candidate.app/Contents/Developer/Toolchains/XcodeDefault.xctoolchain/usr/bin/swiftc -parse-as-library -module-name XCTestHarvester -Onone @/Users/admin/builder/spi-builder-workspace/.derivedData/Build/Intermediates.noindex/Harvester.build/Debug-appletvos/XCTestHarvester-t.build/Objects-normal/arm64/XCTestHarvester.SwiftFileList -DSWIFT_PACKAGE -DDEBUG -DSWIFT_MODULE_RESOURCE_BUNDLE_UNAVAILABLE -DXcode -plugin-path /Applications/Xcode-27.0.0-Release.Candidate.app/Contents/Developer/Toolchains/XcodeDefault.xctoolchain/usr/lib/swift/host/plugins/testing -enable-experimental-feature DebugDescriptionMacro -sdk /Applications/Xcode-27.0.0-Release.Candidate.app/Contents/Developer/Platforms/AppleTVOS.platform/Developer/SDKs/AppleTVOS27.0.sdk -target arm64-apple-tvos15.0 -g -module-cache-path /Users/admin/builder/spi-builder-workspace/.derivedData/ModuleCache.noindex -Xfrontend -serialize-debugging-options -profile-coverage-mapping -profile-generate -enable-testing -index-store-path /Users/admin/builder/spi-builder-workspace/.derivedData/Index.noindex/DataStore -Xcc -D_LIBCPP_HARDENING_MODE\=_LIBCPP_HARDENING_MODE_DEBUG -swift-version 5 -I /Users/admin/builder/spi-builder-workspace/.derivedData/Build/Products/Debug-appletvos -Isystem /Applications/Xcode-27.0.0-Release.Candidate.app/Contents/Developer/Platforms/AppleTVOS.platform/Developer/usr/lib -F /Users/admin/builder/spi-builder-workspace/.derivedData/Build/Products/Debug-appletvos -F /Applications/Xcode-27.0.0-Release.Candidate.app/Contents/Developer/Platforms/AppleTVOS.platform/Developer/Library/Frameworks -F /Applications/Xcode-27.0.0-Release.Candidate.app/Contents/Developer/Platforms/AppleTVOS.platform/Developer/SDKs/AppleTVOS27.0.sdk/Developer/Library/Frameworks -c -j10 -enable-batch-mode -incremental -Xcc -ivfsstatcache -Xcc /Users/admin/builder/spi-builder-workspace/.derivedData/SDKStatCaches.noindex/appletvos27.0-24J360-e829b21a6f8c9b70876ba0858053c044b32bfd8d43560033f8d89884cdb90028.sdkstatcache -output-file-map /Users/admin/builder/spi-builder-workspace/.derivedData/Build/Intermediates.noindex/Harvester.build/Debug-appletvos/XCTestHarvester-t.build/Objects-normal/arm64/XCTestHarvester-OutputFileMap.json -save-temps -no-color-diagnostics -explicit-module-build -module-cache-path /Users/admin/builder/spi-builder-workspace/.derivedData/Build/Intermediates.noindex/SwiftExplicitPrecompiledModules -clang-scanner-module-cache-path /Users/admin/builder/spi-builder-workspace/.derivedData/ModuleCache.noindex -sdk-module-cache-path /Users/admin/builder/spi-builder-workspace/.derivedData/SDKExplicitPrecompiledModules -emit-dependencies -emit-module -emit-module-path /Users/admin/builder/spi-builder-workspace/.derivedData/Build/Intermediates.noindex/Harvester.build/Debug-appletvos/XCTestHarvester-t.build/Objects-normal/arm64/XCTestHarvester.swiftmodule -serialize-diagnostics -dependency-scan-serialize-diagnostics-path /Users/admin/builder/spi-builder-workspace/.derivedData/Build/Intermediates.noindex/Harvester.build/Debug-appletvos/XCTestHarvester-t.build/Objects-normal/arm64/XCTestHarvester-dependency-scan.dia -validate-clang-modules-once -clang-build-session-file /Users/admin/builder/spi-builder-workspace/.derivedData/ModuleCache.noindex/Session.modulevalidation -Xcc -fmodules-prune-interval\=86400 -Xcc -fmodules-prune-after\=345600 -emit-const-values -const-gather-protocols-list /Users/admin/builder/spi-builder-workspace/.derivedData/Build/Intermediates.noindex/Harvester.build/Debug-appletvos/XCTestHarvester-t.build/Objects-normal/arm64/XCTestHarvester_const_extract_protocols.json -Xcc -I/Users/admin/builder/spi-builder-workspace/.derivedData/Build/Products/Debug-appletvos/include -Xcc -I/Users/admin/builder/spi-builder-workspace/.derivedData/Build/Intermediates.noindex/Harvester.build/Debug-appletvos/XCTestHarvester-t.build/DerivedSources-normal/arm64 -Xcc -I/Users/admin/builder/spi-builder-workspace/.derivedData/Build/Intermediates.noindex/Harvester.build/Debug-appletvos/XCTestHarvester-t.build/DerivedSources/arm64 -Xcc -I/Users/admin/builder/spi-builder-workspace/.derivedData/Build/Intermediates.noindex/Harvester.build/Debug-appletvos/XCTestHarvester-t.build/DerivedSources -Xcc -DSWIFT_PACKAGE -Xcc -DDEBUG\=1 -emit-objc-header -emit-objc-header-path /Users/admin/builder/spi-builder-workspace/.derivedData/Build/Intermediates.noindex/Harvester.build/Debug-appletvos/XCTestHarvester-t.build/Objects-normal/arm64/XCTestHarvester-Swift.h -working-directory /Users/admin/builder/spi-builder-workspace/.swiftpm/xcode -experimental-emit-module-separately -disable-cmo
SwiftMergeGeneratedHeaders /Users/admin/builder/spi-builder-workspace/.derivedData/Build/Intermediates.noindex/GeneratedModuleMaps-appletvos/XCTestHarvester-Swift.h /Users/admin/builder/spi-builder-workspace/.derivedData/Build/Intermediates.noindex/Harvester.build/Debug-appletvos/XCTestHarvester-t.build/Objects-normal/arm64/XCTestHarvester-Swift.h (in target 'XCTestHarvester' from project 'Harvester')
    cd /Users/admin/builder/spi-builder-workspace
    builtin-swiftHeaderTool -arch arm64 /Users/admin/builder/spi-builder-workspace/.derivedData/Build/Intermediates.noindex/Harvester.build/Debug-appletvos/XCTestHarvester-t.build/Objects-normal/arm64/XCTestHarvester-Swift.h -o /Users/admin/builder/spi-builder-workspace/.derivedData/Build/Intermediates.noindex/GeneratedModuleMaps-appletvos/XCTestHarvester-Swift.h
Copy /Users/admin/builder/spi-builder-workspace/.derivedData/Build/Products/Debug-appletvos/XCTestHarvester.swiftmodule/arm64-apple-tvos.swiftdoc /Users/admin/builder/spi-builder-workspace/.derivedData/Build/Intermediates.noindex/Harvester.build/Debug-appletvos/XCTestHarvester-t.build/Objects-normal/arm64/XCTestHarvester.swiftdoc (in target 'XCTestHarvester' from project 'Harvester')
    cd /Users/admin/builder/spi-builder-workspace
    builtin-copy -exclude .DS_Store -exclude CVS -exclude .svn -exclude .git -exclude .hg -resolve-src-symlinks -rename /Users/admin/builder/spi-builder-workspace/.derivedData/Build/Intermediates.noindex/Harvester.build/Debug-appletvos/XCTestHarvester-t.build/Objects-normal/arm64/XCTestHarvester.swiftdoc /Users/admin/builder/spi-builder-workspace/.derivedData/Build/Products/Debug-appletvos/XCTestHarvester.swiftmodule/arm64-apple-tvos.swiftdoc
Copy /Users/admin/builder/spi-builder-workspace/.derivedData/Build/Products/Debug-appletvos/XCTestHarvester.swiftmodule/arm64-apple-tvos.swiftmodule /Users/admin/builder/spi-builder-workspace/.derivedData/Build/Intermediates.noindex/Harvester.build/Debug-appletvos/XCTestHarvester-t.build/Objects-normal/arm64/XCTestHarvester.swiftmodule (in target 'XCTestHarvester' from project 'Harvester')
    cd /Users/admin/builder/spi-builder-workspace
    builtin-copy -exclude .DS_Store -exclude CVS -exclude .svn -exclude .git -exclude .hg -resolve-src-symlinks -rename /Users/admin/builder/spi-builder-workspace/.derivedData/Build/Intermediates.noindex/Harvester.build/Debug-appletvos/XCTestHarvester-t.build/Objects-normal/arm64/XCTestHarvester.swiftmodule /Users/admin/builder/spi-builder-workspace/.derivedData/Build/Products/Debug-appletvos/XCTestHarvester.swiftmodule/arm64-apple-tvos.swiftmodule
Copy /Users/admin/builder/spi-builder-workspace/.derivedData/Build/Products/Debug-appletvos/XCTestHarvester.swiftmodule/arm64-apple-tvos.abi.json /Users/admin/builder/spi-builder-workspace/.derivedData/Build/Intermediates.noindex/Harvester.build/Debug-appletvos/XCTestHarvester-t.build/Objects-normal/arm64/XCTestHarvester.abi.json (in target 'XCTestHarvester' from project 'Harvester')
    cd /Users/admin/builder/spi-builder-workspace
    builtin-copy -exclude .DS_Store -exclude CVS -exclude .svn -exclude .git -exclude .hg -resolve-src-symlinks -rename /Users/admin/builder/spi-builder-workspace/.derivedData/Build/Intermediates.noindex/Harvester.build/Debug-appletvos/XCTestHarvester-t.build/Objects-normal/arm64/XCTestHarvester.abi.json /Users/admin/builder/spi-builder-workspace/.derivedData/Build/Products/Debug-appletvos/XCTestHarvester.swiftmodule/arm64-apple-tvos.abi.json
Copy /Users/admin/builder/spi-builder-workspace/.derivedData/Build/Products/Debug-appletvos/XCTestHarvester.swiftmodule/Project/arm64-apple-tvos.swiftsourceinfo /Users/admin/builder/spi-builder-workspace/.derivedData/Build/Intermediates.noindex/Harvester.build/Debug-appletvos/XCTestHarvester-t.build/Objects-normal/arm64/XCTestHarvester.swiftsourceinfo (in target 'XCTestHarvester' from project 'Harvester')
    cd /Users/admin/builder/spi-builder-workspace
    builtin-copy -exclude .DS_Store -exclude CVS -exclude .svn -exclude .git -exclude .hg -resolve-src-symlinks -rename /Users/admin/builder/spi-builder-workspace/.derivedData/Build/Intermediates.noindex/Harvester.build/Debug-appletvos/XCTestHarvester-t.build/Objects-normal/arm64/XCTestHarvester.swiftsourceinfo /Users/admin/builder/spi-builder-workspace/.derivedData/Build/Products/Debug-appletvos/XCTestHarvester.swiftmodule/Project/arm64-apple-tvos.swiftsourceinfo
SwiftDriverJobDiscovery normal arm64 Compiling Publisher+assignWeak.swift (in target 'Harvester' from project 'Harvester')
SwiftDriverJobDiscovery normal arm64 Compiling Publisher+asyncFirst.swift (in target 'Harvester' from project 'Harvester')
SwiftDriverJobDiscovery normal arm64 Compiling XCTestCase+waitForPublisher.swift (in target 'XCTestHarvester' from project 'Harvester')
SwiftDriver\ Compilation XCTestHarvester normal arm64 com.apple.xcode.tools.swift.compiler (in target 'XCTestHarvester' from project 'Harvester')
    cd /Users/admin/builder/spi-builder-workspace/.swiftpm/xcode
    builtin-Swift-Compilation -- /Applications/Xcode-27.0.0-Release.Candidate.app/Contents/Developer/Toolchains/XcodeDefault.xctoolchain/usr/bin/swiftc -parse-as-library -module-name XCTestHarvester -Onone @/Users/admin/builder/spi-builder-workspace/.derivedData/Build/Intermediates.noindex/Harvester.build/Debug-appletvos/XCTestHarvester-t.build/Objects-normal/arm64/XCTestHarvester.SwiftFileList -DSWIFT_PACKAGE -DDEBUG -DSWIFT_MODULE_RESOURCE_BUNDLE_UNAVAILABLE -DXcode -plugin-path /Applications/Xcode-27.0.0-Release.Candidate.app/Contents/Developer/Toolchains/XcodeDefault.xctoolchain/usr/lib/swift/host/plugins/testing -enable-experimental-feature DebugDescriptionMacro -sdk /Applications/Xcode-27.0.0-Release.Candidate.app/Contents/Developer/Platforms/AppleTVOS.platform/Developer/SDKs/AppleTVOS27.0.sdk -target arm64-apple-tvos15.0 -g -module-cache-path /Users/admin/builder/spi-builder-workspace/.derivedData/ModuleCache.noindex -Xfrontend -serialize-debugging-options -profile-coverage-mapping -profile-generate -enable-testing -index-store-path /Users/admin/builder/spi-builder-workspace/.derivedData/Index.noindex/DataStore -Xcc -D_LIBCPP_HARDENING_MODE\=_LIBCPP_HARDENING_MODE_DEBUG -swift-version 5 -I /Users/admin/builder/spi-builder-workspace/.derivedData/Build/Products/Debug-appletvos -Isystem /Applications/Xcode-27.0.0-Release.Candidate.app/Contents/Developer/Platforms/AppleTVOS.platform/Developer/usr/lib -F /Users/admin/builder/spi-builder-workspace/.derivedData/Build/Products/Debug-appletvos -F /Applications/Xcode-27.0.0-Release.Candidate.app/Contents/Developer/Platforms/AppleTVOS.platform/Developer/Library/Frameworks -F /Applications/Xcode-27.0.0-Release.Candidate.app/Contents/Developer/Platforms/AppleTVOS.platform/Developer/SDKs/AppleTVOS27.0.sdk/Developer/Library/Frameworks -c -j10 -enable-batch-mode -incremental -Xcc -ivfsstatcache -Xcc /Users/admin/builder/spi-builder-workspace/.derivedData/SDKStatCaches.noindex/appletvos27.0-24J360-e829b21a6f8c9b70876ba0858053c044b32bfd8d43560033f8d89884cdb90028.sdkstatcache -output-file-map /Users/admin/builder/spi-builder-workspace/.derivedData/Build/Intermediates.noindex/Harvester.build/Debug-appletvos/XCTestHarvester-t.build/Objects-normal/arm64/XCTestHarvester-OutputFileMap.json -save-temps -no-color-diagnostics -explicit-module-build -module-cache-path /Users/admin/builder/spi-builder-workspace/.derivedData/Build/Intermediates.noindex/SwiftExplicitPrecompiledModules -clang-scanner-module-cache-path /Users/admin/builder/spi-builder-workspace/.derivedData/ModuleCache.noindex -sdk-module-cache-path /Users/admin/builder/spi-builder-workspace/.derivedData/SDKExplicitPrecompiledModules -emit-dependencies -emit-module -emit-module-path /Users/admin/builder/spi-builder-workspace/.derivedData/Build/Intermediates.noindex/Harvester.build/Debug-appletvos/XCTestHarvester-t.build/Objects-normal/arm64/XCTestHarvester.swiftmodule -serialize-diagnostics -dependency-scan-serialize-diagnostics-path /Users/admin/builder/spi-builder-workspace/.derivedData/Build/Intermediates.noindex/Harvester.build/Debug-appletvos/XCTestHarvester-t.build/Objects-normal/arm64/XCTestHarvester-dependency-scan.dia -validate-clang-modules-once -clang-build-session-file /Users/admin/builder/spi-builder-workspace/.derivedData/ModuleCache.noindex/Session.modulevalidation -Xcc -fmodules-prune-interval\=86400 -Xcc -fmodules-prune-after\=345600 -emit-const-values -const-gather-protocols-list /Users/admin/builder/spi-builder-workspace/.derivedData/Build/Intermediates.noindex/Harvester.build/Debug-appletvos/XCTestHarvester-t.build/Objects-normal/arm64/XCTestHarvester_const_extract_protocols.json -Xcc -I/Users/admin/builder/spi-builder-workspace/.derivedData/Build/Products/Debug-appletvos/include -Xcc -I/Users/admin/builder/spi-builder-workspace/.derivedData/Build/Intermediates.noindex/Harvester.build/Debug-appletvos/XCTestHarvester-t.build/DerivedSources-normal/arm64 -Xcc -I/Users/admin/builder/spi-builder-workspace/.derivedData/Build/Intermediates.noindex/Harvester.build/Debug-appletvos/XCTestHarvester-t.build/DerivedSources/arm64 -Xcc -I/Users/admin/builder/spi-builder-workspace/.derivedData/Build/Intermediates.noindex/Harvester.build/Debug-appletvos/XCTestHarvester-t.build/DerivedSources -Xcc -DSWIFT_PACKAGE -Xcc -DDEBUG\=1 -emit-objc-header -emit-objc-header-path /Users/admin/builder/spi-builder-workspace/.derivedData/Build/Intermediates.noindex/Harvester.build/Debug-appletvos/XCTestHarvester-t.build/Objects-normal/arm64/XCTestHarvester-Swift.h -working-directory /Users/admin/builder/spi-builder-workspace/.swiftpm/xcode -experimental-emit-module-separately -disable-cmo
Ld /Users/admin/builder/spi-builder-workspace/.derivedData/Build/Products/Debug-appletvos/XCTestHarvester.o normal (in target 'XCTestHarvester' from project 'Harvester')
    cd /Users/admin/builder/spi-builder-workspace
    /Applications/Xcode-27.0.0-Release.Candidate.app/Contents/Developer/Toolchains/XcodeDefault.xctoolchain/usr/bin/clang -Xlinker -reproducible -target arm64-apple-tvos15.0 -r -isysroot /Applications/Xcode-27.0.0-Release.Candidate.app/Contents/Developer/Platforms/AppleTVOS.platform/Developer/SDKs/AppleTVOS27.0.sdk -O0 -Xlinker -no_warn_duplicate_libraries -F/Users/admin/builder/spi-builder-workspace/.derivedData/Build/Intermediates.noindex/EagerLinkingTBDs/Debug-appletvos -F/Users/admin/builder/spi-builder-workspace/.derivedData/Build/Products/Debug-appletvos -iframework /Applications/Xcode-27.0.0-Release.Candidate.app/Contents/Developer/Platforms/AppleTVOS.platform/Developer/Library/Frameworks -iframework /Applications/Xcode-27.0.0-Release.Candidate.app/Contents/Developer/Platforms/AppleTVOS.platform/Developer/SDKs/AppleTVOS27.0.sdk/Developer/Library/Frameworks -filelist /Users/admin/builder/spi-builder-workspace/.derivedData/Build/Intermediates.noindex/Harvester.build/Debug-appletvos/XCTestHarvester-t.build/Objects-normal/arm64/XCTestHarvester.LinkFileList -nostdlib -Xlinker -object_path_lto -Xlinker /Users/admin/builder/spi-builder-workspace/.derivedData/Build/Intermediates.noindex/Harvester.build/Debug-appletvos/XCTestHarvester-t.build/Objects-normal/arm64/XCTestHarvester_lto.o -Xlinker -no_deduplicate -Xlinker -debug_variant -Xlinker -dependency_info -Xlinker /Users/admin/builder/spi-builder-workspace/.derivedData/Build/Intermediates.noindex/Harvester.build/Debug-appletvos/XCTestHarvester-t.build/Objects-normal/arm64/XCTestHarvester_dependency_info.dat -fobjc-link-runtime -L/Applications/Xcode-27.0.0-Release.Candidate.app/Contents/Developer/Toolchains/XcodeDefault.xctoolchain/usr/lib/swift/appletvos -L/usr/lib/swift -Xlinker -add_ast_path -Xlinker /Users/admin/builder/spi-builder-workspace/.derivedData/Build/Intermediates.noindex/Harvester.build/Debug-appletvos/XCTestHarvester-t.build/Objects-normal/arm64/XCTestHarvester.swiftmodule -o /Users/admin/builder/spi-builder-workspace/.derivedData/Build/Products/Debug-appletvos/XCTestHarvester.o
ExtractAppIntentsMetadata (in target 'XCTestHarvester' from project 'Harvester')
    cd /Users/admin/builder/spi-builder-workspace
    /Applications/Xcode-27.0.0-Release.Candidate.app/Contents/Developer/Toolchains/XcodeDefault.xctoolchain/usr/bin/appintentsmetadataprocessor --toolchain-dir /var/run/com.apple.security.cryptexd/mnt/com.apple.MobileAsset.MetalToolchain-v27.1.266.1.ZQch0V/Metal.xctoolchain --module-name XCTestHarvester --sdk-root /Applications/Xcode-27.0.0-Release.Candidate.app/Contents/Developer/Platforms/AppleTVOS.platform/Developer/SDKs/AppleTVOS27.0.sdk --xcode-version 27A266a --platform-family tvOS --deployment-target 15.0 --bundle-identifier spi-builder-workspace.XCTestHarvester --output /Users/admin/builder/spi-builder-workspace/.derivedData/Build/Products/Debug-appletvos/XCTestHarvester.appintents --target-triple arm64-apple-tvos15.0 --binary-file /Users/admin/builder/spi-builder-workspace/.derivedData/Build/Products/Debug-appletvos/XCTestHarvester.o --dependency-file /Users/admin/builder/spi-builder-workspace/.derivedData/Build/Intermediates.noindex/Harvester.build/Debug-appletvos/XCTestHarvester-t.build/Objects-normal/arm64/XCTestHarvester_dependency_info.dat --stringsdata-file /Users/admin/builder/spi-builder-workspace/.derivedData/Build/Intermediates.noindex/Harvester.build/Debug-appletvos/XCTestHarvester-t.build/Objects-normal/arm64/ExtractedAppShortcutsMetadata.stringsdata --source-file-list /Users/admin/builder/spi-builder-workspace/.derivedData/Build/Intermediates.noindex/Harvester.build/Debug-appletvos/XCTestHarvester-t.build/Objects-normal/arm64/XCTestHarvester.SwiftFileList --metadata-file-list /Users/admin/builder/spi-builder-workspace/.derivedData/Build/Intermediates.noindex/Harvester.build/Debug-appletvos/XCTestHarvester-t.build/XCTestHarvester.DependencyMetadataFileList --static-metadata-file-list /Users/admin/builder/spi-builder-workspace/.derivedData/Build/Intermediates.noindex/Harvester.build/Debug-appletvos/XCTestHarvester-t.build/XCTestHarvester.DependencyStaticMetadataFileList --swift-const-vals-list /Users/admin/builder/spi-builder-workspace/.derivedData/Build/Intermediates.noindex/Harvester.build/Debug-appletvos/XCTestHarvester-t.build/Objects-normal/arm64/XCTestHarvester.SwiftConstValuesFileList --force --compile-time-extraction --deployment-aware-processing --no-app-shortcuts-localization
2026-09-18 17:24:19.000 appintentsmetadataprocessor[730:4531] Starting appintentsmetadataprocessor export
2026-09-18 17:24:19.096 appintentsmetadataprocessor[730:4531] Extracted no relevant App Intents symbols, skipping writing output
PruneExplicitPrecompiledModules /Users/admin/builder/spi-builder-workspace/.derivedData/SDKExplicitPrecompiledModules
PruneExplicitPrecompiledModules /Users/admin/builder/spi-builder-workspace/.derivedData/Build/Intermediates.noindex/ExplicitPrecompiledModules
PruneExplicitPrecompiledModules /Users/admin/builder/spi-builder-workspace/.derivedData/Build/Intermediates.noindex/SwiftExplicitPrecompiledModules
2026-09-18 17:24:12.290 xcodebuild[643:4106] [MT] IDERunDestination: Supported platforms for the buildables in the current scheme is empty.
** BUILD FAILED **
The following build commands failed:
	SwiftCompile normal arm64 Compiling\ Publisher+attachChild.swift /Users/admin/builder/spi-builder-workspace/Sources/Harvester/Publisher+attachChild.swift (in target 'Harvester' from project 'Harvester')
	SwiftCompile normal arm64 /Users/admin/builder/spi-builder-workspace/Sources/Harvester/Publisher+attachChild.swift (in target 'Harvester' from project 'Harvester')
	Building workspace Harvester with scheme Harvester-Package
(3 failures)
Command line invocation:
    /Applications/Xcode-27.0.0-Release.Candidate.app/Contents/Developer/usr/bin/xcodebuild -IDEClonedSourcePackagesDirPathOverride=/Users/admin/builder/spi-builder-workspace/.dependencies -resolvePackageDependencies
Resolve Package Graph
Resolved source packages:
  Harvester: /Users/admin/builder/spi-builder-workspace
resolved source packages: Harvester
2026-09-18 17:24:20.151 xcodebuild[731:4563] [MT] IDERunDestination: Supported platforms for the buildables in the current scheme is empty.
{
  "dependencies" : [
  ],
  "manifest_display_name" : "Harvester",
  "name" : "Harvester",
  "path" : "/Users/admin/builder/spi-builder-workspace",
  "platforms" : [
    {
      "name" : "ios",
      "version" : "13.0"
    },
    {
      "name" : "macos",
      "version" : "11.0"
    }
  ],
  "products" : [
    {
      "name" : "Harvester",
      "targets" : [
        "Harvester"
      ],
      "type" : {
        "library" : [
          "automatic"
        ]
      }
    },
    {
      "name" : "XCTestHarvester",
      "targets" : [
        "XCTestHarvester"
      ],
      "type" : {
        "library" : [
          "automatic"
        ]
      }
    }
  ],
  "targets" : [
    {
      "c99name" : "XCTestHarvester",
      "module_type" : "SwiftTarget",
      "name" : "XCTestHarvester",
      "path" : "Sources/XCTestHarvester",
      "product_memberships" : [
        "XCTestHarvester"
      ],
      "sources" : [
        "XCTestCase+waitForPublisher.swift"
      ],
      "type" : "library"
    },
    {
      "c99name" : "HarvesterTests",
      "module_type" : "SwiftTarget",
      "name" : "HarvesterTests",
      "path" : "Tests/HarvesterTests",
      "sources" : [
        "AttachChildTests.swift"
      ],
      "target_dependencies" : [
        "Harvester",
        "XCTestHarvester"
      ],
      "type" : "test"
    },
    {
      "c99name" : "Harvester",
      "module_type" : "SwiftTarget",
      "name" : "Harvester",
      "path" : "Sources/Harvester",
      "product_memberships" : [
        "Harvester"
      ],
      "sources" : [
        "Publisher+assignWeak.swift",
        "Publisher+asyncFirst.swift",
        "Publisher+attachChild.swift",
        "UIControl+Publisher.swift",
        "UITextField+Publisher.swift",
        "UITextView+Publisher.swift"
      ],
      "type" : "library"
    }
  ],
  "tools_version" : "5.3"
}
{
  "workspace" : {
    "name" : "Harvester",
    "schemes" : [
      "Harvester",
      "Harvester-Package",
      "XCTestHarvester"
    ]
  }
}
2026-09-18 17:24:21.310 xcodebuild[739:4641] [MT] IDERunDestination: Supported platforms for the buildables in the current scheme is empty.
Running build ...
env DEVELOPER_DIR=/Applications/Xcode-27.0.0-Release.Candidate.app xcrun xcodebuild -IDEClonedSourcePackagesDirPathOverride=$PWD/.dependencies -skipMacroValidation -skipPackagePluginValidation -derivedDataPath $PWD/.derivedData build -scheme Harvester-Package -destination generic/platform=tvOS
Command line invocation:
    /Applications/Xcode-27.0.0-Release.Candidate.app/Contents/Developer/usr/bin/xcodebuild -IDEClonedSourcePackagesDirPathOverride=/Users/admin/builder/spi-builder-workspace/.dependencies -skipMacroValidation -skipPackagePluginValidation -derivedDataPath /Users/admin/builder/spi-builder-workspace/.derivedData build -scheme Harvester-Package -destination generic/platform=tvOS
Resolve Package Graph
Resolved source packages:
  Harvester: /Users/admin/builder/spi-builder-workspace
ComputePackagePrebuildTargetDependencyGraph
Prepare packages
CreateBuildRequest
SendProjectDescription
CreateBuildOperation
ComputeTargetDependencyGraph
note: Building targets in dependency order
note: Target dependency graph (4 targets)
    Target 'XCTestHarvester-product' in project 'Harvester'
        ➜ Explicit dependency on target 'XCTestHarvester' in project 'Harvester'
    Target 'XCTestHarvester' in project 'Harvester' (no dependencies)
    Target 'Harvester-product' in project 'Harvester'
        ➜ Explicit dependency on target 'Harvester' in project 'Harvester'
    Target 'Harvester' in project 'Harvester' (no dependencies)
GatherProvisioningInputs
CreateBuildDescription
ClangStatCache /Applications/Xcode-27.0.0-Release.Candidate.app/Contents/Developer/Toolchains/XcodeDefault.xctoolchain/usr/bin/clang-stat-cache /Applications/Xcode-27.0.0-Release.Candidate.app/Contents/Developer/Platforms/AppleTVOS.platform/Developer/SDKs/AppleTVOS27.0.sdk /Users/admin/builder/spi-builder-workspace/.derivedData/SDKStatCaches.noindex/appletvos27.0-24J360-e829b21a6f8c9b70876ba0858053c044b32bfd8d43560033f8d89884cdb90028.sdkstatcache
    cd /Users/admin/builder/spi-builder-workspace/.swiftpm/xcode
    /Applications/Xcode-27.0.0-Release.Candidate.app/Contents/Developer/Toolchains/XcodeDefault.xctoolchain/usr/bin/clang-stat-cache /Applications/Xcode-27.0.0-Release.Candidate.app/Contents/Developer/Platforms/AppleTVOS.platform/Developer/SDKs/AppleTVOS27.0.sdk -o /Users/admin/builder/spi-builder-workspace/.derivedData/SDKStatCaches.noindex/appletvos27.0-24J360-e829b21a6f8c9b70876ba0858053c044b32bfd8d43560033f8d89884cdb90028.sdkstatcache
SwiftDriver Harvester normal arm64 com.apple.xcode.tools.swift.compiler (in target 'Harvester' from project 'Harvester')
    cd /Users/admin/builder/spi-builder-workspace/.swiftpm/xcode
    builtin-SwiftDriver -- /Applications/Xcode-27.0.0-Release.Candidate.app/Contents/Developer/Toolchains/XcodeDefault.xctoolchain/usr/bin/swiftc -parse-as-library -module-name Harvester -Onone @/Users/admin/builder/spi-builder-workspace/.derivedData/Build/Intermediates.noindex/Harvester.build/Debug-appletvos/Harvester-t.build/Objects-normal/arm64/Harvester.SwiftFileList -DSWIFT_PACKAGE -DDEBUG -DSWIFT_MODULE_RESOURCE_BUNDLE_UNAVAILABLE -DXcode -plugin-path /Applications/Xcode-27.0.0-Release.Candidate.app/Contents/Developer/Toolchains/XcodeDefault.xctoolchain/usr/lib/swift/host/plugins/testing -enable-experimental-feature DebugDescriptionMacro -sdk /Applications/Xcode-27.0.0-Release.Candidate.app/Contents/Developer/Platforms/AppleTVOS.platform/Developer/SDKs/AppleTVOS27.0.sdk -target arm64-apple-tvos15.0 -g -module-cache-path /Users/admin/builder/spi-builder-workspace/.derivedData/ModuleCache.noindex -Xfrontend -serialize-debugging-options -profile-coverage-mapping -profile-generate -enable-testing -index-store-path /Users/admin/builder/spi-builder-workspace/.derivedData/Index.noindex/DataStore -Xcc -D_LIBCPP_HARDENING_MODE\=_LIBCPP_HARDENING_MODE_DEBUG -swift-version 5 -I /Users/admin/builder/spi-builder-workspace/.derivedData/Build/Products/Debug-appletvos -Isystem /Applications/Xcode-27.0.0-Release.Candidate.app/Contents/Developer/Platforms/AppleTVOS.platform/Developer/usr/lib -F /Users/admin/builder/spi-builder-workspace/.derivedData/Build/Products/Debug-appletvos -F /Applications/Xcode-27.0.0-Release.Candidate.app/Contents/Developer/Platforms/AppleTVOS.platform/Developer/Library/Frameworks -F /Applications/Xcode-27.0.0-Release.Candidate.app/Contents/Developer/Platforms/AppleTVOS.platform/Developer/SDKs/AppleTVOS27.0.sdk/Developer/Library/Frameworks -c -j10 -enable-batch-mode -incremental -Xcc -ivfsstatcache -Xcc /Users/admin/builder/spi-builder-workspace/.derivedData/SDKStatCaches.noindex/appletvos27.0-24J360-e829b21a6f8c9b70876ba0858053c044b32bfd8d43560033f8d89884cdb90028.sdkstatcache -output-file-map /Users/admin/builder/spi-builder-workspace/.derivedData/Build/Intermediates.noindex/Harvester.build/Debug-appletvos/Harvester-t.build/Objects-normal/arm64/Harvester-OutputFileMap.json -save-temps -no-color-diagnostics -explicit-module-build -module-cache-path /Users/admin/builder/spi-builder-workspace/.derivedData/Build/Intermediates.noindex/SwiftExplicitPrecompiledModules -clang-scanner-module-cache-path /Users/admin/builder/spi-builder-workspace/.derivedData/ModuleCache.noindex -sdk-module-cache-path /Users/admin/builder/spi-builder-workspace/.derivedData/SDKExplicitPrecompiledModules -emit-dependencies -emit-module -emit-module-path /Users/admin/builder/spi-builder-workspace/.derivedData/Build/Intermediates.noindex/Harvester.build/Debug-appletvos/Harvester-t.build/Objects-normal/arm64/Harvester.swiftmodule -serialize-diagnostics -dependency-scan-serialize-diagnostics-path /Users/admin/builder/spi-builder-workspace/.derivedData/Build/Intermediates.noindex/Harvester.build/Debug-appletvos/Harvester-t.build/Objects-normal/arm64/Harvester-dependency-scan.dia -validate-clang-modules-once -clang-build-session-file /Users/admin/builder/spi-builder-workspace/.derivedData/ModuleCache.noindex/Session.modulevalidation -Xcc -fmodules-prune-interval\=86400 -Xcc -fmodules-prune-after\=345600 -emit-const-values -const-gather-protocols-list /Users/admin/builder/spi-builder-workspace/.derivedData/Build/Intermediates.noindex/Harvester.build/Debug-appletvos/Harvester-t.build/Objects-normal/arm64/Harvester_const_extract_protocols.json -Xcc -I/Users/admin/builder/spi-builder-workspace/.derivedData/Build/Products/Debug-appletvos/include -Xcc -I/Users/admin/builder/spi-builder-workspace/.derivedData/Build/Intermediates.noindex/Harvester.build/Debug-appletvos/Harvester-t.build/DerivedSources-normal/arm64 -Xcc -I/Users/admin/builder/spi-builder-workspace/.derivedData/Build/Intermediates.noindex/Harvester.build/Debug-appletvos/Harvester-t.build/DerivedSources/arm64 -Xcc -I/Users/admin/builder/spi-builder-workspace/.derivedData/Build/Intermediates.noindex/Harvester.build/Debug-appletvos/Harvester-t.build/DerivedSources -Xcc -DSWIFT_PACKAGE -Xcc -DDEBUG\=1 -emit-objc-header -emit-objc-header-path /Users/admin/builder/spi-builder-workspace/.derivedData/Build/Intermediates.noindex/Harvester.build/Debug-appletvos/Harvester-t.build/Objects-normal/arm64/Harvester-Swift.h -working-directory /Users/admin/builder/spi-builder-workspace/.swiftpm/xcode -experimental-emit-module-separately -disable-cmo
SwiftCompile normal arm64 Compiling\ Publisher+attachChild.swift /Users/admin/builder/spi-builder-workspace/Sources/Harvester/Publisher+attachChild.swift (in target 'Harvester' from project 'Harvester')
/Users/admin/builder/spi-builder-workspace/Sources/Harvester/Publisher+attachChild.swift:86:45: warning: conformance of 'Subscribers.ChildViewController' to protocol 'Subscriber' crosses into main actor-isolated code and can cause data races; this is an error in the Swift 6 language mode [#ConformanceIsolation]
 84 | extension Subscribers {
 85 |
 86 |     public final class ChildViewController: Subscriber, Cancellable {
    |                                             |- warning: conformance of 'Subscribers.ChildViewController' to protocol 'Subscriber' crosses into main actor-isolated code and can cause data races; this is an error in the Swift 6 language mode [#ConformanceIsolation]
    |                                             |- note: isolate this conformance to the main actor with '@MainActor'
    |                                             `- note: turn data races into runtime errors with '@preconcurrency'
 87 |         public typealias Input = Bool
 88 |         public typealias Failure = Never
    :
111 |
112 |         @MainActor
113 |         public func receive(_ isLoading: Bool) -> Subscribers.Demand {
    |                     `- note: main actor-isolated instance method 'receive' cannot satisfy nonisolated requirement
114 |             if isLoading {
115 |                 lock(true)
    :
123 |
124 |         @MainActor
125 |         public func receive(completion: Subscribers.Completion<Never>) {
    |                     `- note: main actor-isolated instance method 'receive(completion:)' cannot satisfy nonisolated requirement
126 |             detach()
127 |             lock(false)
/Users/admin/builder/spi-builder-workspace/Sources/Harvester/Publisher+attachChild.swift:86:57: warning: conformance of 'Subscribers.ChildViewController' to protocol 'Cancellable' crosses into main actor-isolated code and can cause data races; this is an error in the Swift 6 language mode [#ConformanceIsolation]
 84 | extension Subscribers {
 85 |
 86 |     public final class ChildViewController: Subscriber, Cancellable {
    |                                                         |- warning: conformance of 'Subscribers.ChildViewController' to protocol 'Cancellable' crosses into main actor-isolated code and can cause data races; this is an error in the Swift 6 language mode [#ConformanceIsolation]
    |                                                         |- note: isolate this conformance to the main actor with '@MainActor'
    |                                                         `- note: turn data races into runtime errors with '@preconcurrency'
 87 |         public typealias Input = Bool
 88 |         public typealias Failure = Never
    :
129 |
130 |         @MainActor
131 |         public func cancel() {
    |                     `- note: main actor-isolated instance method 'cancel()' cannot satisfy nonisolated requirement
132 |             detach()
133 |             lock(false)
/Users/admin/builder/spi-builder-workspace/Sources/Harvester/Publisher+attachChild.swift:143:49: error: 'hidesBackButton' is unavailable in tvOS
141 |
142 |             parentViewController.isModalInPresentation = isLocked
143 |             parentViewController.navigationItem.hidesBackButton = isLocked
    |                                                 `- error: 'hidesBackButton' is unavailable in tvOS
144 |         }
145 |
/Applications/Xcode-27.0.0-Release.Candidate.app/Contents/Developer/Platforms/AppleTVOS.platform/Developer/SDKs/AppleTVOS27.0.sdk/System/Library/Frameworks/UIKit.framework/Headers/UINavigationItem.h:160:47: note: 'hidesBackButton' has been explicitly marked unavailable here
158 | @property (nonatomic, readwrite, copy, nullable) NSString *backButtonTitle API_AVAILABLE(ios(11.0)) API_UNAVAILABLE(watchos);
159 | /// If YES, this navigation item will hide the back button when it's on top of the stack.
160 | @property (nonatomic, readwrite, assign) BOOL hidesBackButton API_UNAVAILABLE(tvos);
    |                                               `- note: 'hidesBackButton' has been explicitly marked unavailable here
161 | - (void)setHidesBackButton:(BOOL)hidesBackButton animated:(BOOL)animated API_UNAVAILABLE(tvos);
162 | /// Controls how the back button sources its title.
[#ConformanceIsolation]: <https://docs.swift.org/compiler/documentation/diagnostics/conformance-isolation>
Failed frontend command:
SwiftCompile normal arm64 /Users/admin/builder/spi-builder-workspace/Sources/Harvester/Publisher+attachChild.swift (in target 'Harvester' from project 'Harvester')
    cd /Users/admin/builder/spi-builder-workspace/.swiftpm/xcode
    builtin-SwiftPerFileCompile Publisher+attachChild.swift
/Applications/Xcode-27.0.0-Release.Candidate.app/Contents/Developer/Toolchains/XcodeDefault.xctoolchain/usr/bin/swift-frontend -frontend -c /Users/admin/builder/spi-builder-workspace/Sources/Harvester/Publisher+assignWeak.swift /Users/admin/builder/spi-builder-workspace/Sources/Harvester/Publisher+asyncFirst.swift -primary-file /Users/admin/builder/spi-builder-workspace/Sources/Harvester/Publisher+attachChild.swift /Users/admin/builder/spi-builder-workspace/Sources/Harvester/UIControl+Publisher.swift /Users/admin/builder/spi-builder-workspace/Sources/Harvester/UITextField+Publisher.swift /Users/admin/builder/spi-builder-workspace/Sources/Harvester/UITextView+Publisher.swift -emit-dependencies-path /Users/admin/builder/spi-builder-workspace/.derivedData/Build/Intermediates.noindex/Harvester.build/Debug-appletvos/Harvester-t.build/Objects-normal/arm64/Publisher+attachChild.d -emit-const-values-path /Users/admin/builder/spi-builder-workspace/.derivedData/Build/Intermediates.noindex/Harvester.build/Debug-appletvos/Harvester-t.build/Objects-normal/arm64/Publisher+attachChild.swiftconstvalues -emit-reference-dependencies-path /Users/admin/builder/spi-builder-workspace/.derivedData/Build/Intermediates.noindex/Harvester.build/Debug-appletvos/Harvester-t.build/Objects-normal/arm64/Publisher+attachChild.swiftdeps -serialize-diagnostics-path /Users/admin/builder/spi-builder-workspace/.derivedData/Build/Intermediates.noindex/Harvester.build/Debug-appletvos/Harvester-t.build/Objects-normal/arm64/Publisher+attachChild.dia -target arm64-apple-tvos15.0 -disable-cross-import-overlay-search -load-resolved-plugin /Applications/Xcode-27.0.0-Release.Candidate.app/Contents/Developer/Platforms/AppleTVOS.platform/Developer/usr/lib/swift/host/plugins/libFoundationMacros.dylib\#/Applications/Xcode-27.0.0-Release.Candidate.app/Contents/Developer/Platforms/AppleTVOS.platform/Developer/usr/bin/swift-plugin-server\#FoundationMacros -load-resolved-plugin /Applications/Xcode-27.0.0-Release.Candidate.app/Contents/Developer/Platforms/AppleTVOS.platform/Developer/usr/lib/swift/host/plugins/libObservationMacros.dylib\#/Applications/Xcode-27.0.0-Release.Candidate.app/Contents/Developer/Platforms/AppleTVOS.platform/Developer/usr/bin/swift-plugin-server\#ObservationMacros -load-resolved-plugin /Applications/Xcode-27.0.0-Release.Candidate.app/Contents/Developer/Platforms/AppleTVOS.platform/Developer/usr/lib/swift/host/plugins/libPreviewsMacros.dylib\#/Applications/Xcode-27.0.0-Release.Candidate.app/Contents/Developer/Platforms/AppleTVOS.platform/Developer/usr/bin/swift-plugin-server\#PreviewsMacros -load-resolved-plugin /Applications/Xcode-27.0.0-Release.Candidate.app/Contents/Developer/Platforms/AppleTVOS.platform/Developer/usr/lib/swift/host/plugins/libSwiftMacros.dylib\#/Applications/Xcode-27.0.0-Release.Candidate.app/Contents/Developer/Platforms/AppleTVOS.platform/Developer/usr/bin/swift-plugin-server\#SwiftMacros -load-resolved-plugin /Applications/Xcode-27.0.0-Release.Candidate.app/Contents/Developer/Platforms/AppleTVOS.platform/Developer/usr/lib/swift/host/plugins/libSwiftUIMacros.dylib\#/Applications/Xcode-27.0.0-Release.Candidate.app/Contents/Developer/Platforms/AppleTVOS.platform/Developer/usr/bin/swift-plugin-server\#SwiftUIMacros -disable-implicit-swift-modules -Xcc -fno-implicit-modules -Xcc -fno-implicit-module-maps -explicit-swift-module-map-file /Users/admin/builder/spi-builder-workspace/.derivedData/Build/Intermediates.noindex/Harvester.build/Debug-appletvos/Harvester-t.build/Objects-normal/arm64/Harvester-dependencies-1.json -Xllvm -aarch64-use-tbi -enable-objc-interop -stack-check -sdk /Applications/Xcode-27.0.0-Release.Candidate.app/Contents/Developer/Platforms/AppleTVOS.platform/Developer/SDKs/AppleTVOS27.0.sdk -I /Users/admin/builder/spi-builder-workspace/.derivedData/Build/Products/Debug-appletvos -Isystem /Applications/Xcode-27.0.0-Release.Candidate.app/Contents/Developer/Platforms/AppleTVOS.platform/Developer/usr/lib -F /Users/admin/builder/spi-builder-workspace/.derivedData/Build/Products/Debug-appletvos -F /Applications/Xcode-27.0.0-Release.Candidate.app/Contents/Developer/Platforms/AppleTVOS.platform/Developer/Library/Frameworks -F /Applications/Xcode-27.0.0-Release.Candidate.app/Contents/Developer/Platforms/AppleTVOS.platform/Developer/SDKs/AppleTVOS27.0.sdk/Developer/Library/Frameworks -module-cache-path /Users/admin/builder/spi-builder-workspace/.derivedData/Build/Intermediates.noindex/SwiftExplicitPrecompiledModules -no-color-diagnostics -Xcc -fno-color-diagnostics -enable-testing -g -debug-info-format\=dwarf -dwarf-version\=4 -profile-generate -profile-coverage-mapping -swift-version 5 -Onone -D SWIFT_PACKAGE -D DEBUG -D SWIFT_MODULE_RESOURCE_BUNDLE_UNAVAILABLE -D Xcode -serialize-debugging-options -enable-experimental-feature DebugDescriptionMacro -empty-abi-descriptor -validate-clang-modules-once -clang-build-session-file /Users/admin/builder/spi-builder-workspace/.derivedData/ModuleCache.noindex/Session.modulevalidation -Xcc -working-directory -Xcc /Users/admin/builder/spi-builder-workspace/.swiftpm/xcode -enable-anonymous-context-mangled-names -file-compilation-dir /Users/admin/builder/spi-builder-workspace/.swiftpm/xcode -Xcc -D_LIBCPP_HARDENING_MODE\=_LIBCPP_HARDENING_MODE_DEBUG -Xcc -ivfsstatcache -Xcc /Users/admin/builder/spi-builder-workspace/.derivedData/SDKStatCaches.noindex/appletvos27.0-24J360-e829b21a6f8c9b70876ba0858053c044b32bfd8d43560033f8d89884cdb90028.sdkstatcache -Xcc -fmodules-prune-interval\=86400 -Xcc -fmodules-prune-after\=345600 -Xcc -I/Users/admin/builder/spi-builder-workspace/.derivedData/Build/Products/Debug-appletvos/include -Xcc -I/Users/admin/builder/spi-builder-workspace/.derivedData/Build/Intermediates.noindex/Harvester.build/Debug-appletvos/Harvester-t.build/DerivedSources-normal/arm64 -Xcc -I/Users/admin/builder/spi-builder-workspace/.derivedData/Build/Intermediates.noindex/Harvester.build/Debug-appletvos/Harvester-t.build/DerivedSources/arm64 -Xcc -I/Users/admin/builder/spi-builder-workspace/.derivedData/Build/Intermediates.noindex/Harvester.build/Debug-appletvos/Harvester-t.build/DerivedSources -Xcc -DSWIFT_PACKAGE -Xcc -DDEBUG\=1 -no-auto-bridging-header-chaining -module-name Harvester -const-gather-protocols-file /Users/admin/builder/spi-builder-workspace/.derivedData/Build/Intermediates.noindex/Harvester.build/Debug-appletvos/Harvester-t.build/Objects-normal/arm64/Harvester_const_extract_protocols.json -disable-clang-spi -clang-target arm64-apple-tvos27.0 -target-sdk-version 27.0 -target-sdk-name appletvos27.0 -in-process-plugin-server-path /Applications/Xcode-27.0.0-Release.Candidate.app/Contents/Developer/Toolchains/XcodeDefault.xctoolchain/usr/lib/swift/host/libSwiftInProcPluginServer.dylib -parse-as-library -o /Users/admin/builder/spi-builder-workspace/.derivedData/Build/Intermediates.noindex/Harvester.build/Debug-appletvos/Harvester-t.build/Objects-normal/arm64/Publisher+attachChild.o -debug-module-path /Users/admin/builder/spi-builder-workspace/.derivedData/Build/Intermediates.noindex/Harvester.build/Debug-appletvos/Harvester-t.build/Objects-normal/arm64/Harvester.swiftmodule -index-unit-output-path /Harvester.build/Debug-appletvos/Harvester-t.build/Objects-normal/arm64/Publisher+attachChild.o -index-store-path /Users/admin/builder/spi-builder-workspace/.derivedData/Index.noindex/DataStore -index-system-modules
SwiftEmitModule normal arm64 Emitting\ module\ for\ Harvester (in target 'Harvester' from project 'Harvester')
/Users/admin/builder/spi-builder-workspace/Sources/Harvester/Publisher+attachChild.swift:86:45: warning: conformance of 'Subscribers.ChildViewController' to protocol 'Subscriber' crosses into main actor-isolated code and can cause data races; this is an error in the Swift 6 language mode [#ConformanceIsolation]
 84 | extension Subscribers {
 85 |
 86 |     public final class ChildViewController: Subscriber, Cancellable {
    |                                             |- warning: conformance of 'Subscribers.ChildViewController' to protocol 'Subscriber' crosses into main actor-isolated code and can cause data races; this is an error in the Swift 6 language mode [#ConformanceIsolation]
    |                                             |- note: isolate this conformance to the main actor with '@MainActor'
    |                                             `- note: turn data races into runtime errors with '@preconcurrency'
 87 |         public typealias Input = Bool
 88 |         public typealias Failure = Never
    :
111 |
112 |         @MainActor
113 |         public func receive(_ isLoading: Bool) -> Subscribers.Demand {
    |                     `- note: main actor-isolated instance method 'receive' cannot satisfy nonisolated requirement
114 |             if isLoading {
115 |                 lock(true)
    :
123 |
124 |         @MainActor
125 |         public func receive(completion: Subscribers.Completion<Never>) {
    |                     `- note: main actor-isolated instance method 'receive(completion:)' cannot satisfy nonisolated requirement
126 |             detach()
127 |             lock(false)
/Users/admin/builder/spi-builder-workspace/Sources/Harvester/Publisher+attachChild.swift:86:57: warning: conformance of 'Subscribers.ChildViewController' to protocol 'Cancellable' crosses into main actor-isolated code and can cause data races; this is an error in the Swift 6 language mode [#ConformanceIsolation]
 84 | extension Subscribers {
 85 |
 86 |     public final class ChildViewController: Subscriber, Cancellable {
    |                                                         |- warning: conformance of 'Subscribers.ChildViewController' to protocol 'Cancellable' crosses into main actor-isolated code and can cause data races; this is an error in the Swift 6 language mode [#ConformanceIsolation]
    |                                                         |- note: isolate this conformance to the main actor with '@MainActor'
    |                                                         `- note: turn data races into runtime errors with '@preconcurrency'
 87 |         public typealias Input = Bool
 88 |         public typealias Failure = Never
    :
129 |
130 |         @MainActor
131 |         public func cancel() {
    |                     `- note: main actor-isolated instance method 'cancel()' cannot satisfy nonisolated requirement
132 |             detach()
133 |             lock(false)
[#ConformanceIsolation]: <https://docs.swift.org/compiler/documentation/diagnostics/conformance-isolation>
SwiftCompile normal arm64 (in target 'Harvester' from project 'Harvester')
    cd /Users/admin/builder/spi-builder-workspace/.swiftpm/xcode

SwiftCompile normal arm64 Compiling\ UITextView+Publisher.swift /Users/admin/builder/spi-builder-workspace/Sources/Harvester/UITextView+Publisher.swift (in target 'Harvester' from project 'Harvester')
SwiftCompile normal arm64 /Users/admin/builder/spi-builder-workspace/Sources/Harvester/UITextView+Publisher.swift (in target 'Harvester' from project 'Harvester')
    cd /Users/admin/builder/spi-builder-workspace/.swiftpm/xcode
    builtin-SwiftPerFileCompile UITextView+Publisher.swift
SwiftCompile normal arm64 Compiling\ UITextField+Publisher.swift /Users/admin/builder/spi-builder-workspace/Sources/Harvester/UITextField+Publisher.swift (in target 'Harvester' from project 'Harvester')
SwiftCompile normal arm64 /Users/admin/builder/spi-builder-workspace/Sources/Harvester/UITextField+Publisher.swift (in target 'Harvester' from project 'Harvester')
    cd /Users/admin/builder/spi-builder-workspace/.swiftpm/xcode
    builtin-SwiftPerFileCompile UITextField+Publisher.swift
SwiftCompile normal arm64 Compiling\ UIControl+Publisher.swift /Users/admin/builder/spi-builder-workspace/Sources/Harvester/UIControl+Publisher.swift (in target 'Harvester' from project 'Harvester')
SwiftCompile normal arm64 /Users/admin/builder/spi-builder-workspace/Sources/Harvester/UIControl+Publisher.swift (in target 'Harvester' from project 'Harvester')
    cd /Users/admin/builder/spi-builder-workspace/.swiftpm/xcode
    builtin-SwiftPerFileCompile UIControl+Publisher.swift
SwiftDriverJobDiscovery normal arm64 Compiling UITextField+Publisher.swift (in target 'Harvester' from project 'Harvester')
SwiftDriverJobDiscovery normal arm64 Compiling UITextView+Publisher.swift (in target 'Harvester' from project 'Harvester')
SwiftDriverJobDiscovery normal arm64 Compiling UIControl+Publisher.swift (in target 'Harvester' from project 'Harvester')
PruneExplicitPrecompiledModules /Users/admin/builder/spi-builder-workspace/.derivedData/SDKExplicitPrecompiledModules
PruneExplicitPrecompiledModules /Users/admin/builder/spi-builder-workspace/.derivedData/Build/Intermediates.noindex/ExplicitPrecompiledModules
PruneExplicitPrecompiledModules /Users/admin/builder/spi-builder-workspace/.derivedData/Build/Intermediates.noindex/SwiftExplicitPrecompiledModules
2026-09-18 17:24:22.237 xcodebuild[740:4667] [MT] IDERunDestination: Supported platforms for the buildables in the current scheme is empty.
** BUILD FAILED **
The following build commands failed:
	SwiftCompile normal arm64 /Users/admin/builder/spi-builder-workspace/Sources/Harvester/Publisher+attachChild.swift (in target 'Harvester' from project 'Harvester')
	SwiftCompile normal arm64 Compiling\ Publisher+attachChild.swift /Users/admin/builder/spi-builder-workspace/Sources/Harvester/Publisher+attachChild.swift (in target 'Harvester' from project 'Harvester')
	Building workspace Harvester with scheme Harvester-Package
(3 failures)
BUILD FAILURE 6.4 tvOS