Build Information
Failed to build SwiftASB, reference main (463912), with Swift 6.4 for visionOS using Xcode 27.0 on 26 Sep 2026 04:00:32 UTC.
Build Command
env DEVELOPER_DIR=/Applications/Xcode-27.0.0-Release.Candidate.app xcrun xcodebuild -IDEClonedSourcePackagesDirPathOverride=$PWD/.dependencies -skipMacroValidation -skipPackagePluginValidation -derivedDataPath $PWD/.derivedData build -scheme SwiftASB-Package -destination generic/platform=xrOSBuild Log
SwiftMergeGeneratedHeaders /Users/admin/builder/spi-builder-workspace/.derivedData/Build/Intermediates.noindex/GeneratedModuleMaps-xros/OrderedCollections-Swift.h /Users/admin/builder/spi-builder-workspace/.derivedData/Build/Intermediates.noindex/swift-collections.build/Debug-xros/OrderedCollections-t.build/Objects-normal/arm64/OrderedCollections-Swift.h (in target 'OrderedCollections' from project 'swift-collections')
cd /Users/admin/builder/spi-builder-workspace/.dependencies/checkouts/swift-collections
builtin-swiftHeaderTool -arch arm64 /Users/admin/builder/spi-builder-workspace/.derivedData/Build/Intermediates.noindex/swift-collections.build/Debug-xros/OrderedCollections-t.build/Objects-normal/arm64/OrderedCollections-Swift.h -o /Users/admin/builder/spi-builder-workspace/.derivedData/Build/Intermediates.noindex/GeneratedModuleMaps-xros/OrderedCollections-Swift.h
Copy /Users/admin/builder/spi-builder-workspace/.derivedData/Build/Products/Debug-xros/OrderedCollections.swiftmodule/arm64-apple-xros.swiftmodule /Users/admin/builder/spi-builder-workspace/.derivedData/Build/Intermediates.noindex/swift-collections.build/Debug-xros/OrderedCollections-t.build/Objects-normal/arm64/OrderedCollections.swiftmodule (in target 'OrderedCollections' from project 'swift-collections')
cd /Users/admin/builder/spi-builder-workspace/.dependencies/checkouts/swift-collections
builtin-copy -exclude .DS_Store -exclude CVS -exclude .svn -exclude .git -exclude .hg -resolve-src-symlinks -rename /Users/admin/builder/spi-builder-workspace/.derivedData/Build/Intermediates.noindex/swift-collections.build/Debug-xros/OrderedCollections-t.build/Objects-normal/arm64/OrderedCollections.swiftmodule /Users/admin/builder/spi-builder-workspace/.derivedData/Build/Products/Debug-xros/OrderedCollections.swiftmodule/arm64-apple-xros.swiftmodule
Copy /Users/admin/builder/spi-builder-workspace/.derivedData/Build/Products/Debug-xros/OrderedCollections.swiftmodule/arm64-apple-xros.swiftdoc /Users/admin/builder/spi-builder-workspace/.derivedData/Build/Intermediates.noindex/swift-collections.build/Debug-xros/OrderedCollections-t.build/Objects-normal/arm64/OrderedCollections.swiftdoc (in target 'OrderedCollections' from project 'swift-collections')
cd /Users/admin/builder/spi-builder-workspace/.dependencies/checkouts/swift-collections
builtin-copy -exclude .DS_Store -exclude CVS -exclude .svn -exclude .git -exclude .hg -resolve-src-symlinks -rename /Users/admin/builder/spi-builder-workspace/.derivedData/Build/Intermediates.noindex/swift-collections.build/Debug-xros/OrderedCollections-t.build/Objects-normal/arm64/OrderedCollections.swiftdoc /Users/admin/builder/spi-builder-workspace/.derivedData/Build/Products/Debug-xros/OrderedCollections.swiftmodule/arm64-apple-xros.swiftdoc
Copy /Users/admin/builder/spi-builder-workspace/.derivedData/Build/Products/Debug-xros/OrderedCollections.swiftmodule/arm64-apple-xros.abi.json /Users/admin/builder/spi-builder-workspace/.derivedData/Build/Intermediates.noindex/swift-collections.build/Debug-xros/OrderedCollections-t.build/Objects-normal/arm64/OrderedCollections.abi.json (in target 'OrderedCollections' from project 'swift-collections')
cd /Users/admin/builder/spi-builder-workspace/.dependencies/checkouts/swift-collections
builtin-copy -exclude .DS_Store -exclude CVS -exclude .svn -exclude .git -exclude .hg -resolve-src-symlinks -rename /Users/admin/builder/spi-builder-workspace/.derivedData/Build/Intermediates.noindex/swift-collections.build/Debug-xros/OrderedCollections-t.build/Objects-normal/arm64/OrderedCollections.abi.json /Users/admin/builder/spi-builder-workspace/.derivedData/Build/Products/Debug-xros/OrderedCollections.swiftmodule/arm64-apple-xros.abi.json
Copy /Users/admin/builder/spi-builder-workspace/.derivedData/Build/Products/Debug-xros/OrderedCollections.swiftmodule/Project/arm64-apple-xros.swiftsourceinfo /Users/admin/builder/spi-builder-workspace/.derivedData/Build/Intermediates.noindex/swift-collections.build/Debug-xros/OrderedCollections-t.build/Objects-normal/arm64/OrderedCollections.swiftsourceinfo (in target 'OrderedCollections' from project 'swift-collections')
cd /Users/admin/builder/spi-builder-workspace/.dependencies/checkouts/swift-collections
builtin-copy -exclude .DS_Store -exclude CVS -exclude .svn -exclude .git -exclude .hg -resolve-src-symlinks -rename /Users/admin/builder/spi-builder-workspace/.derivedData/Build/Intermediates.noindex/swift-collections.build/Debug-xros/OrderedCollections-t.build/Objects-normal/arm64/OrderedCollections.swiftsourceinfo /Users/admin/builder/spi-builder-workspace/.derivedData/Build/Products/Debug-xros/OrderedCollections.swiftmodule/Project/arm64-apple-xros.swiftsourceinfo
Ld /Users/admin/builder/spi-builder-workspace/.derivedData/Build/Products/Debug-xros/OrderedCollections.o normal (in target 'OrderedCollections' from project 'swift-collections')
cd /Users/admin/builder/spi-builder-workspace/.dependencies/checkouts/swift-collections
/Applications/Xcode-27.0.0-Release.Candidate.app/Contents/Developer/Toolchains/XcodeDefault.xctoolchain/usr/bin/clang -Xlinker -reproducible -target arm64-apple-xros1.0 -r -isysroot /Applications/Xcode-27.0.0-Release.Candidate.app/Contents/Developer/Platforms/XROS.platform/Developer/SDKs/XROS27.0.sdk -O0 -w -Xlinker -no_warn_duplicate_libraries -F/Users/admin/builder/spi-builder-workspace/.derivedData/Build/Intermediates.noindex/EagerLinkingTBDs/Debug-xros -F/Users/admin/builder/spi-builder-workspace/.derivedData/Build/Products/Debug-xros/PackageFrameworks -F/Users/admin/builder/spi-builder-workspace/.derivedData/Build/Products/Debug-xros -iframework /Applications/Xcode-27.0.0-Release.Candidate.app/Contents/Developer/Platforms/XROS.platform/Developer/Library/Frameworks -iframework /Applications/Xcode-27.0.0-Release.Candidate.app/Contents/Developer/Platforms/XROS.platform/Developer/SDKs/XROS27.0.sdk/Developer/Library/Frameworks -filelist /Users/admin/builder/spi-builder-workspace/.derivedData/Build/Intermediates.noindex/swift-collections.build/Debug-xros/OrderedCollections-t.build/Objects-normal/arm64/OrderedCollections.LinkFileList -nostdlib -Xlinker -object_path_lto -Xlinker /Users/admin/builder/spi-builder-workspace/.derivedData/Build/Intermediates.noindex/swift-collections.build/Debug-xros/OrderedCollections-t.build/Objects-normal/arm64/OrderedCollections_lto.o -Xlinker -no_deduplicate -Xlinker -debug_variant -Xlinker -dependency_info -Xlinker /Users/admin/builder/spi-builder-workspace/.derivedData/Build/Intermediates.noindex/swift-collections.build/Debug-xros/OrderedCollections-t.build/Objects-normal/arm64/OrderedCollections_dependency_info.dat -fobjc-link-runtime -L/Applications/Xcode-27.0.0-Release.Candidate.app/Contents/Developer/Toolchains/XcodeDefault.xctoolchain/usr/lib/swift/xros -L/usr/lib/swift -Xlinker -add_ast_path -Xlinker /Users/admin/builder/spi-builder-workspace/.derivedData/Build/Intermediates.noindex/swift-collections.build/Debug-xros/OrderedCollections-t.build/Objects-normal/arm64/OrderedCollections.swiftmodule -o /Users/admin/builder/spi-builder-workspace/.derivedData/Build/Products/Debug-xros/OrderedCollections.o
ExtractAppIntentsMetadata (in target 'OrderedCollections' from project 'swift-collections')
cd /Users/admin/builder/spi-builder-workspace/.dependencies/checkouts/swift-collections
/Applications/Xcode-27.0.0-Release.Candidate.app/Contents/Developer/Toolchains/XcodeDefault.xctoolchain/usr/bin/appintentsmetadataprocessor --toolchain-dir /var/run/com.apple.security.cryptexd/mnt/com.apple.MobileAsset.MetalToolchain-v27.1.266.1.1pBx3T/Metal.xctoolchain --module-name OrderedCollections --sdk-root /Applications/Xcode-27.0.0-Release.Candidate.app/Contents/Developer/Platforms/XROS.platform/Developer/SDKs/XROS27.0.sdk --xcode-version 27A266a --platform-family xrOS --deployment-target 1.0 --bundle-identifier swift-collections.OrderedCollections --output /Users/admin/builder/spi-builder-workspace/.derivedData/Build/Products/Debug-xros/OrderedCollections.appintents --target-triple arm64-apple-xros1.0 --binary-file /Users/admin/builder/spi-builder-workspace/.derivedData/Build/Products/Debug-xros/OrderedCollections.o --dependency-file /Users/admin/builder/spi-builder-workspace/.derivedData/Build/Intermediates.noindex/swift-collections.build/Debug-xros/OrderedCollections-t.build/Objects-normal/arm64/OrderedCollections_dependency_info.dat --stringsdata-file /Users/admin/builder/spi-builder-workspace/.derivedData/Build/Intermediates.noindex/swift-collections.build/Debug-xros/OrderedCollections-t.build/Objects-normal/arm64/ExtractedAppShortcutsMetadata.stringsdata --source-file-list /Users/admin/builder/spi-builder-workspace/.derivedData/Build/Intermediates.noindex/swift-collections.build/Debug-xros/OrderedCollections-t.build/Objects-normal/arm64/OrderedCollections.SwiftFileList --metadata-file-list /Users/admin/builder/spi-builder-workspace/.derivedData/Build/Intermediates.noindex/swift-collections.build/Debug-xros/OrderedCollections-t.build/OrderedCollections.DependencyMetadataFileList --static-metadata-file-list /Users/admin/builder/spi-builder-workspace/.derivedData/Build/Intermediates.noindex/swift-collections.build/Debug-xros/OrderedCollections-t.build/OrderedCollections.DependencyStaticMetadataFileList --swift-const-vals-list /Users/admin/builder/spi-builder-workspace/.derivedData/Build/Intermediates.noindex/swift-collections.build/Debug-xros/OrderedCollections-t.build/Objects-normal/arm64/OrderedCollections.SwiftConstValuesFileList --force --compile-time-extraction --deployment-aware-processing --no-app-shortcuts-localization
2026-09-26 00:00:20.055 appintentsmetadataprocessor[841:4989] Starting appintentsmetadataprocessor export
2026-09-26 00:00:20.125 appintentsmetadataprocessor[841:4989] Extracted no relevant App Intents symbols, skipping writing output
SwiftDriverJobDiscovery normal arm64 Compiling Deque+Codable.swift, Deque+Collection.swift, Deque+CustomReflectable.swift, Deque+Descriptions.swift, Deque+Equatable.swift (in target 'DequeModule' from project 'swift-collections')
SwiftDriverJobDiscovery normal arm64 Compiling Deque._UnsafeHandle.swift, Deque.swift, _DequeBuffer.swift, _DequeBufferHeader.swift, RigidDeque+Append.swift (in target 'DequeModule' from project 'swift-collections')
SwiftDriverJobDiscovery normal arm64 Compiling UniqueDeque.swift, _DequeSlot.swift, _UnsafeDequeHandle.swift, _UnsafeDequeSegments.swift (in target 'DequeModule' from project 'swift-collections')
SwiftDriverJobDiscovery normal arm64 Emitting module for DequeModule (in target 'DequeModule' from project 'swift-collections')
SwiftDriver\ Compilation\ Requirements DequeModule normal arm64 com.apple.xcode.tools.swift.compiler (in target 'DequeModule' from project 'swift-collections')
cd /Users/admin/builder/spi-builder-workspace/.swiftpm/xcode
builtin-Swift-Compilation-Requirements -- /Applications/Xcode-27.0.0-Release.Candidate.app/Contents/Developer/Toolchains/XcodeDefault.xctoolchain/usr/bin/swiftc -parse-as-library -module-name DequeModule -Onone @/Users/admin/builder/spi-builder-workspace/.derivedData/Build/Intermediates.noindex/swift-collections.build/Debug-xros/DequeModule-t.build/Objects-normal/arm64/DequeModule.SwiftFileList -DSWIFT_PACKAGE -DDEBUG -DSWIFT_MODULE_RESOURCE_BUNDLE_UNAVAILABLE -DCOLLECTIONS_RANDOMIZED_TESTING -DXcode -enable-experimental-feature AvailabilityMacro\=SwiftStdlib\ 5.0:\ macOS\ 10.14.4,\ iOS\ 12.2,\ watchOS\ 5.2,\ tvOS\ 12.2 -enable-experimental-feature AvailabilityMacro\=SwiftStdlib\ 5.1:\ macOS\ 10.15,\ iOS\ 13.0,\ watchOS\ 6.0,\ tvOS\ 13.0 -enable-experimental-feature AvailabilityMacro\=SwiftStdlib\ 5.6:\ macOS\ 12.3,\ iOS\ 15.4,\ watchOS\ 8.5,\ tvOS\ 15.4 -enable-experimental-feature AvailabilityMacro\=SwiftStdlib\ 5.7:\ macOS\ 13.0,\ iOS\ 16.0,\ watchOS\ 9.0,\ tvOS\ 16.0 -enable-experimental-feature AvailabilityMacro\=SwiftStdlib\ 5.8:\ macOS\ 13.3,\ iOS\ 16.4,\ watchOS\ 9.4,\ tvOS\ 16.4 -enable-experimental-feature AvailabilityMacro\=SwiftStdlib\ 5.9:\ macOS\ 14.0,\ iOS\ 17.0,\ watchOS\ 10.0,\ tvOS\ 17.0 -enable-experimental-feature AvailabilityMacro\=SwiftStdlib\ 5.10:\ macOS\ 14.4,\ iOS\ 17.4,\ watchOS\ 10.4,\ tvOS\ 17.4,\ visionOS\ 1.1 -enable-experimental-feature AvailabilityMacro\=SwiftStdlib\ 6.0:\ macOS\ 15.0,\ iOS\ 18.0,\ watchOS\ 11.0,\ tvOS\ 18.0,\ visionOS\ 2.0 -enable-experimental-feature AvailabilityMacro\=SwiftStdlib\ 6.1:\ macOS\ 15.4,\ iOS\ 18.4,\ watchOS\ 11.4,\ tvOS\ 18.4,\ visionOS\ 2.4 -enable-experimental-feature AvailabilityMacro\=SwiftStdlib\ 6.2:\ macOS\ 26.0,\ iOS\ 26.0,\ watchOS\ 26.0,\ tvOS\ 26.0,\ visionOS\ 26.0 -enable-experimental-feature AvailabilityMacro\=SwiftStdlib\ 6.3:\ macOS\ 26.4,\ iOS\ 26.4,\ watchOS\ 26.4,\ tvOS\ 26.4,\ visionOS\ 26.4 -enable-experimental-feature AvailabilityMacro\=SwiftStdlib\ 6.4:\ macOS\ 27.0,\ iOS\ 27.0,\ watchOS\ 27.0,\ tvOS\ 27.0,\ visionOS\ 27.0 -enable-experimental-feature AvailabilityMacro\=SwiftStdlib\ 6.5:\ macOS\ 9999,\ iOS\ 9999,\ watchOS\ 9999,\ tvOS\ 9999,\ visionOS\ 9999 -enable-upcoming-feature MemberImportVisibility -enable-experimental-feature BuiltinModule -enable-experimental-feature Lifetimes -enable-experimental-feature InoutLifetimeDependence -enable-experimental-feature AddressableParameters -enable-experimental-feature AddressableTypes -enable-experimental-feature SuppressedAssociatedTypesWithDefaults -enable-experimental-feature BorrowingSequence -plugin-path /Applications/Xcode-27.0.0-Release.Candidate.app/Contents/Developer/Toolchains/XcodeDefault.xctoolchain/usr/lib/swift/host/plugins/testing -enable-experimental-feature DebugDescriptionMacro -sdk /Applications/Xcode-27.0.0-Release.Candidate.app/Contents/Developer/Platforms/XROS.platform/Developer/SDKs/XROS27.0.sdk -target arm64-apple-xros1.0 -g -module-cache-path /Users/admin/builder/spi-builder-workspace/.derivedData/ModuleCache.noindex -Xfrontend -serialize-debugging-options -profile-coverage-mapping -profile-generate -enable-testing -suppress-warnings -index-store-path /Users/admin/builder/spi-builder-workspace/.derivedData/Index.noindex/DataStore -Xcc -D_LIBCPP_HARDENING_MODE\=_LIBCPP_HARDENING_MODE_DEBUG -swift-version 6 -I /Users/admin/builder/spi-builder-workspace/.derivedData/Build/Products/Debug-xros -Isystem /Applications/Xcode-27.0.0-Release.Candidate.app/Contents/Developer/Platforms/XROS.platform/Developer/usr/lib -F /Users/admin/builder/spi-builder-workspace/.derivedData/Build/Products/Debug-xros/PackageFrameworks -F /Users/admin/builder/spi-builder-workspace/.derivedData/Build/Products/Debug-xros -F /Applications/Xcode-27.0.0-Release.Candidate.app/Contents/Developer/Platforms/XROS.platform/Developer/Library/Frameworks -F /Applications/Xcode-27.0.0-Release.Candidate.app/Contents/Developer/Platforms/XROS.platform/Developer/SDKs/XROS27.0.sdk/Developer/Library/Frameworks -c -j10 -enable-batch-mode -incremental -Xcc -ivfsstatcache -Xcc /Users/admin/builder/spi-builder-workspace/.derivedData/SDKStatCaches.noindex/xros27.0-24M361-e829b21a6f8c9b70876ba0858053c044735bd543db762f57723cac368afd1ce4.sdkstatcache -output-file-map /Users/admin/builder/spi-builder-workspace/.derivedData/Build/Intermediates.noindex/swift-collections.build/Debug-xros/DequeModule-t.build/Objects-normal/arm64/DequeModule-OutputFileMap.json -save-temps -no-color-diagnostics -explicit-module-build -module-cache-path /Users/admin/builder/spi-builder-workspace/.derivedData/Build/Intermediates.noindex/SwiftExplicitPrecompiledModules -clang-scanner-module-cache-path /Users/admin/builder/spi-builder-workspace/.derivedData/ModuleCache.noindex -sdk-module-cache-path /Users/admin/builder/spi-builder-workspace/.derivedData/SDKExplicitPrecompiledModules -emit-dependencies -emit-module -emit-module-path /Users/admin/builder/spi-builder-workspace/.derivedData/Build/Intermediates.noindex/swift-collections.build/Debug-xros/DequeModule-t.build/Objects-normal/arm64/DequeModule.swiftmodule -serialize-diagnostics -dependency-scan-serialize-diagnostics-path /Users/admin/builder/spi-builder-workspace/.derivedData/Build/Intermediates.noindex/swift-collections.build/Debug-xros/DequeModule-t.build/Objects-normal/arm64/DequeModule-dependency-scan.dia -user-module-version 1.7.1 -validate-clang-modules-once -clang-build-session-file /Users/admin/builder/spi-builder-workspace/.derivedData/ModuleCache.noindex/Session.modulevalidation -Xcc -fmodules-prune-interval\=86400 -Xcc -fmodules-prune-after\=345600 -package-name swift_collections -emit-const-values -const-gather-protocols-list /Users/admin/builder/spi-builder-workspace/.derivedData/Build/Intermediates.noindex/swift-collections.build/Debug-xros/DequeModule-t.build/Objects-normal/arm64/DequeModule_const_extract_protocols.json -Xcc -I/Users/admin/builder/spi-builder-workspace/.derivedData/Build/Products/Debug-xros/include -Xcc -I/Users/admin/builder/spi-builder-workspace/.derivedData/Build/Intermediates.noindex/swift-collections.build/Debug-xros/DequeModule-t.build/DerivedSources-normal/arm64 -Xcc -I/Users/admin/builder/spi-builder-workspace/.derivedData/Build/Intermediates.noindex/swift-collections.build/Debug-xros/DequeModule-t.build/DerivedSources/arm64 -Xcc -I/Users/admin/builder/spi-builder-workspace/.derivedData/Build/Intermediates.noindex/swift-collections.build/Debug-xros/DequeModule-t.build/DerivedSources -Xcc -DSWIFT_PACKAGE -Xcc -DDEBUG\=1 -emit-objc-header -emit-objc-header-path /Users/admin/builder/spi-builder-workspace/.derivedData/Build/Intermediates.noindex/swift-collections.build/Debug-xros/DequeModule-t.build/Objects-normal/arm64/DequeModule-Swift.h -working-directory /Users/admin/builder/spi-builder-workspace/.swiftpm/xcode -experimental-emit-module-separately -disable-cmo
SwiftDriver\ Compilation DequeModule normal arm64 com.apple.xcode.tools.swift.compiler (in target 'DequeModule' from project 'swift-collections')
cd /Users/admin/builder/spi-builder-workspace/.swiftpm/xcode
builtin-Swift-Compilation -- /Applications/Xcode-27.0.0-Release.Candidate.app/Contents/Developer/Toolchains/XcodeDefault.xctoolchain/usr/bin/swiftc -parse-as-library -module-name DequeModule -Onone @/Users/admin/builder/spi-builder-workspace/.derivedData/Build/Intermediates.noindex/swift-collections.build/Debug-xros/DequeModule-t.build/Objects-normal/arm64/DequeModule.SwiftFileList -DSWIFT_PACKAGE -DDEBUG -DSWIFT_MODULE_RESOURCE_BUNDLE_UNAVAILABLE -DCOLLECTIONS_RANDOMIZED_TESTING -DXcode -enable-experimental-feature AvailabilityMacro\=SwiftStdlib\ 5.0:\ macOS\ 10.14.4,\ iOS\ 12.2,\ watchOS\ 5.2,\ tvOS\ 12.2 -enable-experimental-feature AvailabilityMacro\=SwiftStdlib\ 5.1:\ macOS\ 10.15,\ iOS\ 13.0,\ watchOS\ 6.0,\ tvOS\ 13.0 -enable-experimental-feature AvailabilityMacro\=SwiftStdlib\ 5.6:\ macOS\ 12.3,\ iOS\ 15.4,\ watchOS\ 8.5,\ tvOS\ 15.4 -enable-experimental-feature AvailabilityMacro\=SwiftStdlib\ 5.7:\ macOS\ 13.0,\ iOS\ 16.0,\ watchOS\ 9.0,\ tvOS\ 16.0 -enable-experimental-feature AvailabilityMacro\=SwiftStdlib\ 5.8:\ macOS\ 13.3,\ iOS\ 16.4,\ watchOS\ 9.4,\ tvOS\ 16.4 -enable-experimental-feature AvailabilityMacro\=SwiftStdlib\ 5.9:\ macOS\ 14.0,\ iOS\ 17.0,\ watchOS\ 10.0,\ tvOS\ 17.0 -enable-experimental-feature AvailabilityMacro\=SwiftStdlib\ 5.10:\ macOS\ 14.4,\ iOS\ 17.4,\ watchOS\ 10.4,\ tvOS\ 17.4,\ visionOS\ 1.1 -enable-experimental-feature AvailabilityMacro\=SwiftStdlib\ 6.0:\ macOS\ 15.0,\ iOS\ 18.0,\ watchOS\ 11.0,\ tvOS\ 18.0,\ visionOS\ 2.0 -enable-experimental-feature AvailabilityMacro\=SwiftStdlib\ 6.1:\ macOS\ 15.4,\ iOS\ 18.4,\ watchOS\ 11.4,\ tvOS\ 18.4,\ visionOS\ 2.4 -enable-experimental-feature AvailabilityMacro\=SwiftStdlib\ 6.2:\ macOS\ 26.0,\ iOS\ 26.0,\ watchOS\ 26.0,\ tvOS\ 26.0,\ visionOS\ 26.0 -enable-experimental-feature AvailabilityMacro\=SwiftStdlib\ 6.3:\ macOS\ 26.4,\ iOS\ 26.4,\ watchOS\ 26.4,\ tvOS\ 26.4,\ visionOS\ 26.4 -enable-experimental-feature AvailabilityMacro\=SwiftStdlib\ 6.4:\ macOS\ 27.0,\ iOS\ 27.0,\ watchOS\ 27.0,\ tvOS\ 27.0,\ visionOS\ 27.0 -enable-experimental-feature AvailabilityMacro\=SwiftStdlib\ 6.5:\ macOS\ 9999,\ iOS\ 9999,\ watchOS\ 9999,\ tvOS\ 9999,\ visionOS\ 9999 -enable-upcoming-feature MemberImportVisibility -enable-experimental-feature BuiltinModule -enable-experimental-feature Lifetimes -enable-experimental-feature InoutLifetimeDependence -enable-experimental-feature AddressableParameters -enable-experimental-feature AddressableTypes -enable-experimental-feature SuppressedAssociatedTypesWithDefaults -enable-experimental-feature BorrowingSequence -plugin-path /Applications/Xcode-27.0.0-Release.Candidate.app/Contents/Developer/Toolchains/XcodeDefault.xctoolchain/usr/lib/swift/host/plugins/testing -enable-experimental-feature DebugDescriptionMacro -sdk /Applications/Xcode-27.0.0-Release.Candidate.app/Contents/Developer/Platforms/XROS.platform/Developer/SDKs/XROS27.0.sdk -target arm64-apple-xros1.0 -g -module-cache-path /Users/admin/builder/spi-builder-workspace/.derivedData/ModuleCache.noindex -Xfrontend -serialize-debugging-options -profile-coverage-mapping -profile-generate -enable-testing -suppress-warnings -index-store-path /Users/admin/builder/spi-builder-workspace/.derivedData/Index.noindex/DataStore -Xcc -D_LIBCPP_HARDENING_MODE\=_LIBCPP_HARDENING_MODE_DEBUG -swift-version 6 -I /Users/admin/builder/spi-builder-workspace/.derivedData/Build/Products/Debug-xros -Isystem /Applications/Xcode-27.0.0-Release.Candidate.app/Contents/Developer/Platforms/XROS.platform/Developer/usr/lib -F /Users/admin/builder/spi-builder-workspace/.derivedData/Build/Products/Debug-xros/PackageFrameworks -F /Users/admin/builder/spi-builder-workspace/.derivedData/Build/Products/Debug-xros -F /Applications/Xcode-27.0.0-Release.Candidate.app/Contents/Developer/Platforms/XROS.platform/Developer/Library/Frameworks -F /Applications/Xcode-27.0.0-Release.Candidate.app/Contents/Developer/Platforms/XROS.platform/Developer/SDKs/XROS27.0.sdk/Developer/Library/Frameworks -c -j10 -enable-batch-mode -incremental -Xcc -ivfsstatcache -Xcc /Users/admin/builder/spi-builder-workspace/.derivedData/SDKStatCaches.noindex/xros27.0-24M361-e829b21a6f8c9b70876ba0858053c044735bd543db762f57723cac368afd1ce4.sdkstatcache -output-file-map /Users/admin/builder/spi-builder-workspace/.derivedData/Build/Intermediates.noindex/swift-collections.build/Debug-xros/DequeModule-t.build/Objects-normal/arm64/DequeModule-OutputFileMap.json -save-temps -no-color-diagnostics -explicit-module-build -module-cache-path /Users/admin/builder/spi-builder-workspace/.derivedData/Build/Intermediates.noindex/SwiftExplicitPrecompiledModules -clang-scanner-module-cache-path /Users/admin/builder/spi-builder-workspace/.derivedData/ModuleCache.noindex -sdk-module-cache-path /Users/admin/builder/spi-builder-workspace/.derivedData/SDKExplicitPrecompiledModules -emit-dependencies -emit-module -emit-module-path /Users/admin/builder/spi-builder-workspace/.derivedData/Build/Intermediates.noindex/swift-collections.build/Debug-xros/DequeModule-t.build/Objects-normal/arm64/DequeModule.swiftmodule -serialize-diagnostics -dependency-scan-serialize-diagnostics-path /Users/admin/builder/spi-builder-workspace/.derivedData/Build/Intermediates.noindex/swift-collections.build/Debug-xros/DequeModule-t.build/Objects-normal/arm64/DequeModule-dependency-scan.dia -user-module-version 1.7.1 -validate-clang-modules-once -clang-build-session-file /Users/admin/builder/spi-builder-workspace/.derivedData/ModuleCache.noindex/Session.modulevalidation -Xcc -fmodules-prune-interval\=86400 -Xcc -fmodules-prune-after\=345600 -package-name swift_collections -emit-const-values -const-gather-protocols-list /Users/admin/builder/spi-builder-workspace/.derivedData/Build/Intermediates.noindex/swift-collections.build/Debug-xros/DequeModule-t.build/Objects-normal/arm64/DequeModule_const_extract_protocols.json -Xcc -I/Users/admin/builder/spi-builder-workspace/.derivedData/Build/Products/Debug-xros/include -Xcc -I/Users/admin/builder/spi-builder-workspace/.derivedData/Build/Intermediates.noindex/swift-collections.build/Debug-xros/DequeModule-t.build/DerivedSources-normal/arm64 -Xcc -I/Users/admin/builder/spi-builder-workspace/.derivedData/Build/Intermediates.noindex/swift-collections.build/Debug-xros/DequeModule-t.build/DerivedSources/arm64 -Xcc -I/Users/admin/builder/spi-builder-workspace/.derivedData/Build/Intermediates.noindex/swift-collections.build/Debug-xros/DequeModule-t.build/DerivedSources -Xcc -DSWIFT_PACKAGE -Xcc -DDEBUG\=1 -emit-objc-header -emit-objc-header-path /Users/admin/builder/spi-builder-workspace/.derivedData/Build/Intermediates.noindex/swift-collections.build/Debug-xros/DequeModule-t.build/Objects-normal/arm64/DequeModule-Swift.h -working-directory /Users/admin/builder/spi-builder-workspace/.swiftpm/xcode -experimental-emit-module-separately -disable-cmo
SwiftMergeGeneratedHeaders /Users/admin/builder/spi-builder-workspace/.derivedData/Build/Intermediates.noindex/GeneratedModuleMaps-xros/DequeModule-Swift.h /Users/admin/builder/spi-builder-workspace/.derivedData/Build/Intermediates.noindex/swift-collections.build/Debug-xros/DequeModule-t.build/Objects-normal/arm64/DequeModule-Swift.h (in target 'DequeModule' from project 'swift-collections')
cd /Users/admin/builder/spi-builder-workspace/.dependencies/checkouts/swift-collections
builtin-swiftHeaderTool -arch arm64 /Users/admin/builder/spi-builder-workspace/.derivedData/Build/Intermediates.noindex/swift-collections.build/Debug-xros/DequeModule-t.build/Objects-normal/arm64/DequeModule-Swift.h -o /Users/admin/builder/spi-builder-workspace/.derivedData/Build/Intermediates.noindex/GeneratedModuleMaps-xros/DequeModule-Swift.h
Copy /Users/admin/builder/spi-builder-workspace/.derivedData/Build/Products/Debug-xros/DequeModule.swiftmodule/arm64-apple-xros.swiftdoc /Users/admin/builder/spi-builder-workspace/.derivedData/Build/Intermediates.noindex/swift-collections.build/Debug-xros/DequeModule-t.build/Objects-normal/arm64/DequeModule.swiftdoc (in target 'DequeModule' from project 'swift-collections')
cd /Users/admin/builder/spi-builder-workspace/.dependencies/checkouts/swift-collections
builtin-copy -exclude .DS_Store -exclude CVS -exclude .svn -exclude .git -exclude .hg -resolve-src-symlinks -rename /Users/admin/builder/spi-builder-workspace/.derivedData/Build/Intermediates.noindex/swift-collections.build/Debug-xros/DequeModule-t.build/Objects-normal/arm64/DequeModule.swiftdoc /Users/admin/builder/spi-builder-workspace/.derivedData/Build/Products/Debug-xros/DequeModule.swiftmodule/arm64-apple-xros.swiftdoc
Copy /Users/admin/builder/spi-builder-workspace/.derivedData/Build/Products/Debug-xros/DequeModule.swiftmodule/arm64-apple-xros.swiftmodule /Users/admin/builder/spi-builder-workspace/.derivedData/Build/Intermediates.noindex/swift-collections.build/Debug-xros/DequeModule-t.build/Objects-normal/arm64/DequeModule.swiftmodule (in target 'DequeModule' from project 'swift-collections')
cd /Users/admin/builder/spi-builder-workspace/.dependencies/checkouts/swift-collections
builtin-copy -exclude .DS_Store -exclude CVS -exclude .svn -exclude .git -exclude .hg -resolve-src-symlinks -rename /Users/admin/builder/spi-builder-workspace/.derivedData/Build/Intermediates.noindex/swift-collections.build/Debug-xros/DequeModule-t.build/Objects-normal/arm64/DequeModule.swiftmodule /Users/admin/builder/spi-builder-workspace/.derivedData/Build/Products/Debug-xros/DequeModule.swiftmodule/arm64-apple-xros.swiftmodule
Copy /Users/admin/builder/spi-builder-workspace/.derivedData/Build/Products/Debug-xros/DequeModule.swiftmodule/arm64-apple-xros.abi.json /Users/admin/builder/spi-builder-workspace/.derivedData/Build/Intermediates.noindex/swift-collections.build/Debug-xros/DequeModule-t.build/Objects-normal/arm64/DequeModule.abi.json (in target 'DequeModule' from project 'swift-collections')
cd /Users/admin/builder/spi-builder-workspace/.dependencies/checkouts/swift-collections
builtin-copy -exclude .DS_Store -exclude CVS -exclude .svn -exclude .git -exclude .hg -resolve-src-symlinks -rename /Users/admin/builder/spi-builder-workspace/.derivedData/Build/Intermediates.noindex/swift-collections.build/Debug-xros/DequeModule-t.build/Objects-normal/arm64/DequeModule.abi.json /Users/admin/builder/spi-builder-workspace/.derivedData/Build/Products/Debug-xros/DequeModule.swiftmodule/arm64-apple-xros.abi.json
Copy /Users/admin/builder/spi-builder-workspace/.derivedData/Build/Products/Debug-xros/DequeModule.swiftmodule/Project/arm64-apple-xros.swiftsourceinfo /Users/admin/builder/spi-builder-workspace/.derivedData/Build/Intermediates.noindex/swift-collections.build/Debug-xros/DequeModule-t.build/Objects-normal/arm64/DequeModule.swiftsourceinfo (in target 'DequeModule' from project 'swift-collections')
cd /Users/admin/builder/spi-builder-workspace/.dependencies/checkouts/swift-collections
builtin-copy -exclude .DS_Store -exclude CVS -exclude .svn -exclude .git -exclude .hg -resolve-src-symlinks -rename /Users/admin/builder/spi-builder-workspace/.derivedData/Build/Intermediates.noindex/swift-collections.build/Debug-xros/DequeModule-t.build/Objects-normal/arm64/DequeModule.swiftsourceinfo /Users/admin/builder/spi-builder-workspace/.derivedData/Build/Products/Debug-xros/DequeModule.swiftmodule/Project/arm64-apple-xros.swiftsourceinfo
Ld /Users/admin/builder/spi-builder-workspace/.derivedData/Build/Products/Debug-xros/DequeModule.o normal (in target 'DequeModule' from project 'swift-collections')
cd /Users/admin/builder/spi-builder-workspace/.dependencies/checkouts/swift-collections
/Applications/Xcode-27.0.0-Release.Candidate.app/Contents/Developer/Toolchains/XcodeDefault.xctoolchain/usr/bin/clang -Xlinker -reproducible -target arm64-apple-xros1.0 -r -isysroot /Applications/Xcode-27.0.0-Release.Candidate.app/Contents/Developer/Platforms/XROS.platform/Developer/SDKs/XROS27.0.sdk -O0 -w -Xlinker -no_warn_duplicate_libraries -F/Users/admin/builder/spi-builder-workspace/.derivedData/Build/Intermediates.noindex/EagerLinkingTBDs/Debug-xros -F/Users/admin/builder/spi-builder-workspace/.derivedData/Build/Products/Debug-xros/PackageFrameworks -F/Users/admin/builder/spi-builder-workspace/.derivedData/Build/Products/Debug-xros -iframework /Applications/Xcode-27.0.0-Release.Candidate.app/Contents/Developer/Platforms/XROS.platform/Developer/Library/Frameworks -iframework /Applications/Xcode-27.0.0-Release.Candidate.app/Contents/Developer/Platforms/XROS.platform/Developer/SDKs/XROS27.0.sdk/Developer/Library/Frameworks -filelist /Users/admin/builder/spi-builder-workspace/.derivedData/Build/Intermediates.noindex/swift-collections.build/Debug-xros/DequeModule-t.build/Objects-normal/arm64/DequeModule.LinkFileList -nostdlib -Xlinker -object_path_lto -Xlinker /Users/admin/builder/spi-builder-workspace/.derivedData/Build/Intermediates.noindex/swift-collections.build/Debug-xros/DequeModule-t.build/Objects-normal/arm64/DequeModule_lto.o -Xlinker -no_deduplicate -Xlinker -debug_variant -Xlinker -dependency_info -Xlinker /Users/admin/builder/spi-builder-workspace/.derivedData/Build/Intermediates.noindex/swift-collections.build/Debug-xros/DequeModule-t.build/Objects-normal/arm64/DequeModule_dependency_info.dat -fobjc-link-runtime -L/Applications/Xcode-27.0.0-Release.Candidate.app/Contents/Developer/Toolchains/XcodeDefault.xctoolchain/usr/lib/swift/xros -L/usr/lib/swift -Xlinker -add_ast_path -Xlinker /Users/admin/builder/spi-builder-workspace/.derivedData/Build/Intermediates.noindex/swift-collections.build/Debug-xros/DequeModule-t.build/Objects-normal/arm64/DequeModule.swiftmodule -o /Users/admin/builder/spi-builder-workspace/.derivedData/Build/Products/Debug-xros/DequeModule.o
SwiftDriver AsyncAlgorithms normal arm64 com.apple.xcode.tools.swift.compiler (in target 'AsyncAlgorithms' from project 'swift-async-algorithms')
cd /Users/admin/builder/spi-builder-workspace/.swiftpm/xcode
builtin-SwiftDriver -- /Applications/Xcode-27.0.0-Release.Candidate.app/Contents/Developer/Toolchains/XcodeDefault.xctoolchain/usr/bin/swiftc -parse-as-library -module-name AsyncAlgorithms -Onone @/Users/admin/builder/spi-builder-workspace/.derivedData/Build/Intermediates.noindex/swift-async-algorithms.build/Debug-xros/AsyncAlgorithms-t.build/Objects-normal/arm64/AsyncAlgorithms.SwiftFileList -DSWIFT_PACKAGE -DDEBUG -DSWIFT_MODULE_RESOURCE_BUNDLE_UNAVAILABLE -DXcode -enable-experimental-feature AvailabilityMacro\=AsyncAlgorithms\ 1.0:macOS\ 10.15,\ iOS\ 13.0,\ tvOS\ 13.0,\ watchOS\ 6.0 -enable-experimental-feature AvailabilityMacro\=AsyncAlgorithms\ 1.1:macOS\ 15.0,\ iOS\ 18.0,\ tvOS\ 18.0,\ watchOS\ 11.0,\ visionOS\ 2.0 -enable-experimental-feature AvailabilityMacro\=AsyncAlgorithms\ 1.2:macOS\ 15.0,\ iOS\ 18.0,\ tvOS\ 18.0,\ watchOS\ 11.0,\ visionOS\ 2.0 -enable-experimental-feature AvailabilityMacro\=AsyncAlgorithms\ 1.3:macOS\ 15.0,\ iOS\ 18.0,\ tvOS\ 18.0,\ watchOS\ 11.0,\ visionOS\ 2.0 -enable-experimental-feature StrictConcurrency\=complete -plugin-path /Applications/Xcode-27.0.0-Release.Candidate.app/Contents/Developer/Toolchains/XcodeDefault.xctoolchain/usr/lib/swift/host/plugins/testing -enable-experimental-feature DebugDescriptionMacro -sdk /Applications/Xcode-27.0.0-Release.Candidate.app/Contents/Developer/Platforms/XROS.platform/Developer/SDKs/XROS27.0.sdk -target arm64-apple-xros1.0 -g -module-cache-path /Users/admin/builder/spi-builder-workspace/.derivedData/ModuleCache.noindex -Xfrontend -serialize-debugging-options -profile-coverage-mapping -profile-generate -enable-testing -suppress-warnings -index-store-path /Users/admin/builder/spi-builder-workspace/.derivedData/Index.noindex/DataStore -Xcc -D_LIBCPP_HARDENING_MODE\=_LIBCPP_HARDENING_MODE_DEBUG -swift-version 6 -I /Users/admin/builder/spi-builder-workspace/.derivedData/Build/Products/Debug-xros -Isystem /Applications/Xcode-27.0.0-Release.Candidate.app/Contents/Developer/Platforms/XROS.platform/Developer/usr/lib -F /Users/admin/builder/spi-builder-workspace/.derivedData/Build/Products/Debug-xros/PackageFrameworks -F /Users/admin/builder/spi-builder-workspace/.derivedData/Build/Products/Debug-xros -F /Applications/Xcode-27.0.0-Release.Candidate.app/Contents/Developer/Platforms/XROS.platform/Developer/Library/Frameworks -F /Applications/Xcode-27.0.0-Release.Candidate.app/Contents/Developer/Platforms/XROS.platform/Developer/SDKs/XROS27.0.sdk/Developer/Library/Frameworks -c -j10 -enable-batch-mode -incremental -Xcc -ivfsstatcache -Xcc /Users/admin/builder/spi-builder-workspace/.derivedData/SDKStatCaches.noindex/xros27.0-24M361-e829b21a6f8c9b70876ba0858053c044735bd543db762f57723cac368afd1ce4.sdkstatcache -output-file-map /Users/admin/builder/spi-builder-workspace/.derivedData/Build/Intermediates.noindex/swift-async-algorithms.build/Debug-xros/AsyncAlgorithms-t.build/Objects-normal/arm64/AsyncAlgorithms-OutputFileMap.json -save-temps -no-color-diagnostics -explicit-module-build -module-cache-path /Users/admin/builder/spi-builder-workspace/.derivedData/Build/Intermediates.noindex/SwiftExplicitPrecompiledModules -clang-scanner-module-cache-path /Users/admin/builder/spi-builder-workspace/.derivedData/ModuleCache.noindex -sdk-module-cache-path /Users/admin/builder/spi-builder-workspace/.derivedData/SDKExplicitPrecompiledModules -emit-dependencies -emit-module -emit-module-path /Users/admin/builder/spi-builder-workspace/.derivedData/Build/Intermediates.noindex/swift-async-algorithms.build/Debug-xros/AsyncAlgorithms-t.build/Objects-normal/arm64/AsyncAlgorithms.swiftmodule -serialize-diagnostics -dependency-scan-serialize-diagnostics-path /Users/admin/builder/spi-builder-workspace/.derivedData/Build/Intermediates.noindex/swift-async-algorithms.build/Debug-xros/AsyncAlgorithms-t.build/Objects-normal/arm64/AsyncAlgorithms-dependency-scan.dia -user-module-version 1.1.6 -validate-clang-modules-once -clang-build-session-file /Users/admin/builder/spi-builder-workspace/.derivedData/ModuleCache.noindex/Session.modulevalidation -Xcc -fmodules-prune-interval\=86400 -Xcc -fmodules-prune-after\=345600 -package-name swift_async_algorithms -emit-const-values -const-gather-protocols-list /Users/admin/builder/spi-builder-workspace/.derivedData/Build/Intermediates.noindex/swift-async-algorithms.build/Debug-xros/AsyncAlgorithms-t.build/Objects-normal/arm64/AsyncAlgorithms_const_extract_protocols.json -Xcc -I/Users/admin/builder/spi-builder-workspace/.derivedData/Build/Products/Debug-xros/include -Xcc -I/Users/admin/builder/spi-builder-workspace/.derivedData/Build/Intermediates.noindex/swift-async-algorithms.build/Debug-xros/AsyncAlgorithms-t.build/DerivedSources-normal/arm64 -Xcc -I/Users/admin/builder/spi-builder-workspace/.derivedData/Build/Intermediates.noindex/swift-async-algorithms.build/Debug-xros/AsyncAlgorithms-t.build/DerivedSources/arm64 -Xcc -I/Users/admin/builder/spi-builder-workspace/.derivedData/Build/Intermediates.noindex/swift-async-algorithms.build/Debug-xros/AsyncAlgorithms-t.build/DerivedSources -Xcc -DSWIFT_PACKAGE -Xcc -DDEBUG\=1 -emit-objc-header -emit-objc-header-path /Users/admin/builder/spi-builder-workspace/.derivedData/Build/Intermediates.noindex/swift-async-algorithms.build/Debug-xros/AsyncAlgorithms-t.build/Objects-normal/arm64/AsyncAlgorithms-Swift.h -working-directory /Users/admin/builder/spi-builder-workspace/.swiftpm/xcode -experimental-emit-module-separately -disable-cmo
ExtractAppIntentsMetadata (in target 'DequeModule' from project 'swift-collections')
cd /Users/admin/builder/spi-builder-workspace/.dependencies/checkouts/swift-collections
/Applications/Xcode-27.0.0-Release.Candidate.app/Contents/Developer/Toolchains/XcodeDefault.xctoolchain/usr/bin/appintentsmetadataprocessor --toolchain-dir /var/run/com.apple.security.cryptexd/mnt/com.apple.MobileAsset.MetalToolchain-v27.1.266.1.1pBx3T/Metal.xctoolchain --module-name DequeModule --sdk-root /Applications/Xcode-27.0.0-Release.Candidate.app/Contents/Developer/Platforms/XROS.platform/Developer/SDKs/XROS27.0.sdk --xcode-version 27A266a --platform-family xrOS --deployment-target 1.0 --bundle-identifier swift-collections.DequeModule --output /Users/admin/builder/spi-builder-workspace/.derivedData/Build/Products/Debug-xros/DequeModule.appintents --target-triple arm64-apple-xros1.0 --binary-file /Users/admin/builder/spi-builder-workspace/.derivedData/Build/Products/Debug-xros/DequeModule.o --dependency-file /Users/admin/builder/spi-builder-workspace/.derivedData/Build/Intermediates.noindex/swift-collections.build/Debug-xros/DequeModule-t.build/Objects-normal/arm64/DequeModule_dependency_info.dat --stringsdata-file /Users/admin/builder/spi-builder-workspace/.derivedData/Build/Intermediates.noindex/swift-collections.build/Debug-xros/DequeModule-t.build/Objects-normal/arm64/ExtractedAppShortcutsMetadata.stringsdata --source-file-list /Users/admin/builder/spi-builder-workspace/.derivedData/Build/Intermediates.noindex/swift-collections.build/Debug-xros/DequeModule-t.build/Objects-normal/arm64/DequeModule.SwiftFileList --metadata-file-list /Users/admin/builder/spi-builder-workspace/.derivedData/Build/Intermediates.noindex/swift-collections.build/Debug-xros/DequeModule-t.build/DequeModule.DependencyMetadataFileList --static-metadata-file-list /Users/admin/builder/spi-builder-workspace/.derivedData/Build/Intermediates.noindex/swift-collections.build/Debug-xros/DequeModule-t.build/DequeModule.DependencyStaticMetadataFileList --swift-const-vals-list /Users/admin/builder/spi-builder-workspace/.derivedData/Build/Intermediates.noindex/swift-collections.build/Debug-xros/DequeModule-t.build/Objects-normal/arm64/DequeModule.SwiftConstValuesFileList --force --compile-time-extraction --deployment-aware-processing --no-app-shortcuts-localization
2026-09-26 00:00:20.718 appintentsmetadataprocessor[850:5014] Starting appintentsmetadataprocessor export
2026-09-26 00:00:20.782 appintentsmetadataprocessor[850:5014] Extracted no relevant App Intents symbols, skipping writing output
SwiftExplicitDependencyGeneratePcm arm64 /Users/admin/builder/spi-builder-workspace/.derivedData/SDKExplicitPrecompiledModules/_Builtin_stdbool-1Q6BTYNEVHC9M74WL5O5GJ1ZM.pcm
SwiftExplicitDependencyGeneratePcm arm64 /Users/admin/builder/spi-builder-workspace/.derivedData/SDKExplicitPrecompiledModules/_Builtin_stddef-2IE0R9M96I5XG0WY72N2UIQ8V.pcm
SwiftExplicitDependencyGeneratePcm arm64 /Users/admin/builder/spi-builder-workspace/.derivedData/SDKExplicitPrecompiledModules/_AvailabilityInternal-6BH9T8OE123ARKKFOJFR111NS.pcm
SwiftExplicitDependencyGeneratePcm arm64 /Users/admin/builder/spi-builder-workspace/.derivedData/SDKExplicitPrecompiledModules/_Builtin_stdarg-62NPPE4D8O3BNLU35D74TGLVQ.pcm
SwiftExplicitDependencyGeneratePcm arm64 /Users/admin/builder/spi-builder-workspace/.derivedData/SDKExplicitPrecompiledModules/ptrcheck-98Y8DWD0HPCMRMDFKAEZCA81O.pcm
SwiftExplicitDependencyGeneratePcm arm64 /Users/admin/builder/spi-builder-workspace/.derivedData/SDKExplicitPrecompiledModules/_Builtin_float-1J8SO31WACP82RKV0LOTRKG39.pcm
SwiftExplicitDependencyGeneratePcm arm64 /Users/admin/builder/spi-builder-workspace/.derivedData/SDKExplicitPrecompiledModules/_DarwinFoundation1-AVZIQZ8HOAUXTT5CXVE5TNG7E.pcm
SwiftExplicitDependencyGeneratePcm arm64 /Users/admin/builder/spi-builder-workspace/.derivedData/SDKExplicitPrecompiledModules/_Builtin_limits-599EXAY0E7DPK78D1JASUXYCQ.pcm
SwiftExplicitDependencyGeneratePcm arm64 /Users/admin/builder/spi-builder-workspace/.derivedData/SDKExplicitPrecompiledModules/_DarwinFoundation2-E0NXA4K8N3W3XTJG0EDH15WR2.pcm
SwiftExplicitDependencyGeneratePcm arm64 /Users/admin/builder/spi-builder-workspace/.derivedData/SDKExplicitPrecompiledModules/_Builtin_stdint-F1DLW8WMMSOC414RWOQWK8OS8.pcm
SwiftExplicitDependencyGeneratePcm arm64 /Users/admin/builder/spi-builder-workspace/.derivedData/SDKExplicitPrecompiledModules/sys_types-A3BBS6FJZK4C974FRQ5ZCTND7.pcm
SwiftExplicitDependencyGeneratePcm arm64 /Users/admin/builder/spi-builder-workspace/.derivedData/SDKExplicitPrecompiledModules/_DarwinFoundation3-C1P0SZMW1CBYZ1956G2WPAGVQ.pcm
SwiftExplicitDependencyGeneratePcm arm64 /Users/admin/builder/spi-builder-workspace/.derivedData/SDKExplicitPrecompiledModules/_Builtin_inttypes-9DU9NJC5HKVLIXJ97CZROETBU.pcm
SwiftExplicitDependencyGeneratePcm arm64 /Users/admin/builder/spi-builder-workspace/.derivedData/SDKExplicitPrecompiledModules/Darwin-ET1KOXI5QIB2QZ81K0LJ5SCNP.pcm
SwiftCompile normal arm64 Compiling\ _TinyArray.swift,\ AsyncInterspersedSequence.swift,\ Locking.swift,\ AsyncMerge2Sequence.swift,\ AsyncMerge3Sequence.swift,\ MergeStateMachine.swift /Users/admin/builder/spi-builder-workspace/.dependencies/checkouts/swift-async-algorithms/Sources/AsyncAlgorithms/Internal/_TinyArray.swift /Users/admin/builder/spi-builder-workspace/.dependencies/checkouts/swift-async-algorithms/Sources/AsyncAlgorithms/Interspersed/AsyncInterspersedSequence.swift /Users/admin/builder/spi-builder-workspace/.dependencies/checkouts/swift-async-algorithms/Sources/AsyncAlgorithms/Locking.swift /Users/admin/builder/spi-builder-workspace/.dependencies/checkouts/swift-async-algorithms/Sources/AsyncAlgorithms/Merge/AsyncMerge2Sequence.swift /Users/admin/builder/spi-builder-workspace/.dependencies/checkouts/swift-async-algorithms/Sources/AsyncAlgorithms/Merge/AsyncMerge3Sequence.swift /Users/admin/builder/spi-builder-workspace/.dependencies/checkouts/swift-async-algorithms/Sources/AsyncAlgorithms/Merge/MergeStateMachine.swift (in target 'AsyncAlgorithms' from project 'swift-async-algorithms')
SwiftCompile normal arm64 /Users/admin/builder/spi-builder-workspace/.dependencies/checkouts/swift-async-algorithms/Sources/AsyncAlgorithms/Internal/_TinyArray.swift (in target 'AsyncAlgorithms' from project 'swift-async-algorithms')
cd /Users/admin/builder/spi-builder-workspace/.swiftpm/xcode
builtin-SwiftPerFileCompile _TinyArray.swift
SwiftCompile normal arm64 /Users/admin/builder/spi-builder-workspace/.dependencies/checkouts/swift-async-algorithms/Sources/AsyncAlgorithms/Interspersed/AsyncInterspersedSequence.swift (in target 'AsyncAlgorithms' from project 'swift-async-algorithms')
cd /Users/admin/builder/spi-builder-workspace/.swiftpm/xcode
builtin-SwiftPerFileCompile AsyncInterspersedSequence.swift
SwiftCompile normal arm64 /Users/admin/builder/spi-builder-workspace/.dependencies/checkouts/swift-async-algorithms/Sources/AsyncAlgorithms/Locking.swift (in target 'AsyncAlgorithms' from project 'swift-async-algorithms')
cd /Users/admin/builder/spi-builder-workspace/.swiftpm/xcode
builtin-SwiftPerFileCompile Locking.swift
SwiftCompile normal arm64 /Users/admin/builder/spi-builder-workspace/.dependencies/checkouts/swift-async-algorithms/Sources/AsyncAlgorithms/Merge/AsyncMerge2Sequence.swift (in target 'AsyncAlgorithms' from project 'swift-async-algorithms')
cd /Users/admin/builder/spi-builder-workspace/.swiftpm/xcode
builtin-SwiftPerFileCompile AsyncMerge2Sequence.swift
SwiftCompile normal arm64 /Users/admin/builder/spi-builder-workspace/.dependencies/checkouts/swift-async-algorithms/Sources/AsyncAlgorithms/Merge/AsyncMerge3Sequence.swift (in target 'AsyncAlgorithms' from project 'swift-async-algorithms')
cd /Users/admin/builder/spi-builder-workspace/.swiftpm/xcode
builtin-SwiftPerFileCompile AsyncMerge3Sequence.swift
SwiftCompile normal arm64 /Users/admin/builder/spi-builder-workspace/.dependencies/checkouts/swift-async-algorithms/Sources/AsyncAlgorithms/Merge/MergeStateMachine.swift (in target 'AsyncAlgorithms' from project 'swift-async-algorithms')
cd /Users/admin/builder/spi-builder-workspace/.swiftpm/xcode
builtin-SwiftPerFileCompile MergeStateMachine.swift
SwiftCompile normal arm64 Compiling\ MergeStorage.swift,\ MultiProducerSingleConsumerAsyncChannel+Internal.swift,\ MultiProducerSingleConsumerAsyncChannel.swift,\ RangeReplaceableCollection.swift,\ Rethrow.swift,\ SetAlgebra.swift /Users/admin/builder/spi-builder-workspace/.dependencies/checkouts/swift-async-algorithms/Sources/AsyncAlgorithms/Merge/MergeStorage.swift /Users/admin/builder/spi-builder-workspace/.dependencies/checkouts/swift-async-algorithms/Sources/AsyncAlgorithms/MultiProducerSingleConsumerChannel/MultiProducerSingleConsumerAsyncChannel+Internal.swift /Users/admin/builder/spi-builder-workspace/.dependencies/checkouts/swift-async-algorithms/Sources/AsyncAlgorithms/MultiProducerSingleConsumerChannel/MultiProducerSingleConsumerAsyncChannel.swift /Users/admin/builder/spi-builder-workspace/.dependencies/checkouts/swift-async-algorithms/Sources/AsyncAlgorithms/RangeReplaceableCollection.swift /Users/admin/builder/spi-builder-workspace/.dependencies/checkouts/swift-async-algorithms/Sources/AsyncAlgorithms/Rethrow.swift /Users/admin/builder/spi-builder-workspace/.dependencies/checkouts/swift-async-algorithms/Sources/AsyncAlgorithms/SetAlgebra.swift (in target 'AsyncAlgorithms' from project 'swift-async-algorithms')
SwiftCompile normal arm64 /Users/admin/builder/spi-builder-workspace/.dependencies/checkouts/swift-async-algorithms/Sources/AsyncAlgorithms/Merge/MergeStorage.swift (in target 'AsyncAlgorithms' from project 'swift-async-algorithms')
cd /Users/admin/builder/spi-builder-workspace/.swiftpm/xcode
builtin-SwiftPerFileCompile MergeStorage.swift
SwiftCompile normal arm64 /Users/admin/builder/spi-builder-workspace/.dependencies/checkouts/swift-async-algorithms/Sources/AsyncAlgorithms/MultiProducerSingleConsumerChannel/MultiProducerSingleConsumerAsyncChannel+Internal.swift (in target 'AsyncAlgorithms' from project 'swift-async-algorithms')
cd /Users/admin/builder/spi-builder-workspace/.swiftpm/xcode
builtin-SwiftPerFileCompile MultiProducerSingleConsumerAsyncChannel+Internal.swift
SwiftCompile normal arm64 /Users/admin/builder/spi-builder-workspace/.dependencies/checkouts/swift-async-algorithms/Sources/AsyncAlgorithms/MultiProducerSingleConsumerChannel/MultiProducerSingleConsumerAsyncChannel.swift (in target 'AsyncAlgorithms' from project 'swift-async-algorithms')
cd /Users/admin/builder/spi-builder-workspace/.swiftpm/xcode
builtin-SwiftPerFileCompile MultiProducerSingleConsumerAsyncChannel.swift
SwiftCompile normal arm64 /Users/admin/builder/spi-builder-workspace/.dependencies/checkouts/swift-async-algorithms/Sources/AsyncAlgorithms/RangeReplaceableCollection.swift (in target 'AsyncAlgorithms' from project 'swift-async-algorithms')
cd /Users/admin/builder/spi-builder-workspace/.swiftpm/xcode
builtin-SwiftPerFileCompile RangeReplaceableCollection.swift
SwiftCompile normal arm64 /Users/admin/builder/spi-builder-workspace/.dependencies/checkouts/swift-async-algorithms/Sources/AsyncAlgorithms/Rethrow.swift (in target 'AsyncAlgorithms' from project 'swift-async-algorithms')
cd /Users/admin/builder/spi-builder-workspace/.swiftpm/xcode
builtin-SwiftPerFileCompile Rethrow.swift
SwiftCompile normal arm64 /Users/admin/builder/spi-builder-workspace/.dependencies/checkouts/swift-async-algorithms/Sources/AsyncAlgorithms/SetAlgebra.swift (in target 'AsyncAlgorithms' from project 'swift-async-algorithms')
cd /Users/admin/builder/spi-builder-workspace/.swiftpm/xcode
builtin-SwiftPerFileCompile SetAlgebra.swift
SwiftCompile normal arm64 Compiling\ UnsafeTransfer.swift,\ AsyncZip2Sequence.swift,\ AsyncZip3Sequence.swift,\ ZipStateMachine.swift,\ ZipStorage.swift /Users/admin/builder/spi-builder-workspace/.dependencies/checkouts/swift-async-algorithms/Sources/AsyncAlgorithms/UnsafeTransfer.swift /Users/admin/builder/spi-builder-workspace/.dependencies/checkouts/swift-async-algorithms/Sources/AsyncAlgorithms/Zip/AsyncZip2Sequence.swift /Users/admin/builder/spi-builder-workspace/.dependencies/checkouts/swift-async-algorithms/Sources/AsyncAlgorithms/Zip/AsyncZip3Sequence.swift /Users/admin/builder/spi-builder-workspace/.dependencies/checkouts/swift-async-algorithms/Sources/AsyncAlgorithms/Zip/ZipStateMachine.swift /Users/admin/builder/spi-builder-workspace/.dependencies/checkouts/swift-async-algorithms/Sources/AsyncAlgorithms/Zip/ZipStorage.swift (in target 'AsyncAlgorithms' from project 'swift-async-algorithms')
SwiftCompile normal arm64 /Users/admin/builder/spi-builder-workspace/.dependencies/checkouts/swift-async-algorithms/Sources/AsyncAlgorithms/UnsafeTransfer.swift (in target 'AsyncAlgorithms' from project 'swift-async-algorithms')
cd /Users/admin/builder/spi-builder-workspace/.swiftpm/xcode
builtin-SwiftPerFileCompile UnsafeTransfer.swift
SwiftCompile normal arm64 /Users/admin/builder/spi-builder-workspace/.dependencies/checkouts/swift-async-algorithms/Sources/AsyncAlgorithms/Zip/AsyncZip2Sequence.swift (in target 'AsyncAlgorithms' from project 'swift-async-algorithms')
cd /Users/admin/builder/spi-builder-workspace/.swiftpm/xcode
builtin-SwiftPerFileCompile AsyncZip2Sequence.swift
SwiftCompile normal arm64 /Users/admin/builder/spi-builder-workspace/.dependencies/checkouts/swift-async-algorithms/Sources/AsyncAlgorithms/Zip/AsyncZip3Sequence.swift (in target 'AsyncAlgorithms' from project 'swift-async-algorithms')
cd /Users/admin/builder/spi-builder-workspace/.swiftpm/xcode
builtin-SwiftPerFileCompile AsyncZip3Sequence.swift
SwiftCompile normal arm64 /Users/admin/builder/spi-builder-workspace/.dependencies/checkouts/swift-async-algorithms/Sources/AsyncAlgorithms/Zip/ZipStateMachine.swift (in target 'AsyncAlgorithms' from project 'swift-async-algorithms')
cd /Users/admin/builder/spi-builder-workspace/.swiftpm/xcode
builtin-SwiftPerFileCompile ZipStateMachine.swift
SwiftCompile normal arm64 /Users/admin/builder/spi-builder-workspace/.dependencies/checkouts/swift-async-algorithms/Sources/AsyncAlgorithms/Zip/ZipStorage.swift (in target 'AsyncAlgorithms' from project 'swift-async-algorithms')
cd /Users/admin/builder/spi-builder-workspace/.swiftpm/xcode
builtin-SwiftPerFileCompile ZipStorage.swift
SwiftEmitModule normal arm64 Emitting\ module\ for\ AsyncAlgorithms (in target 'AsyncAlgorithms' from project 'swift-async-algorithms')
SwiftCompile normal arm64 (in target 'AsyncAlgorithms' from project 'swift-async-algorithms')
cd /Users/admin/builder/spi-builder-workspace/.swiftpm/xcode
SwiftCompile normal arm64 Compiling\ AsyncThrowingExclusiveReductionsSequence.swift,\ AsyncThrowingInclusiveReductionsSequence.swift,\ AsyncTimerSequence.swift,\ AsyncBufferSequence.swift,\ BoundedBufferStateMachine.swift,\ BoundedBufferStorage.swift /Users/admin/builder/spi-builder-workspace/.dependencies/checkouts/swift-async-algorithms/Sources/AsyncAlgorithms/AsyncThrowingExclusiveReductionsSequence.swift /Users/admin/builder/spi-builder-workspace/.dependencies/checkouts/swift-async-algorithms/Sources/AsyncAlgorithms/AsyncThrowingInclusiveReductionsSequence.swift /Users/admin/builder/spi-builder-workspace/.dependencies/checkouts/swift-async-algorithms/Sources/AsyncAlgorithms/AsyncTimerSequence.swift /Users/admin/builder/spi-builder-workspace/.dependencies/checkouts/swift-async-algorithms/Sources/AsyncAlgorithms/Buffer/AsyncBufferSequence.swift /Users/admin/builder/spi-builder-workspace/.dependencies/checkouts/swift-async-algorithms/Sources/AsyncAlgorithms/Buffer/BoundedBufferStateMachine.swift /Users/admin/builder/spi-builder-workspace/.dependencies/checkouts/swift-async-algorithms/Sources/AsyncAlgorithms/Buffer/BoundedBufferStorage.swift (in target 'AsyncAlgorithms' from project 'swift-async-algorithms')
SwiftCompile normal arm64 /Users/admin/builder/spi-builder-workspace/.dependencies/checkouts/swift-async-algorithms/Sources/AsyncAlgorithms/AsyncThrowingExclusiveReductionsSequence.swift (in target 'AsyncAlgorithms' from project 'swift-async-algorithms')
cd /Users/admin/builder/spi-builder-workspace/.swiftpm/xcode
builtin-SwiftPerFileCompile AsyncThrowingExclusiveReductionsSequence.swift
SwiftCompile normal arm64 /Users/admin/builder/spi-builder-workspace/.dependencies/checkouts/swift-async-algorithms/Sources/AsyncAlgorithms/AsyncThrowingInclusiveReductionsSequence.swift (in target 'AsyncAlgorithms' from project 'swift-async-algorithms')
cd /Users/admin/builder/spi-builder-workspace/.swiftpm/xcode
builtin-SwiftPerFileCompile AsyncThrowingInclusiveReductionsSequence.swift
SwiftCompile normal arm64 /Users/admin/builder/spi-builder-workspace/.dependencies/checkouts/swift-async-algorithms/Sources/AsyncAlgorithms/AsyncTimerSequence.swift (in target 'AsyncAlgorithms' from project 'swift-async-algorithms')
cd /Users/admin/builder/spi-builder-workspace/.swiftpm/xcode
builtin-SwiftPerFileCompile AsyncTimerSequence.swift
SwiftCompile normal arm64 /Users/admin/builder/spi-builder-workspace/.dependencies/checkouts/swift-async-algorithms/Sources/AsyncAlgorithms/Buffer/AsyncBufferSequence.swift (in target 'AsyncAlgorithms' from project 'swift-async-algorithms')
cd /Users/admin/builder/spi-builder-workspace/.swiftpm/xcode
builtin-SwiftPerFileCompile AsyncBufferSequence.swift
SwiftCompile normal arm64 /Users/admin/builder/spi-builder-workspace/.dependencies/checkouts/swift-async-algorithms/Sources/AsyncAlgorithms/Buffer/BoundedBufferStateMachine.swift (in target 'AsyncAlgorithms' from project 'swift-async-algorithms')
cd /Users/admin/builder/spi-builder-workspace/.swiftpm/xcode
builtin-SwiftPerFileCompile BoundedBufferStateMachine.swift
SwiftCompile normal arm64 /Users/admin/builder/spi-builder-workspace/.dependencies/checkouts/swift-async-algorithms/Sources/AsyncAlgorithms/Buffer/BoundedBufferStorage.swift (in target 'AsyncAlgorithms' from project 'swift-async-algorithms')
cd /Users/admin/builder/spi-builder-workspace/.swiftpm/xcode
builtin-SwiftPerFileCompile BoundedBufferStorage.swift
SwiftCompile normal arm64 Compiling\ AsyncCombineLatest2Sequence.swift,\ AsyncCombineLatest3Sequence.swift,\ CombineLatestStateMachine.swift,\ CombineLatestStorage.swift,\ AsyncDebounceSequence.swift,\ DebounceStateMachine.swift /Users/admin/builder/spi-builder-workspace/.dependencies/checkouts/swift-async-algorithms/Sources/AsyncAlgorithms/CombineLatest/AsyncCombineLatest2Sequence.swift /Users/admin/builder/spi-builder-workspace/.dependencies/checkouts/swift-async-algorithms/Sources/AsyncAlgorithms/CombineLatest/AsyncCombineLatest3Sequence.swift /Users/admin/builder/spi-builder-workspace/.dependencies/checkouts/swift-async-algorithms/Sources/AsyncAlgorithms/CombineLatest/CombineLatestStateMachine.swift /Users/admin/builder/spi-builder-workspace/.dependencies/checkouts/swift-async-algorithms/Sources/AsyncAlgorithms/CombineLatest/CombineLatestStorage.swift /Users/admin/builder/spi-builder-workspace/.dependencies/checkouts/swift-async-algorithms/Sources/AsyncAlgorithms/Debounce/AsyncDebounceSequence.swift /Users/admin/builder/spi-builder-workspace/.dependencies/checkouts/swift-async-algorithms/Sources/AsyncAlgorithms/Debounce/DebounceStateMachine.swift (in target 'AsyncAlgorithms' from project 'swift-async-algorithms')
SwiftCompile normal arm64 /Users/admin/builder/spi-builder-workspace/.dependencies/checkouts/swift-async-algorithms/Sources/AsyncAlgorithms/CombineLatest/AsyncCombineLatest2Sequence.swift (in target 'AsyncAlgorithms' from project 'swift-async-algorithms')
cd /Users/admin/builder/spi-builder-workspace/.swiftpm/xcode
builtin-SwiftPerFileCompile AsyncCombineLatest2Sequence.swift
SwiftCompile normal arm64 /Users/admin/builder/spi-builder-workspace/.dependencies/checkouts/swift-async-algorithms/Sources/AsyncAlgorithms/CombineLatest/AsyncCombineLatest3Sequence.swift (in target 'AsyncAlgorithms' from project 'swift-async-algorithms')
cd /Users/admin/builder/spi-builder-workspace/.swiftpm/xcode
builtin-SwiftPerFileCompile AsyncCombineLatest3Sequence.swift
SwiftCompile normal arm64 /Users/admin/builder/spi-builder-workspace/.dependencies/checkouts/swift-async-algorithms/Sources/AsyncAlgorithms/CombineLatest/CombineLatestStateMachine.swift (in target 'AsyncAlgorithms' from project 'swift-async-algorithms')
cd /Users/admin/builder/spi-builder-workspace/.swiftpm/xcode
builtin-SwiftPerFileCompile CombineLatestStateMachine.swift
SwiftCompile normal arm64 /Users/admin/builder/spi-builder-workspace/.dependencies/checkouts/swift-async-algorithms/Sources/AsyncAlgorithms/CombineLatest/CombineLatestStorage.swift (in target 'AsyncAlgorithms' from project 'swift-async-algorithms')
cd /Users/admin/builder/spi-builder-workspace/.swiftpm/xcode
builtin-SwiftPerFileCompile CombineLatestStorage.swift
SwiftCompile normal arm64 /Users/admin/builder/spi-builder-workspace/.dependencies/checkouts/swift-async-algorithms/Sources/AsyncAlgorithms/Debounce/AsyncDebounceSequence.swift (in target 'AsyncAlgorithms' from project 'swift-async-algorithms')
cd /Users/admin/builder/spi-builder-workspace/.swiftpm/xcode
builtin-SwiftPerFileCompile AsyncDebounceSequence.swift
SwiftCompile normal arm64 /Users/admin/builder/spi-builder-workspace/.dependencies/checkouts/swift-async-algorithms/Sources/AsyncAlgorithms/Debounce/DebounceStateMachine.swift (in target 'AsyncAlgorithms' from project 'swift-async-algorithms')
cd /Users/admin/builder/spi-builder-workspace/.swiftpm/xcode
builtin-SwiftPerFileCompile DebounceStateMachine.swift
SwiftCompile normal arm64 Compiling\ AsyncJoinedSequence.swift,\ AsyncMapErrorSequence.swift,\ AsyncRemoveDuplicatesSequence.swift,\ AsyncShareSequence.swift,\ AsyncSyncSequence.swift,\ AsyncThrottleSequence.swift /Users/admin/builder/spi-builder-workspace/.dependencies/checkouts/swift-async-algorithms/Sources/AsyncAlgorithms/AsyncJoinedSequence.swift /Users/admin/builder/spi-builder-workspace/.dependencies/checkouts/swift-async-algorithms/Sources/AsyncAlgorithms/AsyncMapErrorSequence.swift /Users/admin/builder/spi-builder-workspace/.dependencies/checkouts/swift-async-algorithms/Sources/AsyncAlgorithms/AsyncRemoveDuplicatesSequence.swift /Users/admin/builder/spi-builder-workspace/.dependencies/checkouts/swift-async-algorithms/Sources/AsyncAlgorithms/AsyncShareSequence.swift /Users/admin/builder/spi-builder-workspace/.dependencies/checkouts/swift-async-algorithms/Sources/AsyncAlgorithms/AsyncSyncSequence.swift /Users/admin/builder/spi-builder-workspace/.dependencies/checkouts/swift-async-algorithms/Sources/AsyncAlgorithms/AsyncThrottleSequence.swift (in target 'AsyncAlgorithms' from project 'swift-async-algorithms')
SwiftCompile normal arm64 /Users/admin/builder/spi-builder-workspace/.dependencies/checkouts/swift-async-algorithms/Sources/AsyncAlgorithms/AsyncJoinedSequence.swift (in target 'AsyncAlgorithms' from project 'swift-async-algorithms')
cd /Users/admin/builder/spi-builder-workspace/.swiftpm/xcode
builtin-SwiftPerFileCompile AsyncJoinedSequence.swift
SwiftCompile normal arm64 /Users/admin/builder/spi-builder-workspace/.dependencies/checkouts/swift-async-algorithms/Sources/AsyncAlgorithms/AsyncMapErrorSequence.swift (in target 'AsyncAlgorithms' from project 'swift-async-algorithms')
cd /Users/admin/builder/spi-builder-workspace/.swiftpm/xcode
builtin-SwiftPerFileCompile AsyncMapErrorSequence.swift
SwiftCompile normal arm64 /Users/admin/builder/spi-builder-workspace/.dependencies/checkouts/swift-async-algorithms/Sources/AsyncAlgorithms/AsyncRemoveDuplicatesSequence.swift (in target 'AsyncAlgorithms' from project 'swift-async-algorithms')
cd /Users/admin/builder/spi-builder-workspace/.swiftpm/xcode
builtin-SwiftPerFileCompile AsyncRemoveDuplicatesSequence.swift
SwiftCompile normal arm64 /Users/admin/builder/spi-builder-workspace/.dependencies/checkouts/swift-async-algorithms/Sources/AsyncAlgorithms/AsyncShareSequence.swift (in target 'AsyncAlgorithms' from project 'swift-async-algorithms')
cd /Users/admin/builder/spi-builder-workspace/.swiftpm/xcode
builtin-SwiftPerFileCompile AsyncShareSequence.swift
SwiftCompile normal arm64 /Users/admin/builder/spi-builder-workspace/.dependencies/checkouts/swift-async-algorithms/Sources/AsyncAlgorithms/AsyncSyncSequence.swift (in target 'AsyncAlgorithms' from project 'swift-async-algorithms')
cd /Users/admin/builder/spi-builder-workspace/.swiftpm/xcode
builtin-SwiftPerFileCompile AsyncSyncSequence.swift
SwiftCompile normal arm64 /Users/admin/builder/spi-builder-workspace/.dependencies/checkouts/swift-async-algorithms/Sources/AsyncAlgorithms/AsyncThrottleSequence.swift (in target 'AsyncAlgorithms' from project 'swift-async-algorithms')
cd /Users/admin/builder/spi-builder-workspace/.swiftpm/xcode
builtin-SwiftPerFileCompile AsyncThrottleSequence.swift
SwiftCompile normal arm64 Compiling\ DebounceStorage.swift,\ Dictionary.swift,\ AsyncFlatMapLatestSequence.swift,\ FlatMapLatestStateMachine.swift,\ FlatMapLatestStorage.swift,\ Disconnected.swift /Users/admin/builder/spi-builder-workspace/.dependencies/checkouts/swift-async-algorithms/Sources/AsyncAlgorithms/Debounce/DebounceStorage.swift /Users/admin/builder/spi-builder-workspace/.dependencies/checkouts/swift-async-algorithms/Sources/AsyncAlgorithms/Dictionary.swift /Users/admin/builder/spi-builder-workspace/.dependencies/checkouts/swift-async-algorithms/Sources/AsyncAlgorithms/FlatMapLatest/AsyncFlatMapLatestSequence.swift /Users/admin/builder/spi-builder-workspace/.dependencies/checkouts/swift-async-algorithms/Sources/AsyncAlgorithms/FlatMapLatest/FlatMapLatestStateMachine.swift /Users/admin/builder/spi-builder-workspace/.dependencies/checkouts/swift-async-algorithms/Sources/AsyncAlgorithms/FlatMapLatest/FlatMapLatestStorage.swift /Users/admin/builder/spi-builder-workspace/.dependencies/checkouts/swift-async-algorithms/Sources/AsyncAlgorithms/Internal/Disconnected.swift (in target 'AsyncAlgorithms' from project 'swift-async-algorithms')
SwiftCompile normal arm64 /Users/admin/builder/spi-builder-workspace/.dependencies/checkouts/swift-async-algorithms/Sources/AsyncAlgorithms/Debounce/DebounceStorage.swift (in target 'AsyncAlgorithms' from project 'swift-async-algorithms')
cd /Users/admin/builder/spi-builder-workspace/.swiftpm/xcode
builtin-SwiftPerFileCompile DebounceStorage.swift
SwiftCompile normal arm64 /Users/admin/builder/spi-builder-workspace/.dependencies/checkouts/swift-async-algorithms/Sources/AsyncAlgorithms/Dictionary.swift (in target 'AsyncAlgorithms' from project 'swift-async-algorithms')
cd /Users/admin/builder/spi-builder-workspace/.swiftpm/xcode
builtin-SwiftPerFileCompile Dictionary.swift
SwiftCompile normal arm64 /Users/admin/builder/spi-builder-workspace/.dependencies/checkouts/swift-async-algorithms/Sources/AsyncAlgorithms/FlatMapLatest/AsyncFlatMapLatestSequence.swift (in target 'AsyncAlgorithms' from project 'swift-async-algorithms')
cd /Users/admin/builder/spi-builder-workspace/.swiftpm/xcode
builtin-SwiftPerFileCompile AsyncFlatMapLatestSequence.swift
SwiftCompile normal arm64 /Users/admin/builder/spi-builder-workspace/.dependencies/checkouts/swift-async-algorithms/Sources/AsyncAlgorithms/FlatMapLatest/FlatMapLatestStateMachine.swift (in target 'AsyncAlgorithms' from project 'swift-async-algorithms')
cd /Users/admin/builder/spi-builder-workspace/.swiftpm/xcode
builtin-SwiftPerFileCompile FlatMapLatestStateMachine.swift
SwiftCompile normal arm64 /Users/admin/builder/spi-builder-workspace/.dependencies/checkouts/swift-async-algorithms/Sources/AsyncAlgorithms/FlatMapLatest/FlatMapLatestStorage.swift (in target 'AsyncAlgorithms' from project 'swift-async-algorithms')
cd /Users/admin/builder/spi-builder-workspace/.swiftpm/xcode
builtin-SwiftPerFileCompile FlatMapLatestStorage.swift
SwiftCompile normal arm64 /Users/admin/builder/spi-builder-workspace/.dependencies/checkouts/swift-async-algorithms/Sources/AsyncAlgorithms/Internal/Disconnected.swift (in target 'AsyncAlgorithms' from project 'swift-async-algorithms')
cd /Users/admin/builder/spi-builder-workspace/.swiftpm/xcode
builtin-SwiftPerFileCompile Disconnected.swift
SwiftCompile normal arm64 Compiling\ UnboundedBufferStateMachine.swift,\ UnboundedBufferStorage.swift,\ AsyncChannel.swift,\ AsyncThrowingChannel.swift,\ ChannelStateMachine.swift,\ ChannelStorage.swift /Users/admin/builder/spi-builder-workspace/.dependencies/checkouts/swift-async-algorithms/Sources/AsyncAlgorithms/Buffer/UnboundedBufferStateMachine.swift /Users/admin/builder/spi-builder-workspace/.dependencies/checkouts/swift-async-algorithms/Sources/AsyncAlgorithms/Buffer/UnboundedBufferStorage.swift /Users/admin/builder/spi-builder-workspace/.dependencies/checkouts/swift-async-algorithms/Sources/AsyncAlgorithms/Channels/AsyncChannel.swift /Users/admin/builder/spi-builder-workspace/.dependencies/checkouts/swift-async-algorithms/Sources/AsyncAlgorithms/Channels/AsyncThrowingChannel.swift /Users/admin/builder/spi-builder-workspace/.dependencies/checkouts/swift-async-algorithms/Sources/AsyncAlgorithms/Channels/ChannelStateMachine.swift /Users/admin/builder/spi-builder-workspace/.dependencies/checkouts/swift-async-algorithms/Sources/AsyncAlgorithms/Channels/ChannelStorage.swift (in target 'AsyncAlgorithms' from project 'swift-async-algorithms')
SwiftCompile normal arm64 /Users/admin/builder/spi-builder-workspace/.dependencies/checkouts/swift-async-algorithms/Sources/AsyncAlgorithms/Buffer/UnboundedBufferStateMachine.swift (in target 'AsyncAlgorithms' from project 'swift-async-algorithms')
cd /Users/admin/builder/spi-builder-workspace/.swiftpm/xcode
builtin-SwiftPerFileCompile UnboundedBufferStateMachine.swift
SwiftCompile normal arm64 /Users/admin/builder/spi-builder-workspace/.dependencies/checkouts/swift-async-algorithms/Sources/AsyncAlgorithms/Buffer/UnboundedBufferStorage.swift (in target 'AsyncAlgorithms' from project 'swift-async-algorithms')
cd /Users/admin/builder/spi-builder-workspace/.swiftpm/xcode
builtin-SwiftPerFileCompile UnboundedBufferStorage.swift
SwiftCompile normal arm64 /Users/admin/builder/spi-builder-workspace/.dependencies/checkouts/swift-async-algorithms/Sources/AsyncAlgorithms/Channels/AsyncChannel.swift (in target 'AsyncAlgorithms' from project 'swift-async-algorithms')
cd /Users/admin/builder/spi-builder-workspace/.swiftpm/xcode
builtin-SwiftPerFileCompile AsyncChannel.swift
SwiftCompile normal arm64 /Users/admin/builder/spi-builder-workspace/.dependencies/checkouts/swift-async-algorithms/Sources/AsyncAlgorithms/Channels/AsyncThrowingChannel.swift (in target 'AsyncAlgorithms' from project 'swift-async-algorithms')
cd /Users/admin/builder/spi-builder-workspace/.swiftpm/xcode
builtin-SwiftPerFileCompile AsyncThrowingChannel.swift
SwiftCompile normal arm64 /Users/admin/builder/spi-builder-workspace/.dependencies/checkouts/swift-async-algorithms/Sources/AsyncAlgorithms/Channels/ChannelStateMachine.swift (in target 'AsyncAlgorithms' from project 'swift-async-algorithms')
cd /Users/admin/builder/spi-builder-workspace/.swiftpm/xcode
builtin-SwiftPerFileCompile ChannelStateMachine.swift
SwiftCompile normal arm64 /Users/admin/builder/spi-builder-workspace/.dependencies/checkouts/swift-async-algorithms/Sources/AsyncAlgorithms/Channels/ChannelStorage.swift (in target 'AsyncAlgorithms' from project 'swift-async-algorithms')
cd /Users/admin/builder/spi-builder-workspace/.swiftpm/xcode
builtin-SwiftPerFileCompile ChannelStorage.swift
SwiftCompile normal arm64 Compiling\ AsyncAdjacentPairsSequence.swift,\ AsyncBufferedByteIterator.swift,\ AsyncChain2Sequence.swift,\ AsyncChain3Sequence.swift,\ AsyncChunkedByGroupSequence.swift,\ AsyncChunkedOnProjectionSequence.swift /Users/admin/builder/spi-builder-workspace/.dependencies/checkouts/swift-async-algorithms/Sources/AsyncAlgorithms/AsyncAdjacentPairsSequence.swift /Users/admin/builder/spi-builder-workspace/.dependencies/checkouts/swift-async-algorithms/Sources/AsyncAlgorithms/AsyncBufferedByteIterator.swift /Users/admin/builder/spi-builder-workspace/.dependencies/checkouts/swift-async-algorithms/Sources/AsyncAlgorithms/AsyncChain2Sequence.swift /Users/admin/builder/spi-builder-workspace/.dependencies/checkouts/swift-async-algorithms/Sources/AsyncAlgorithms/AsyncChain3Sequence.swift /Users/admin/builder/spi-builder-workspace/.dependencies/checkouts/swift-async-algorithms/Sources/AsyncAlgorithms/AsyncChunkedByGroupSequence.swift /Users/admin/builder/spi-builder-workspace/.dependencies/checkouts/swift-async-algorithms/Sources/AsyncAlgorithms/AsyncChunkedOnProjectionSequence.swift (in target 'AsyncAlgorithms' from project 'swift-async-algorithms')
SwiftCompile normal arm64 /Users/admin/builder/spi-builder-workspace/.dependencies/checkouts/swift-async-algorithms/Sources/AsyncAlgorithms/AsyncAdjacentPairsSequence.swift (in target 'AsyncAlgorithms' from project 'swift-async-algorithms')
cd /Users/admin/builder/spi-builder-workspace/.swiftpm/xcode
builtin-SwiftPerFileCompile AsyncAdjacentPairsSequence.swift
SwiftCompile normal arm64 /Users/admin/builder/spi-builder-workspace/.dependencies/checkouts/swift-async-algorithms/Sources/AsyncAlgorithms/AsyncBufferedByteIterator.swift (in target 'AsyncAlgorithms' from project 'swift-async-algorithms')
cd /Users/admin/builder/spi-builder-workspace/.swiftpm/xcode
builtin-SwiftPerFileCompile AsyncBufferedByteIterator.swift
SwiftCompile normal arm64 /Users/admin/builder/spi-builder-workspace/.dependencies/checkouts/swift-async-algorithms/Sources/AsyncAlgorithms/AsyncChain2Sequence.swift (in target 'AsyncAlgorithms' from project 'swift-async-algorithms')
cd /Users/admin/builder/spi-builder-workspace/.swiftpm/xcode
builtin-SwiftPerFileCompile AsyncChain2Sequence.swift
SwiftCompile normal arm64 /Users/admin/builder/spi-builder-workspace/.dependencies/checkouts/swift-async-algorithms/Sources/AsyncAlgorithms/AsyncChain3Sequence.swift (in target 'AsyncAlgorithms' from project 'swift-async-algorithms')
cd /Users/admin/builder/spi-builder-workspace/.swiftpm/xcode
builtin-SwiftPerFileCompile AsyncChain3Sequence.swift
SwiftCompile normal arm64 /Users/admin/builder/spi-builder-workspace/.dependencies/checkouts/swift-async-algorithms/Sources/AsyncAlgorithms/AsyncChunkedByGroupSequence.swift (in target 'AsyncAlgorithms' from project 'swift-async-algorithms')
cd /Users/admin/builder/spi-builder-workspace/.swiftpm/xcode
builtin-SwiftPerFileCompile AsyncChunkedByGroupSequence.swift
SwiftCompile normal arm64 /Users/admin/builder/spi-builder-workspace/.dependencies/checkouts/swift-async-algorithms/Sources/AsyncAlgorithms/AsyncChunkedOnProjectionSequence.swift (in target 'AsyncAlgorithms' from project 'swift-async-algorithms')
cd /Users/admin/builder/spi-builder-workspace/.swiftpm/xcode
builtin-SwiftPerFileCompile AsyncChunkedOnProjectionSequence.swift
SwiftCompile normal arm64 Compiling\ AsyncChunksOfCountOrSignalSequence.swift,\ AsyncChunksOfCountSequence.swift,\ AsyncCompactedSequence.swift,\ AsyncExclusiveReductionsSequence.swift,\ AsyncInclusiveReductionsSequence.swift,\ AsyncJoinedBySeparatorSequence.swift /Users/admin/builder/spi-builder-workspace/.dependencies/checkouts/swift-async-algorithms/Sources/AsyncAlgorithms/AsyncChunksOfCountOrSignalSequence.swift /Users/admin/builder/spi-builder-workspace/.dependencies/checkouts/swift-async-algorithms/Sources/AsyncAlgorithms/AsyncChunksOfCountSequence.swift /Users/admin/builder/spi-builder-workspace/.dependencies/checkouts/swift-async-algorithms/Sources/AsyncAlgorithms/AsyncCompactedSequence.swift /Users/admin/builder/spi-builder-workspace/.dependencies/checkouts/swift-async-algorithms/Sources/AsyncAlgorithms/AsyncExclusiveReductionsSequence.swift /Users/admin/builder/spi-builder-workspace/.dependencies/checkouts/swift-async-algorithms/Sources/AsyncAlgorithms/AsyncInclusiveReductionsSequence.swift /Users/admin/builder/spi-builder-workspace/.dependencies/checkouts/swift-async-algorithms/Sources/AsyncAlgorithms/AsyncJoinedBySeparatorSequence.swift (in target 'AsyncAlgorithms' from project 'swift-async-algorithms')
SwiftCompile normal arm64 /Users/admin/builder/spi-builder-workspace/.dependencies/checkouts/swift-async-algorithms/Sources/AsyncAlgorithms/AsyncChunksOfCountOrSignalSequence.swift (in target 'AsyncAlgorithms' from project 'swift-async-algorithms')
cd /Users/admin/builder/spi-builder-workspace/.swiftpm/xcode
builtin-SwiftPerFileCompile AsyncChunksOfCountOrSignalSequence.swift
SwiftCompile normal arm64 /Users/admin/builder/spi-builder-workspace/.dependencies/checkouts/swift-async-algorithms/Sources/AsyncAlgorithms/AsyncChunksOfCountSequence.swift (in target 'AsyncAlgorithms' from project 'swift-async-algorithms')
cd /Users/admin/builder/spi-builder-workspace/.swiftpm/xcode
builtin-SwiftPerFileCompile AsyncChunksOfCountSequence.swift
SwiftCompile normal arm64 /Users/admin/builder/spi-builder-workspace/.dependencies/checkouts/swift-async-algorithms/Sources/AsyncAlgorithms/AsyncCompactedSequence.swift (in target 'AsyncAlgorithms' from project 'swift-async-algorithms')
cd /Users/admin/builder/spi-builder-workspace/.swiftpm/xcode
builtin-SwiftPerFileCompile AsyncCompactedSequence.swift
SwiftCompile normal arm64 /Users/admin/builder/spi-builder-workspace/.dependencies/checkouts/swift-async-algorithms/Sources/AsyncAlgorithms/AsyncExclusiveReductionsSequence.swift (in target 'AsyncAlgorithms' from project 'swift-async-algorithms')
cd /Users/admin/builder/spi-builder-workspace/.swiftpm/xcode
builtin-SwiftPerFileCompile AsyncExclusiveReductionsSequence.swift
SwiftCompile normal arm64 /Users/admin/builder/spi-builder-workspace/.dependencies/checkouts/swift-async-algorithms/Sources/AsyncAlgorithms/AsyncInclusiveReductionsSequence.swift (in target 'AsyncAlgorithms' from project 'swift-async-algorithms')
cd /Users/admin/builder/spi-builder-workspace/.swiftpm/xcode
builtin-SwiftPerFileCompile AsyncInclusiveReductionsSequence.swift
SwiftCompile normal arm64 /Users/admin/builder/spi-builder-workspace/.dependencies/checkouts/swift-async-algorithms/Sources/AsyncAlgorithms/AsyncJoinedBySeparatorSequence.swift (in target 'AsyncAlgorithms' from project 'swift-async-algorithms')
cd /Users/admin/builder/spi-builder-workspace/.swiftpm/xcode
builtin-SwiftPerFileCompile AsyncJoinedBySeparatorSequence.swift
SwiftDriverJobDiscovery normal arm64 Compiling AsyncAdjacentPairsSequence.swift, AsyncBufferedByteIterator.swift, AsyncChain2Sequence.swift, AsyncChain3Sequence.swift, AsyncChunkedByGroupSequence.swift, AsyncChunkedOnProjectionSequence.swift (in target 'AsyncAlgorithms' from project 'swift-async-algorithms')
SwiftDriverJobDiscovery normal arm64 Compiling AsyncThrowingExclusiveReductionsSequence.swift, AsyncThrowingInclusiveReductionsSequence.swift, AsyncTimerSequence.swift, AsyncBufferSequence.swift, BoundedBufferStateMachine.swift, BoundedBufferStorage.swift (in target 'AsyncAlgorithms' from project 'swift-async-algorithms')
SwiftDriverJobDiscovery normal arm64 Compiling UnboundedBufferStateMachine.swift, UnboundedBufferStorage.swift, AsyncChannel.swift, AsyncThrowingChannel.swift, ChannelStateMachine.swift, ChannelStorage.swift (in target 'AsyncAlgorithms' from project 'swift-async-algorithms')
SwiftDriverJobDiscovery normal arm64 Compiling UnsafeTransfer.swift, AsyncZip2Sequence.swift, AsyncZip3Sequence.swift, ZipStateMachine.swift, ZipStorage.swift (in target 'AsyncAlgorithms' from project 'swift-async-algorithms')
SwiftDriverJobDiscovery normal arm64 Compiling DebounceStorage.swift, Dictionary.swift, AsyncFlatMapLatestSequence.swift, FlatMapLatestStateMachine.swift, FlatMapLatestStorage.swift, Disconnected.swift (in target 'AsyncAlgorithms' from project 'swift-async-algorithms')
SwiftDriverJobDiscovery normal arm64 Emitting module for AsyncAlgorithms (in target 'AsyncAlgorithms' from project 'swift-async-algorithms')
SwiftDriver\ Compilation\ Requirements AsyncAlgorithms normal arm64 com.apple.xcode.tools.swift.compiler (in target 'AsyncAlgorithms' from project 'swift-async-algorithms')
cd /Users/admin/builder/spi-builder-workspace/.swiftpm/xcode
builtin-Swift-Compilation-Requirements -- /Applications/Xcode-27.0.0-Release.Candidate.app/Contents/Developer/Toolchains/XcodeDefault.xctoolchain/usr/bin/swiftc -parse-as-library -module-name AsyncAlgorithms -Onone @/Users/admin/builder/spi-builder-workspace/.derivedData/Build/Intermediates.noindex/swift-async-algorithms.build/Debug-xros/AsyncAlgorithms-t.build/Objects-normal/arm64/AsyncAlgorithms.SwiftFileList -DSWIFT_PACKAGE -DDEBUG -DSWIFT_MODULE_RESOURCE_BUNDLE_UNAVAILABLE -DXcode -enable-experimental-feature AvailabilityMacro\=AsyncAlgorithms\ 1.0:macOS\ 10.15,\ iOS\ 13.0,\ tvOS\ 13.0,\ watchOS\ 6.0 -enable-experimental-feature AvailabilityMacro\=AsyncAlgorithms\ 1.1:macOS\ 15.0,\ iOS\ 18.0,\ tvOS\ 18.0,\ watchOS\ 11.0,\ visionOS\ 2.0 -enable-experimental-feature AvailabilityMacro\=AsyncAlgorithms\ 1.2:macOS\ 15.0,\ iOS\ 18.0,\ tvOS\ 18.0,\ watchOS\ 11.0,\ visionOS\ 2.0 -enable-experimental-feature AvailabilityMacro\=AsyncAlgorithms\ 1.3:macOS\ 15.0,\ iOS\ 18.0,\ tvOS\ 18.0,\ watchOS\ 11.0,\ visionOS\ 2.0 -enable-experimental-feature StrictConcurrency\=complete -plugin-path /Applications/Xcode-27.0.0-Release.Candidate.app/Contents/Developer/Toolchains/XcodeDefault.xctoolchain/usr/lib/swift/host/plugins/testing -enable-experimental-feature DebugDescriptionMacro -sdk /Applications/Xcode-27.0.0-Release.Candidate.app/Contents/Developer/Platforms/XROS.platform/Developer/SDKs/XROS27.0.sdk -target arm64-apple-xros1.0 -g -module-cache-path /Users/admin/builder/spi-builder-workspace/.derivedData/ModuleCache.noindex -Xfrontend -serialize-debugging-options -profile-coverage-mapping -profile-generate -enable-testing -suppress-warnings -index-store-path /Users/admin/builder/spi-builder-workspace/.derivedData/Index.noindex/DataStore -Xcc -D_LIBCPP_HARDENING_MODE\=_LIBCPP_HARDENING_MODE_DEBUG -swift-version 6 -I /Users/admin/builder/spi-builder-workspace/.derivedData/Build/Products/Debug-xros -Isystem /Applications/Xcode-27.0.0-Release.Candidate.app/Contents/Developer/Platforms/XROS.platform/Developer/usr/lib -F /Users/admin/builder/spi-builder-workspace/.derivedData/Build/Products/Debug-xros/PackageFrameworks -F /Users/admin/builder/spi-builder-workspace/.derivedData/Build/Products/Debug-xros -F /Applications/Xcode-27.0.0-Release.Candidate.app/Contents/Developer/Platforms/XROS.platform/Developer/Library/Frameworks -F /Applications/Xcode-27.0.0-Release.Candidate.app/Contents/Developer/Platforms/XROS.platform/Developer/SDKs/XROS27.0.sdk/Developer/Library/Frameworks -c -j10 -enable-batch-mode -incremental -Xcc -ivfsstatcache -Xcc /Users/admin/builder/spi-builder-workspace/.derivedData/SDKStatCaches.noindex/xros27.0-24M361-e829b21a6f8c9b70876ba0858053c044735bd543db762f57723cac368afd1ce4.sdkstatcache -output-file-map /Users/admin/builder/spi-builder-workspace/.derivedData/Build/Intermediates.noindex/swift-async-algorithms.build/Debug-xros/AsyncAlgorithms-t.build/Objects-normal/arm64/AsyncAlgorithms-OutputFileMap.json -save-temps -no-color-diagnostics -explicit-module-build -module-cache-path /Users/admin/builder/spi-builder-workspace/.derivedData/Build/Intermediates.noindex/SwiftExplicitPrecompiledModules -clang-scanner-module-cache-path /Users/admin/builder/spi-builder-workspace/.derivedData/ModuleCache.noindex -sdk-module-cache-path /Users/admin/builder/spi-builder-workspace/.derivedData/SDKExplicitPrecompiledModules -emit-dependencies -emit-module -emit-module-path /Users/admin/builder/spi-builder-workspace/.derivedData/Build/Intermediates.noindex/swift-async-algorithms.build/Debug-xros/AsyncAlgorithms-t.build/Objects-normal/arm64/AsyncAlgorithms.swiftmodule -serialize-diagnostics -dependency-scan-serialize-diagnostics-path /Users/admin/builder/spi-builder-workspace/.derivedData/Build/Intermediates.noindex/swift-async-algorithms.build/Debug-xros/AsyncAlgorithms-t.build/Objects-normal/arm64/AsyncAlgorithms-dependency-scan.dia -user-module-version 1.1.6 -validate-clang-modules-once -clang-build-session-file /Users/admin/builder/spi-builder-workspace/.derivedData/ModuleCache.noindex/Session.modulevalidation -Xcc -fmodules-prune-interval\=86400 -Xcc -fmodules-prune-after\=345600 -package-name swift_async_algorithms -emit-const-values -const-gather-protocols-list /Users/admin/builder/spi-builder-workspace/.derivedData/Build/Intermediates.noindex/swift-async-algorithms.build/Debug-xros/AsyncAlgorithms-t.build/Objects-normal/arm64/AsyncAlgorithms_const_extract_protocols.json -Xcc -I/Users/admin/builder/spi-builder-workspace/.derivedData/Build/Products/Debug-xros/include -Xcc -I/Users/admin/builder/spi-builder-workspace/.derivedData/Build/Intermediates.noindex/swift-async-algorithms.build/Debug-xros/AsyncAlgorithms-t.build/DerivedSources-normal/arm64 -Xcc -I/Users/admin/builder/spi-builder-workspace/.derivedData/Build/Intermediates.noindex/swift-async-algorithms.build/Debug-xros/AsyncAlgorithms-t.build/DerivedSources/arm64 -Xcc -I/Users/admin/builder/spi-builder-workspace/.derivedData/Build/Intermediates.noindex/swift-async-algorithms.build/Debug-xros/AsyncAlgorithms-t.build/DerivedSources -Xcc -DSWIFT_PACKAGE -Xcc -DDEBUG\=1 -emit-objc-header -emit-objc-header-path /Users/admin/builder/spi-builder-workspace/.derivedData/Build/Intermediates.noindex/swift-async-algorithms.build/Debug-xros/AsyncAlgorithms-t.build/Objects-normal/arm64/AsyncAlgorithms-Swift.h -working-directory /Users/admin/builder/spi-builder-workspace/.swiftpm/xcode -experimental-emit-module-separately -disable-cmo
SwiftMergeGeneratedHeaders /Users/admin/builder/spi-builder-workspace/.derivedData/Build/Intermediates.noindex/GeneratedModuleMaps-xros/AsyncAlgorithms-Swift.h /Users/admin/builder/spi-builder-workspace/.derivedData/Build/Intermediates.noindex/swift-async-algorithms.build/Debug-xros/AsyncAlgorithms-t.build/Objects-normal/arm64/AsyncAlgorithms-Swift.h (in target 'AsyncAlgorithms' from project 'swift-async-algorithms')
cd /Users/admin/builder/spi-builder-workspace/.dependencies/checkouts/swift-async-algorithms
builtin-swiftHeaderTool -arch arm64 /Users/admin/builder/spi-builder-workspace/.derivedData/Build/Intermediates.noindex/swift-async-algorithms.build/Debug-xros/AsyncAlgorithms-t.build/Objects-normal/arm64/AsyncAlgorithms-Swift.h -o /Users/admin/builder/spi-builder-workspace/.derivedData/Build/Intermediates.noindex/GeneratedModuleMaps-xros/AsyncAlgorithms-Swift.h
Copy /Users/admin/builder/spi-builder-workspace/.derivedData/Build/Products/Debug-xros/AsyncAlgorithms.swiftmodule/arm64-apple-xros.swiftdoc /Users/admin/builder/spi-builder-workspace/.derivedData/Build/Intermediates.noindex/swift-async-algorithms.build/Debug-xros/AsyncAlgorithms-t.build/Objects-normal/arm64/AsyncAlgorithms.swiftdoc (in target 'AsyncAlgorithms' from project 'swift-async-algorithms')
cd /Users/admin/builder/spi-builder-workspace/.dependencies/checkouts/swift-async-algorithms
builtin-copy -exclude .DS_Store -exclude CVS -exclude .svn -exclude .git -exclude .hg -resolve-src-symlinks -rename /Users/admin/builder/spi-builder-workspace/.derivedData/Build/Intermediates.noindex/swift-async-algorithms.build/Debug-xros/AsyncAlgorithms-t.build/Objects-normal/arm64/AsyncAlgorithms.swiftdoc /Users/admin/builder/spi-builder-workspace/.derivedData/Build/Products/Debug-xros/AsyncAlgorithms.swiftmodule/arm64-apple-xros.swiftdoc
Copy /Users/admin/builder/spi-builder-workspace/.derivedData/Build/Products/Debug-xros/AsyncAlgorithms.swiftmodule/arm64-apple-xros.abi.json /Users/admin/builder/spi-builder-workspace/.derivedData/Build/Intermediates.noindex/swift-async-algorithms.build/Debug-xros/AsyncAlgorithms-t.build/Objects-normal/arm64/AsyncAlgorithms.abi.json (in target 'AsyncAlgorithms' from project 'swift-async-algorithms')
cd /Users/admin/builder/spi-builder-workspace/.dependencies/checkouts/swift-async-algorithms
builtin-copy -exclude .DS_Store -exclude CVS -exclude .svn -exclude .git -exclude .hg -resolve-src-symlinks -rename /Users/admin/builder/spi-builder-workspace/.derivedData/Build/Intermediates.noindex/swift-async-algorithms.build/Debug-xros/AsyncAlgorithms-t.build/Objects-normal/arm64/AsyncAlgorithms.abi.json /Users/admin/builder/spi-builder-workspace/.derivedData/Build/Products/Debug-xros/AsyncAlgorithms.swiftmodule/arm64-apple-xros.abi.json
Copy /Users/admin/builder/spi-builder-workspace/.derivedData/Build/Products/Debug-xros/AsyncAlgorithms.swiftmodule/Project/arm64-apple-xros.swiftsourceinfo /Users/admin/builder/spi-builder-workspace/.derivedData/Build/Intermediates.noindex/swift-async-algorithms.build/Debug-xros/AsyncAlgorithms-t.build/Objects-normal/arm64/AsyncAlgorithms.swiftsourceinfo (in target 'AsyncAlgorithms' from project 'swift-async-algorithms')
cd /Users/admin/builder/spi-builder-workspace/.dependencies/checkouts/swift-async-algorithms
builtin-copy -exclude .DS_Store -exclude CVS -exclude .svn -exclude .git -exclude .hg -resolve-src-symlinks -rename /Users/admin/builder/spi-builder-workspace/.derivedData/Build/Intermediates.noindex/swift-async-algorithms.build/Debug-xros/AsyncAlgorithms-t.build/Objects-normal/arm64/AsyncAlgorithms.swiftsourceinfo /Users/admin/builder/spi-builder-workspace/.derivedData/Build/Products/Debug-xros/AsyncAlgorithms.swiftmodule/Project/arm64-apple-xros.swiftsourceinfo
Copy /Users/admin/builder/spi-builder-workspace/.derivedData/Build/Products/Debug-xros/AsyncAlgorithms.swiftmodule/arm64-apple-xros.swiftmodule /Users/admin/builder/spi-builder-workspace/.derivedData/Build/Intermediates.noindex/swift-async-algorithms.build/Debug-xros/AsyncAlgorithms-t.build/Objects-normal/arm64/AsyncAlgorithms.swiftmodule (in target 'AsyncAlgorithms' from project 'swift-async-algorithms')
cd /Users/admin/builder/spi-builder-workspace/.dependencies/checkouts/swift-async-algorithms
builtin-copy -exclude .DS_Store -exclude CVS -exclude .svn -exclude .git -exclude .hg -resolve-src-symlinks -rename /Users/admin/builder/spi-builder-workspace/.derivedData/Build/Intermediates.noindex/swift-async-algorithms.build/Debug-xros/AsyncAlgorithms-t.build/Objects-normal/arm64/AsyncAlgorithms.swiftmodule /Users/admin/builder/spi-builder-workspace/.derivedData/Build/Products/Debug-xros/AsyncAlgorithms.swiftmodule/arm64-apple-xros.swiftmodule
SwiftDriver SwiftASB normal arm64 com.apple.xcode.tools.swift.compiler (in target 'SwiftASB' from project 'SwiftASB')
cd /Users/admin/builder/spi-builder-workspace/.swiftpm/xcode
builtin-SwiftDriver -- /Applications/Xcode-27.0.0-Release.Candidate.app/Contents/Developer/Toolchains/XcodeDefault.xctoolchain/usr/bin/swiftc -parse-as-library -module-name SwiftASB -Onone @/Users/admin/builder/spi-builder-workspace/.derivedData/Build/Intermediates.noindex/SwiftASB.build/Debug-xros/SwiftASB-t.build/Objects-normal/arm64/SwiftASB.SwiftFileList -DSWIFT_PACKAGE -DDEBUG -DSWIFT_MODULE_RESOURCE_BUNDLE_UNAVAILABLE -DXcode -plugin-path /Applications/Xcode-27.0.0-Release.Candidate.app/Contents/Developer/Toolchains/XcodeDefault.xctoolchain/usr/lib/swift/host/plugins/testing -enable-experimental-feature DebugDescriptionMacro -sdk /Applications/Xcode-27.0.0-Release.Candidate.app/Contents/Developer/Platforms/XROS.platform/Developer/SDKs/XROS27.0.sdk -target arm64-apple-xros1.0 -g -module-cache-path /Users/admin/builder/spi-builder-workspace/.derivedData/ModuleCache.noindex -Xfrontend -serialize-debugging-options -profile-coverage-mapping -profile-generate -enable-testing -index-store-path /Users/admin/builder/spi-builder-workspace/.derivedData/Index.noindex/DataStore -Xcc -D_LIBCPP_HARDENING_MODE\=_LIBCPP_HARDENING_MODE_DEBUG -swift-version 6 -I /Users/admin/builder/spi-builder-workspace/.derivedData/Build/Products/Debug-xros -Isystem /Applications/Xcode-27.0.0-Release.Candidate.app/Contents/Developer/Platforms/XROS.platform/Developer/usr/lib -F /Users/admin/builder/spi-builder-workspace/.derivedData/Build/Products/Debug-xros/PackageFrameworks -F /Users/admin/builder/spi-builder-workspace/.derivedData/Build/Products/Debug-xros -F /Applications/Xcode-27.0.0-Release.Candidate.app/Contents/Developer/Platforms/XROS.platform/Developer/Library/Frameworks -F /Applications/Xcode-27.0.0-Release.Candidate.app/Contents/Developer/Platforms/XROS.platform/Developer/SDKs/XROS27.0.sdk/Developer/Library/Frameworks -c -j10 -enable-batch-mode -incremental -Xcc -ivfsstatcache -Xcc /Users/admin/builder/spi-builder-workspace/.derivedData/SDKStatCaches.noindex/xros27.0-24M361-e829b21a6f8c9b70876ba0858053c044735bd543db762f57723cac368afd1ce4.sdkstatcache -output-file-map /Users/admin/builder/spi-builder-workspace/.derivedData/Build/Intermediates.noindex/SwiftASB.build/Debug-xros/SwiftASB-t.build/Objects-normal/arm64/SwiftASB-OutputFileMap.json -save-temps -no-color-diagnostics -explicit-module-build -module-cache-path /Users/admin/builder/spi-builder-workspace/.derivedData/Build/Intermediates.noindex/SwiftExplicitPrecompiledModules -clang-scanner-module-cache-path /Users/admin/builder/spi-builder-workspace/.derivedData/ModuleCache.noindex -sdk-module-cache-path /Users/admin/builder/spi-builder-workspace/.derivedData/SDKExplicitPrecompiledModules -emit-dependencies -emit-module -emit-module-path /Users/admin/builder/spi-builder-workspace/.derivedData/Build/Intermediates.noindex/SwiftASB.build/Debug-xros/SwiftASB-t.build/Objects-normal/arm64/SwiftASB.swiftmodule -serialize-diagnostics -dependency-scan-serialize-diagnostics-path /Users/admin/builder/spi-builder-workspace/.derivedData/Build/Intermediates.noindex/SwiftASB.build/Debug-xros/SwiftASB-t.build/Objects-normal/arm64/SwiftASB-dependency-scan.dia -validate-clang-modules-once -clang-build-session-file /Users/admin/builder/spi-builder-workspace/.derivedData/ModuleCache.noindex/Session.modulevalidation -Xcc -fmodules-prune-interval\=86400 -Xcc -fmodules-prune-after\=345600 -package-name spi_builder_workspace -emit-const-values -const-gather-protocols-list /Users/admin/builder/spi-builder-workspace/.derivedData/Build/Intermediates.noindex/SwiftASB.build/Debug-xros/SwiftASB-t.build/Objects-normal/arm64/SwiftASB_const_extract_protocols.json -Xcc -I/Users/admin/builder/spi-builder-workspace/.derivedData/Build/Products/Debug-xros/include -Xcc -I/Users/admin/builder/spi-builder-workspace/.derivedData/Build/Intermediates.noindex/SwiftASB.build/Debug-xros/SwiftASB-t.build/DerivedSources-normal/arm64 -Xcc -I/Users/admin/builder/spi-builder-workspace/.derivedData/Build/Intermediates.noindex/SwiftASB.build/Debug-xros/SwiftASB-t.build/DerivedSources/arm64 -Xcc -I/Users/admin/builder/spi-builder-workspace/.derivedData/Build/Intermediates.noindex/SwiftASB.build/Debug-xros/SwiftASB-t.build/DerivedSources -Xcc -DSWIFT_PACKAGE -Xcc -DDEBUG\=1 -emit-objc-header -emit-objc-header-path /Users/admin/builder/spi-builder-workspace/.derivedData/Build/Intermediates.noindex/SwiftASB.build/Debug-xros/SwiftASB-t.build/Objects-normal/arm64/SwiftASB-Swift.h -working-directory /Users/admin/builder/spi-builder-workspace/.swiftpm/xcode -experimental-emit-module-separately -disable-cmo
SwiftDriverJobDiscovery normal arm64 Compiling AsyncChunksOfCountOrSignalSequence.swift, AsyncChunksOfCountSequence.swift, AsyncCompactedSequence.swift, AsyncExclusiveReductionsSequence.swift, AsyncInclusiveReductionsSequence.swift, AsyncJoinedBySeparatorSequence.swift (in target 'AsyncAlgorithms' from project 'swift-async-algorithms')
SwiftDriverJobDiscovery normal arm64 Compiling AsyncJoinedSequence.swift, AsyncMapErrorSequence.swift, AsyncRemoveDuplicatesSequence.swift, AsyncShareSequence.swift, AsyncSyncSequence.swift, AsyncThrottleSequence.swift (in target 'AsyncAlgorithms' from project 'swift-async-algorithms')
SwiftDriverJobDiscovery normal arm64 Compiling AsyncCombineLatest2Sequence.swift, AsyncCombineLatest3Sequence.swift, CombineLatestStateMachine.swift, CombineLatestStorage.swift, AsyncDebounceSequence.swift, DebounceStateMachine.swift (in target 'AsyncAlgorithms' from project 'swift-async-algorithms')
SwiftDriverJobDiscovery normal arm64 Compiling _TinyArray.swift, AsyncInterspersedSequence.swift, Locking.swift, AsyncMerge2Sequence.swift, AsyncMerge3Sequence.swift, MergeStateMachine.swift (in target 'AsyncAlgorithms' from project 'swift-async-algorithms')
SwiftDriverJobDiscovery normal arm64 Compiling MergeStorage.swift, MultiProducerSingleConsumerAsyncChannel+Internal.swift, MultiProducerSingleConsumerAsyncChannel.swift, RangeReplaceableCollection.swift, Rethrow.swift, SetAlgebra.swift (in target 'AsyncAlgorithms' from project 'swift-async-algorithms')
SwiftDriver\ Compilation AsyncAlgorithms normal arm64 com.apple.xcode.tools.swift.compiler (in target 'AsyncAlgorithms' from project 'swift-async-algorithms')
cd /Users/admin/builder/spi-builder-workspace/.swiftpm/xcode
builtin-Swift-Compilation -- /Applications/Xcode-27.0.0-Release.Candidate.app/Contents/Developer/Toolchains/XcodeDefault.xctoolchain/usr/bin/swiftc -parse-as-library -module-name AsyncAlgorithms -Onone @/Users/admin/builder/spi-builder-workspace/.derivedData/Build/Intermediates.noindex/swift-async-algorithms.build/Debug-xros/AsyncAlgorithms-t.build/Objects-normal/arm64/AsyncAlgorithms.SwiftFileList -DSWIFT_PACKAGE -DDEBUG -DSWIFT_MODULE_RESOURCE_BUNDLE_UNAVAILABLE -DXcode -enable-experimental-feature AvailabilityMacro\=AsyncAlgorithms\ 1.0:macOS\ 10.15,\ iOS\ 13.0,\ tvOS\ 13.0,\ watchOS\ 6.0 -enable-experimental-feature AvailabilityMacro\=AsyncAlgorithms\ 1.1:macOS\ 15.0,\ iOS\ 18.0,\ tvOS\ 18.0,\ watchOS\ 11.0,\ visionOS\ 2.0 -enable-experimental-feature AvailabilityMacro\=AsyncAlgorithms\ 1.2:macOS\ 15.0,\ iOS\ 18.0,\ tvOS\ 18.0,\ watchOS\ 11.0,\ visionOS\ 2.0 -enable-experimental-feature AvailabilityMacro\=AsyncAlgorithms\ 1.3:macOS\ 15.0,\ iOS\ 18.0,\ tvOS\ 18.0,\ watchOS\ 11.0,\ visionOS\ 2.0 -enable-experimental-feature StrictConcurrency\=complete -plugin-path /Applications/Xcode-27.0.0-Release.Candidate.app/Contents/Developer/Toolchains/XcodeDefault.xctoolchain/usr/lib/swift/host/plugins/testing -enable-experimental-feature DebugDescriptionMacro -sdk /Applications/Xcode-27.0.0-Release.Candidate.app/Contents/Developer/Platforms/XROS.platform/Developer/SDKs/XROS27.0.sdk -target arm64-apple-xros1.0 -g -module-cache-path /Users/admin/builder/spi-builder-workspace/.derivedData/ModuleCache.noindex -Xfrontend -serialize-debugging-options -profile-coverage-mapping -profile-generate -enable-testing -suppress-warnings -index-store-path /Users/admin/builder/spi-builder-workspace/.derivedData/Index.noindex/DataStore -Xcc -D_LIBCPP_HARDENING_MODE\=_LIBCPP_HARDENING_MODE_DEBUG -swift-version 6 -I /Users/admin/builder/spi-builder-workspace/.derivedData/Build/Products/Debug-xros -Isystem /Applications/Xcode-27.0.0-Release.Candidate.app/Contents/Developer/Platforms/XROS.platform/Developer/usr/lib -F /Users/admin/builder/spi-builder-workspace/.derivedData/Build/Products/Debug-xros/PackageFrameworks -F /Users/admin/builder/spi-builder-workspace/.derivedData/Build/Products/Debug-xros -F /Applications/Xcode-27.0.0-Release.Candidate.app/Contents/Developer/Platforms/XROS.platform/Developer/Library/Frameworks -F /Applications/Xcode-27.0.0-Release.Candidate.app/Contents/Developer/Platforms/XROS.platform/Developer/SDKs/XROS27.0.sdk/Developer/Library/Frameworks -c -j10 -enable-batch-mode -incremental -Xcc -ivfsstatcache -Xcc /Users/admin/builder/spi-builder-workspace/.derivedData/SDKStatCaches.noindex/xros27.0-24M361-e829b21a6f8c9b70876ba0858053c044735bd543db762f57723cac368afd1ce4.sdkstatcache -output-file-map /Users/admin/builder/spi-builder-workspace/.derivedData/Build/Intermediates.noindex/swift-async-algorithms.build/Debug-xros/AsyncAlgorithms-t.build/Objects-normal/arm64/AsyncAlgorithms-OutputFileMap.json -save-temps -no-color-diagnostics -explicit-module-build -module-cache-path /Users/admin/builder/spi-builder-workspace/.derivedData/Build/Intermediates.noindex/SwiftExplicitPrecompiledModules -clang-scanner-module-cache-path /Users/admin/builder/spi-builder-workspace/.derivedData/ModuleCache.noindex -sdk-module-cache-path /Users/admin/builder/spi-builder-workspace/.derivedData/SDKExplicitPrecompiledModules -emit-dependencies -emit-module -emit-module-path /Users/admin/builder/spi-builder-workspace/.derivedData/Build/Intermediates.noindex/swift-async-algorithms.build/Debug-xros/AsyncAlgorithms-t.build/Objects-normal/arm64/AsyncAlgorithms.swiftmodule -serialize-diagnostics -dependency-scan-serialize-diagnostics-path /Users/admin/builder/spi-builder-workspace/.derivedData/Build/Intermediates.noindex/swift-async-algorithms.build/Debug-xros/AsyncAlgorithms-t.build/Objects-normal/arm64/AsyncAlgorithms-dependency-scan.dia -user-module-version 1.1.6 -validate-clang-modules-once -clang-build-session-file /Users/admin/builder/spi-builder-workspace/.derivedData/ModuleCache.noindex/Session.modulevalidation -Xcc -fmodules-prune-interval\=86400 -Xcc -fmodules-prune-after\=345600 -package-name swift_async_algorithms -emit-const-values -const-gather-protocols-list /Users/admin/builder/spi-builder-workspace/.derivedData/Build/Intermediates.noindex/swift-async-algorithms.build/Debug-xros/AsyncAlgorithms-t.build/Objects-normal/arm64/AsyncAlgorithms_const_extract_protocols.json -Xcc -I/Users/admin/builder/spi-builder-workspace/.derivedData/Build/Products/Debug-xros/include -Xcc -I/Users/admin/builder/spi-builder-workspace/.derivedData/Build/Intermediates.noindex/swift-async-algorithms.build/Debug-xros/AsyncAlgorithms-t.build/DerivedSources-normal/arm64 -Xcc -I/Users/admin/builder/spi-builder-workspace/.derivedData/Build/Intermediates.noindex/swift-async-algorithms.build/Debug-xros/AsyncAlgorithms-t.build/DerivedSources/arm64 -Xcc -I/Users/admin/builder/spi-builder-workspace/.derivedData/Build/Intermediates.noindex/swift-async-algorithms.build/Debug-xros/AsyncAlgorithms-t.build/DerivedSources -Xcc -DSWIFT_PACKAGE -Xcc -DDEBUG\=1 -emit-objc-header -emit-objc-header-path /Users/admin/builder/spi-builder-workspace/.derivedData/Build/Intermediates.noindex/swift-async-algorithms.build/Debug-xros/AsyncAlgorithms-t.build/Objects-normal/arm64/AsyncAlgorithms-Swift.h -working-directory /Users/admin/builder/spi-builder-workspace/.swiftpm/xcode -experimental-emit-module-separately -disable-cmo
Ld /Users/admin/builder/spi-builder-workspace/.derivedData/Build/Products/Debug-xros/AsyncAlgorithms.o normal (in target 'AsyncAlgorithms' from project 'swift-async-algorithms')
cd /Users/admin/builder/spi-builder-workspace/.dependencies/checkouts/swift-async-algorithms
/Applications/Xcode-27.0.0-Release.Candidate.app/Contents/Developer/Toolchains/XcodeDefault.xctoolchain/usr/bin/clang -Xlinker -reproducible -target arm64-apple-xros1.0 -r -isysroot /Applications/Xcode-27.0.0-Release.Candidate.app/Contents/Developer/Platforms/XROS.platform/Developer/SDKs/XROS27.0.sdk -O0 -w -Xlinker -no_warn_duplicate_libraries -F/Users/admin/builder/spi-builder-workspace/.derivedData/Build/Intermediates.noindex/EagerLinkingTBDs/Debug-xros -F/Users/admin/builder/spi-builder-workspace/.derivedData/Build/Products/Debug-xros/PackageFrameworks -F/Users/admin/builder/spi-builder-workspace/.derivedData/Build/Products/Debug-xros -iframework /Applications/Xcode-27.0.0-Release.Candidate.app/Contents/Developer/Platforms/XROS.platform/Developer/Library/Frameworks -iframework /Applications/Xcode-27.0.0-Release.Candidate.app/Contents/Developer/Platforms/XROS.platform/Developer/SDKs/XROS27.0.sdk/Developer/Library/Frameworks -filelist /Users/admin/builder/spi-builder-workspace/.derivedData/Build/Intermediates.noindex/swift-async-algorithms.build/Debug-xros/AsyncAlgorithms-t.build/Objects-normal/arm64/AsyncAlgorithms.LinkFileList -nostdlib -Xlinker -object_path_lto -Xlinker /Users/admin/builder/spi-builder-workspace/.derivedData/Build/Intermediates.noindex/swift-async-algorithms.build/Debug-xros/AsyncAlgorithms-t.build/Objects-normal/arm64/AsyncAlgorithms_lto.o -Xlinker -no_deduplicate -Xlinker -debug_variant -Xlinker -dependency_info -Xlinker /Users/admin/builder/spi-builder-workspace/.derivedData/Build/Intermediates.noindex/swift-async-algorithms.build/Debug-xros/AsyncAlgorithms-t.build/Objects-normal/arm64/AsyncAlgorithms_dependency_info.dat -fobjc-link-runtime -L/Applications/Xcode-27.0.0-Release.Candidate.app/Contents/Developer/Toolchains/XcodeDefault.xctoolchain/usr/lib/swift/xros -L/usr/lib/swift -Xlinker -add_ast_path -Xlinker /Users/admin/builder/spi-builder-workspace/.derivedData/Build/Intermediates.noindex/swift-async-algorithms.build/Debug-xros/AsyncAlgorithms-t.build/Objects-normal/arm64/AsyncAlgorithms.swiftmodule -o /Users/admin/builder/spi-builder-workspace/.derivedData/Build/Products/Debug-xros/AsyncAlgorithms.o
ExtractAppIntentsMetadata (in target 'AsyncAlgorithms' from project 'swift-async-algorithms')
cd /Users/admin/builder/spi-builder-workspace/.dependencies/checkouts/swift-async-algorithms
/Applications/Xcode-27.0.0-Release.Candidate.app/Contents/Developer/Toolchains/XcodeDefault.xctoolchain/usr/bin/appintentsmetadataprocessor --toolchain-dir /var/run/com.apple.security.cryptexd/mnt/com.apple.MobileAsset.MetalToolchain-v27.1.266.1.1pBx3T/Metal.xctoolchain --module-name AsyncAlgorithms --sdk-root /Applications/Xcode-27.0.0-Release.Candidate.app/Contents/Developer/Platforms/XROS.platform/Developer/SDKs/XROS27.0.sdk --xcode-version 27A266a --platform-family xrOS --deployment-target 1.0 --bundle-identifier swift-async-algorithms.AsyncAlgorithms --output /Users/admin/builder/spi-builder-workspace/.derivedData/Build/Products/Debug-xros/AsyncAlgorithms.appintents --target-triple arm64-apple-xros1.0 --binary-file /Users/admin/builder/spi-builder-workspace/.derivedData/Build/Products/Debug-xros/AsyncAlgorithms.o --dependency-file /Users/admin/builder/spi-builder-workspace/.derivedData/Build/Intermediates.noindex/swift-async-algorithms.build/Debug-xros/AsyncAlgorithms-t.build/Objects-normal/arm64/AsyncAlgorithms_dependency_info.dat --stringsdata-file /Users/admin/builder/spi-builder-workspace/.derivedData/Build/Intermediates.noindex/swift-async-algorithms.build/Debug-xros/AsyncAlgorithms-t.build/Objects-normal/arm64/ExtractedAppShortcutsMetadata.stringsdata --source-file-list /Users/admin/builder/spi-builder-workspace/.derivedData/Build/Intermediates.noindex/swift-async-algorithms.build/Debug-xros/AsyncAlgorithms-t.build/Objects-normal/arm64/AsyncAlgorithms.SwiftFileList --metadata-file-list /Users/admin/builder/spi-builder-workspace/.derivedData/Build/Intermediates.noindex/swift-async-algorithms.build/Debug-xros/AsyncAlgorithms-t.build/AsyncAlgorithms.DependencyMetadataFileList --static-metadata-file-list /Users/admin/builder/spi-builder-workspace/.derivedData/Build/Intermediates.noindex/swift-async-algorithms.build/Debug-xros/AsyncAlgorithms-t.build/AsyncAlgorithms.DependencyStaticMetadataFileList --swift-const-vals-list /Users/admin/builder/spi-builder-workspace/.derivedData/Build/Intermediates.noindex/swift-async-algorithms.build/Debug-xros/AsyncAlgorithms-t.build/Objects-normal/arm64/AsyncAlgorithms.SwiftConstValuesFileList --force --compile-time-extraction --deployment-aware-processing --no-app-shortcuts-localization
2026-09-26 00:00:22.732 appintentsmetadataprocessor[884:5218] Starting appintentsmetadataprocessor export
2026-09-26 00:00:22.795 appintentsmetadataprocessor[884:5218] Extracted no relevant App Intents symbols, skipping writing output
SwiftExplicitDependencyGeneratePcm arm64 /Users/admin/builder/spi-builder-workspace/.derivedData/SDKExplicitPrecompiledModules/MachO-6F2CAO15JWU9TP0S5ZC6PL9IB.pcm
SwiftExplicitDependencyGeneratePcm arm64 /Users/admin/builder/spi-builder-workspace/.derivedData/SDKExplicitPrecompiledModules/string_h-BGPLTZ4H9HACR813QKF6VS72D.pcm
SwiftExplicitDependencyGeneratePcm arm64 /Users/admin/builder/spi-builder-workspace/.derivedData/SDKExplicitPrecompiledModules/_Builtin_stdatomic-158FFQF46AB7DZCSEC3RCRTFC.pcm
SwiftExplicitDependencyGeneratePcm arm64 /Users/admin/builder/spi-builder-workspace/.derivedData/SDKExplicitPrecompiledModules/ObjectiveC-7UYOWV2RO2CMEGURP3Y7WLPAT.pcm
SwiftExplicitDependencyGeneratePcm arm64 /Users/admin/builder/spi-builder-workspace/.derivedData/SDKExplicitPrecompiledModules/ptrauth-9Q1PN7OTQZN7B0Z9D7V7Q8UB1.pcm
SwiftExplicitDependencyGeneratePcm arm64 /Users/admin/builder/spi-builder-workspace/.derivedData/SDKExplicitPrecompiledModules/os_object-A49MUZWNB60JKCX0NMFXESEZD.pcm
SwiftExplicitDependencyGeneratePcm arm64 /Users/admin/builder/spi-builder-workspace/.derivedData/SDKExplicitPrecompiledModules/os_workgroup-1J3Q9ELSMX5271913GPIT75QV.pcm
SwiftExplicitDependencyGeneratePcm arm64 /Users/admin/builder/spi-builder-workspace/.derivedData/SDKExplicitPrecompiledModules/Dispatch-7TDXDXPVVCZ0IQLPT2W4Z1AW3.pcm
SwiftExplicitDependencyGeneratePcm arm64 /Users/admin/builder/spi-builder-workspace/.derivedData/SDKExplicitPrecompiledModules/CoreFoundation-5D49BF05JAG3T79HLXZS0QOEB.pcm
SwiftExplicitDependencyGeneratePcm arm64 /Users/admin/builder/spi-builder-workspace/.derivedData/SDKExplicitPrecompiledModules/XPC-1U8J3QOEPI1JREQTBJYCK4Z2Z.pcm
SwiftExplicitDependencyGeneratePcm arm64 /Users/admin/builder/spi-builder-workspace/.derivedData/SDKExplicitPrecompiledModules/os-7D3ZMGEZW9BBPJG5AFYWTJQLV.pcm
SwiftExplicitDependencyGeneratePcm arm64 /Users/admin/builder/spi-builder-workspace/.derivedData/SDKExplicitPrecompiledModules/Security-4BDO3J0PXFNR7ZRKSDSXCO6IM.pcm
SwiftExplicitDependencyGeneratePcm arm64 /Users/admin/builder/spi-builder-workspace/.derivedData/SDKExplicitPrecompiledModules/CFNetwork-8XNJAT23SK5D0OET9NV9X387I.pcm
SwiftExplicitDependencyGeneratePcm arm64 /Users/admin/builder/spi-builder-workspace/.derivedData/SDKExplicitPrecompiledModules/Foundation-48S9SVOOX01R4NP8KF0LJG57Z.pcm
SwiftExplicitDependencyGeneratePcm arm64 /Users/admin/builder/spi-builder-workspace/.derivedData/SDKExplicitPrecompiledModules/OSLog-3CTW8AFBZNTJNTYU2CNXR306R.pcm
SwiftExplicitDependencyGeneratePcm arm64 /Users/admin/builder/spi-builder-workspace/.derivedData/SDKExplicitPrecompiledModules/CoreData-5V8622D8G59RJKITQSAST89GC.pcm
SwiftEmitModule normal arm64 Emitting\ module\ for\ SwiftASB (in target 'SwiftASB' from project 'SwiftASB')
SwiftCompile normal arm64 (in target 'SwiftASB' from project 'SwiftASB')
cd /Users/admin/builder/spi-builder-workspace/.swiftpm/xcode
SwiftCompile normal arm64 Compiling\ SwiftASBFeatureOperationEvent.swift,\ SwiftASBFeaturePolicy.swift,\ CodexAppServerTransport.swift,\ CodexAppServerTransporting.swift /Users/admin/builder/spi-builder-workspace/Sources/SwiftASB/Public/SwiftASBFeatureOperationEvent.swift /Users/admin/builder/spi-builder-workspace/Sources/SwiftASB/Public/SwiftASBFeaturePolicy.swift /Users/admin/builder/spi-builder-workspace/Sources/SwiftASB/Transport/CodexAppServerTransport.swift /Users/admin/builder/spi-builder-workspace/Sources/SwiftASB/Transport/CodexAppServerTransporting.swift (in target 'SwiftASB' from project 'SwiftASB')
/Users/admin/builder/spi-builder-workspace/Sources/SwiftASB/Transport/CodexAppServerTransport.swift:25:26: error: cannot find type 'Process' in scope
23 | private let configuration: Configuration
24 |
25 | private var process: Process?
| `- error: cannot find type 'Process' in scope
26 | private var standardInputHandle: FileHandle?
27 | private var standardOutputHandle: FileHandle?
/Users/admin/builder/spi-builder-workspace/Sources/SwiftASB/Transport/CodexAppServerTransport.swift:327:54: error: cannot find type 'Process' in scope
325 | }
326 |
327 | private func handleProcessTermination(_ process: Process) {
| `- error: cannot find type 'Process' in scope
328 | let reasonDescription: String
329 | switch process.terminationReason {
/Users/admin/builder/spi-builder-workspace/Sources/SwiftASB/Transport/CodexAppServerTransport.swift:49:23: error: cannot find 'Process' in scope
47 | let outputPipe = Pipe()
48 | let errorPipe = Pipe()
49 | let process = Process()
| `- error: cannot find 'Process' in scope
50 | let executableResolution = try CodexCLIExecutableResolver(
51 | explicitExecutableURL: configuration.codexExecutableURL,
Failed frontend command:
/Applications/Xcode-27.0.0-Release.Candidate.app/Contents/Developer/Toolchains/XcodeDefault.xctoolchain/usr/bin/swift-frontend -frontend -c /Users/admin/builder/spi-builder-workspace/Sources/SwiftASB/Generated/CodexWire/Latest/CodexLifecycleV2Batch+JSONValue.swift /Users/admin/builder/spi-builder-workspace/Sources/SwiftASB/Generated/CodexWire/Latest/CodexWireInitializeResponse.swift /Users/admin/builder/spi-builder-workspace/Sources/SwiftASB/History/ThreadHistoryStore.swift /Users/admin/builder/spi-builder-workspace/Sources/SwiftASB/Protocol/CodexAppServerProtocol+Types.swift /Users/admin/builder/spi-builder-workspace/Sources/SwiftASB/Protocol/CodexAppServerProtocol.swift /Users/admin/builder/spi-builder-workspace/Sources/SwiftASB/Protocol/CodexProtocolError.swift /Users/admin/builder/spi-builder-workspace/Sources/SwiftASB/Protocol/CodexRPCEnvelope.swift /Users/admin/builder/spi-builder-workspace/Sources/SwiftASB/Public/CodexAppServer+Bootstrap.swift /Users/admin/builder/spi-builder-workspace/Sources/SwiftASB/Public/CodexAppServer+CodexExtensions.swift /Users/admin/builder/spi-builder-workspace/Sources/SwiftASB/Public/CodexAppServer+CommandExecution.swift /Users/admin/builder/spi-builder-workspace/Sources/SwiftASB/Public/CodexAppServer+Compatibility.swift /Users/admin/builder/spi-builder-workspace/Sources/SwiftASB/Public/CodexAppServer+GitObservability.swift /Users/admin/builder/spi-builder-workspace/Sources/SwiftASB/Public/CodexAppServer+Hooks.swift /Users/admin/builder/spi-builder-workspace/Sources/SwiftASB/Public/CodexAppServer+Inventory.swift /Users/admin/builder/spi-builder-workspace/Sources/SwiftASB/Public/CodexAppServer+Library.swift /Users/admin/builder/spi-builder-workspace/Sources/SwiftASB/Public/CodexAppServer+LoadedThreads.swift /Users/admin/builder/spi-builder-workspace/Sources/SwiftASB/Public/CodexAppServer+MCP.swift /Users/admin/builder/spi-builder-workspace/Sources/SwiftASB/Public/CodexAppServer+Models.swift /Users/admin/builder/spi-builder-workspace/Sources/SwiftASB/Public/CodexAppServer+ProtocolPayloads.swift /Users/admin/builder/spi-builder-workspace/Sources/SwiftASB/Public/CodexAppServer+ThreadLifecycle.swift /Users/admin/builder/spi-builder-workspace/Sources/SwiftASB/Public/CodexAppServer+ThreadManagement.swift /Users/admin/builder/spi-builder-workspace/Sources/SwiftASB/Public/CodexAppServer+TurnLifecycle.swift /Users/admin/builder/spi-builder-workspace/Sources/SwiftASB/Public/CodexAppServer+WireMapping.swift /Users/admin/builder/spi-builder-workspace/Sources/SwiftASB/Public/CodexAppServer.swift /Users/admin/builder/spi-builder-workspace/Sources/SwiftASB/Public/CodexConfig.swift /Users/admin/builder/spi-builder-workspace/Sources/SwiftASB/Public/CodexDiagnostics.swift /Users/admin/builder/spi-builder-workspace/Sources/SwiftASB/Public/CodexErrors.swift /Users/admin/builder/spi-builder-workspace/Sources/SwiftASB/Public/CodexFS.swift /Users/admin/builder/spi-builder-workspace/Sources/SwiftASB/Public/CodexInteractiveRequests.swift /Users/admin/builder/spi-builder-workspace/Sources/SwiftASB/Public/CodexMCP.swift /Users/admin/builder/spi-builder-workspace/Sources/SwiftASB/Public/CodexReviewHandle.swift /Users/admin/builder/spi-builder-workspace/Sources/SwiftASB/Public/CodexThread+Agenda.swift /Users/admin/builder/spi-builder-workspace/Sources/SwiftASB/Public/CodexThread+Dashboard.swift /Users/admin/builder/spi-builder-workspace/Sources/SwiftASB/Public/CodexThread+RecentCommands.swift /Users/admin/builder/spi-builder-workspace/Sources/SwiftASB/Public/CodexThread+RecentFiles.swift /Users/admin/builder/spi-builder-workspace/Sources/SwiftASB/Public/CodexThread+RecentTurns.swift /Users/admin/builder/spi-builder-workspace/Sources/SwiftASB/Public/CodexThread.swift /Users/admin/builder/spi-builder-workspace/Sources/SwiftASB/Public/CodexTurnHandle.swift /Users/admin/builder/spi-builder-workspace/Sources/SwiftASB/Public/CodexWorkspace.swift -primary-file /Users/admin/builder/spi-builder-workspace/Sources/SwiftASB/Public/SwiftASBFeatureOperationEvent.swift -primary-file /Users/admin/builder/spi-builder-workspace/Sources/SwiftASB/Public/SwiftASBFeaturePolicy.swift -primary-file /Users/admin/builder/spi-builder-workspace/Sources/SwiftASB/Transport/CodexAppServerTransport.swift -primary-file /Users/admin/builder/spi-builder-workspace/Sources/SwiftASB/Transport/CodexAppServerTransporting.swift /Users/admin/builder/spi-builder-workspace/Sources/SwiftASB/Transport/CodexCLIExecutableResolver.swift /Users/admin/builder/spi-builder-workspace/Sources/SwiftASB/Transport/CodexRPCRequestID.swift /Users/admin/builder/spi-builder-workspace/Sources/SwiftASB/Transport/CodexTransportError.swift /Users/admin/builder/spi-builder-workspace/Sources/SwiftASB/Transport/LineDelimitedDataBuffer.swift -supplementary-output-file-map /Users/admin/builder/spi-builder-workspace/.derivedData/Build/Intermediates.noindex/SwiftASB.build/Debug-xros/SwiftASB-t.build/Objects-normal/arm64/supplementaryOutputs-49 -target arm64-apple-xros1.0 -disable-cross-import-overlay-search -swift-module-cross-import CoreData /Applications/Xcode-27.0.0-Release.Candidate.app/Contents/Developer/Platforms/XROS.platform/Developer/SDKs/XROS.sdk/System/Library/Frameworks/CoreData.framework/Modules/CoreData.swiftcrossimport/CloudKit.swiftoverlay -swift-module-cross-import CoreData /Applications/Xcode-27.0.0-Release.Candidate.app/Contents/Developer/Platforms/XROS.platform/Developer/SDKs/XROS27.0.sdk/System/Library/Frameworks/CoreData.framework/Modules/CoreData.swiftcrossimport/CloudKit.swiftoverlay -load-resolved-plugin /Applications/Xcode-27.0.0-Release.Candidate.app/Contents/Developer/Platforms/XROS.platform/Developer/usr/lib/swift/host/plugins/libFoundationMacros.dylib\#/Applications/Xcode-27.0.0-Release.Candidate.app/Contents/Developer/Platforms/XROS.platform/Developer/usr/bin/swift-plugin-server\#FoundationMacros -load-resolved-plugin /Applications/Xcode-27.0.0-Release.Candidate.app/Contents/Developer/Platforms/XROS.platform/Developer/usr/lib/swift/host/plugins/libObservationMacros.dylib\#/Applications/Xcode-27.0.0-Release.Candidate.app/Contents/Developer/Platforms/XROS.platform/Developer/usr/bin/swift-plugin-server\#ObservationMacros -load-resolved-plugin /Applications/Xcode-27.0.0-Release.Candidate.app/Contents/Developer/Platforms/XROS.platform/Developer/usr/lib/swift/host/plugins/libSwiftMacros.dylib\#/Applications/Xcode-27.0.0-Release.Candidate.app/Contents/Developer/Platforms/XROS.platform/Developer/usr/bin/swift-plugin-server\#SwiftMacros -disable-implicit-swift-modules -Xcc -fno-implicit-modules -Xcc -fno-implicit-module-maps -explicit-swift-module-map-file /Users/admin/builder/spi-builder-workspace/.derivedData/Build/Intermediates.noindex/SwiftASB.build/Debug-xros/SwiftASB-t.build/Objects-normal/arm64/SwiftASB-dependencies-1.json -Xllvm -aarch64-use-tbi -enable-objc-interop -stack-check -sdk /Applications/Xcode-27.0.0-Release.Candidate.app/Contents/Developer/Platforms/XROS.platform/Developer/SDKs/XROS27.0.sdk -I /Users/admin/builder/spi-builder-workspace/.derivedData/Build/Products/Debug-xros -Isystem /Applications/Xcode-27.0.0-Release.Candidate.app/Contents/Developer/Platforms/XROS.platform/Developer/usr/lib -F /Users/admin/builder/spi-builder-workspace/.derivedData/Build/Products/Debug-xros/PackageFrameworks -F /Users/admin/builder/spi-builder-workspace/.derivedData/Build/Products/Debug-xros -F /Applications/Xcode-27.0.0-Release.Candidate.app/Contents/Developer/Platforms/XROS.platform/Developer/Library/Frameworks -F /Applications/Xcode-27.0.0-Release.Candidate.app/Contents/Developer/Platforms/XROS.platform/Developer/SDKs/XROS27.0.sdk/Developer/Library/Frameworks -module-cache-path /Users/admin/builder/spi-builder-workspace/.derivedData/Build/Intermediates.noindex/SwiftExplicitPrecompiledModules -no-color-diagnostics -Xcc -fno-color-diagnostics -enable-testing -g -debug-info-format\=dwarf -dwarf-version\=4 -profile-generate -profile-coverage-mapping -swift-version 6 -Onone -D SWIFT_PACKAGE -D DEBUG -D SWIFT_MODULE_RESOURCE_BUNDLE_UNAVAILABLE -D Xcode -serialize-debugging-options -enable-experimental-feature DebugDescriptionMacro -empty-abi-descriptor -validate-clang-modules-once -clang-build-session-file /Users/admin/builder/spi-builder-workspace/.derivedData/ModuleCache.noindex/Session.modulevalidation -Xcc -working-directory -Xcc /Users/admin/builder/spi-builder-workspace/.swiftpm/xcode -enable-anonymous-context-mangled-names -file-compilation-dir /Users/admin/builder/spi-builder-workspace/.swiftpm/xcode -Xcc -D_LIBCPP_HARDENING_MODE\=_LIBCPP_HARDENING_MODE_DEBUG -Xcc -ivfsstatcache -Xcc /Users/admin/builder/spi-builder-workspace/.derivedData/SDKStatCaches.noindex/xros27.0-24M361-e829b21a6f8c9b70876ba0858053c044735bd543db762f57723cac368afd1ce4.sdkstatcache -Xcc -fmodules-prune-interval\=86400 -Xcc -fmodules-prune-after\=345600 -Xcc -I/Users/admin/builder/spi-builder-workspace/.derivedData/Build/Products/Debug-xros/include -Xcc -I/Users/admin/builder/spi-builder-workspace/.derivedData/Build/Intermediates.noindex/SwiftASB.build/Debug-xros/SwiftASB-t.build/DerivedSources-normal/arm64 -Xcc -I/Users/admin/builder/spi-builder-workspace/.derivedData/Build/Intermediates.noindex/SwiftASB.build/Debug-xros/SwiftASB-t.build/DerivedSources/arm64 -Xcc -I/Users/admin/builder/spi-builder-workspace/.derivedData/Build/Intermediates.noindex/SwiftASB.build/Debug-xros/SwiftASB-t.build/DerivedSources -Xcc -DSWIFT_PACKAGE -Xcc -DDEBUG\=1 -no-auto-bridging-header-chaining -module-name SwiftASB -package-name spi_builder_workspace -const-gather-protocols-file /Users/admin/builder/spi-builder-workspace/.derivedData/Build/Intermediates.noindex/SwiftASB.build/Debug-xros/SwiftASB-t.build/Objects-normal/arm64/SwiftASB_const_extract_protocols.json -disable-clang-spi -clang-target arm64-apple-xros27.0 -target-sdk-version 27.0 -target-sdk-name xros27.0 -in-process-plugin-server-path /Applications/Xcode-27.0.0-Release.Candidate.app/Contents/Developer/Toolchains/XcodeDefault.xctoolchain/usr/lib/swift/host/libSwiftInProcPluginServer.dylib -parse-as-library -o /Users/admin/builder/spi-builder-workspace/.derivedData/Build/Intermediates.noindex/SwiftASB.build/Debug-xros/SwiftASB-t.build/Objects-normal/arm64/SwiftASBFeatureOperationEvent.o -o /Users/admin/builder/spi-builder-workspace/.derivedData/Build/Intermediates.noindex/SwiftASB.build/Debug-xros/SwiftASB-t.build/Objects-normal/arm64/SwiftASBFeaturePolicy.o -o /Users/admin/builder/spi-builder-workspace/.derivedData/Build/Intermediates.noindex/SwiftASB.build/Debug-xros/SwiftASB-t.build/Objects-normal/arm64/CodexAppServerTransport.o -o /Users/admin/builder/spi-builder-workspace/.derivedData/Build/Intermediates.noindex/SwiftASB.build/Debug-xros/SwiftASB-t.build/Objects-normal/arm64/CodexAppServerTransporting.o -debug-module-path /Users/admin/builder/spi-builder-workspace/.derivedData/Build/Intermediates.noindex/SwiftASB.build/Debug-xros/SwiftASB-t.build/Objects-normal/arm64/SwiftASB.swiftmodule -index-unit-output-path /SwiftASB.build/Debug-xros/SwiftASB-t.build/Objects-normal/arm64/SwiftASBFeatureOperationEvent.o -index-unit-output-path /SwiftASB.build/Debug-xros/SwiftASB-t.build/Objects-normal/arm64/SwiftASBFeaturePolicy.o -index-unit-output-path /SwiftASB.build/Debug-xros/SwiftASB-t.build/Objects-normal/arm64/CodexAppServerTransport.o -index-unit-output-path /SwiftASB.build/Debug-xros/SwiftASB-t.build/Objects-normal/arm64/CodexAppServerTransporting.o -index-store-path /Users/admin/builder/spi-builder-workspace/.derivedData/Index.noindex/DataStore -index-system-modules
SwiftCompile normal arm64 /Users/admin/builder/spi-builder-workspace/Sources/SwiftASB/Public/SwiftASBFeatureOperationEvent.swift (in target 'SwiftASB' from project 'SwiftASB')
cd /Users/admin/builder/spi-builder-workspace/.swiftpm/xcode
builtin-SwiftPerFileCompile SwiftASBFeatureOperationEvent.swift
SwiftCompile normal arm64 /Users/admin/builder/spi-builder-workspace/Sources/SwiftASB/Public/SwiftASBFeaturePolicy.swift (in target 'SwiftASB' from project 'SwiftASB')
cd /Users/admin/builder/spi-builder-workspace/.swiftpm/xcode
builtin-SwiftPerFileCompile SwiftASBFeaturePolicy.swift
SwiftCompile normal arm64 /Users/admin/builder/spi-builder-workspace/Sources/SwiftASB/Transport/CodexAppServerTransport.swift (in target 'SwiftASB' from project 'SwiftASB')
cd /Users/admin/builder/spi-builder-workspace/.swiftpm/xcode
builtin-SwiftPerFileCompile CodexAppServerTransport.swift
SwiftCompile normal arm64 /Users/admin/builder/spi-builder-workspace/Sources/SwiftASB/Transport/CodexAppServerTransporting.swift (in target 'SwiftASB' from project 'SwiftASB')
cd /Users/admin/builder/spi-builder-workspace/.swiftpm/xcode
builtin-SwiftPerFileCompile CodexAppServerTransporting.swift
SwiftCompile normal arm64 Compiling\ CodexThread+RecentTurns.swift,\ CodexThread.swift,\ CodexTurnHandle.swift,\ CodexWorkspace.swift /Users/admin/builder/spi-builder-workspace/Sources/SwiftASB/Public/CodexThread+RecentTurns.swift /Users/admin/builder/spi-builder-workspace/Sources/SwiftASB/Public/CodexThread.swift /Users/admin/builder/spi-builder-workspace/Sources/SwiftASB/Public/CodexTurnHandle.swift /Users/admin/builder/spi-builder-workspace/Sources/SwiftASB/Public/CodexWorkspace.swift (in target 'SwiftASB' from project 'SwiftASB')
SwiftCompile normal arm64 /Users/admin/builder/spi-builder-workspace/Sources/SwiftASB/Public/CodexThread+RecentTurns.swift (in target 'SwiftASB' from project 'SwiftASB')
cd /Users/admin/builder/spi-builder-workspace/.swiftpm/xcode
builtin-SwiftPerFileCompile CodexThread+RecentTurns.swift
SwiftCompile normal arm64 /Users/admin/builder/spi-builder-workspace/Sources/SwiftASB/Public/CodexThread.swift (in target 'SwiftASB' from project 'SwiftASB')
cd /Users/admin/builder/spi-builder-workspace/.swiftpm/xcode
builtin-SwiftPerFileCompile CodexThread.swift
SwiftCompile normal arm64 /Users/admin/builder/spi-builder-workspace/Sources/SwiftASB/Public/CodexTurnHandle.swift (in target 'SwiftASB' from project 'SwiftASB')
cd /Users/admin/builder/spi-builder-workspace/.swiftpm/xcode
builtin-SwiftPerFileCompile CodexTurnHandle.swift
SwiftCompile normal arm64 /Users/admin/builder/spi-builder-workspace/Sources/SwiftASB/Public/CodexWorkspace.swift (in target 'SwiftASB' from project 'SwiftASB')
cd /Users/admin/builder/spi-builder-workspace/.swiftpm/xcode
builtin-SwiftPerFileCompile CodexWorkspace.swift
SwiftCompile normal arm64 Compiling\ CodexDiagnostics.swift,\ CodexErrors.swift,\ CodexFS.swift,\ CodexInteractiveRequests.swift,\ CodexMCP.swift /Users/admin/builder/spi-builder-workspace/Sources/SwiftASB/Public/CodexDiagnostics.swift /Users/admin/builder/spi-builder-workspace/Sources/SwiftASB/Public/CodexErrors.swift /Users/admin/builder/spi-builder-workspace/Sources/SwiftASB/Public/CodexFS.swift /Users/admin/builder/spi-builder-workspace/Sources/SwiftASB/Public/CodexInteractiveRequests.swift /Users/admin/builder/spi-builder-workspace/Sources/SwiftASB/Public/CodexMCP.swift (in target 'SwiftASB' from project 'SwiftASB')
SwiftCompile normal arm64 /Users/admin/builder/spi-builder-workspace/Sources/SwiftASB/Public/CodexDiagnostics.swift (in target 'SwiftASB' from project 'SwiftASB')
cd /Users/admin/builder/spi-builder-workspace/.swiftpm/xcode
builtin-SwiftPerFileCompile CodexDiagnostics.swift
SwiftCompile normal arm64 /Users/admin/builder/spi-builder-workspace/Sources/SwiftASB/Public/CodexErrors.swift (in target 'SwiftASB' from project 'SwiftASB')
cd /Users/admin/builder/spi-builder-workspace/.swiftpm/xcode
builtin-SwiftPerFileCompile CodexErrors.swift
SwiftCompile normal arm64 /Users/admin/builder/spi-builder-workspace/Sources/SwiftASB/Public/CodexFS.swift (in target 'SwiftASB' from project 'SwiftASB')
cd /Users/admin/builder/spi-builder-workspace/.swiftpm/xcode
builtin-SwiftPerFileCompile CodexFS.swift
SwiftCompile normal arm64 /Users/admin/builder/spi-builder-workspace/Sources/SwiftASB/Public/CodexInteractiveRequests.swift (in target 'SwiftASB' from project 'SwiftASB')
cd /Users/admin/builder/spi-builder-workspace/.swiftpm/xcode
builtin-SwiftPerFileCompile CodexInteractiveRequests.swift
SwiftCompile normal arm64 /Users/admin/builder/spi-builder-workspace/Sources/SwiftASB/Public/CodexMCP.swift (in target 'SwiftASB' from project 'SwiftASB')
cd /Users/admin/builder/spi-builder-workspace/.swiftpm/xcode
builtin-SwiftPerFileCompile CodexMCP.swift
SwiftCompile normal arm64 Compiling\ CodexAppServer+Compatibility.swift,\ CodexAppServer+GitObservability.swift,\ CodexAppServer+Hooks.swift,\ CodexAppServer+Inventory.swift,\ CodexAppServer+Library.swift /Users/admin/builder/spi-builder-workspace/Sources/SwiftASB/Public/CodexAppServer+Compatibility.swift /Users/admin/builder/spi-builder-workspace/Sources/SwiftASB/Public/CodexAppServer+GitObservability.swift /Users/admin/builder/spi-builder-workspace/Sources/SwiftASB/Public/CodexAppServer+Hooks.swift /Users/admin/builder/spi-builder-workspace/Sources/SwiftASB/Public/CodexAppServer+Inventory.swift /Users/admin/builder/spi-builder-workspace/Sources/SwiftASB/Public/CodexAppServer+Library.swift (in target 'SwiftASB' from project 'SwiftASB')
SwiftCompile normal arm64 /Users/admin/builder/spi-builder-workspace/Sources/SwiftASB/Public/CodexAppServer+Compatibility.swift (in target 'SwiftASB' from project 'SwiftASB')
cd /Users/admin/builder/spi-builder-workspace/.swiftpm/xcode
builtin-SwiftPerFileCompile CodexAppServer+Compatibility.swift
SwiftCompile normal arm64 /Users/admin/builder/spi-builder-workspace/Sources/SwiftASB/Public/CodexAppServer+GitObservability.swift (in target 'SwiftASB' from project 'SwiftASB')
cd /Users/admin/builder/spi-builder-workspace/.swiftpm/xcode
builtin-SwiftPerFileCompile CodexAppServer+GitObservability.swift
SwiftCompile normal arm64 /Users/admin/builder/spi-builder-workspace/Sources/SwiftASB/Public/CodexAppServer+Hooks.swift (in target 'SwiftASB' from project 'SwiftASB')
cd /Users/admin/builder/spi-builder-workspace/.swiftpm/xcode
builtin-SwiftPerFileCompile CodexAppServer+Hooks.swift
SwiftCompile normal arm64 /Users/admin/builder/spi-builder-workspace/Sources/SwiftASB/Public/CodexAppServer+Inventory.swift (in target 'SwiftASB' from project 'SwiftASB')
cd /Users/admin/builder/spi-builder-workspace/.swiftpm/xcode
builtin-SwiftPerFileCompile CodexAppServer+Inventory.swift
SwiftCompile normal arm64 /Users/admin/builder/spi-builder-workspace/Sources/SwiftASB/Public/CodexAppServer+Library.swift (in target 'SwiftASB' from project 'SwiftASB')
cd /Users/admin/builder/spi-builder-workspace/.swiftpm/xcode
builtin-SwiftPerFileCompile CodexAppServer+Library.swift
SwiftCompile normal arm64 Compiling\ CodexReviewHandle.swift,\ CodexThread+Agenda.swift,\ CodexThread+Dashboard.swift,\ CodexThread+RecentCommands.swift,\ CodexThread+RecentFiles.swift /Users/admin/builder/spi-builder-workspace/Sources/SwiftASB/Public/CodexReviewHandle.swift /Users/admin/builder/spi-builder-workspace/Sources/SwiftASB/Public/CodexThread+Agenda.swift /Users/admin/builder/spi-builder-workspace/Sources/SwiftASB/Public/CodexThread+Dashboard.swift /Users/admin/builder/spi-builder-workspace/Sources/SwiftASB/Public/CodexThread+RecentCommands.swift /Users/admin/builder/spi-builder-workspace/Sources/SwiftASB/Public/CodexThread+RecentFiles.swift (in target 'SwiftASB' from project 'SwiftASB')
SwiftCompile normal arm64 /Users/admin/builder/spi-builder-workspace/Sources/SwiftASB/Public/CodexReviewHandle.swift (in target 'SwiftASB' from project 'SwiftASB')
cd /Users/admin/builder/spi-builder-workspace/.swiftpm/xcode
builtin-SwiftPerFileCompile CodexReviewHandle.swift
SwiftCompile normal arm64 /Users/admin/builder/spi-builder-workspace/Sources/SwiftASB/Public/CodexThread+Agenda.swift (in target 'SwiftASB' from project 'SwiftASB')
cd /Users/admin/builder/spi-builder-workspace/.swiftpm/xcode
builtin-SwiftPerFileCompile CodexThread+Agenda.swift
SwiftCompile normal arm64 /Users/admin/builder/spi-builder-workspace/Sources/SwiftASB/Public/CodexThread+Dashboard.swift (in target 'SwiftASB' from project 'SwiftASB')
cd /Users/admin/builder/spi-builder-workspace/.swiftpm/xcode
builtin-SwiftPerFileCompile CodexThread+Dashboard.swift
SwiftCompile normal arm64 /Users/admin/builder/spi-builder-workspace/Sources/SwiftASB/Public/CodexThread+RecentCommands.swift (in target 'SwiftASB' from project 'SwiftASB')
cd /Users/admin/builder/spi-builder-workspace/.swiftpm/xcode
builtin-SwiftPerFileCompile CodexThread+RecentCommands.swift
SwiftCompile normal arm64 /Users/admin/builder/spi-builder-workspace/Sources/SwiftASB/Public/CodexThread+RecentFiles.swift (in target 'SwiftASB' from project 'SwiftASB')
cd /Users/admin/builder/spi-builder-workspace/.swiftpm/xcode
builtin-SwiftPerFileCompile CodexThread+RecentFiles.swift
SwiftCompile normal arm64 Compiling\ CodexProtocolError.swift,\ CodexRPCEnvelope.swift,\ CodexAppServer+Bootstrap.swift,\ CodexAppServer+CodexExtensions.swift,\ CodexAppServer+CommandExecution.swift /Users/admin/builder/spi-builder-workspace/Sources/SwiftASB/Protocol/CodexProtocolError.swift /Users/admin/builder/spi-builder-workspace/Sources/SwiftASB/Protocol/CodexRPCEnvelope.swift /Users/admin/builder/spi-builder-workspace/Sources/SwiftASB/Public/CodexAppServer+Bootstrap.swift /Users/admin/builder/spi-builder-workspace/Sources/SwiftASB/Public/CodexAppServer+CodexExtensions.swift /Users/admin/builder/spi-builder-workspace/Sources/SwiftASB/Public/CodexAppServer+CommandExecution.swift (in target 'SwiftASB' from project 'SwiftASB')
SwiftCompile normal arm64 /Users/admin/builder/spi-builder-workspace/Sources/SwiftASB/Protocol/CodexProtocolError.swift (in target 'SwiftASB' from project 'SwiftASB')
cd /Users/admin/builder/spi-builder-workspace/.swiftpm/xcode
builtin-SwiftPerFileCompile CodexProtocolError.swift
SwiftCompile normal arm64 /Users/admin/builder/spi-builder-workspace/Sources/SwiftASB/Protocol/CodexRPCEnvelope.swift (in target 'SwiftASB' from project 'SwiftASB')
cd /Users/admin/builder/spi-builder-workspace/.swiftpm/xcode
builtin-SwiftPerFileCompile CodexRPCEnvelope.swift
SwiftCompile normal arm64 /Users/admin/builder/spi-builder-workspace/Sources/SwiftASB/Public/CodexAppServer+Bootstrap.swift (in target 'SwiftASB' from project 'SwiftASB')
cd /Users/admin/builder/spi-builder-workspace/.swiftpm/xcode
builtin-SwiftPerFileCompile CodexAppServer+Bootstrap.swift
SwiftCompile normal arm64 /Users/admin/builder/spi-builder-workspace/Sources/SwiftASB/Public/CodexAppServer+CodexExtensions.swift (in target 'SwiftASB' from project 'SwiftASB')
cd /Users/admin/builder/spi-builder-workspace/.swiftpm/xcode
builtin-SwiftPerFileCompile CodexAppServer+CodexExtensions.swift
SwiftCompile normal arm64 /Users/admin/builder/spi-builder-workspace/Sources/SwiftASB/Public/CodexAppServer+CommandExecution.swift (in target 'SwiftASB' from project 'SwiftASB')
cd /Users/admin/builder/spi-builder-workspace/.swiftpm/xcode
builtin-SwiftPerFileCompile CodexAppServer+CommandExecution.swift
SwiftCompile normal arm64 Compiling\ CodexLifecycleV2Batch+JSONValue.swift,\ CodexWireInitializeResponse.swift,\ ThreadHistoryStore.swift,\ CodexAppServerProtocol+Types.swift,\ CodexAppServerProtocol.swift /Users/admin/builder/spi-builder-workspace/Sources/SwiftASB/Generated/CodexWire/Latest/CodexLifecycleV2Batch+JSONValue.swift /Users/admin/builder/spi-builder-workspace/Sources/SwiftASB/Generated/CodexWire/Latest/CodexWireInitializeResponse.swift /Users/admin/builder/spi-builder-workspace/Sources/SwiftASB/History/ThreadHistoryStore.swift /Users/admin/builder/spi-builder-workspace/Sources/SwiftASB/Protocol/CodexAppServerProtocol+Types.swift /Users/admin/builder/spi-builder-workspace/Sources/SwiftASB/Protocol/CodexAppServerProtocol.swift (in target 'SwiftASB' from project 'SwiftASB')
SwiftCompile normal arm64 /Users/admin/builder/spi-builder-workspace/Sources/SwiftASB/Generated/CodexWire/Latest/CodexLifecycleV2Batch+JSONValue.swift (in target 'SwiftASB' from project 'SwiftASB')
cd /Users/admin/builder/spi-builder-workspace/.swiftpm/xcode
builtin-SwiftPerFileCompile CodexLifecycleV2Batch+JSONValue.swift
SwiftCompile normal arm64 /Users/admin/builder/spi-builder-workspace/Sources/SwiftASB/Generated/CodexWire/Latest/CodexWireInitializeResponse.swift (in target 'SwiftASB' from project 'SwiftASB')
cd /Users/admin/builder/spi-builder-workspace/.swiftpm/xcode
builtin-SwiftPerFileCompile CodexWireInitializeResponse.swift
SwiftCompile normal arm64 /Users/admin/builder/spi-builder-workspace/Sources/SwiftASB/History/ThreadHistoryStore.swift (in target 'SwiftASB' from project 'SwiftASB')
cd /Users/admin/builder/spi-builder-workspace/.swiftpm/xcode
builtin-SwiftPerFileCompile ThreadHistoryStore.swift
SwiftCompile normal arm64 /Users/admin/builder/spi-builder-workspace/Sources/SwiftASB/Protocol/CodexAppServerProtocol+Types.swift (in target 'SwiftASB' from project 'SwiftASB')
cd /Users/admin/builder/spi-builder-workspace/.swiftpm/xcode
builtin-SwiftPerFileCompile CodexAppServerProtocol+Types.swift
SwiftCompile normal arm64 /Users/admin/builder/spi-builder-workspace/Sources/SwiftASB/Protocol/CodexAppServerProtocol.swift (in target 'SwiftASB' from project 'SwiftASB')
cd /Users/admin/builder/spi-builder-workspace/.swiftpm/xcode
builtin-SwiftPerFileCompile CodexAppServerProtocol.swift
SwiftCompile normal arm64 Compiling\ CodexAppServer+LoadedThreads.swift,\ CodexAppServer+MCP.swift,\ CodexAppServer+Models.swift,\ CodexAppServer+ProtocolPayloads.swift,\ CodexAppServer+ThreadLifecycle.swift /Users/admin/builder/spi-builder-workspace/Sources/SwiftASB/Public/CodexAppServer+LoadedThreads.swift /Users/admin/builder/spi-builder-workspace/Sources/SwiftASB/Public/CodexAppServer+MCP.swift /Users/admin/builder/spi-builder-workspace/Sources/SwiftASB/Public/CodexAppServer+Models.swift /Users/admin/builder/spi-builder-workspace/Sources/SwiftASB/Public/CodexAppServer+ProtocolPayloads.swift /Users/admin/builder/spi-builder-workspace/Sources/SwiftASB/Public/CodexAppServer+ThreadLifecycle.swift (in target 'SwiftASB' from project 'SwiftASB')
SwiftCompile normal arm64 /Users/admin/builder/spi-builder-workspace/Sources/SwiftASB/Public/CodexAppServer+LoadedThreads.swift (in target 'SwiftASB' from project 'SwiftASB')
cd /Users/admin/builder/spi-builder-workspace/.swiftpm/xcode
builtin-SwiftPerFileCompile CodexAppServer+LoadedThreads.swift
SwiftCompile normal arm64 /Users/admin/builder/spi-builder-workspace/Sources/SwiftASB/Public/CodexAppServer+MCP.swift (in target 'SwiftASB' from project 'SwiftASB')
cd /Users/admin/builder/spi-builder-workspace/.swiftpm/xcode
builtin-SwiftPerFileCompile CodexAppServer+MCP.swift
SwiftCompile normal arm64 /Users/admin/builder/spi-builder-workspace/Sources/SwiftASB/Public/CodexAppServer+Models.swift (in target 'SwiftASB' from project 'SwiftASB')
cd /Users/admin/builder/spi-builder-workspace/.swiftpm/xcode
builtin-SwiftPerFileCompile CodexAppServer+Models.swift
SwiftCompile normal arm64 /Users/admin/builder/spi-builder-workspace/Sources/SwiftASB/Public/CodexAppServer+ProtocolPayloads.swift (in target 'SwiftASB' from project 'SwiftASB')
cd /Users/admin/builder/spi-builder-workspace/.swiftpm/xcode
builtin-SwiftPerFileCompile CodexAppServer+ProtocolPayloads.swift
SwiftCompile normal arm64 /Users/admin/builder/spi-builder-workspace/Sources/SwiftASB/Public/CodexAppServer+ThreadLifecycle.swift (in target 'SwiftASB' from project 'SwiftASB')
cd /Users/admin/builder/spi-builder-workspace/.swiftpm/xcode
builtin-SwiftPerFileCompile CodexAppServer+ThreadLifecycle.swift
SwiftCompile normal arm64 Compiling\ CodexAppServer+ThreadManagement.swift,\ CodexAppServer+TurnLifecycle.swift,\ CodexAppServer+WireMapping.swift,\ CodexAppServer.swift,\ CodexConfig.swift /Users/admin/builder/spi-builder-workspace/Sources/SwiftASB/Public/CodexAppServer+ThreadManagement.swift /Users/admin/builder/spi-builder-workspace/Sources/SwiftASB/Public/CodexAppServer+TurnLifecycle.swift /Users/admin/builder/spi-builder-workspace/Sources/SwiftASB/Public/CodexAppServer+WireMapping.swift /Users/admin/builder/spi-builder-workspace/Sources/SwiftASB/Public/CodexAppServer.swift /Users/admin/builder/spi-builder-workspace/Sources/SwiftASB/Public/CodexConfig.swift (in target 'SwiftASB' from project 'SwiftASB')
SwiftCompile normal arm64 /Users/admin/builder/spi-builder-workspace/Sources/SwiftASB/Public/CodexAppServer+ThreadManagement.swift (in target 'SwiftASB' from project 'SwiftASB')
cd /Users/admin/builder/spi-builder-workspace/.swiftpm/xcode
builtin-SwiftPerFileCompile CodexAppServer+ThreadManagement.swift
SwiftCompile normal arm64 /Users/admin/builder/spi-builder-workspace/Sources/SwiftASB/Public/CodexAppServer+TurnLifecycle.swift (in target 'SwiftASB' from project 'SwiftASB')
cd /Users/admin/builder/spi-builder-workspace/.swiftpm/xcode
builtin-SwiftPerFileCompile CodexAppServer+TurnLifecycle.swift
SwiftCompile normal arm64 /Users/admin/builder/spi-builder-workspace/Sources/SwiftASB/Public/CodexAppServer+WireMapping.swift (in target 'SwiftASB' from project 'SwiftASB')
cd /Users/admin/builder/spi-builder-workspace/.swiftpm/xcode
builtin-SwiftPerFileCompile CodexAppServer+WireMapping.swift
SwiftCompile normal arm64 /Users/admin/builder/spi-builder-workspace/Sources/SwiftASB/Public/CodexAppServer.swift (in target 'SwiftASB' from project 'SwiftASB')
cd /Users/admin/builder/spi-builder-workspace/.swiftpm/xcode
builtin-SwiftPerFileCompile CodexAppServer.swift
SwiftCompile normal arm64 /Users/admin/builder/spi-builder-workspace/Sources/SwiftASB/Public/CodexConfig.swift (in target 'SwiftASB' from project 'SwiftASB')
cd /Users/admin/builder/spi-builder-workspace/.swiftpm/xcode
builtin-SwiftPerFileCompile CodexConfig.swift
SwiftCompile normal arm64 Compiling\ CodexCLIExecutableResolver.swift,\ CodexRPCRequestID.swift,\ CodexTransportError.swift,\ LineDelimitedDataBuffer.swift /Users/admin/builder/spi-builder-workspace/Sources/SwiftASB/Transport/CodexCLIExecutableResolver.swift /Users/admin/builder/spi-builder-workspace/Sources/SwiftASB/Transport/CodexRPCRequestID.swift /Users/admin/builder/spi-builder-workspace/Sources/SwiftASB/Transport/CodexTransportError.swift /Users/admin/builder/spi-builder-workspace/Sources/SwiftASB/Transport/LineDelimitedDataBuffer.swift (in target 'SwiftASB' from project 'SwiftASB')
SwiftCompile normal arm64 /Users/admin/builder/spi-builder-workspace/Sources/SwiftASB/Transport/CodexCLIExecutableResolver.swift (in target 'SwiftASB' from project 'SwiftASB')
cd /Users/admin/builder/spi-builder-workspace/.swiftpm/xcode
builtin-SwiftPerFileCompile CodexCLIExecutableResolver.swift
SwiftCompile normal arm64 /Users/admin/builder/spi-builder-workspace/Sources/SwiftASB/Transport/CodexRPCRequestID.swift (in target 'SwiftASB' from project 'SwiftASB')
cd /Users/admin/builder/spi-builder-workspace/.swiftpm/xcode
builtin-SwiftPerFileCompile CodexRPCRequestID.swift
SwiftCompile normal arm64 /Users/admin/builder/spi-builder-workspace/Sources/SwiftASB/Transport/CodexTransportError.swift (in target 'SwiftASB' from project 'SwiftASB')
cd /Users/admin/builder/spi-builder-workspace/.swiftpm/xcode
builtin-SwiftPerFileCompile CodexTransportError.swift
SwiftCompile normal arm64 /Users/admin/builder/spi-builder-workspace/Sources/SwiftASB/Transport/LineDelimitedDataBuffer.swift (in target 'SwiftASB' from project 'SwiftASB')
cd /Users/admin/builder/spi-builder-workspace/.swiftpm/xcode
builtin-SwiftPerFileCompile LineDelimitedDataBuffer.swift
PruneExplicitPrecompiledModules /Users/admin/builder/spi-builder-workspace/.derivedData/Build/Intermediates.noindex/SwiftExplicitPrecompiledModules
PruneExplicitPrecompiledModules /Users/admin/builder/spi-builder-workspace/.derivedData/SDKExplicitPrecompiledModules
PruneExplicitPrecompiledModules /Users/admin/builder/spi-builder-workspace/.derivedData/Build/Intermediates.noindex/ExplicitPrecompiledModules
2026-09-26 00:00:14.401 xcodebuild[736:4444] [MT] IDERunDestination: Supported platforms for the buildables in the current scheme is empty.
** BUILD FAILED **
The following build commands failed:
SwiftCompile normal arm64 Compiling\ SwiftASBFeatureOperationEvent.swift,\ SwiftASBFeaturePolicy.swift,\ CodexAppServerTransport.swift,\ CodexAppServerTransporting.swift /Users/admin/builder/spi-builder-workspace/Sources/SwiftASB/Public/SwiftASBFeatureOperationEvent.swift /Users/admin/builder/spi-builder-workspace/Sources/SwiftASB/Public/SwiftASBFeaturePolicy.swift /Users/admin/builder/spi-builder-workspace/Sources/SwiftASB/Transport/CodexAppServerTransport.swift /Users/admin/builder/spi-builder-workspace/Sources/SwiftASB/Transport/CodexAppServerTransporting.swift (in target 'SwiftASB' from project 'SwiftASB')
SwiftCompile normal arm64 /Users/admin/builder/spi-builder-workspace/Sources/SwiftASB/Transport/CodexAppServerTransport.swift (in target 'SwiftASB' from project 'SwiftASB')
Building workspace SwiftASB with scheme SwiftASB-Package
(3 failures)
Command line invocation:
/Applications/Xcode-27.0.0-Release.Candidate.app/Contents/Developer/usr/bin/xcodebuild -IDEClonedSourcePackagesDirPathOverride=/Users/admin/builder/spi-builder-workspace/.dependencies -resolvePackageDependencies
Resolve Package Graph
Resolved source packages:
swift-collections: https://github.com/apple/swift-collections.git @ 1.7.1
swift-async-algorithms: https://github.com/apple/swift-async-algorithms @ 1.1.6
SwiftASB: /Users/admin/builder/spi-builder-workspace
resolved source packages: swift-collections, swift-async-algorithms, SwiftASB
2026-09-26 00:00:25.754 xcodebuild[917:5330] [MT] IDERunDestination: Supported platforms for the buildables in the current scheme is empty.
{
"dependencies" : [
{
"identity" : "swift-async-algorithms",
"requirement" : {
"range" : [
{
"lower_bound" : "1.1.0",
"upper_bound" : "2.0.0"
}
]
},
"type" : "sourceControl",
"url" : "https://github.com/apple/swift-async-algorithms"
}
],
"manifest_display_name" : "SwiftASB",
"name" : "SwiftASB",
"path" : "/Users/admin/builder/spi-builder-workspace",
"platforms" : [
{
"name" : "macos",
"version" : "15.0"
}
],
"products" : [
{
"name" : "SwiftASB",
"targets" : [
"SwiftASB"
],
"type" : {
"library" : [
"automatic"
]
}
},
{
"name" : "ASBPresentation",
"targets" : [
"ASBPresentation"
],
"type" : {
"library" : [
"automatic"
]
}
},
{
"name" : "ASBAppKit",
"targets" : [
"ASBAppKit"
],
"type" : {
"library" : [
"automatic"
]
}
},
{
"name" : "ASBSwiftUI",
"targets" : [
"ASBSwiftUI"
],
"type" : {
"library" : [
"automatic"
]
}
}
],
"swift_languages_versions" : [
"6"
],
"targets" : [
{
"c99name" : "SwiftASBTests",
"module_type" : "SwiftTarget",
"name" : "SwiftASBTests",
"path" : "Tests/SwiftASBTests",
"sources" : [
"Protocol/CodexAppServerProtocolTests.swift",
"Public/CodexAppServerCompanionSurfaceTests.swift",
"Public/CodexAppServerDiagnosticsTests.swift",
"Public/CodexAppServerFileSystemTests.swift",
"Public/CodexAppServerInventoryTests.swift",
"Public/CodexAppServerLibraryTests.swift",
"Public/CodexAppServerLiveApprovalProbeTests.swift",
"Public/CodexAppServerLiveBehaviorScenarioTests.swift",
"Public/CodexAppServerLiveElicitationProbeTests.swift",
"Public/CodexAppServerLiveIntegrationTestSupport.swift",
"Public/CodexAppServerLiveIntegrationTests.swift",
"Public/CodexAppServerRecentCachePolicyTests.swift",
"Public/CodexAppServerRecentCommandsTests.swift",
"Public/CodexAppServerRecentFileCachePolicyTests.swift",
"Public/CodexAppServerRecentFilesTests.swift",
"Public/CodexAppServerRecentTurnCachePolicyTests.swift",
"Public/CodexAppServerRecentTurnsTests.swift",
"Public/CodexAppServerStoredThreadTests.swift",
"Public/CodexAppServerTestSupport.swift",
"Public/CodexAppServerTests.swift",
"Public/CodexAppServerThreadHydrationTests.swift",
"Public/CodexAppServerThreadManagementTests.swift",
"Public/CodexAppServerTurnInteractionTests.swift",
"Public/CodexAppServerTurnLifecycleTests.swift",
"Public/CodexMCPTests.swift",
"Public/CodexWorkspaceTests.swift",
"Public/SwiftASBFeatureOperationEventTests.swift",
"Public/SwiftASBFeaturePolicyTests.swift",
"Transport/CodexAppServerTransportTests.swift",
"Transport/CodexCLIExecutableResolverTests.swift",
"Transport/CodexRPCEnvelopeTests.swift",
"Transport/LineDelimitedDataBufferTests.swift"
],
"target_dependencies" : [
"SwiftASB"
],
"type" : "test"
},
{
"c99name" : "SwiftASB",
"module_type" : "SwiftTarget",
"name" : "SwiftASB",
"path" : "Sources/SwiftASB",
"product_dependencies" : [
"AsyncAlgorithms"
],
"product_memberships" : [
"SwiftASB",
"ASBPresentation",
"ASBAppKit",
"ASBSwiftUI"
],
"sources" : [
"Generated/CodexWire/Latest/CodexLifecycleV2Batch+JSONValue.swift",
"Generated/CodexWire/Latest/CodexWireInitializeResponse.swift",
"History/ThreadHistoryStore.swift",
"Protocol/CodexAppServerProtocol+Types.swift",
"Protocol/CodexAppServerProtocol.swift",
"Protocol/CodexProtocolError.swift",
"Protocol/CodexRPCEnvelope.swift",
"Public/CodexAppServer+Bootstrap.swift",
"Public/CodexAppServer+CodexExtensions.swift",
"Public/CodexAppServer+CommandExecution.swift",
"Public/CodexAppServer+Compatibility.swift",
"Public/CodexAppServer+GitObservability.swift",
"Public/CodexAppServer+Hooks.swift",
"Public/CodexAppServer+Inventory.swift",
"Public/CodexAppServer+Library.swift",
"Public/CodexAppServer+LoadedThreads.swift",
"Public/CodexAppServer+MCP.swift",
"Public/CodexAppServer+Models.swift",
"Public/CodexAppServer+ProtocolPayloads.swift",
"Public/CodexAppServer+ThreadLifecycle.swift",
"Public/CodexAppServer+ThreadManagement.swift",
"Public/CodexAppServer+TurnLifecycle.swift",
"Public/CodexAppServer+WireMapping.swift",
"Public/CodexAppServer.swift",
"Public/CodexConfig.swift",
"Public/CodexDiagnostics.swift",
"Public/CodexErrors.swift",
"Public/CodexFS.swift",
"Public/CodexInteractiveRequests.swift",
"Public/CodexMCP.swift",
"Public/CodexReviewHandle.swift",
"Public/CodexThread+Agenda.swift",
"Public/CodexThread+Dashboard.swift",
"Public/CodexThread+RecentCommands.swift",
"Public/CodexThread+RecentFiles.swift",
"Public/CodexThread+RecentTurns.swift",
"Public/CodexThread.swift",
"Public/CodexTurnHandle.swift",
"Public/CodexWorkspace.swift",
"Public/SwiftASBFeatureOperationEvent.swift",
"Public/SwiftASBFeaturePolicy.swift",
"Transport/CodexAppServerTransport.swift",
"Transport/CodexAppServerTransporting.swift",
"Transport/CodexCLIExecutableResolver.swift",
"Transport/CodexRPCRequestID.swift",
"Transport/CodexTransportError.swift",
"Transport/LineDelimitedDataBuffer.swift"
],
"type" : "library"
},
{
"c99name" : "ASBSwiftUITests",
"module_type" : "SwiftTarget",
"name" : "ASBSwiftUITests",
"path" : "Tests/ASBSwiftUITests",
"sources" : [
"ASBSwiftUIComponentTests.swift"
],
"target_dependencies" : [
"ASBAppKit",
"ASBPresentation",
"ASBSwiftUI"
],
"type" : "test"
},
{
"c99name" : "ASBSwiftUI",
"module_type" : "SwiftTarget",
"name" : "ASBSwiftUI",
"path" : "Sources/ASBSwiftUI",
"product_memberships" : [
"ASBSwiftUI"
],
"sources" : [
"Agenda/ASBAgendaPanel.swift",
"Dashboard/ASBDashboardPanel.swift",
"Support/ASBSwiftUIStatusViews.swift",
"ThreadSidebar/ASBThreadSidebar.swift"
],
"target_dependencies" : [
"ASBAppKit",
"ASBPresentation",
"SwiftASB"
],
"type" : "library"
},
{
"c99name" : "ASBPresentationTests",
"module_type" : "SwiftTarget",
"name" : "ASBPresentationTests",
"path" : "Tests/ASBPresentationTests",
"sources" : [
"ASBPresentationBoundaryTests.swift",
"AgendaDashboardPresentationTests.swift",
"RecentActivityPresentationTests.swift",
"ThreadSidebarPresentationTests.swift",
"TurnTimelinePresentationTests.swift"
],
"target_dependencies" : [
"ASBPresentation"
],
"type" : "test"
},
{
"c99name" : "ASBPresentation",
"module_type" : "SwiftTarget",
"name" : "ASBPresentation",
"path" : "Sources/ASBPresentation",
"product_memberships" : [
"ASBPresentation",
"ASBAppKit",
"ASBSwiftUI"
],
"sources" : [
"AgendaDashboardPresentation.swift",
"RecentActivityPresentation.swift",
"ThreadSidebarPresentation.swift",
"TurnTimelinePresentation.swift"
],
"target_dependencies" : [
"SwiftASB"
],
"type" : "library"
},
{
"c99name" : "ASBAppKitTests",
"module_type" : "SwiftTarget",
"name" : "ASBAppKitTests",
"path" : "Tests/ASBAppKitTests",
"sources" : [
"ASBThreadSidebarViewTests.swift"
],
"target_dependencies" : [
"ASBAppKit",
"ASBPresentation"
],
"type" : "test"
},
{
"c99name" : "ASBAppKit",
"module_type" : "SwiftTarget",
"name" : "ASBAppKit",
"path" : "Sources/ASBAppKit",
"product_memberships" : [
"ASBAppKit",
"ASBSwiftUI"
],
"sources" : [
"ASBThreadSidebarView.swift"
],
"target_dependencies" : [
"ASBPresentation",
"SwiftASB"
],
"type" : "library"
}
],
"tools_version" : "6.3"
}
{
"workspace" : {
"name" : "SwiftASB",
"schemes" : [
"ASBAppKit",
"ASBPresentation",
"ASBSwiftUI",
"SwiftASB",
"SwiftASB-Package"
]
}
}
2026-09-26 00:00:27.386 xcodebuild[925:5404] [MT] IDERunDestination: Supported platforms for the buildables in the current scheme is empty.
{
"workspace" : {
"name" : "SwiftASB",
"schemes" : [
"ASBAppKit",
"ASBPresentation",
"ASBSwiftUI",
"SwiftASB",
"SwiftASB-Package"
]
}
}
2026-09-26 00:00:28.743 xcodebuild[927:5436] [MT] IDERunDestination: Supported platforms for the buildables in the current scheme is empty.
Running build ...
env DEVELOPER_DIR=/Applications/Xcode-27.0.0-Release.Candidate.app xcrun xcodebuild -IDEClonedSourcePackagesDirPathOverride=$PWD/.dependencies -skipMacroValidation -skipPackagePluginValidation -derivedDataPath $PWD/.derivedData build -scheme SwiftASB-Package -destination generic/platform=xrOS
Command line invocation:
/Applications/Xcode-27.0.0-Release.Candidate.app/Contents/Developer/usr/bin/xcodebuild -IDEClonedSourcePackagesDirPathOverride=/Users/admin/builder/spi-builder-workspace/.dependencies -skipMacroValidation -skipPackagePluginValidation -derivedDataPath /Users/admin/builder/spi-builder-workspace/.derivedData build -scheme SwiftASB-Package -destination generic/platform=xrOS
Resolve Package Graph
Resolved source packages:
swift-collections: https://github.com/apple/swift-collections.git @ 1.7.1
SwiftASB: /Users/admin/builder/spi-builder-workspace
swift-async-algorithms: https://github.com/apple/swift-async-algorithms @ 1.1.6
ComputePackagePrebuildTargetDependencyGraph
Prepare packages
CreateBuildRequest
SendProjectDescription
CreateBuildOperation
ComputeTargetDependencyGraph
note: Building targets in dependency order
note: Target dependency graph (16 targets)
Target 'ASBSwiftUI-product' in project 'SwiftASB'
➜ Explicit dependency on target 'ASBSwiftUI' in project 'SwiftASB'
➜ Explicit dependency on target 'SwiftASB' in project 'SwiftASB'
➜ Explicit dependency on target 'ASBPresentation' in project 'SwiftASB'
➜ Explicit dependency on target 'ASBAppKit' in project 'SwiftASB'
➜ Explicit dependency on target 'AsyncAlgorithms-product' in project 'swift-async-algorithms'
Target 'ASBSwiftUI' in project 'SwiftASB'
➜ Explicit dependency on target 'SwiftASB' in project 'SwiftASB'
➜ Explicit dependency on target 'ASBPresentation' in project 'SwiftASB'
➜ Explicit dependency on target 'ASBAppKit' in project 'SwiftASB'
➜ Explicit dependency on target 'AsyncAlgorithms-product' in project 'swift-async-algorithms'
Target 'ASBAppKit-product' in project 'SwiftASB'
➜ Explicit dependency on target 'ASBAppKit' in project 'SwiftASB'
➜ Explicit dependency on target 'SwiftASB' in project 'SwiftASB'
➜ Explicit dependency on target 'ASBPresentation' in project 'SwiftASB'
➜ Explicit dependency on target 'AsyncAlgorithms-product' in project 'swift-async-algorithms'
Target 'ASBAppKit' in project 'SwiftASB'
➜ Explicit dependency on target 'SwiftASB' in project 'SwiftASB'
➜ Explicit dependency on target 'ASBPresentation' in project 'SwiftASB'
➜ Explicit dependency on target 'AsyncAlgorithms-product' in project 'swift-async-algorithms'
Target 'ASBPresentation-product' in project 'SwiftASB'
➜ Explicit dependency on target 'ASBPresentation' in project 'SwiftASB'
➜ Explicit dependency on target 'SwiftASB' in project 'SwiftASB'
➜ Explicit dependency on target 'AsyncAlgorithms-product' in project 'swift-async-algorithms'
Target 'ASBPresentation' in project 'SwiftASB'
➜ Explicit dependency on target 'SwiftASB' in project 'SwiftASB'
➜ Explicit dependency on target 'AsyncAlgorithms-product' in project 'swift-async-algorithms'
Target 'SwiftASB-product' in project 'SwiftASB'
➜ Explicit dependency on target 'SwiftASB' in project 'SwiftASB'
➜ Explicit dependency on target 'AsyncAlgorithms-product' in project 'swift-async-algorithms'
Target 'SwiftASB' in project 'SwiftASB'
➜ Explicit dependency on target 'AsyncAlgorithms-product' in project 'swift-async-algorithms'
Target 'AsyncAlgorithms-product' in project 'swift-async-algorithms'
➜ Explicit dependency on target 'AsyncAlgorithms' in project 'swift-async-algorithms'
➜ Explicit dependency on target 'OrderedCollections-product' in project 'swift-collections'
➜ Explicit dependency on target 'DequeModule-product' in project 'swift-collections'
Target 'AsyncAlgorithms' in project 'swift-async-algorithms'
➜ Explicit dependency on target 'OrderedCollections-product' in project 'swift-collections'
➜ Explicit dependency on target 'DequeModule-product' in project 'swift-collections'
Target 'DequeModule-product' in project 'swift-collections'
➜ Explicit dependency on target 'DequeModule' in project 'swift-collections'
➜ Explicit dependency on target 'InternalCollectionsUtilities' in project 'swift-collections'
➜ Explicit dependency on target 'SpanPreview' in project 'swift-collections'
Target 'DequeModule' in project 'swift-collections'
➜ Explicit dependency on target 'InternalCollectionsUtilities' in project 'swift-collections'
➜ Explicit dependency on target 'SpanPreview' in project 'swift-collections'
Target 'SpanPreview' in project 'swift-collections'
➜ Explicit dependency on target 'InternalCollectionsUtilities' in project 'swift-collections'
Target 'OrderedCollections-product' in project 'swift-collections'
➜ Explicit dependency on target 'OrderedCollections' in project 'swift-collections'
➜ Explicit dependency on target 'InternalCollectionsUtilities' in project 'swift-collections'
Target 'OrderedCollections' in project 'swift-collections'
➜ Explicit dependency on target 'InternalCollectionsUtilities' in project 'swift-collections'
Target 'InternalCollectionsUtilities' in project 'swift-collections' (no dependencies)
GatherProvisioningInputs
CreateBuildDescription
ClangStatCache /Applications/Xcode-27.0.0-Release.Candidate.app/Contents/Developer/Toolchains/XcodeDefault.xctoolchain/usr/bin/clang-stat-cache /Applications/Xcode-27.0.0-Release.Candidate.app/Contents/Developer/Platforms/XROS.platform/Developer/SDKs/XROS27.0.sdk /Users/admin/builder/spi-builder-workspace/.derivedData/SDKStatCaches.noindex/xros27.0-24M361-e829b21a6f8c9b70876ba0858053c044735bd543db762f57723cac368afd1ce4.sdkstatcache
cd /Users/admin/builder/spi-builder-workspace/.swiftpm/xcode
/Applications/Xcode-27.0.0-Release.Candidate.app/Contents/Developer/Toolchains/XcodeDefault.xctoolchain/usr/bin/clang-stat-cache /Applications/Xcode-27.0.0-Release.Candidate.app/Contents/Developer/Platforms/XROS.platform/Developer/SDKs/XROS27.0.sdk -o /Users/admin/builder/spi-builder-workspace/.derivedData/SDKStatCaches.noindex/xros27.0-24M361-e829b21a6f8c9b70876ba0858053c044735bd543db762f57723cac368afd1ce4.sdkstatcache
SwiftDriver SwiftASB normal arm64 com.apple.xcode.tools.swift.compiler (in target 'SwiftASB' from project 'SwiftASB')
cd /Users/admin/builder/spi-builder-workspace/.swiftpm/xcode
builtin-SwiftDriver -- /Applications/Xcode-27.0.0-Release.Candidate.app/Contents/Developer/Toolchains/XcodeDefault.xctoolchain/usr/bin/swiftc -parse-as-library -module-name SwiftASB -Onone @/Users/admin/builder/spi-builder-workspace/.derivedData/Build/Intermediates.noindex/SwiftASB.build/Debug-xros/SwiftASB-t.build/Objects-normal/arm64/SwiftASB.SwiftFileList -DSWIFT_PACKAGE -DDEBUG -DSWIFT_MODULE_RESOURCE_BUNDLE_UNAVAILABLE -DXcode -plugin-path /Applications/Xcode-27.0.0-Release.Candidate.app/Contents/Developer/Toolchains/XcodeDefault.xctoolchain/usr/lib/swift/host/plugins/testing -enable-experimental-feature DebugDescriptionMacro -sdk /Applications/Xcode-27.0.0-Release.Candidate.app/Contents/Developer/Platforms/XROS.platform/Developer/SDKs/XROS27.0.sdk -target arm64-apple-xros1.0 -g -module-cache-path /Users/admin/builder/spi-builder-workspace/.derivedData/ModuleCache.noindex -Xfrontend -serialize-debugging-options -profile-coverage-mapping -profile-generate -enable-testing -index-store-path /Users/admin/builder/spi-builder-workspace/.derivedData/Index.noindex/DataStore -Xcc -D_LIBCPP_HARDENING_MODE\=_LIBCPP_HARDENING_MODE_DEBUG -swift-version 6 -I /Users/admin/builder/spi-builder-workspace/.derivedData/Build/Products/Debug-xros -Isystem /Applications/Xcode-27.0.0-Release.Candidate.app/Contents/Developer/Platforms/XROS.platform/Developer/usr/lib -F /Users/admin/builder/spi-builder-workspace/.derivedData/Build/Products/Debug-xros/PackageFrameworks -F /Users/admin/builder/spi-builder-workspace/.derivedData/Build/Products/Debug-xros -F /Applications/Xcode-27.0.0-Release.Candidate.app/Contents/Developer/Platforms/XROS.platform/Developer/Library/Frameworks -F /Applications/Xcode-27.0.0-Release.Candidate.app/Contents/Developer/Platforms/XROS.platform/Developer/SDKs/XROS27.0.sdk/Developer/Library/Frameworks -c -j10 -enable-batch-mode -incremental -Xcc -ivfsstatcache -Xcc /Users/admin/builder/spi-builder-workspace/.derivedData/SDKStatCaches.noindex/xros27.0-24M361-e829b21a6f8c9b70876ba0858053c044735bd543db762f57723cac368afd1ce4.sdkstatcache -output-file-map /Users/admin/builder/spi-builder-workspace/.derivedData/Build/Intermediates.noindex/SwiftASB.build/Debug-xros/SwiftASB-t.build/Objects-normal/arm64/SwiftASB-OutputFileMap.json -save-temps -no-color-diagnostics -explicit-module-build -module-cache-path /Users/admin/builder/spi-builder-workspace/.derivedData/Build/Intermediates.noindex/SwiftExplicitPrecompiledModules -clang-scanner-module-cache-path /Users/admin/builder/spi-builder-workspace/.derivedData/ModuleCache.noindex -sdk-module-cache-path /Users/admin/builder/spi-builder-workspace/.derivedData/SDKExplicitPrecompiledModules -emit-dependencies -emit-module -emit-module-path /Users/admin/builder/spi-builder-workspace/.derivedData/Build/Intermediates.noindex/SwiftASB.build/Debug-xros/SwiftASB-t.build/Objects-normal/arm64/SwiftASB.swiftmodule -serialize-diagnostics -dependency-scan-serialize-diagnostics-path /Users/admin/builder/spi-builder-workspace/.derivedData/Build/Intermediates.noindex/SwiftASB.build/Debug-xros/SwiftASB-t.build/Objects-normal/arm64/SwiftASB-dependency-scan.dia -validate-clang-modules-once -clang-build-session-file /Users/admin/builder/spi-builder-workspace/.derivedData/ModuleCache.noindex/Session.modulevalidation -Xcc -fmodules-prune-interval\=86400 -Xcc -fmodules-prune-after\=345600 -package-name spi_builder_workspace -emit-const-values -const-gather-protocols-list /Users/admin/builder/spi-builder-workspace/.derivedData/Build/Intermediates.noindex/SwiftASB.build/Debug-xros/SwiftASB-t.build/Objects-normal/arm64/SwiftASB_const_extract_protocols.json -Xcc -I/Users/admin/builder/spi-builder-workspace/.derivedData/Build/Products/Debug-xros/include -Xcc -I/Users/admin/builder/spi-builder-workspace/.derivedData/Build/Intermediates.noindex/SwiftASB.build/Debug-xros/SwiftASB-t.build/DerivedSources-normal/arm64 -Xcc -I/Users/admin/builder/spi-builder-workspace/.derivedData/Build/Intermediates.noindex/SwiftASB.build/Debug-xros/SwiftASB-t.build/DerivedSources/arm64 -Xcc -I/Users/admin/builder/spi-builder-workspace/.derivedData/Build/Intermediates.noindex/SwiftASB.build/Debug-xros/SwiftASB-t.build/DerivedSources -Xcc -DSWIFT_PACKAGE -Xcc -DDEBUG\=1 -emit-objc-header -emit-objc-header-path /Users/admin/builder/spi-builder-workspace/.derivedData/Build/Intermediates.noindex/SwiftASB.build/Debug-xros/SwiftASB-t.build/Objects-normal/arm64/SwiftASB-Swift.h -working-directory /Users/admin/builder/spi-builder-workspace/.swiftpm/xcode -experimental-emit-module-separately -disable-cmo
SwiftCompile normal arm64 Compiling\ CodexLifecycleV2Batch+JSONValue.swift,\ CodexWireInitializeResponse.swift,\ ThreadHistoryStore.swift,\ CodexAppServerProtocol+Types.swift,\ CodexAppServerProtocol.swift /Users/admin/builder/spi-builder-workspace/Sources/SwiftASB/Generated/CodexWire/Latest/CodexLifecycleV2Batch+JSONValue.swift /Users/admin/builder/spi-builder-workspace/Sources/SwiftASB/Generated/CodexWire/Latest/CodexWireInitializeResponse.swift /Users/admin/builder/spi-builder-workspace/Sources/SwiftASB/History/ThreadHistoryStore.swift /Users/admin/builder/spi-builder-workspace/Sources/SwiftASB/Protocol/CodexAppServerProtocol+Types.swift /Users/admin/builder/spi-builder-workspace/Sources/SwiftASB/Protocol/CodexAppServerProtocol.swift (in target 'SwiftASB' from project 'SwiftASB')
SwiftCompile normal arm64 /Users/admin/builder/spi-builder-workspace/Sources/SwiftASB/Generated/CodexWire/Latest/CodexLifecycleV2Batch+JSONValue.swift (in target 'SwiftASB' from project 'SwiftASB')
cd /Users/admin/builder/spi-builder-workspace/.swiftpm/xcode
builtin-SwiftPerFileCompile CodexLifecycleV2Batch+JSONValue.swift
SwiftCompile normal arm64 /Users/admin/builder/spi-builder-workspace/Sources/SwiftASB/Generated/CodexWire/Latest/CodexWireInitializeResponse.swift (in target 'SwiftASB' from project 'SwiftASB')
cd /Users/admin/builder/spi-builder-workspace/.swiftpm/xcode
builtin-SwiftPerFileCompile CodexWireInitializeResponse.swift
SwiftCompile normal arm64 /Users/admin/builder/spi-builder-workspace/Sources/SwiftASB/History/ThreadHistoryStore.swift (in target 'SwiftASB' from project 'SwiftASB')
cd /Users/admin/builder/spi-builder-workspace/.swiftpm/xcode
builtin-SwiftPerFileCompile ThreadHistoryStore.swift
SwiftCompile normal arm64 /Users/admin/builder/spi-builder-workspace/Sources/SwiftASB/Protocol/CodexAppServerProtocol+Types.swift (in target 'SwiftASB' from project 'SwiftASB')
cd /Users/admin/builder/spi-builder-workspace/.swiftpm/xcode
builtin-SwiftPerFileCompile CodexAppServerProtocol+Types.swift
SwiftCompile normal arm64 /Users/admin/builder/spi-builder-workspace/Sources/SwiftASB/Protocol/CodexAppServerProtocol.swift (in target 'SwiftASB' from project 'SwiftASB')
cd /Users/admin/builder/spi-builder-workspace/.swiftpm/xcode
builtin-SwiftPerFileCompile CodexAppServerProtocol.swift
SwiftCompile normal arm64 Compiling\ CodexProtocolError.swift,\ CodexRPCEnvelope.swift,\ CodexAppServer+Bootstrap.swift,\ CodexAppServer+CodexExtensions.swift,\ CodexAppServer+CommandExecution.swift /Users/admin/builder/spi-builder-workspace/Sources/SwiftASB/Protocol/CodexProtocolError.swift /Users/admin/builder/spi-builder-workspace/Sources/SwiftASB/Protocol/CodexRPCEnvelope.swift /Users/admin/builder/spi-builder-workspace/Sources/SwiftASB/Public/CodexAppServer+Bootstrap.swift /Users/admin/builder/spi-builder-workspace/Sources/SwiftASB/Public/CodexAppServer+CodexExtensions.swift /Users/admin/builder/spi-builder-workspace/Sources/SwiftASB/Public/CodexAppServer+CommandExecution.swift (in target 'SwiftASB' from project 'SwiftASB')
SwiftCompile normal arm64 /Users/admin/builder/spi-builder-workspace/Sources/SwiftASB/Protocol/CodexProtocolError.swift (in target 'SwiftASB' from project 'SwiftASB')
cd /Users/admin/builder/spi-builder-workspace/.swiftpm/xcode
builtin-SwiftPerFileCompile CodexProtocolError.swift
SwiftCompile normal arm64 /Users/admin/builder/spi-builder-workspace/Sources/SwiftASB/Protocol/CodexRPCEnvelope.swift (in target 'SwiftASB' from project 'SwiftASB')
cd /Users/admin/builder/spi-builder-workspace/.swiftpm/xcode
builtin-SwiftPerFileCompile CodexRPCEnvelope.swift
SwiftCompile normal arm64 /Users/admin/builder/spi-builder-workspace/Sources/SwiftASB/Public/CodexAppServer+Bootstrap.swift (in target 'SwiftASB' from project 'SwiftASB')
cd /Users/admin/builder/spi-builder-workspace/.swiftpm/xcode
builtin-SwiftPerFileCompile CodexAppServer+Bootstrap.swift
SwiftCompile normal arm64 /Users/admin/builder/spi-builder-workspace/Sources/SwiftASB/Public/CodexAppServer+CodexExtensions.swift (in target 'SwiftASB' from project 'SwiftASB')
cd /Users/admin/builder/spi-builder-workspace/.swiftpm/xcode
builtin-SwiftPerFileCompile CodexAppServer+CodexExtensions.swift
SwiftCompile normal arm64 /Users/admin/builder/spi-builder-workspace/Sources/SwiftASB/Public/CodexAppServer+CommandExecution.swift (in target 'SwiftASB' from project 'SwiftASB')
cd /Users/admin/builder/spi-builder-workspace/.swiftpm/xcode
builtin-SwiftPerFileCompile CodexAppServer+CommandExecution.swift
SwiftCompile normal arm64 Compiling\ CodexAppServer+Compatibility.swift,\ CodexAppServer+GitObservability.swift,\ CodexAppServer+Hooks.swift,\ CodexAppServer+Inventory.swift,\ CodexAppServer+Library.swift /Users/admin/builder/spi-builder-workspace/Sources/SwiftASB/Public/CodexAppServer+Compatibility.swift /Users/admin/builder/spi-builder-workspace/Sources/SwiftASB/Public/CodexAppServer+GitObservability.swift /Users/admin/builder/spi-builder-workspace/Sources/SwiftASB/Public/CodexAppServer+Hooks.swift /Users/admin/builder/spi-builder-workspace/Sources/SwiftASB/Public/CodexAppServer+Inventory.swift /Users/admin/builder/spi-builder-workspace/Sources/SwiftASB/Public/CodexAppServer+Library.swift (in target 'SwiftASB' from project 'SwiftASB')
SwiftCompile normal arm64 /Users/admin/builder/spi-builder-workspace/Sources/SwiftASB/Public/CodexAppServer+Compatibility.swift (in target 'SwiftASB' from project 'SwiftASB')
cd /Users/admin/builder/spi-builder-workspace/.swiftpm/xcode
builtin-SwiftPerFileCompile CodexAppServer+Compatibility.swift
SwiftCompile normal arm64 /Users/admin/builder/spi-builder-workspace/Sources/SwiftASB/Public/CodexAppServer+GitObservability.swift (in target 'SwiftASB' from project 'SwiftASB')
cd /Users/admin/builder/spi-builder-workspace/.swiftpm/xcode
builtin-SwiftPerFileCompile CodexAppServer+GitObservability.swift
SwiftCompile normal arm64 /Users/admin/builder/spi-builder-workspace/Sources/SwiftASB/Public/CodexAppServer+Hooks.swift (in target 'SwiftASB' from project 'SwiftASB')
cd /Users/admin/builder/spi-builder-workspace/.swiftpm/xcode
builtin-SwiftPerFileCompile CodexAppServer+Hooks.swift
SwiftCompile normal arm64 /Users/admin/builder/spi-builder-workspace/Sources/SwiftASB/Public/CodexAppServer+Inventory.swift (in target 'SwiftASB' from project 'SwiftASB')
cd /Users/admin/builder/spi-builder-workspace/.swiftpm/xcode
builtin-SwiftPerFileCompile CodexAppServer+Inventory.swift
SwiftCompile normal arm64 /Users/admin/builder/spi-builder-workspace/Sources/SwiftASB/Public/CodexAppServer+Library.swift (in target 'SwiftASB' from project 'SwiftASB')
cd /Users/admin/builder/spi-builder-workspace/.swiftpm/xcode
builtin-SwiftPerFileCompile CodexAppServer+Library.swift
SwiftCompile normal arm64 Compiling\ CodexAppServer+LoadedThreads.swift,\ CodexAppServer+MCP.swift,\ CodexAppServer+Models.swift,\ CodexAppServer+ProtocolPayloads.swift,\ CodexAppServer+ThreadLifecycle.swift /Users/admin/builder/spi-builder-workspace/Sources/SwiftASB/Public/CodexAppServer+LoadedThreads.swift /Users/admin/builder/spi-builder-workspace/Sources/SwiftASB/Public/CodexAppServer+MCP.swift /Users/admin/builder/spi-builder-workspace/Sources/SwiftASB/Public/CodexAppServer+Models.swift /Users/admin/builder/spi-builder-workspace/Sources/SwiftASB/Public/CodexAppServer+ProtocolPayloads.swift /Users/admin/builder/spi-builder-workspace/Sources/SwiftASB/Public/CodexAppServer+ThreadLifecycle.swift (in target 'SwiftASB' from project 'SwiftASB')
SwiftCompile normal arm64 /Users/admin/builder/spi-builder-workspace/Sources/SwiftASB/Public/CodexAppServer+LoadedThreads.swift (in target 'SwiftASB' from project 'SwiftASB')
cd /Users/admin/builder/spi-builder-workspace/.swiftpm/xcode
builtin-SwiftPerFileCompile CodexAppServer+LoadedThreads.swift
SwiftCompile normal arm64 /Users/admin/builder/spi-builder-workspace/Sources/SwiftASB/Public/CodexAppServer+MCP.swift (in target 'SwiftASB' from project 'SwiftASB')
cd /Users/admin/builder/spi-builder-workspace/.swiftpm/xcode
builtin-SwiftPerFileCompile CodexAppServer+MCP.swift
SwiftCompile normal arm64 /Users/admin/builder/spi-builder-workspace/Sources/SwiftASB/Public/CodexAppServer+Models.swift (in target 'SwiftASB' from project 'SwiftASB')
cd /Users/admin/builder/spi-builder-workspace/.swiftpm/xcode
builtin-SwiftPerFileCompile CodexAppServer+Models.swift
SwiftCompile normal arm64 /Users/admin/builder/spi-builder-workspace/Sources/SwiftASB/Public/CodexAppServer+ProtocolPayloads.swift (in target 'SwiftASB' from project 'SwiftASB')
cd /Users/admin/builder/spi-builder-workspace/.swiftpm/xcode
builtin-SwiftPerFileCompile CodexAppServer+ProtocolPayloads.swift
SwiftCompile normal arm64 /Users/admin/builder/spi-builder-workspace/Sources/SwiftASB/Public/CodexAppServer+ThreadLifecycle.swift (in target 'SwiftASB' from project 'SwiftASB')
cd /Users/admin/builder/spi-builder-workspace/.swiftpm/xcode
builtin-SwiftPerFileCompile CodexAppServer+ThreadLifecycle.swift
SwiftCompile normal arm64 Compiling\ CodexAppServer+ThreadManagement.swift,\ CodexAppServer+TurnLifecycle.swift,\ CodexAppServer+WireMapping.swift,\ CodexAppServer.swift,\ CodexConfig.swift /Users/admin/builder/spi-builder-workspace/Sources/SwiftASB/Public/CodexAppServer+ThreadManagement.swift /Users/admin/builder/spi-builder-workspace/Sources/SwiftASB/Public/CodexAppServer+TurnLifecycle.swift /Users/admin/builder/spi-builder-workspace/Sources/SwiftASB/Public/CodexAppServer+WireMapping.swift /Users/admin/builder/spi-builder-workspace/Sources/SwiftASB/Public/CodexAppServer.swift /Users/admin/builder/spi-builder-workspace/Sources/SwiftASB/Public/CodexConfig.swift (in target 'SwiftASB' from project 'SwiftASB')
SwiftCompile normal arm64 /Users/admin/builder/spi-builder-workspace/Sources/SwiftASB/Public/CodexAppServer+ThreadManagement.swift (in target 'SwiftASB' from project 'SwiftASB')
cd /Users/admin/builder/spi-builder-workspace/.swiftpm/xcode
builtin-SwiftPerFileCompile CodexAppServer+ThreadManagement.swift
SwiftCompile normal arm64 /Users/admin/builder/spi-builder-workspace/Sources/SwiftASB/Public/CodexAppServer+TurnLifecycle.swift (in target 'SwiftASB' from project 'SwiftASB')
cd /Users/admin/builder/spi-builder-workspace/.swiftpm/xcode
builtin-SwiftPerFileCompile CodexAppServer+TurnLifecycle.swift
SwiftCompile normal arm64 /Users/admin/builder/spi-builder-workspace/Sources/SwiftASB/Public/CodexAppServer+WireMapping.swift (in target 'SwiftASB' from project 'SwiftASB')
cd /Users/admin/builder/spi-builder-workspace/.swiftpm/xcode
builtin-SwiftPerFileCompile CodexAppServer+WireMapping.swift
SwiftCompile normal arm64 /Users/admin/builder/spi-builder-workspace/Sources/SwiftASB/Public/CodexAppServer.swift (in target 'SwiftASB' from project 'SwiftASB')
cd /Users/admin/builder/spi-builder-workspace/.swiftpm/xcode
builtin-SwiftPerFileCompile CodexAppServer.swift
SwiftCompile normal arm64 /Users/admin/builder/spi-builder-workspace/Sources/SwiftASB/Public/CodexConfig.swift (in target 'SwiftASB' from project 'SwiftASB')
cd /Users/admin/builder/spi-builder-workspace/.swiftpm/xcode
builtin-SwiftPerFileCompile CodexConfig.swift
SwiftCompile normal arm64 Compiling\ CodexDiagnostics.swift,\ CodexErrors.swift,\ CodexFS.swift,\ CodexInteractiveRequests.swift,\ CodexMCP.swift /Users/admin/builder/spi-builder-workspace/Sources/SwiftASB/Public/CodexDiagnostics.swift /Users/admin/builder/spi-builder-workspace/Sources/SwiftASB/Public/CodexErrors.swift /Users/admin/builder/spi-builder-workspace/Sources/SwiftASB/Public/CodexFS.swift /Users/admin/builder/spi-builder-workspace/Sources/SwiftASB/Public/CodexInteractiveRequests.swift /Users/admin/builder/spi-builder-workspace/Sources/SwiftASB/Public/CodexMCP.swift (in target 'SwiftASB' from project 'SwiftASB')
SwiftCompile normal arm64 /Users/admin/builder/spi-builder-workspace/Sources/SwiftASB/Public/CodexDiagnostics.swift (in target 'SwiftASB' from project 'SwiftASB')
cd /Users/admin/builder/spi-builder-workspace/.swiftpm/xcode
builtin-SwiftPerFileCompile CodexDiagnostics.swift
SwiftCompile normal arm64 /Users/admin/builder/spi-builder-workspace/Sources/SwiftASB/Public/CodexErrors.swift (in target 'SwiftASB' from project 'SwiftASB')
cd /Users/admin/builder/spi-builder-workspace/.swiftpm/xcode
builtin-SwiftPerFileCompile CodexErrors.swift
SwiftCompile normal arm64 /Users/admin/builder/spi-builder-workspace/Sources/SwiftASB/Public/CodexFS.swift (in target 'SwiftASB' from project 'SwiftASB')
cd /Users/admin/builder/spi-builder-workspace/.swiftpm/xcode
builtin-SwiftPerFileCompile CodexFS.swift
SwiftCompile normal arm64 /Users/admin/builder/spi-builder-workspace/Sources/SwiftASB/Public/CodexInteractiveRequests.swift (in target 'SwiftASB' from project 'SwiftASB')
cd /Users/admin/builder/spi-builder-workspace/.swiftpm/xcode
builtin-SwiftPerFileCompile CodexInteractiveRequests.swift
SwiftCompile normal arm64 /Users/admin/builder/spi-builder-workspace/Sources/SwiftASB/Public/CodexMCP.swift (in target 'SwiftASB' from project 'SwiftASB')
cd /Users/admin/builder/spi-builder-workspace/.swiftpm/xcode
builtin-SwiftPerFileCompile CodexMCP.swift
SwiftCompile normal arm64 Compiling\ CodexThread+RecentTurns.swift,\ CodexThread.swift,\ CodexTurnHandle.swift,\ CodexWorkspace.swift /Users/admin/builder/spi-builder-workspace/Sources/SwiftASB/Public/CodexThread+RecentTurns.swift /Users/admin/builder/spi-builder-workspace/Sources/SwiftASB/Public/CodexThread.swift /Users/admin/builder/spi-builder-workspace/Sources/SwiftASB/Public/CodexTurnHandle.swift /Users/admin/builder/spi-builder-workspace/Sources/SwiftASB/Public/CodexWorkspace.swift (in target 'SwiftASB' from project 'SwiftASB')
SwiftCompile normal arm64 /Users/admin/builder/spi-builder-workspace/Sources/SwiftASB/Public/CodexThread+RecentTurns.swift (in target 'SwiftASB' from project 'SwiftASB')
cd /Users/admin/builder/spi-builder-workspace/.swiftpm/xcode
builtin-SwiftPerFileCompile CodexThread+RecentTurns.swift
SwiftCompile normal arm64 /Users/admin/builder/spi-builder-workspace/Sources/SwiftASB/Public/CodexThread.swift (in target 'SwiftASB' from project 'SwiftASB')
cd /Users/admin/builder/spi-builder-workspace/.swiftpm/xcode
builtin-SwiftPerFileCompile CodexThread.swift
SwiftCompile normal arm64 /Users/admin/builder/spi-builder-workspace/Sources/SwiftASB/Public/CodexTurnHandle.swift (in target 'SwiftASB' from project 'SwiftASB')
cd /Users/admin/builder/spi-builder-workspace/.swiftpm/xcode
builtin-SwiftPerFileCompile CodexTurnHandle.swift
SwiftCompile normal arm64 /Users/admin/builder/spi-builder-workspace/Sources/SwiftASB/Public/CodexWorkspace.swift (in target 'SwiftASB' from project 'SwiftASB')
cd /Users/admin/builder/spi-builder-workspace/.swiftpm/xcode
builtin-SwiftPerFileCompile CodexWorkspace.swift
SwiftCompile normal arm64 Compiling\ CodexCLIExecutableResolver.swift,\ CodexRPCRequestID.swift,\ CodexTransportError.swift,\ LineDelimitedDataBuffer.swift /Users/admin/builder/spi-builder-workspace/Sources/SwiftASB/Transport/CodexCLIExecutableResolver.swift /Users/admin/builder/spi-builder-workspace/Sources/SwiftASB/Transport/CodexRPCRequestID.swift /Users/admin/builder/spi-builder-workspace/Sources/SwiftASB/Transport/CodexTransportError.swift /Users/admin/builder/spi-builder-workspace/Sources/SwiftASB/Transport/LineDelimitedDataBuffer.swift (in target 'SwiftASB' from project 'SwiftASB')
/Users/admin/builder/spi-builder-workspace/Sources/SwiftASB/Transport/CodexCLIExecutableResolver.swift:107:23: error: cannot find 'Process' in scope
105 | currentDirectoryURL: URL?
106 | ) throws -> CommandResult {
107 | let process = Process()
| `- error: cannot find 'Process' in scope
108 | let standardOutput = Pipe()
109 | let standardError = Pipe()
Failed frontend command:
/Applications/Xcode-27.0.0-Release.Candidate.app/Contents/Developer/Toolchains/XcodeDefault.xctoolchain/usr/bin/swift-frontend -frontend -c /Users/admin/builder/spi-builder-workspace/Sources/SwiftASB/Generated/CodexWire/Latest/CodexLifecycleV2Batch+JSONValue.swift /Users/admin/builder/spi-builder-workspace/Sources/SwiftASB/Generated/CodexWire/Latest/CodexWireInitializeResponse.swift /Users/admin/builder/spi-builder-workspace/Sources/SwiftASB/History/ThreadHistoryStore.swift /Users/admin/builder/spi-builder-workspace/Sources/SwiftASB/Protocol/CodexAppServerProtocol+Types.swift /Users/admin/builder/spi-builder-workspace/Sources/SwiftASB/Protocol/CodexAppServerProtocol.swift /Users/admin/builder/spi-builder-workspace/Sources/SwiftASB/Protocol/CodexProtocolError.swift /Users/admin/builder/spi-builder-workspace/Sources/SwiftASB/Protocol/CodexRPCEnvelope.swift /Users/admin/builder/spi-builder-workspace/Sources/SwiftASB/Public/CodexAppServer+Bootstrap.swift /Users/admin/builder/spi-builder-workspace/Sources/SwiftASB/Public/CodexAppServer+CodexExtensions.swift /Users/admin/builder/spi-builder-workspace/Sources/SwiftASB/Public/CodexAppServer+CommandExecution.swift /Users/admin/builder/spi-builder-workspace/Sources/SwiftASB/Public/CodexAppServer+Compatibility.swift /Users/admin/builder/spi-builder-workspace/Sources/SwiftASB/Public/CodexAppServer+GitObservability.swift /Users/admin/builder/spi-builder-workspace/Sources/SwiftASB/Public/CodexAppServer+Hooks.swift /Users/admin/builder/spi-builder-workspace/Sources/SwiftASB/Public/CodexAppServer+Inventory.swift /Users/admin/builder/spi-builder-workspace/Sources/SwiftASB/Public/CodexAppServer+Library.swift /Users/admin/builder/spi-builder-workspace/Sources/SwiftASB/Public/CodexAppServer+LoadedThreads.swift /Users/admin/builder/spi-builder-workspace/Sources/SwiftASB/Public/CodexAppServer+MCP.swift /Users/admin/builder/spi-builder-workspace/Sources/SwiftASB/Public/CodexAppServer+Models.swift /Users/admin/builder/spi-builder-workspace/Sources/SwiftASB/Public/CodexAppServer+ProtocolPayloads.swift /Users/admin/builder/spi-builder-workspace/Sources/SwiftASB/Public/CodexAppServer+ThreadLifecycle.swift /Users/admin/builder/spi-builder-workspace/Sources/SwiftASB/Public/CodexAppServer+ThreadManagement.swift /Users/admin/builder/spi-builder-workspace/Sources/SwiftASB/Public/CodexAppServer+TurnLifecycle.swift /Users/admin/builder/spi-builder-workspace/Sources/SwiftASB/Public/CodexAppServer+WireMapping.swift /Users/admin/builder/spi-builder-workspace/Sources/SwiftASB/Public/CodexAppServer.swift /Users/admin/builder/spi-builder-workspace/Sources/SwiftASB/Public/CodexConfig.swift /Users/admin/builder/spi-builder-workspace/Sources/SwiftASB/Public/CodexDiagnostics.swift /Users/admin/builder/spi-builder-workspace/Sources/SwiftASB/Public/CodexErrors.swift /Users/admin/builder/spi-builder-workspace/Sources/SwiftASB/Public/CodexFS.swift /Users/admin/builder/spi-builder-workspace/Sources/SwiftASB/Public/CodexInteractiveRequests.swift /Users/admin/builder/spi-builder-workspace/Sources/SwiftASB/Public/CodexMCP.swift /Users/admin/builder/spi-builder-workspace/Sources/SwiftASB/Public/CodexReviewHandle.swift /Users/admin/builder/spi-builder-workspace/Sources/SwiftASB/Public/CodexThread+Agenda.swift /Users/admin/builder/spi-builder-workspace/Sources/SwiftASB/Public/CodexThread+Dashboard.swift /Users/admin/builder/spi-builder-workspace/Sources/SwiftASB/Public/CodexThread+RecentCommands.swift /Users/admin/builder/spi-builder-workspace/Sources/SwiftASB/Public/CodexThread+RecentFiles.swift /Users/admin/builder/spi-builder-workspace/Sources/SwiftASB/Public/CodexThread+RecentTurns.swift /Users/admin/builder/spi-builder-workspace/Sources/SwiftASB/Public/CodexThread.swift /Users/admin/builder/spi-builder-workspace/Sources/SwiftASB/Public/CodexTurnHandle.swift /Users/admin/builder/spi-builder-workspace/Sources/SwiftASB/Public/CodexWorkspace.swift /Users/admin/builder/spi-builder-workspace/Sources/SwiftASB/Public/SwiftASBFeatureOperationEvent.swift /Users/admin/builder/spi-builder-workspace/Sources/SwiftASB/Public/SwiftASBFeaturePolicy.swift /Users/admin/builder/spi-builder-workspace/Sources/SwiftASB/Transport/CodexAppServerTransport.swift /Users/admin/builder/spi-builder-workspace/Sources/SwiftASB/Transport/CodexAppServerTransporting.swift -primary-file /Users/admin/builder/spi-builder-workspace/Sources/SwiftASB/Transport/CodexCLIExecutableResolver.swift -primary-file /Users/admin/builder/spi-builder-workspace/Sources/SwiftASB/Transport/CodexRPCRequestID.swift -primary-file /Users/admin/builder/spi-builder-workspace/Sources/SwiftASB/Transport/CodexTransportError.swift -primary-file /Users/admin/builder/spi-builder-workspace/Sources/SwiftASB/Transport/LineDelimitedDataBuffer.swift -supplementary-output-file-map /Users/admin/builder/spi-builder-workspace/.derivedData/Build/Intermediates.noindex/SwiftASB.build/Debug-xros/SwiftASB-t.build/Objects-normal/arm64/supplementaryOutputs-10 -target arm64-apple-xros1.0 -disable-cross-import-overlay-search -swift-module-cross-import CoreData /Applications/Xcode-27.0.0-Release.Candidate.app/Contents/Developer/Platforms/XROS.platform/Developer/SDKs/XROS.sdk/System/Library/Frameworks/CoreData.framework/Modules/CoreData.swiftcrossimport/CloudKit.swiftoverlay -swift-module-cross-import CoreData /Applications/Xcode-27.0.0-Release.Candidate.app/Contents/Developer/Platforms/XROS.platform/Developer/SDKs/XROS27.0.sdk/System/Library/Frameworks/CoreData.framework/Modules/CoreData.swiftcrossimport/CloudKit.swiftoverlay -load-resolved-plugin /Applications/Xcode-27.0.0-Release.Candidate.app/Contents/Developer/Platforms/XROS.platform/Developer/usr/lib/swift/host/plugins/libFoundationMacros.dylib\#/Applications/Xcode-27.0.0-Release.Candidate.app/Contents/Developer/Platforms/XROS.platform/Developer/usr/bin/swift-plugin-server\#FoundationMacros -load-resolved-plugin /Applications/Xcode-27.0.0-Release.Candidate.app/Contents/Developer/Platforms/XROS.platform/Developer/usr/lib/swift/host/plugins/libObservationMacros.dylib\#/Applications/Xcode-27.0.0-Release.Candidate.app/Contents/Developer/Platforms/XROS.platform/Developer/usr/bin/swift-plugin-server\#ObservationMacros -load-resolved-plugin /Applications/Xcode-27.0.0-Release.Candidate.app/Contents/Developer/Platforms/XROS.platform/Developer/usr/lib/swift/host/plugins/libSwiftMacros.dylib\#/Applications/Xcode-27.0.0-Release.Candidate.app/Contents/Developer/Platforms/XROS.platform/Developer/usr/bin/swift-plugin-server\#SwiftMacros -disable-implicit-swift-modules -Xcc -fno-implicit-modules -Xcc -fno-implicit-module-maps -explicit-swift-module-map-file /Users/admin/builder/spi-builder-workspace/.derivedData/Build/Intermediates.noindex/SwiftASB.build/Debug-xros/SwiftASB-t.build/Objects-normal/arm64/SwiftASB-dependencies-1.json -Xllvm -aarch64-use-tbi -enable-objc-interop -stack-check -sdk /Applications/Xcode-27.0.0-Release.Candidate.app/Contents/Developer/Platforms/XROS.platform/Developer/SDKs/XROS27.0.sdk -I /Users/admin/builder/spi-builder-workspace/.derivedData/Build/Products/Debug-xros -Isystem /Applications/Xcode-27.0.0-Release.Candidate.app/Contents/Developer/Platforms/XROS.platform/Developer/usr/lib -F /Users/admin/builder/spi-builder-workspace/.derivedData/Build/Products/Debug-xros/PackageFrameworks -F /Users/admin/builder/spi-builder-workspace/.derivedData/Build/Products/Debug-xros -F /Applications/Xcode-27.0.0-Release.Candidate.app/Contents/Developer/Platforms/XROS.platform/Developer/Library/Frameworks -F /Applications/Xcode-27.0.0-Release.Candidate.app/Contents/Developer/Platforms/XROS.platform/Developer/SDKs/XROS27.0.sdk/Developer/Library/Frameworks -module-cache-path /Users/admin/builder/spi-builder-workspace/.derivedData/Build/Intermediates.noindex/SwiftExplicitPrecompiledModules -no-color-diagnostics -Xcc -fno-color-diagnostics -enable-testing -g -debug-info-format\=dwarf -dwarf-version\=4 -profile-generate -profile-coverage-mapping -swift-version 6 -Onone -D SWIFT_PACKAGE -D DEBUG -D SWIFT_MODULE_RESOURCE_BUNDLE_UNAVAILABLE -D Xcode -serialize-debugging-options -enable-experimental-feature DebugDescriptionMacro -empty-abi-descriptor -validate-clang-modules-once -clang-build-session-file /Users/admin/builder/spi-builder-workspace/.derivedData/ModuleCache.noindex/Session.modulevalidation -Xcc -working-directory -Xcc /Users/admin/builder/spi-builder-workspace/.swiftpm/xcode -enable-anonymous-context-mangled-names -file-compilation-dir /Users/admin/builder/spi-builder-workspace/.swiftpm/xcode -Xcc -D_LIBCPP_HARDENING_MODE\=_LIBCPP_HARDENING_MODE_DEBUG -Xcc -ivfsstatcache -Xcc /Users/admin/builder/spi-builder-workspace/.derivedData/SDKStatCaches.noindex/xros27.0-24M361-e829b21a6f8c9b70876ba0858053c044735bd543db762f57723cac368afd1ce4.sdkstatcache -Xcc -fmodules-prune-interval\=86400 -Xcc -fmodules-prune-after\=345600 -Xcc -I/Users/admin/builder/spi-builder-workspace/.derivedData/Build/Products/Debug-xros/include -Xcc -I/Users/admin/builder/spi-builder-workspace/.derivedData/Build/Intermediates.noindex/SwiftASB.build/Debug-xros/SwiftASB-t.build/DerivedSources-normal/arm64 -Xcc -I/Users/admin/builder/spi-builder-workspace/.derivedData/Build/Intermediates.noindex/SwiftASB.build/Debug-xros/SwiftASB-t.build/DerivedSources/arm64 -Xcc -I/Users/admin/builder/spi-builder-workspace/.derivedData/Build/Intermediates.noindex/SwiftASB.build/Debug-xros/SwiftASB-t.build/DerivedSources -Xcc -DSWIFT_PACKAGE -Xcc -DDEBUG\=1 -no-auto-bridging-header-chaining -module-name SwiftASB -package-name spi_builder_workspace -const-gather-protocols-file /Users/admin/builder/spi-builder-workspace/.derivedData/Build/Intermediates.noindex/SwiftASB.build/Debug-xros/SwiftASB-t.build/Objects-normal/arm64/SwiftASB_const_extract_protocols.json -disable-clang-spi -clang-target arm64-apple-xros27.0 -target-sdk-version 27.0 -target-sdk-name xros27.0 -in-process-plugin-server-path /Applications/Xcode-27.0.0-Release.Candidate.app/Contents/Developer/Toolchains/XcodeDefault.xctoolchain/usr/lib/swift/host/libSwiftInProcPluginServer.dylib -parse-as-library -o /Users/admin/builder/spi-builder-workspace/.derivedData/Build/Intermediates.noindex/SwiftASB.build/Debug-xros/SwiftASB-t.build/Objects-normal/arm64/CodexCLIExecutableResolver.o -o /Users/admin/builder/spi-builder-workspace/.derivedData/Build/Intermediates.noindex/SwiftASB.build/Debug-xros/SwiftASB-t.build/Objects-normal/arm64/CodexRPCRequestID.o -o /Users/admin/builder/spi-builder-workspace/.derivedData/Build/Intermediates.noindex/SwiftASB.build/Debug-xros/SwiftASB-t.build/Objects-normal/arm64/CodexTransportError.o -o /Users/admin/builder/spi-builder-workspace/.derivedData/Build/Intermediates.noindex/SwiftASB.build/Debug-xros/SwiftASB-t.build/Objects-normal/arm64/LineDelimitedDataBuffer.o -debug-module-path /Users/admin/builder/spi-builder-workspace/.derivedData/Build/Intermediates.noindex/SwiftASB.build/Debug-xros/SwiftASB-t.build/Objects-normal/arm64/SwiftASB.swiftmodule -index-unit-output-path /SwiftASB.build/Debug-xros/SwiftASB-t.build/Objects-normal/arm64/CodexCLIExecutableResolver.o -index-unit-output-path /SwiftASB.build/Debug-xros/SwiftASB-t.build/Objects-normal/arm64/CodexRPCRequestID.o -index-unit-output-path /SwiftASB.build/Debug-xros/SwiftASB-t.build/Objects-normal/arm64/CodexTransportError.o -index-unit-output-path /SwiftASB.build/Debug-xros/SwiftASB-t.build/Objects-normal/arm64/LineDelimitedDataBuffer.o -index-store-path /Users/admin/builder/spi-builder-workspace/.derivedData/Index.noindex/DataStore -index-system-modules
SwiftCompile normal arm64 /Users/admin/builder/spi-builder-workspace/Sources/SwiftASB/Transport/CodexCLIExecutableResolver.swift (in target 'SwiftASB' from project 'SwiftASB')
cd /Users/admin/builder/spi-builder-workspace/.swiftpm/xcode
builtin-SwiftPerFileCompile CodexCLIExecutableResolver.swift
SwiftCompile normal arm64 /Users/admin/builder/spi-builder-workspace/Sources/SwiftASB/Transport/CodexRPCRequestID.swift (in target 'SwiftASB' from project 'SwiftASB')
cd /Users/admin/builder/spi-builder-workspace/.swiftpm/xcode
builtin-SwiftPerFileCompile CodexRPCRequestID.swift
SwiftCompile normal arm64 /Users/admin/builder/spi-builder-workspace/Sources/SwiftASB/Transport/CodexTransportError.swift (in target 'SwiftASB' from project 'SwiftASB')
cd /Users/admin/builder/spi-builder-workspace/.swiftpm/xcode
builtin-SwiftPerFileCompile CodexTransportError.swift
SwiftCompile normal arm64 /Users/admin/builder/spi-builder-workspace/Sources/SwiftASB/Transport/LineDelimitedDataBuffer.swift (in target 'SwiftASB' from project 'SwiftASB')
cd /Users/admin/builder/spi-builder-workspace/.swiftpm/xcode
builtin-SwiftPerFileCompile LineDelimitedDataBuffer.swift
SwiftEmitModule normal arm64 Emitting\ module\ for\ SwiftASB (in target 'SwiftASB' from project 'SwiftASB')
SwiftCompile normal arm64 (in target 'SwiftASB' from project 'SwiftASB')
cd /Users/admin/builder/spi-builder-workspace/.swiftpm/xcode
SwiftCompile normal arm64 Compiling\ SwiftASBFeatureOperationEvent.swift,\ SwiftASBFeaturePolicy.swift,\ CodexAppServerTransport.swift,\ CodexAppServerTransporting.swift /Users/admin/builder/spi-builder-workspace/Sources/SwiftASB/Public/SwiftASBFeatureOperationEvent.swift /Users/admin/builder/spi-builder-workspace/Sources/SwiftASB/Public/SwiftASBFeaturePolicy.swift /Users/admin/builder/spi-builder-workspace/Sources/SwiftASB/Transport/CodexAppServerTransport.swift /Users/admin/builder/spi-builder-workspace/Sources/SwiftASB/Transport/CodexAppServerTransporting.swift (in target 'SwiftASB' from project 'SwiftASB')
/Users/admin/builder/spi-builder-workspace/Sources/SwiftASB/Transport/CodexAppServerTransport.swift:25:26: error: cannot find type 'Process' in scope
23 | private let configuration: Configuration
24 |
25 | private var process: Process?
| `- error: cannot find type 'Process' in scope
26 | private var standardInputHandle: FileHandle?
27 | private var standardOutputHandle: FileHandle?
/Users/admin/builder/spi-builder-workspace/Sources/SwiftASB/Transport/CodexAppServerTransport.swift:327:54: error: cannot find type 'Process' in scope
325 | }
326 |
327 | private func handleProcessTermination(_ process: Process) {
| `- error: cannot find type 'Process' in scope
328 | let reasonDescription: String
329 | switch process.terminationReason {
SwiftCompile normal arm64 /Users/admin/builder/spi-builder-workspace/Sources/SwiftASB/Public/SwiftASBFeatureOperationEvent.swift (in target 'SwiftASB' from project 'SwiftASB')
cd /Users/admin/builder/spi-builder-workspace/.swiftpm/xcode
builtin-SwiftPerFileCompile SwiftASBFeatureOperationEvent.swift
SwiftCompile normal arm64 /Users/admin/builder/spi-builder-workspace/Sources/SwiftASB/Public/SwiftASBFeaturePolicy.swift (in target 'SwiftASB' from project 'SwiftASB')
cd /Users/admin/builder/spi-builder-workspace/.swiftpm/xcode
builtin-SwiftPerFileCompile SwiftASBFeaturePolicy.swift
SwiftCompile normal arm64 /Users/admin/builder/spi-builder-workspace/Sources/SwiftASB/Transport/CodexAppServerTransport.swift (in target 'SwiftASB' from project 'SwiftASB')
cd /Users/admin/builder/spi-builder-workspace/.swiftpm/xcode
builtin-SwiftPerFileCompile CodexAppServerTransport.swift
SwiftCompile normal arm64 /Users/admin/builder/spi-builder-workspace/Sources/SwiftASB/Transport/CodexAppServerTransporting.swift (in target 'SwiftASB' from project 'SwiftASB')
cd /Users/admin/builder/spi-builder-workspace/.swiftpm/xcode
builtin-SwiftPerFileCompile CodexAppServerTransporting.swift
SwiftCompile normal arm64 Compiling\ CodexReviewHandle.swift,\ CodexThread+Agenda.swift,\ CodexThread+Dashboard.swift,\ CodexThread+RecentCommands.swift,\ CodexThread+RecentFiles.swift /Users/admin/builder/spi-builder-workspace/Sources/SwiftASB/Public/CodexReviewHandle.swift /Users/admin/builder/spi-builder-workspace/Sources/SwiftASB/Public/CodexThread+Agenda.swift /Users/admin/builder/spi-builder-workspace/Sources/SwiftASB/Public/CodexThread+Dashboard.swift /Users/admin/builder/spi-builder-workspace/Sources/SwiftASB/Public/CodexThread+RecentCommands.swift /Users/admin/builder/spi-builder-workspace/Sources/SwiftASB/Public/CodexThread+RecentFiles.swift (in target 'SwiftASB' from project 'SwiftASB')
SwiftCompile normal arm64 /Users/admin/builder/spi-builder-workspace/Sources/SwiftASB/Public/CodexReviewHandle.swift (in target 'SwiftASB' from project 'SwiftASB')
cd /Users/admin/builder/spi-builder-workspace/.swiftpm/xcode
builtin-SwiftPerFileCompile CodexReviewHandle.swift
SwiftCompile normal arm64 /Users/admin/builder/spi-builder-workspace/Sources/SwiftASB/Public/CodexThread+Agenda.swift (in target 'SwiftASB' from project 'SwiftASB')
cd /Users/admin/builder/spi-builder-workspace/.swiftpm/xcode
builtin-SwiftPerFileCompile CodexThread+Agenda.swift
SwiftCompile normal arm64 /Users/admin/builder/spi-builder-workspace/Sources/SwiftASB/Public/CodexThread+Dashboard.swift (in target 'SwiftASB' from project 'SwiftASB')
cd /Users/admin/builder/spi-builder-workspace/.swiftpm/xcode
builtin-SwiftPerFileCompile CodexThread+Dashboard.swift
SwiftCompile normal arm64 /Users/admin/builder/spi-builder-workspace/Sources/SwiftASB/Public/CodexThread+RecentCommands.swift (in target 'SwiftASB' from project 'SwiftASB')
cd /Users/admin/builder/spi-builder-workspace/.swiftpm/xcode
builtin-SwiftPerFileCompile CodexThread+RecentCommands.swift
SwiftCompile normal arm64 /Users/admin/builder/spi-builder-workspace/Sources/SwiftASB/Public/CodexThread+RecentFiles.swift (in target 'SwiftASB' from project 'SwiftASB')
cd /Users/admin/builder/spi-builder-workspace/.swiftpm/xcode
builtin-SwiftPerFileCompile CodexThread+RecentFiles.swift
PruneExplicitPrecompiledModules /Users/admin/builder/spi-builder-workspace/.derivedData/SDKExplicitPrecompiledModules
PruneExplicitPrecompiledModules /Users/admin/builder/spi-builder-workspace/.derivedData/Build/Intermediates.noindex/ExplicitPrecompiledModules
PruneExplicitPrecompiledModules /Users/admin/builder/spi-builder-workspace/.derivedData/Build/Intermediates.noindex/SwiftExplicitPrecompiledModules
2026-09-26 00:00:30.124 xcodebuild[928:5463] [MT] IDERunDestination: Supported platforms for the buildables in the current scheme is empty.
** BUILD FAILED **
The following build commands failed:
SwiftCompile normal arm64 Compiling\ CodexCLIExecutableResolver.swift,\ CodexRPCRequestID.swift,\ CodexTransportError.swift,\ LineDelimitedDataBuffer.swift /Users/admin/builder/spi-builder-workspace/Sources/SwiftASB/Transport/CodexCLIExecutableResolver.swift /Users/admin/builder/spi-builder-workspace/Sources/SwiftASB/Transport/CodexRPCRequestID.swift /Users/admin/builder/spi-builder-workspace/Sources/SwiftASB/Transport/CodexTransportError.swift /Users/admin/builder/spi-builder-workspace/Sources/SwiftASB/Transport/LineDelimitedDataBuffer.swift (in target 'SwiftASB' from project 'SwiftASB')
SwiftCompile normal arm64 /Users/admin/builder/spi-builder-workspace/Sources/SwiftASB/Transport/CodexCLIExecutableResolver.swift (in target 'SwiftASB' from project 'SwiftASB')
Building workspace SwiftASB with scheme SwiftASB-Package
(3 failures)
BUILD FAILURE 6.4 visionOS