The Swift Package Index logo.Swift Package Index

Build Information

Failed to build RxComposableArchitecture, reference main (a46b37), with Swift 6.4 for visionOS using Xcode 27.0 on 20 Sep 2026 05:57:42 UTC.

Build Command

env DEVELOPER_DIR=/Applications/Xcode-27.0.0-Release.Candidate.app xcrun xcodebuild -IDEClonedSourcePackagesDirPathOverride=$PWD/.dependencies -skipMacroValidation -skipPackagePluginValidation -derivedDataPath $PWD/.derivedData build -scheme RxComposableArchitecture-Package -destination generic/platform=xrOS

Build Log

    cd /Users/admin/builder/spi-builder-workspace/.swiftpm/xcode
    builtin-SwiftPerFileCompile ObservableType+PrimitiveSequence.swift
SwiftCompile normal arm64 /Users/admin/builder/spi-builder-workspace/.dependencies/checkouts/RxSwift/Sources/RxSwift/ObservableType.swift (in target 'RxSwift' from project 'RxSwift')
    cd /Users/admin/builder/spi-builder-workspace/.swiftpm/xcode
    builtin-SwiftPerFileCompile ObservableType.swift
SwiftCompile normal arm64 /Users/admin/builder/spi-builder-workspace/.dependencies/checkouts/RxSwift/Sources/RxSwift/ObserveOn.swift (in target 'RxSwift' from project 'RxSwift')
    cd /Users/admin/builder/spi-builder-workspace/.swiftpm/xcode
    builtin-SwiftPerFileCompile ObserveOn.swift
SwiftCompile normal arm64 /Users/admin/builder/spi-builder-workspace/.dependencies/checkouts/RxSwift/Sources/RxSwift/ObserverBase.swift (in target 'RxSwift' from project 'RxSwift')
    cd /Users/admin/builder/spi-builder-workspace/.swiftpm/xcode
    builtin-SwiftPerFileCompile ObserverBase.swift
SwiftCompile normal arm64 /Users/admin/builder/spi-builder-workspace/.dependencies/checkouts/RxSwift/Sources/RxSwift/ObserverType.swift (in target 'RxSwift' from project 'RxSwift')
    cd /Users/admin/builder/spi-builder-workspace/.swiftpm/xcode
    builtin-SwiftPerFileCompile ObserverType.swift
SwiftCompile normal arm64 /Users/admin/builder/spi-builder-workspace/.dependencies/checkouts/RxSwift/Sources/RxSwift/OperationQueueScheduler.swift (in target 'RxSwift' from project 'RxSwift')
    cd /Users/admin/builder/spi-builder-workspace/.swiftpm/xcode
    builtin-SwiftPerFileCompile OperationQueueScheduler.swift
SwiftCompile normal arm64 /Users/admin/builder/spi-builder-workspace/.dependencies/checkouts/RxSwift/Sources/RxSwift/Optional.swift (in target 'RxSwift' from project 'RxSwift')
    cd /Users/admin/builder/spi-builder-workspace/.swiftpm/xcode
    builtin-SwiftPerFileCompile Optional.swift
SwiftCompile normal arm64 /Users/admin/builder/spi-builder-workspace/.dependencies/checkouts/RxSwift/Sources/RxSwift/Platform.Darwin.swift (in target 'RxSwift' from project 'RxSwift')
    cd /Users/admin/builder/spi-builder-workspace/.swiftpm/xcode
    builtin-SwiftPerFileCompile Platform.Darwin.swift
SwiftCompile normal arm64 /Users/admin/builder/spi-builder-workspace/.dependencies/checkouts/RxSwift/Sources/RxSwift/Platform.Linux.swift (in target 'RxSwift' from project 'RxSwift')
    cd /Users/admin/builder/spi-builder-workspace/.swiftpm/xcode
    builtin-SwiftPerFileCompile Platform.Linux.swift
SwiftCompile normal arm64 /Users/admin/builder/spi-builder-workspace/.dependencies/checkouts/RxSwift/Sources/RxSwift/PrimitiveSequence+Zip+arity.swift (in target 'RxSwift' from project 'RxSwift')
    cd /Users/admin/builder/spi-builder-workspace/.swiftpm/xcode
    builtin-SwiftPerFileCompile PrimitiveSequence+Zip+arity.swift
SwiftCompile normal arm64 /Users/admin/builder/spi-builder-workspace/.dependencies/checkouts/RxSwift/Sources/RxSwift/PrimitiveSequence.swift (in target 'RxSwift' from project 'RxSwift')
    cd /Users/admin/builder/spi-builder-workspace/.swiftpm/xcode
    builtin-SwiftPerFileCompile PrimitiveSequence.swift
SwiftCompile normal arm64 Compiling\ PriorityQueue.swift,\ Producer.swift,\ PublishSubject.swift,\ Queue.swift,\ Range.swift,\ Reactive.swift,\ RecursiveLock.swift,\ RecursiveScheduler.swift,\ Reduce.swift,\ RefCountDisposable.swift,\ Repeat.swift,\ ReplaySubject.swift,\ RetryWhen.swift,\ Rx.swift,\ RxMutableBox.swift /Users/admin/builder/spi-builder-workspace/.dependencies/checkouts/RxSwift/Sources/RxSwift/PriorityQueue.swift /Users/admin/builder/spi-builder-workspace/.dependencies/checkouts/RxSwift/Sources/RxSwift/Producer.swift /Users/admin/builder/spi-builder-workspace/.dependencies/checkouts/RxSwift/Sources/RxSwift/PublishSubject.swift /Users/admin/builder/spi-builder-workspace/.dependencies/checkouts/RxSwift/Sources/RxSwift/Queue.swift /Users/admin/builder/spi-builder-workspace/.dependencies/checkouts/RxSwift/Sources/RxSwift/Range.swift /Users/admin/builder/spi-builder-workspace/.dependencies/checkouts/RxSwift/Sources/RxSwift/Reactive.swift /Users/admin/builder/spi-builder-workspace/.dependencies/checkouts/RxSwift/Sources/RxSwift/RecursiveLock.swift /Users/admin/builder/spi-builder-workspace/.dependencies/checkouts/RxSwift/Sources/RxSwift/RecursiveScheduler.swift /Users/admin/builder/spi-builder-workspace/.dependencies/checkouts/RxSwift/Sources/RxSwift/Reduce.swift /Users/admin/builder/spi-builder-workspace/.dependencies/checkouts/RxSwift/Sources/RxSwift/RefCountDisposable.swift /Users/admin/builder/spi-builder-workspace/.dependencies/checkouts/RxSwift/Sources/RxSwift/Repeat.swift /Users/admin/builder/spi-builder-workspace/.dependencies/checkouts/RxSwift/Sources/RxSwift/ReplaySubject.swift /Users/admin/builder/spi-builder-workspace/.dependencies/checkouts/RxSwift/Sources/RxSwift/RetryWhen.swift /Users/admin/builder/spi-builder-workspace/.dependencies/checkouts/RxSwift/Sources/RxSwift/Rx.swift /Users/admin/builder/spi-builder-workspace/.dependencies/checkouts/RxSwift/Sources/RxSwift/RxMutableBox.swift (in target 'RxSwift' from project 'RxSwift')
SwiftCompile normal arm64 /Users/admin/builder/spi-builder-workspace/.dependencies/checkouts/RxSwift/Sources/RxSwift/PriorityQueue.swift (in target 'RxSwift' from project 'RxSwift')
    cd /Users/admin/builder/spi-builder-workspace/.swiftpm/xcode
    builtin-SwiftPerFileCompile PriorityQueue.swift
SwiftCompile normal arm64 /Users/admin/builder/spi-builder-workspace/.dependencies/checkouts/RxSwift/Sources/RxSwift/Producer.swift (in target 'RxSwift' from project 'RxSwift')
    cd /Users/admin/builder/spi-builder-workspace/.swiftpm/xcode
    builtin-SwiftPerFileCompile Producer.swift
SwiftCompile normal arm64 /Users/admin/builder/spi-builder-workspace/.dependencies/checkouts/RxSwift/Sources/RxSwift/PublishSubject.swift (in target 'RxSwift' from project 'RxSwift')
    cd /Users/admin/builder/spi-builder-workspace/.swiftpm/xcode
    builtin-SwiftPerFileCompile PublishSubject.swift
SwiftCompile normal arm64 /Users/admin/builder/spi-builder-workspace/.dependencies/checkouts/RxSwift/Sources/RxSwift/Queue.swift (in target 'RxSwift' from project 'RxSwift')
    cd /Users/admin/builder/spi-builder-workspace/.swiftpm/xcode
    builtin-SwiftPerFileCompile Queue.swift
SwiftCompile normal arm64 /Users/admin/builder/spi-builder-workspace/.dependencies/checkouts/RxSwift/Sources/RxSwift/Range.swift (in target 'RxSwift' from project 'RxSwift')
    cd /Users/admin/builder/spi-builder-workspace/.swiftpm/xcode
    builtin-SwiftPerFileCompile Range.swift
SwiftCompile normal arm64 /Users/admin/builder/spi-builder-workspace/.dependencies/checkouts/RxSwift/Sources/RxSwift/Reactive.swift (in target 'RxSwift' from project 'RxSwift')
    cd /Users/admin/builder/spi-builder-workspace/.swiftpm/xcode
    builtin-SwiftPerFileCompile Reactive.swift
SwiftCompile normal arm64 /Users/admin/builder/spi-builder-workspace/.dependencies/checkouts/RxSwift/Sources/RxSwift/RecursiveLock.swift (in target 'RxSwift' from project 'RxSwift')
    cd /Users/admin/builder/spi-builder-workspace/.swiftpm/xcode
    builtin-SwiftPerFileCompile RecursiveLock.swift
SwiftCompile normal arm64 /Users/admin/builder/spi-builder-workspace/.dependencies/checkouts/RxSwift/Sources/RxSwift/RecursiveScheduler.swift (in target 'RxSwift' from project 'RxSwift')
    cd /Users/admin/builder/spi-builder-workspace/.swiftpm/xcode
    builtin-SwiftPerFileCompile RecursiveScheduler.swift
SwiftCompile normal arm64 /Users/admin/builder/spi-builder-workspace/.dependencies/checkouts/RxSwift/Sources/RxSwift/Reduce.swift (in target 'RxSwift' from project 'RxSwift')
    cd /Users/admin/builder/spi-builder-workspace/.swiftpm/xcode
    builtin-SwiftPerFileCompile Reduce.swift
SwiftCompile normal arm64 /Users/admin/builder/spi-builder-workspace/.dependencies/checkouts/RxSwift/Sources/RxSwift/RefCountDisposable.swift (in target 'RxSwift' from project 'RxSwift')
    cd /Users/admin/builder/spi-builder-workspace/.swiftpm/xcode
    builtin-SwiftPerFileCompile RefCountDisposable.swift
SwiftCompile normal arm64 /Users/admin/builder/spi-builder-workspace/.dependencies/checkouts/RxSwift/Sources/RxSwift/Repeat.swift (in target 'RxSwift' from project 'RxSwift')
    cd /Users/admin/builder/spi-builder-workspace/.swiftpm/xcode
    builtin-SwiftPerFileCompile Repeat.swift
SwiftCompile normal arm64 /Users/admin/builder/spi-builder-workspace/.dependencies/checkouts/RxSwift/Sources/RxSwift/ReplaySubject.swift (in target 'RxSwift' from project 'RxSwift')
    cd /Users/admin/builder/spi-builder-workspace/.swiftpm/xcode
    builtin-SwiftPerFileCompile ReplaySubject.swift
SwiftCompile normal arm64 /Users/admin/builder/spi-builder-workspace/.dependencies/checkouts/RxSwift/Sources/RxSwift/RetryWhen.swift (in target 'RxSwift' from project 'RxSwift')
    cd /Users/admin/builder/spi-builder-workspace/.swiftpm/xcode
    builtin-SwiftPerFileCompile RetryWhen.swift
SwiftCompile normal arm64 /Users/admin/builder/spi-builder-workspace/.dependencies/checkouts/RxSwift/Sources/RxSwift/Rx.swift (in target 'RxSwift' from project 'RxSwift')
    cd /Users/admin/builder/spi-builder-workspace/.swiftpm/xcode
    builtin-SwiftPerFileCompile Rx.swift
SwiftCompile normal arm64 /Users/admin/builder/spi-builder-workspace/.dependencies/checkouts/RxSwift/Sources/RxSwift/RxMutableBox.swift (in target 'RxSwift' from project 'RxSwift')
    cd /Users/admin/builder/spi-builder-workspace/.swiftpm/xcode
    builtin-SwiftPerFileCompile RxMutableBox.swift
SwiftEmitModule normal arm64 Emitting\ module\ for\ XCTestDynamicOverlay (in target 'XCTestDynamicOverlay' from project 'xctest-dynamic-overlay')
SwiftCompile normal arm64 (in target 'XCTestDynamicOverlay' from project 'xctest-dynamic-overlay')
    cd /Users/admin/builder/spi-builder-workspace/.swiftpm/xcode

SwiftEmitModule normal arm64 Emitting\ module\ for\ ConcurrencyExtras (in target 'ConcurrencyExtras' from project 'swift-concurrency-extras')
SwiftCompile normal arm64 (in target 'ConcurrencyExtras' from project 'swift-concurrency-extras')
    cd /Users/admin/builder/spi-builder-workspace/.swiftpm/xcode

SwiftEmitModule normal arm64 Emitting\ module\ for\ CasePaths (in target 'CasePaths' from project 'swift-case-paths')
SwiftCompile normal arm64 (in target 'CasePaths' from project 'swift-case-paths')
    cd /Users/admin/builder/spi-builder-workspace/.swiftpm/xcode

SwiftDriverJobDiscovery normal arm64 Emitting module for ConcurrencyExtras (in target 'ConcurrencyExtras' from project 'swift-concurrency-extras')
SwiftDriver\ Compilation\ Requirements ConcurrencyExtras normal arm64 com.apple.xcode.tools.swift.compiler (in target 'ConcurrencyExtras' from project 'swift-concurrency-extras')
    cd /Users/admin/builder/spi-builder-workspace/.swiftpm/xcode
    builtin-Swift-Compilation-Requirements -- /Applications/Xcode-27.0.0-Release.Candidate.app/Contents/Developer/Toolchains/XcodeDefault.xctoolchain/usr/bin/swiftc -parse-as-library -module-name ConcurrencyExtras -Onone @/Users/admin/builder/spi-builder-workspace/.derivedData/Build/Intermediates.noindex/swift-concurrency-extras.build/Debug-xros/ConcurrencyExtras-t.build/Objects-normal/arm64/ConcurrencyExtras.SwiftFileList -DSWIFT_PACKAGE -DDEBUG -DSWIFT_MODULE_RESOURCE_BUNDLE_UNAVAILABLE -DXcode -plugin-path /Applications/Xcode-27.0.0-Release.Candidate.app/Contents/Developer/Toolchains/XcodeDefault.xctoolchain/usr/lib/swift/host/plugins/testing -enable-experimental-feature DebugDescriptionMacro -sdk /Applications/Xcode-27.0.0-Release.Candidate.app/Contents/Developer/Platforms/XROS.platform/Developer/SDKs/XROS27.0.sdk -target arm64-apple-xros1.0 -g -module-cache-path /Users/admin/builder/spi-builder-workspace/.derivedData/ModuleCache.noindex -Xfrontend -serialize-debugging-options -profile-coverage-mapping -profile-generate -enable-testing -suppress-warnings -index-store-path /Users/admin/builder/spi-builder-workspace/.derivedData/Index.noindex/DataStore -Xcc -D_LIBCPP_HARDENING_MODE\=_LIBCPP_HARDENING_MODE_DEBUG -swift-version 5 -I /Users/admin/builder/spi-builder-workspace/.derivedData/Build/Products/Debug-xros -Isystem /Applications/Xcode-27.0.0-Release.Candidate.app/Contents/Developer/Platforms/XROS.platform/Developer/usr/lib -F /Users/admin/builder/spi-builder-workspace/.derivedData/Build/Products/Debug-xros -F /Applications/Xcode-27.0.0-Release.Candidate.app/Contents/Developer/Platforms/XROS.platform/Developer/Library/Frameworks -F /Applications/Xcode-27.0.0-Release.Candidate.app/Contents/Developer/Platforms/XROS.platform/Developer/SDKs/XROS27.0.sdk/Developer/Library/Frameworks -c -j10 -enable-batch-mode -incremental -Xcc -ivfsstatcache -Xcc /Users/admin/builder/spi-builder-workspace/.derivedData/SDKStatCaches.noindex/xros27.0-24M361-e829b21a6f8c9b70876ba0858053c044735bd543db762f57723cac368afd1ce4.sdkstatcache -output-file-map /Users/admin/builder/spi-builder-workspace/.derivedData/Build/Intermediates.noindex/swift-concurrency-extras.build/Debug-xros/ConcurrencyExtras-t.build/Objects-normal/arm64/ConcurrencyExtras-OutputFileMap.json -save-temps -no-color-diagnostics -explicit-module-build -module-cache-path /Users/admin/builder/spi-builder-workspace/.derivedData/Build/Intermediates.noindex/SwiftExplicitPrecompiledModules -clang-scanner-module-cache-path /Users/admin/builder/spi-builder-workspace/.derivedData/ModuleCache.noindex -sdk-module-cache-path /Users/admin/builder/spi-builder-workspace/.derivedData/SDKExplicitPrecompiledModules -emit-dependencies -emit-module -emit-module-path /Users/admin/builder/spi-builder-workspace/.derivedData/Build/Intermediates.noindex/swift-concurrency-extras.build/Debug-xros/ConcurrencyExtras-t.build/Objects-normal/arm64/ConcurrencyExtras.swiftmodule -serialize-diagnostics -dependency-scan-serialize-diagnostics-path /Users/admin/builder/spi-builder-workspace/.derivedData/Build/Intermediates.noindex/swift-concurrency-extras.build/Debug-xros/ConcurrencyExtras-t.build/Objects-normal/arm64/ConcurrencyExtras-dependency-scan.dia -validate-clang-modules-once -clang-build-session-file /Users/admin/builder/spi-builder-workspace/.derivedData/ModuleCache.noindex/Session.modulevalidation -Xcc -fmodules-prune-interval\=86400 -Xcc -fmodules-prune-after\=345600 -emit-const-values -const-gather-protocols-list /Users/admin/builder/spi-builder-workspace/.derivedData/Build/Intermediates.noindex/swift-concurrency-extras.build/Debug-xros/ConcurrencyExtras-t.build/Objects-normal/arm64/ConcurrencyExtras_const_extract_protocols.json -Xcc -I/Users/admin/builder/spi-builder-workspace/.derivedData/Build/Products/Debug-xros/include -Xcc -I/Users/admin/builder/spi-builder-workspace/.derivedData/Build/Intermediates.noindex/swift-concurrency-extras.build/Debug-xros/ConcurrencyExtras-t.build/DerivedSources-normal/arm64 -Xcc -I/Users/admin/builder/spi-builder-workspace/.derivedData/Build/Intermediates.noindex/swift-concurrency-extras.build/Debug-xros/ConcurrencyExtras-t.build/DerivedSources/arm64 -Xcc -I/Users/admin/builder/spi-builder-workspace/.derivedData/Build/Intermediates.noindex/swift-concurrency-extras.build/Debug-xros/ConcurrencyExtras-t.build/DerivedSources -Xcc -DSWIFT_PACKAGE -Xcc -DDEBUG\=1 -emit-objc-header -emit-objc-header-path /Users/admin/builder/spi-builder-workspace/.derivedData/Build/Intermediates.noindex/swift-concurrency-extras.build/Debug-xros/ConcurrencyExtras-t.build/Objects-normal/arm64/ConcurrencyExtras-Swift.h -working-directory /Users/admin/builder/spi-builder-workspace/.swiftpm/xcode -experimental-emit-module-separately -disable-cmo
SwiftDriverJobDiscovery normal arm64 Emitting module for CasePaths (in target 'CasePaths' from project 'swift-case-paths')
SwiftDriver\ Compilation\ Requirements CasePaths normal arm64 com.apple.xcode.tools.swift.compiler (in target 'CasePaths' from project 'swift-case-paths')
    cd /Users/admin/builder/spi-builder-workspace/.swiftpm/xcode
    builtin-Swift-Compilation-Requirements -- /Applications/Xcode-27.0.0-Release.Candidate.app/Contents/Developer/Toolchains/XcodeDefault.xctoolchain/usr/bin/swiftc -parse-as-library -module-name CasePaths -Onone @/Users/admin/builder/spi-builder-workspace/.derivedData/Build/Intermediates.noindex/swift-case-paths.build/Debug-xros/CasePaths-t.build/Objects-normal/arm64/CasePaths.SwiftFileList -DSWIFT_PACKAGE -DDEBUG -DSWIFT_MODULE_RESOURCE_BUNDLE_UNAVAILABLE -DXcode -plugin-path /Applications/Xcode-27.0.0-Release.Candidate.app/Contents/Developer/Toolchains/XcodeDefault.xctoolchain/usr/lib/swift/host/plugins/testing -enable-experimental-feature DebugDescriptionMacro -sdk /Applications/Xcode-27.0.0-Release.Candidate.app/Contents/Developer/Platforms/XROS.platform/Developer/SDKs/XROS27.0.sdk -target arm64-apple-xros1.0 -g -module-cache-path /Users/admin/builder/spi-builder-workspace/.derivedData/ModuleCache.noindex -Xfrontend -serialize-debugging-options -profile-coverage-mapping -profile-generate -enable-testing -suppress-warnings -index-store-path /Users/admin/builder/spi-builder-workspace/.derivedData/Index.noindex/DataStore -Xcc -D_LIBCPP_HARDENING_MODE\=_LIBCPP_HARDENING_MODE_DEBUG -swift-version 5 -I /Users/admin/builder/spi-builder-workspace/.derivedData/Build/Products/Debug-xros -Isystem /Applications/Xcode-27.0.0-Release.Candidate.app/Contents/Developer/Platforms/XROS.platform/Developer/usr/lib -F /Users/admin/builder/spi-builder-workspace/.derivedData/Build/Products/Debug-xros -F /Applications/Xcode-27.0.0-Release.Candidate.app/Contents/Developer/Platforms/XROS.platform/Developer/Library/Frameworks -F /Applications/Xcode-27.0.0-Release.Candidate.app/Contents/Developer/Platforms/XROS.platform/Developer/SDKs/XROS27.0.sdk/Developer/Library/Frameworks -c -j10 -enable-batch-mode -incremental -Xcc -ivfsstatcache -Xcc /Users/admin/builder/spi-builder-workspace/.derivedData/SDKStatCaches.noindex/xros27.0-24M361-e829b21a6f8c9b70876ba0858053c044735bd543db762f57723cac368afd1ce4.sdkstatcache -output-file-map /Users/admin/builder/spi-builder-workspace/.derivedData/Build/Intermediates.noindex/swift-case-paths.build/Debug-xros/CasePaths-t.build/Objects-normal/arm64/CasePaths-OutputFileMap.json -save-temps -no-color-diagnostics -explicit-module-build -module-cache-path /Users/admin/builder/spi-builder-workspace/.derivedData/Build/Intermediates.noindex/SwiftExplicitPrecompiledModules -clang-scanner-module-cache-path /Users/admin/builder/spi-builder-workspace/.derivedData/ModuleCache.noindex -sdk-module-cache-path /Users/admin/builder/spi-builder-workspace/.derivedData/SDKExplicitPrecompiledModules -emit-dependencies -emit-module -emit-module-path /Users/admin/builder/spi-builder-workspace/.derivedData/Build/Intermediates.noindex/swift-case-paths.build/Debug-xros/CasePaths-t.build/Objects-normal/arm64/CasePaths.swiftmodule -serialize-diagnostics -dependency-scan-serialize-diagnostics-path /Users/admin/builder/spi-builder-workspace/.derivedData/Build/Intermediates.noindex/swift-case-paths.build/Debug-xros/CasePaths-t.build/Objects-normal/arm64/CasePaths-dependency-scan.dia -validate-clang-modules-once -clang-build-session-file /Users/admin/builder/spi-builder-workspace/.derivedData/ModuleCache.noindex/Session.modulevalidation -Xcc -fmodules-prune-interval\=86400 -Xcc -fmodules-prune-after\=345600 -emit-const-values -const-gather-protocols-list /Users/admin/builder/spi-builder-workspace/.derivedData/Build/Intermediates.noindex/swift-case-paths.build/Debug-xros/CasePaths-t.build/Objects-normal/arm64/CasePaths_const_extract_protocols.json -Xcc -I/Users/admin/builder/spi-builder-workspace/.derivedData/Build/Products/Debug-xros/include -Xcc -I/Users/admin/builder/spi-builder-workspace/.derivedData/Build/Intermediates.noindex/swift-case-paths.build/Debug-xros/CasePaths-t.build/DerivedSources-normal/arm64 -Xcc -I/Users/admin/builder/spi-builder-workspace/.derivedData/Build/Intermediates.noindex/swift-case-paths.build/Debug-xros/CasePaths-t.build/DerivedSources/arm64 -Xcc -I/Users/admin/builder/spi-builder-workspace/.derivedData/Build/Intermediates.noindex/swift-case-paths.build/Debug-xros/CasePaths-t.build/DerivedSources -Xcc -DSWIFT_PACKAGE -Xcc -DDEBUG\=1 -emit-objc-header -emit-objc-header-path /Users/admin/builder/spi-builder-workspace/.derivedData/Build/Intermediates.noindex/swift-case-paths.build/Debug-xros/CasePaths-t.build/Objects-normal/arm64/CasePaths-Swift.h -working-directory /Users/admin/builder/spi-builder-workspace/.swiftpm/xcode -experimental-emit-module-separately -disable-cmo
SwiftMergeGeneratedHeaders /Users/admin/builder/spi-builder-workspace/.derivedData/Build/Intermediates.noindex/GeneratedModuleMaps-xros/ConcurrencyExtras-Swift.h /Users/admin/builder/spi-builder-workspace/.derivedData/Build/Intermediates.noindex/swift-concurrency-extras.build/Debug-xros/ConcurrencyExtras-t.build/Objects-normal/arm64/ConcurrencyExtras-Swift.h (in target 'ConcurrencyExtras' from project 'swift-concurrency-extras')
    cd /Users/admin/builder/spi-builder-workspace/.dependencies/checkouts/swift-concurrency-extras
    builtin-swiftHeaderTool -arch arm64 /Users/admin/builder/spi-builder-workspace/.derivedData/Build/Intermediates.noindex/swift-concurrency-extras.build/Debug-xros/ConcurrencyExtras-t.build/Objects-normal/arm64/ConcurrencyExtras-Swift.h -o /Users/admin/builder/spi-builder-workspace/.derivedData/Build/Intermediates.noindex/GeneratedModuleMaps-xros/ConcurrencyExtras-Swift.h
Copy /Users/admin/builder/spi-builder-workspace/.derivedData/Build/Products/Debug-xros/ConcurrencyExtras.swiftmodule/arm64-apple-xros.swiftmodule /Users/admin/builder/spi-builder-workspace/.derivedData/Build/Intermediates.noindex/swift-concurrency-extras.build/Debug-xros/ConcurrencyExtras-t.build/Objects-normal/arm64/ConcurrencyExtras.swiftmodule (in target 'ConcurrencyExtras' from project 'swift-concurrency-extras')
    cd /Users/admin/builder/spi-builder-workspace/.dependencies/checkouts/swift-concurrency-extras
    builtin-copy -exclude .DS_Store -exclude CVS -exclude .svn -exclude .git -exclude .hg -resolve-src-symlinks -rename /Users/admin/builder/spi-builder-workspace/.derivedData/Build/Intermediates.noindex/swift-concurrency-extras.build/Debug-xros/ConcurrencyExtras-t.build/Objects-normal/arm64/ConcurrencyExtras.swiftmodule /Users/admin/builder/spi-builder-workspace/.derivedData/Build/Products/Debug-xros/ConcurrencyExtras.swiftmodule/arm64-apple-xros.swiftmodule
Copy /Users/admin/builder/spi-builder-workspace/.derivedData/Build/Products/Debug-xros/ConcurrencyExtras.swiftmodule/arm64-apple-xros.swiftdoc /Users/admin/builder/spi-builder-workspace/.derivedData/Build/Intermediates.noindex/swift-concurrency-extras.build/Debug-xros/ConcurrencyExtras-t.build/Objects-normal/arm64/ConcurrencyExtras.swiftdoc (in target 'ConcurrencyExtras' from project 'swift-concurrency-extras')
    cd /Users/admin/builder/spi-builder-workspace/.dependencies/checkouts/swift-concurrency-extras
    builtin-copy -exclude .DS_Store -exclude CVS -exclude .svn -exclude .git -exclude .hg -resolve-src-symlinks -rename /Users/admin/builder/spi-builder-workspace/.derivedData/Build/Intermediates.noindex/swift-concurrency-extras.build/Debug-xros/ConcurrencyExtras-t.build/Objects-normal/arm64/ConcurrencyExtras.swiftdoc /Users/admin/builder/spi-builder-workspace/.derivedData/Build/Products/Debug-xros/ConcurrencyExtras.swiftmodule/arm64-apple-xros.swiftdoc
Copy /Users/admin/builder/spi-builder-workspace/.derivedData/Build/Products/Debug-xros/ConcurrencyExtras.swiftmodule/arm64-apple-xros.abi.json /Users/admin/builder/spi-builder-workspace/.derivedData/Build/Intermediates.noindex/swift-concurrency-extras.build/Debug-xros/ConcurrencyExtras-t.build/Objects-normal/arm64/ConcurrencyExtras.abi.json (in target 'ConcurrencyExtras' from project 'swift-concurrency-extras')
    cd /Users/admin/builder/spi-builder-workspace/.dependencies/checkouts/swift-concurrency-extras
    builtin-copy -exclude .DS_Store -exclude CVS -exclude .svn -exclude .git -exclude .hg -resolve-src-symlinks -rename /Users/admin/builder/spi-builder-workspace/.derivedData/Build/Intermediates.noindex/swift-concurrency-extras.build/Debug-xros/ConcurrencyExtras-t.build/Objects-normal/arm64/ConcurrencyExtras.abi.json /Users/admin/builder/spi-builder-workspace/.derivedData/Build/Products/Debug-xros/ConcurrencyExtras.swiftmodule/arm64-apple-xros.abi.json
Copy /Users/admin/builder/spi-builder-workspace/.derivedData/Build/Products/Debug-xros/ConcurrencyExtras.swiftmodule/Project/arm64-apple-xros.swiftsourceinfo /Users/admin/builder/spi-builder-workspace/.derivedData/Build/Intermediates.noindex/swift-concurrency-extras.build/Debug-xros/ConcurrencyExtras-t.build/Objects-normal/arm64/ConcurrencyExtras.swiftsourceinfo (in target 'ConcurrencyExtras' from project 'swift-concurrency-extras')
    cd /Users/admin/builder/spi-builder-workspace/.dependencies/checkouts/swift-concurrency-extras
    builtin-copy -exclude .DS_Store -exclude CVS -exclude .svn -exclude .git -exclude .hg -resolve-src-symlinks -rename /Users/admin/builder/spi-builder-workspace/.derivedData/Build/Intermediates.noindex/swift-concurrency-extras.build/Debug-xros/ConcurrencyExtras-t.build/Objects-normal/arm64/ConcurrencyExtras.swiftsourceinfo /Users/admin/builder/spi-builder-workspace/.derivedData/Build/Products/Debug-xros/ConcurrencyExtras.swiftmodule/Project/arm64-apple-xros.swiftsourceinfo
SwiftMergeGeneratedHeaders /Users/admin/builder/spi-builder-workspace/.derivedData/Build/Intermediates.noindex/GeneratedModuleMaps-xros/CasePaths-Swift.h /Users/admin/builder/spi-builder-workspace/.derivedData/Build/Intermediates.noindex/swift-case-paths.build/Debug-xros/CasePaths-t.build/Objects-normal/arm64/CasePaths-Swift.h (in target 'CasePaths' from project 'swift-case-paths')
    cd /Users/admin/builder/spi-builder-workspace/.dependencies/checkouts/swift-case-paths
    builtin-swiftHeaderTool -arch arm64 /Users/admin/builder/spi-builder-workspace/.derivedData/Build/Intermediates.noindex/swift-case-paths.build/Debug-xros/CasePaths-t.build/Objects-normal/arm64/CasePaths-Swift.h -o /Users/admin/builder/spi-builder-workspace/.derivedData/Build/Intermediates.noindex/GeneratedModuleMaps-xros/CasePaths-Swift.h
Copy /Users/admin/builder/spi-builder-workspace/.derivedData/Build/Products/Debug-xros/CasePaths.swiftmodule/arm64-apple-xros.swiftmodule /Users/admin/builder/spi-builder-workspace/.derivedData/Build/Intermediates.noindex/swift-case-paths.build/Debug-xros/CasePaths-t.build/Objects-normal/arm64/CasePaths.swiftmodule (in target 'CasePaths' from project 'swift-case-paths')
    cd /Users/admin/builder/spi-builder-workspace/.dependencies/checkouts/swift-case-paths
    builtin-copy -exclude .DS_Store -exclude CVS -exclude .svn -exclude .git -exclude .hg -resolve-src-symlinks -rename /Users/admin/builder/spi-builder-workspace/.derivedData/Build/Intermediates.noindex/swift-case-paths.build/Debug-xros/CasePaths-t.build/Objects-normal/arm64/CasePaths.swiftmodule /Users/admin/builder/spi-builder-workspace/.derivedData/Build/Products/Debug-xros/CasePaths.swiftmodule/arm64-apple-xros.swiftmodule
Copy /Users/admin/builder/spi-builder-workspace/.derivedData/Build/Products/Debug-xros/CasePaths.swiftmodule/arm64-apple-xros.swiftdoc /Users/admin/builder/spi-builder-workspace/.derivedData/Build/Intermediates.noindex/swift-case-paths.build/Debug-xros/CasePaths-t.build/Objects-normal/arm64/CasePaths.swiftdoc (in target 'CasePaths' from project 'swift-case-paths')
    cd /Users/admin/builder/spi-builder-workspace/.dependencies/checkouts/swift-case-paths
    builtin-copy -exclude .DS_Store -exclude CVS -exclude .svn -exclude .git -exclude .hg -resolve-src-symlinks -rename /Users/admin/builder/spi-builder-workspace/.derivedData/Build/Intermediates.noindex/swift-case-paths.build/Debug-xros/CasePaths-t.build/Objects-normal/arm64/CasePaths.swiftdoc /Users/admin/builder/spi-builder-workspace/.derivedData/Build/Products/Debug-xros/CasePaths.swiftmodule/arm64-apple-xros.swiftdoc
Copy /Users/admin/builder/spi-builder-workspace/.derivedData/Build/Products/Debug-xros/CasePaths.swiftmodule/arm64-apple-xros.abi.json /Users/admin/builder/spi-builder-workspace/.derivedData/Build/Intermediates.noindex/swift-case-paths.build/Debug-xros/CasePaths-t.build/Objects-normal/arm64/CasePaths.abi.json (in target 'CasePaths' from project 'swift-case-paths')
    cd /Users/admin/builder/spi-builder-workspace/.dependencies/checkouts/swift-case-paths
    builtin-copy -exclude .DS_Store -exclude CVS -exclude .svn -exclude .git -exclude .hg -resolve-src-symlinks -rename /Users/admin/builder/spi-builder-workspace/.derivedData/Build/Intermediates.noindex/swift-case-paths.build/Debug-xros/CasePaths-t.build/Objects-normal/arm64/CasePaths.abi.json /Users/admin/builder/spi-builder-workspace/.derivedData/Build/Products/Debug-xros/CasePaths.swiftmodule/arm64-apple-xros.abi.json
Copy /Users/admin/builder/spi-builder-workspace/.derivedData/Build/Products/Debug-xros/CasePaths.swiftmodule/Project/arm64-apple-xros.swiftsourceinfo /Users/admin/builder/spi-builder-workspace/.derivedData/Build/Intermediates.noindex/swift-case-paths.build/Debug-xros/CasePaths-t.build/Objects-normal/arm64/CasePaths.swiftsourceinfo (in target 'CasePaths' from project 'swift-case-paths')
    cd /Users/admin/builder/spi-builder-workspace/.dependencies/checkouts/swift-case-paths
    builtin-copy -exclude .DS_Store -exclude CVS -exclude .svn -exclude .git -exclude .hg -resolve-src-symlinks -rename /Users/admin/builder/spi-builder-workspace/.derivedData/Build/Intermediates.noindex/swift-case-paths.build/Debug-xros/CasePaths-t.build/Objects-normal/arm64/CasePaths.swiftsourceinfo /Users/admin/builder/spi-builder-workspace/.derivedData/Build/Products/Debug-xros/CasePaths.swiftmodule/Project/arm64-apple-xros.swiftsourceinfo
SwiftEmitModule normal arm64 Emitting\ module\ for\ ArgumentParser (in target 'ArgumentParser' from project 'swift-argument-parser')
SwiftCompile normal arm64 (in target 'ArgumentParser' from project 'swift-argument-parser')
    cd /Users/admin/builder/spi-builder-workspace/.swiftpm/xcode

SwiftCompile normal arm64 Compiling\ RuntimeWarnings.swift /Users/admin/builder/spi-builder-workspace/.dependencies/checkouts/xctest-dynamic-overlay/Sources/XCTestDynamicOverlay/Internal/RuntimeWarnings.swift (in target 'XCTestDynamicOverlay' from project 'xctest-dynamic-overlay')
SwiftCompile normal arm64 /Users/admin/builder/spi-builder-workspace/.dependencies/checkouts/xctest-dynamic-overlay/Sources/XCTestDynamicOverlay/Internal/RuntimeWarnings.swift (in target 'XCTestDynamicOverlay' from project 'xctest-dynamic-overlay')
    cd /Users/admin/builder/spi-builder-workspace/.swiftpm/xcode
    builtin-SwiftPerFileCompile RuntimeWarnings.swift
SwiftDriverJobDiscovery normal arm64 Emitting module for XCTestDynamicOverlay (in target 'XCTestDynamicOverlay' from project 'xctest-dynamic-overlay')
SwiftDriver\ Compilation\ Requirements XCTestDynamicOverlay normal arm64 com.apple.xcode.tools.swift.compiler (in target 'XCTestDynamicOverlay' from project 'xctest-dynamic-overlay')
    cd /Users/admin/builder/spi-builder-workspace/.swiftpm/xcode
    builtin-Swift-Compilation-Requirements -- /Applications/Xcode-27.0.0-Release.Candidate.app/Contents/Developer/Toolchains/XcodeDefault.xctoolchain/usr/bin/swiftc -parse-as-library -module-name XCTestDynamicOverlay -Onone @/Users/admin/builder/spi-builder-workspace/.derivedData/Build/Intermediates.noindex/xctest-dynamic-overlay.build/Debug-xros/XCTestDynamicOverlay-t.build/Objects-normal/arm64/XCTestDynamicOverlay.SwiftFileList -DSWIFT_PACKAGE -DDEBUG -DSWIFT_MODULE_RESOURCE_BUNDLE_UNAVAILABLE -DXcode -plugin-path /Applications/Xcode-27.0.0-Release.Candidate.app/Contents/Developer/Toolchains/XcodeDefault.xctoolchain/usr/lib/swift/host/plugins/testing -enable-experimental-feature DebugDescriptionMacro -sdk /Applications/Xcode-27.0.0-Release.Candidate.app/Contents/Developer/Platforms/XROS.platform/Developer/SDKs/XROS27.0.sdk -target arm64-apple-xros1.0 -g -module-cache-path /Users/admin/builder/spi-builder-workspace/.derivedData/ModuleCache.noindex -Xfrontend -serialize-debugging-options -profile-coverage-mapping -profile-generate -enable-testing -suppress-warnings -index-store-path /Users/admin/builder/spi-builder-workspace/.derivedData/Index.noindex/DataStore -Xcc -D_LIBCPP_HARDENING_MODE\=_LIBCPP_HARDENING_MODE_DEBUG -swift-version 5 -I /Users/admin/builder/spi-builder-workspace/.derivedData/Build/Products/Debug-xros -Isystem /Applications/Xcode-27.0.0-Release.Candidate.app/Contents/Developer/Platforms/XROS.platform/Developer/usr/lib -F /Users/admin/builder/spi-builder-workspace/.derivedData/Build/Products/Debug-xros -F /Applications/Xcode-27.0.0-Release.Candidate.app/Contents/Developer/Platforms/XROS.platform/Developer/Library/Frameworks -F /Applications/Xcode-27.0.0-Release.Candidate.app/Contents/Developer/Platforms/XROS.platform/Developer/SDKs/XROS27.0.sdk/Developer/Library/Frameworks -c -j10 -enable-batch-mode -incremental -Xcc -ivfsstatcache -Xcc /Users/admin/builder/spi-builder-workspace/.derivedData/SDKStatCaches.noindex/xros27.0-24M361-e829b21a6f8c9b70876ba0858053c044735bd543db762f57723cac368afd1ce4.sdkstatcache -output-file-map /Users/admin/builder/spi-builder-workspace/.derivedData/Build/Intermediates.noindex/xctest-dynamic-overlay.build/Debug-xros/XCTestDynamicOverlay-t.build/Objects-normal/arm64/XCTestDynamicOverlay-OutputFileMap.json -save-temps -no-color-diagnostics -explicit-module-build -module-cache-path /Users/admin/builder/spi-builder-workspace/.derivedData/Build/Intermediates.noindex/SwiftExplicitPrecompiledModules -clang-scanner-module-cache-path /Users/admin/builder/spi-builder-workspace/.derivedData/ModuleCache.noindex -sdk-module-cache-path /Users/admin/builder/spi-builder-workspace/.derivedData/SDKExplicitPrecompiledModules -emit-dependencies -emit-module -emit-module-path /Users/admin/builder/spi-builder-workspace/.derivedData/Build/Intermediates.noindex/xctest-dynamic-overlay.build/Debug-xros/XCTestDynamicOverlay-t.build/Objects-normal/arm64/XCTestDynamicOverlay.swiftmodule -serialize-diagnostics -dependency-scan-serialize-diagnostics-path /Users/admin/builder/spi-builder-workspace/.derivedData/Build/Intermediates.noindex/xctest-dynamic-overlay.build/Debug-xros/XCTestDynamicOverlay-t.build/Objects-normal/arm64/XCTestDynamicOverlay-dependency-scan.dia -validate-clang-modules-once -clang-build-session-file /Users/admin/builder/spi-builder-workspace/.derivedData/ModuleCache.noindex/Session.modulevalidation -Xcc -fmodules-prune-interval\=86400 -Xcc -fmodules-prune-after\=345600 -emit-const-values -const-gather-protocols-list /Users/admin/builder/spi-builder-workspace/.derivedData/Build/Intermediates.noindex/xctest-dynamic-overlay.build/Debug-xros/XCTestDynamicOverlay-t.build/Objects-normal/arm64/XCTestDynamicOverlay_const_extract_protocols.json -Xcc -I/Users/admin/builder/spi-builder-workspace/.derivedData/Build/Products/Debug-xros/include -Xcc -I/Users/admin/builder/spi-builder-workspace/.derivedData/Build/Intermediates.noindex/xctest-dynamic-overlay.build/Debug-xros/XCTestDynamicOverlay-t.build/DerivedSources-normal/arm64 -Xcc -I/Users/admin/builder/spi-builder-workspace/.derivedData/Build/Intermediates.noindex/xctest-dynamic-overlay.build/Debug-xros/XCTestDynamicOverlay-t.build/DerivedSources/arm64 -Xcc -I/Users/admin/builder/spi-builder-workspace/.derivedData/Build/Intermediates.noindex/xctest-dynamic-overlay.build/Debug-xros/XCTestDynamicOverlay-t.build/DerivedSources -Xcc -DSWIFT_PACKAGE -Xcc -DDEBUG\=1 -emit-objc-header -emit-objc-header-path /Users/admin/builder/spi-builder-workspace/.derivedData/Build/Intermediates.noindex/xctest-dynamic-overlay.build/Debug-xros/XCTestDynamicOverlay-t.build/Objects-normal/arm64/XCTestDynamicOverlay-Swift.h -working-directory /Users/admin/builder/spi-builder-workspace/.swiftpm/xcode -experimental-emit-module-separately -disable-cmo
SwiftDriverJobDiscovery normal arm64 Emitting module for ArgumentParser (in target 'ArgumentParser' from project 'swift-argument-parser')
SwiftDriver\ Compilation\ Requirements ArgumentParser normal arm64 com.apple.xcode.tools.swift.compiler (in target 'ArgumentParser' from project 'swift-argument-parser')
    cd /Users/admin/builder/spi-builder-workspace/.swiftpm/xcode
    builtin-Swift-Compilation-Requirements -- /Applications/Xcode-27.0.0-Release.Candidate.app/Contents/Developer/Toolchains/XcodeDefault.xctoolchain/usr/bin/swiftc -parse-as-library -module-name ArgumentParser -Onone @/Users/admin/builder/spi-builder-workspace/.derivedData/Build/Intermediates.noindex/swift-argument-parser.build/Debug-xros/ArgumentParser-t.build/Objects-normal/arm64/ArgumentParser.SwiftFileList -DSWIFT_PACKAGE -DDEBUG -DSWIFT_MODULE_RESOURCE_BUNDLE_UNAVAILABLE -DXcode -plugin-path /Applications/Xcode-27.0.0-Release.Candidate.app/Contents/Developer/Toolchains/XcodeDefault.xctoolchain/usr/lib/swift/host/plugins/testing -enable-experimental-feature DebugDescriptionMacro -sdk /Applications/Xcode-27.0.0-Release.Candidate.app/Contents/Developer/Platforms/XROS.platform/Developer/SDKs/XROS27.0.sdk -target arm64-apple-xros1.0 -g -module-cache-path /Users/admin/builder/spi-builder-workspace/.derivedData/ModuleCache.noindex -Xfrontend -serialize-debugging-options -profile-coverage-mapping -profile-generate -enable-testing -suppress-warnings -index-store-path /Users/admin/builder/spi-builder-workspace/.derivedData/Index.noindex/DataStore -Xcc -D_LIBCPP_HARDENING_MODE\=_LIBCPP_HARDENING_MODE_DEBUG -swift-version 5 -I /Users/admin/builder/spi-builder-workspace/.derivedData/Build/Products/Debug-xros -Isystem /Applications/Xcode-27.0.0-Release.Candidate.app/Contents/Developer/Platforms/XROS.platform/Developer/usr/lib -F /Users/admin/builder/spi-builder-workspace/.derivedData/Build/Products/Debug-xros/PackageFrameworks -F /Users/admin/builder/spi-builder-workspace/.derivedData/Build/Products/Debug-xros -F /Applications/Xcode-27.0.0-Release.Candidate.app/Contents/Developer/Platforms/XROS.platform/Developer/Library/Frameworks -F /Applications/Xcode-27.0.0-Release.Candidate.app/Contents/Developer/Platforms/XROS.platform/Developer/SDKs/XROS27.0.sdk/Developer/Library/Frameworks -c -j10 -enable-batch-mode -incremental -Xcc -ivfsstatcache -Xcc /Users/admin/builder/spi-builder-workspace/.derivedData/SDKStatCaches.noindex/xros27.0-24M361-e829b21a6f8c9b70876ba0858053c044735bd543db762f57723cac368afd1ce4.sdkstatcache -output-file-map /Users/admin/builder/spi-builder-workspace/.derivedData/Build/Intermediates.noindex/swift-argument-parser.build/Debug-xros/ArgumentParser-t.build/Objects-normal/arm64/ArgumentParser-OutputFileMap.json -save-temps -no-color-diagnostics -explicit-module-build -module-cache-path /Users/admin/builder/spi-builder-workspace/.derivedData/Build/Intermediates.noindex/SwiftExplicitPrecompiledModules -clang-scanner-module-cache-path /Users/admin/builder/spi-builder-workspace/.derivedData/ModuleCache.noindex -sdk-module-cache-path /Users/admin/builder/spi-builder-workspace/.derivedData/SDKExplicitPrecompiledModules -emit-dependencies -emit-module -emit-module-path /Users/admin/builder/spi-builder-workspace/.derivedData/Build/Intermediates.noindex/swift-argument-parser.build/Debug-xros/ArgumentParser-t.build/Objects-normal/arm64/ArgumentParser.swiftmodule -serialize-diagnostics -dependency-scan-serialize-diagnostics-path /Users/admin/builder/spi-builder-workspace/.derivedData/Build/Intermediates.noindex/swift-argument-parser.build/Debug-xros/ArgumentParser-t.build/Objects-normal/arm64/ArgumentParser-dependency-scan.dia -validate-clang-modules-once -clang-build-session-file /Users/admin/builder/spi-builder-workspace/.derivedData/ModuleCache.noindex/Session.modulevalidation -Xcc -fmodules-prune-interval\=86400 -Xcc -fmodules-prune-after\=345600 -emit-const-values -const-gather-protocols-list /Users/admin/builder/spi-builder-workspace/.derivedData/Build/Intermediates.noindex/swift-argument-parser.build/Debug-xros/ArgumentParser-t.build/Objects-normal/arm64/ArgumentParser_const_extract_protocols.json -Xcc -I/Users/admin/builder/spi-builder-workspace/.derivedData/Build/Products/Debug-xros/include -Xcc -I/Users/admin/builder/spi-builder-workspace/.derivedData/Build/Intermediates.noindex/swift-argument-parser.build/Debug-xros/ArgumentParser-t.build/DerivedSources-normal/arm64 -Xcc -I/Users/admin/builder/spi-builder-workspace/.derivedData/Build/Intermediates.noindex/swift-argument-parser.build/Debug-xros/ArgumentParser-t.build/DerivedSources/arm64 -Xcc -I/Users/admin/builder/spi-builder-workspace/.derivedData/Build/Intermediates.noindex/swift-argument-parser.build/Debug-xros/ArgumentParser-t.build/DerivedSources -Xcc -DSWIFT_PACKAGE -Xcc -DDEBUG\=1 -emit-objc-header -emit-objc-header-path /Users/admin/builder/spi-builder-workspace/.derivedData/Build/Intermediates.noindex/swift-argument-parser.build/Debug-xros/ArgumentParser-t.build/Objects-normal/arm64/ArgumentParser-Swift.h -working-directory /Users/admin/builder/spi-builder-workspace/.swiftpm/xcode -experimental-emit-module-separately -disable-cmo
SwiftMergeGeneratedHeaders /Users/admin/builder/spi-builder-workspace/.derivedData/Build/Intermediates.noindex/GeneratedModuleMaps-xros/XCTestDynamicOverlay-Swift.h /Users/admin/builder/spi-builder-workspace/.derivedData/Build/Intermediates.noindex/xctest-dynamic-overlay.build/Debug-xros/XCTestDynamicOverlay-t.build/Objects-normal/arm64/XCTestDynamicOverlay-Swift.h (in target 'XCTestDynamicOverlay' from project 'xctest-dynamic-overlay')
    cd /Users/admin/builder/spi-builder-workspace/.dependencies/checkouts/xctest-dynamic-overlay
    builtin-swiftHeaderTool -arch arm64 /Users/admin/builder/spi-builder-workspace/.derivedData/Build/Intermediates.noindex/xctest-dynamic-overlay.build/Debug-xros/XCTestDynamicOverlay-t.build/Objects-normal/arm64/XCTestDynamicOverlay-Swift.h -o /Users/admin/builder/spi-builder-workspace/.derivedData/Build/Intermediates.noindex/GeneratedModuleMaps-xros/XCTestDynamicOverlay-Swift.h
Copy /Users/admin/builder/spi-builder-workspace/.derivedData/Build/Products/Debug-xros/XCTestDynamicOverlay.swiftmodule/arm64-apple-xros.swiftmodule /Users/admin/builder/spi-builder-workspace/.derivedData/Build/Intermediates.noindex/xctest-dynamic-overlay.build/Debug-xros/XCTestDynamicOverlay-t.build/Objects-normal/arm64/XCTestDynamicOverlay.swiftmodule (in target 'XCTestDynamicOverlay' from project 'xctest-dynamic-overlay')
    cd /Users/admin/builder/spi-builder-workspace/.dependencies/checkouts/xctest-dynamic-overlay
    builtin-copy -exclude .DS_Store -exclude CVS -exclude .svn -exclude .git -exclude .hg -resolve-src-symlinks -rename /Users/admin/builder/spi-builder-workspace/.derivedData/Build/Intermediates.noindex/xctest-dynamic-overlay.build/Debug-xros/XCTestDynamicOverlay-t.build/Objects-normal/arm64/XCTestDynamicOverlay.swiftmodule /Users/admin/builder/spi-builder-workspace/.derivedData/Build/Products/Debug-xros/XCTestDynamicOverlay.swiftmodule/arm64-apple-xros.swiftmodule
Copy /Users/admin/builder/spi-builder-workspace/.derivedData/Build/Products/Debug-xros/XCTestDynamicOverlay.swiftmodule/arm64-apple-xros.swiftdoc /Users/admin/builder/spi-builder-workspace/.derivedData/Build/Intermediates.noindex/xctest-dynamic-overlay.build/Debug-xros/XCTestDynamicOverlay-t.build/Objects-normal/arm64/XCTestDynamicOverlay.swiftdoc (in target 'XCTestDynamicOverlay' from project 'xctest-dynamic-overlay')
    cd /Users/admin/builder/spi-builder-workspace/.dependencies/checkouts/xctest-dynamic-overlay
    builtin-copy -exclude .DS_Store -exclude CVS -exclude .svn -exclude .git -exclude .hg -resolve-src-symlinks -rename /Users/admin/builder/spi-builder-workspace/.derivedData/Build/Intermediates.noindex/xctest-dynamic-overlay.build/Debug-xros/XCTestDynamicOverlay-t.build/Objects-normal/arm64/XCTestDynamicOverlay.swiftdoc /Users/admin/builder/spi-builder-workspace/.derivedData/Build/Products/Debug-xros/XCTestDynamicOverlay.swiftmodule/arm64-apple-xros.swiftdoc
Copy /Users/admin/builder/spi-builder-workspace/.derivedData/Build/Products/Debug-xros/XCTestDynamicOverlay.swiftmodule/arm64-apple-xros.abi.json /Users/admin/builder/spi-builder-workspace/.derivedData/Build/Intermediates.noindex/xctest-dynamic-overlay.build/Debug-xros/XCTestDynamicOverlay-t.build/Objects-normal/arm64/XCTestDynamicOverlay.abi.json (in target 'XCTestDynamicOverlay' from project 'xctest-dynamic-overlay')
    cd /Users/admin/builder/spi-builder-workspace/.dependencies/checkouts/xctest-dynamic-overlay
    builtin-copy -exclude .DS_Store -exclude CVS -exclude .svn -exclude .git -exclude .hg -resolve-src-symlinks -rename /Users/admin/builder/spi-builder-workspace/.derivedData/Build/Intermediates.noindex/xctest-dynamic-overlay.build/Debug-xros/XCTestDynamicOverlay-t.build/Objects-normal/arm64/XCTestDynamicOverlay.abi.json /Users/admin/builder/spi-builder-workspace/.derivedData/Build/Products/Debug-xros/XCTestDynamicOverlay.swiftmodule/arm64-apple-xros.abi.json
Copy /Users/admin/builder/spi-builder-workspace/.derivedData/Build/Products/Debug-xros/XCTestDynamicOverlay.swiftmodule/Project/arm64-apple-xros.swiftsourceinfo /Users/admin/builder/spi-builder-workspace/.derivedData/Build/Intermediates.noindex/xctest-dynamic-overlay.build/Debug-xros/XCTestDynamicOverlay-t.build/Objects-normal/arm64/XCTestDynamicOverlay.swiftsourceinfo (in target 'XCTestDynamicOverlay' from project 'xctest-dynamic-overlay')
    cd /Users/admin/builder/spi-builder-workspace/.dependencies/checkouts/xctest-dynamic-overlay
    builtin-copy -exclude .DS_Store -exclude CVS -exclude .svn -exclude .git -exclude .hg -resolve-src-symlinks -rename /Users/admin/builder/spi-builder-workspace/.derivedData/Build/Intermediates.noindex/xctest-dynamic-overlay.build/Debug-xros/XCTestDynamicOverlay-t.build/Objects-normal/arm64/XCTestDynamicOverlay.swiftsourceinfo /Users/admin/builder/spi-builder-workspace/.derivedData/Build/Products/Debug-xros/XCTestDynamicOverlay.swiftmodule/Project/arm64-apple-xros.swiftsourceinfo
SwiftMergeGeneratedHeaders /Users/admin/builder/spi-builder-workspace/.derivedData/Build/Intermediates.noindex/GeneratedModuleMaps-xros/ArgumentParser-Swift.h /Users/admin/builder/spi-builder-workspace/.derivedData/Build/Intermediates.noindex/swift-argument-parser.build/Debug-xros/ArgumentParser-t.build/Objects-normal/arm64/ArgumentParser-Swift.h (in target 'ArgumentParser' from project 'swift-argument-parser')
    cd /Users/admin/builder/spi-builder-workspace/.dependencies/checkouts/swift-argument-parser
    builtin-swiftHeaderTool -arch arm64 /Users/admin/builder/spi-builder-workspace/.derivedData/Build/Intermediates.noindex/swift-argument-parser.build/Debug-xros/ArgumentParser-t.build/Objects-normal/arm64/ArgumentParser-Swift.h -o /Users/admin/builder/spi-builder-workspace/.derivedData/Build/Intermediates.noindex/GeneratedModuleMaps-xros/ArgumentParser-Swift.h
Copy /Users/admin/builder/spi-builder-workspace/.derivedData/Build/Products/Debug-xros/ArgumentParser.swiftmodule/arm64-apple-xros.swiftmodule /Users/admin/builder/spi-builder-workspace/.derivedData/Build/Intermediates.noindex/swift-argument-parser.build/Debug-xros/ArgumentParser-t.build/Objects-normal/arm64/ArgumentParser.swiftmodule (in target 'ArgumentParser' from project 'swift-argument-parser')
    cd /Users/admin/builder/spi-builder-workspace/.dependencies/checkouts/swift-argument-parser
    builtin-copy -exclude .DS_Store -exclude CVS -exclude .svn -exclude .git -exclude .hg -resolve-src-symlinks -rename /Users/admin/builder/spi-builder-workspace/.derivedData/Build/Intermediates.noindex/swift-argument-parser.build/Debug-xros/ArgumentParser-t.build/Objects-normal/arm64/ArgumentParser.swiftmodule /Users/admin/builder/spi-builder-workspace/.derivedData/Build/Products/Debug-xros/ArgumentParser.swiftmodule/arm64-apple-xros.swiftmodule
Copy /Users/admin/builder/spi-builder-workspace/.derivedData/Build/Products/Debug-xros/ArgumentParser.swiftmodule/arm64-apple-xros.swiftdoc /Users/admin/builder/spi-builder-workspace/.derivedData/Build/Intermediates.noindex/swift-argument-parser.build/Debug-xros/ArgumentParser-t.build/Objects-normal/arm64/ArgumentParser.swiftdoc (in target 'ArgumentParser' from project 'swift-argument-parser')
    cd /Users/admin/builder/spi-builder-workspace/.dependencies/checkouts/swift-argument-parser
    builtin-copy -exclude .DS_Store -exclude CVS -exclude .svn -exclude .git -exclude .hg -resolve-src-symlinks -rename /Users/admin/builder/spi-builder-workspace/.derivedData/Build/Intermediates.noindex/swift-argument-parser.build/Debug-xros/ArgumentParser-t.build/Objects-normal/arm64/ArgumentParser.swiftdoc /Users/admin/builder/spi-builder-workspace/.derivedData/Build/Products/Debug-xros/ArgumentParser.swiftmodule/arm64-apple-xros.swiftdoc
Copy /Users/admin/builder/spi-builder-workspace/.derivedData/Build/Products/Debug-xros/ArgumentParser.swiftmodule/arm64-apple-xros.abi.json /Users/admin/builder/spi-builder-workspace/.derivedData/Build/Intermediates.noindex/swift-argument-parser.build/Debug-xros/ArgumentParser-t.build/Objects-normal/arm64/ArgumentParser.abi.json (in target 'ArgumentParser' from project 'swift-argument-parser')
    cd /Users/admin/builder/spi-builder-workspace/.dependencies/checkouts/swift-argument-parser
    builtin-copy -exclude .DS_Store -exclude CVS -exclude .svn -exclude .git -exclude .hg -resolve-src-symlinks -rename /Users/admin/builder/spi-builder-workspace/.derivedData/Build/Intermediates.noindex/swift-argument-parser.build/Debug-xros/ArgumentParser-t.build/Objects-normal/arm64/ArgumentParser.abi.json /Users/admin/builder/spi-builder-workspace/.derivedData/Build/Products/Debug-xros/ArgumentParser.swiftmodule/arm64-apple-xros.abi.json
Copy /Users/admin/builder/spi-builder-workspace/.derivedData/Build/Products/Debug-xros/ArgumentParser.swiftmodule/Project/arm64-apple-xros.swiftsourceinfo /Users/admin/builder/spi-builder-workspace/.derivedData/Build/Intermediates.noindex/swift-argument-parser.build/Debug-xros/ArgumentParser-t.build/Objects-normal/arm64/ArgumentParser.swiftsourceinfo (in target 'ArgumentParser' from project 'swift-argument-parser')
    cd /Users/admin/builder/spi-builder-workspace/.dependencies/checkouts/swift-argument-parser
    builtin-copy -exclude .DS_Store -exclude CVS -exclude .svn -exclude .git -exclude .hg -resolve-src-symlinks -rename /Users/admin/builder/spi-builder-workspace/.derivedData/Build/Intermediates.noindex/swift-argument-parser.build/Debug-xros/ArgumentParser-t.build/Objects-normal/arm64/ArgumentParser.swiftsourceinfo /Users/admin/builder/spi-builder-workspace/.derivedData/Build/Products/Debug-xros/ArgumentParser.swiftmodule/Project/arm64-apple-xros.swiftsourceinfo
SwiftCompile normal arm64 Compiling\ GeneratePlaceholder.swift /Users/admin/builder/spi-builder-workspace/.dependencies/checkouts/xctest-dynamic-overlay/Sources/XCTestDynamicOverlay/Internal/GeneratePlaceholder.swift (in target 'XCTestDynamicOverlay' from project 'xctest-dynamic-overlay')
SwiftCompile normal arm64 /Users/admin/builder/spi-builder-workspace/.dependencies/checkouts/xctest-dynamic-overlay/Sources/XCTestDynamicOverlay/Internal/GeneratePlaceholder.swift (in target 'XCTestDynamicOverlay' from project 'xctest-dynamic-overlay')
    cd /Users/admin/builder/spi-builder-workspace/.swiftpm/xcode
    builtin-SwiftPerFileCompile GeneratePlaceholder.swift
SwiftDriverJobDiscovery normal arm64 Emitting module for RxSwift (in target 'RxSwift' from project 'RxSwift')
SwiftCompile normal arm64 Compiling\ Unimplemented.swift /Users/admin/builder/spi-builder-workspace/.dependencies/checkouts/xctest-dynamic-overlay/Sources/XCTestDynamicOverlay/Unimplemented.swift (in target 'XCTestDynamicOverlay' from project 'xctest-dynamic-overlay')
SwiftCompile normal arm64 /Users/admin/builder/spi-builder-workspace/.dependencies/checkouts/xctest-dynamic-overlay/Sources/XCTestDynamicOverlay/Unimplemented.swift (in target 'XCTestDynamicOverlay' from project 'xctest-dynamic-overlay')
    cd /Users/admin/builder/spi-builder-workspace/.swiftpm/xcode
    builtin-SwiftPerFileCompile Unimplemented.swift
SwiftDriver\ Compilation\ Requirements RxSwift normal arm64 com.apple.xcode.tools.swift.compiler (in target 'RxSwift' from project 'RxSwift')
    cd /Users/admin/builder/spi-builder-workspace/.swiftpm/xcode
    builtin-Swift-Compilation-Requirements -- /Applications/Xcode-27.0.0-Release.Candidate.app/Contents/Developer/Toolchains/XcodeDefault.xctoolchain/usr/bin/swiftc -parse-as-library -module-name RxSwift -Onone @/Users/admin/builder/spi-builder-workspace/.derivedData/Build/Intermediates.noindex/RxSwift.build/Debug-xros/RxSwift-t.build/Objects-normal/arm64/RxSwift.SwiftFileList -DSWIFT_PACKAGE -DDEBUG -DSWIFT_MODULE_RESOURCE_BUNDLE_UNAVAILABLE -DXcode -plugin-path /Applications/Xcode-27.0.0-Release.Candidate.app/Contents/Developer/Toolchains/XcodeDefault.xctoolchain/usr/lib/swift/host/plugins/testing -enable-experimental-feature DebugDescriptionMacro -sdk /Applications/Xcode-27.0.0-Release.Candidate.app/Contents/Developer/Platforms/XROS.platform/Developer/SDKs/XROS27.0.sdk -target arm64-apple-xros1.0 -g -module-cache-path /Users/admin/builder/spi-builder-workspace/.derivedData/ModuleCache.noindex -Xfrontend -serialize-debugging-options -profile-coverage-mapping -profile-generate -enable-testing -suppress-warnings -index-store-path /Users/admin/builder/spi-builder-workspace/.derivedData/Index.noindex/DataStore -Xcc -D_LIBCPP_HARDENING_MODE\=_LIBCPP_HARDENING_MODE_DEBUG -swift-version 5 -I /Users/admin/builder/spi-builder-workspace/.derivedData/Build/Products/Debug-xros -Isystem /Applications/Xcode-27.0.0-Release.Candidate.app/Contents/Developer/Platforms/XROS.platform/Developer/usr/lib -F /Users/admin/builder/spi-builder-workspace/.derivedData/Build/Products/Debug-xros -F /Applications/Xcode-27.0.0-Release.Candidate.app/Contents/Developer/Platforms/XROS.platform/Developer/Library/Frameworks -F /Applications/Xcode-27.0.0-Release.Candidate.app/Contents/Developer/Platforms/XROS.platform/Developer/SDKs/XROS27.0.sdk/Developer/Library/Frameworks -c -j10 -enable-batch-mode -incremental -Xcc -ivfsstatcache -Xcc /Users/admin/builder/spi-builder-workspace/.derivedData/SDKStatCaches.noindex/xros27.0-24M361-e829b21a6f8c9b70876ba0858053c044735bd543db762f57723cac368afd1ce4.sdkstatcache -output-file-map /Users/admin/builder/spi-builder-workspace/.derivedData/Build/Intermediates.noindex/RxSwift.build/Debug-xros/RxSwift-t.build/Objects-normal/arm64/RxSwift-OutputFileMap.json -save-temps -no-color-diagnostics -explicit-module-build -module-cache-path /Users/admin/builder/spi-builder-workspace/.derivedData/Build/Intermediates.noindex/SwiftExplicitPrecompiledModules -clang-scanner-module-cache-path /Users/admin/builder/spi-builder-workspace/.derivedData/ModuleCache.noindex -sdk-module-cache-path /Users/admin/builder/spi-builder-workspace/.derivedData/SDKExplicitPrecompiledModules -emit-dependencies -emit-module -emit-module-path /Users/admin/builder/spi-builder-workspace/.derivedData/Build/Intermediates.noindex/RxSwift.build/Debug-xros/RxSwift-t.build/Objects-normal/arm64/RxSwift.swiftmodule -serialize-diagnostics -dependency-scan-serialize-diagnostics-path /Users/admin/builder/spi-builder-workspace/.derivedData/Build/Intermediates.noindex/RxSwift.build/Debug-xros/RxSwift-t.build/Objects-normal/arm64/RxSwift-dependency-scan.dia -validate-clang-modules-once -clang-build-session-file /Users/admin/builder/spi-builder-workspace/.derivedData/ModuleCache.noindex/Session.modulevalidation -Xcc -fmodules-prune-interval\=86400 -Xcc -fmodules-prune-after\=345600 -emit-const-values -const-gather-protocols-list /Users/admin/builder/spi-builder-workspace/.derivedData/Build/Intermediates.noindex/RxSwift.build/Debug-xros/RxSwift-t.build/Objects-normal/arm64/RxSwift_const_extract_protocols.json -Xcc -I/Users/admin/builder/spi-builder-workspace/.derivedData/Build/Products/Debug-xros/include -Xcc -I/Users/admin/builder/spi-builder-workspace/.derivedData/Build/Intermediates.noindex/RxSwift.build/Debug-xros/RxSwift-t.build/DerivedSources-normal/arm64 -Xcc -I/Users/admin/builder/spi-builder-workspace/.derivedData/Build/Intermediates.noindex/RxSwift.build/Debug-xros/RxSwift-t.build/DerivedSources/arm64 -Xcc -I/Users/admin/builder/spi-builder-workspace/.derivedData/Build/Intermediates.noindex/RxSwift.build/Debug-xros/RxSwift-t.build/DerivedSources -Xcc -DSWIFT_PACKAGE -Xcc -DDEBUG\=1 -emit-objc-header -emit-objc-header-path /Users/admin/builder/spi-builder-workspace/.derivedData/Build/Intermediates.noindex/RxSwift.build/Debug-xros/RxSwift-t.build/Objects-normal/arm64/RxSwift-Swift.h -working-directory /Users/admin/builder/spi-builder-workspace/.swiftpm/xcode -experimental-emit-module-separately -disable-cmo
SwiftDriverJobDiscovery normal arm64 Compiling GeneratePlaceholder.swift (in target 'XCTestDynamicOverlay' from project 'xctest-dynamic-overlay')
SwiftCompile normal arm64 Compiling\ XCTIsTesting.swift /Users/admin/builder/spi-builder-workspace/.dependencies/checkouts/xctest-dynamic-overlay/Sources/XCTestDynamicOverlay/XCTIsTesting.swift (in target 'XCTestDynamicOverlay' from project 'xctest-dynamic-overlay')
SwiftCompile normal arm64 /Users/admin/builder/spi-builder-workspace/.dependencies/checkouts/xctest-dynamic-overlay/Sources/XCTestDynamicOverlay/XCTIsTesting.swift (in target 'XCTestDynamicOverlay' from project 'xctest-dynamic-overlay')
    cd /Users/admin/builder/spi-builder-workspace/.swiftpm/xcode
    builtin-SwiftPerFileCompile XCTIsTesting.swift
SwiftMergeGeneratedHeaders /Users/admin/builder/spi-builder-workspace/.derivedData/Build/Intermediates.noindex/GeneratedModuleMaps-xros/RxSwift-Swift.h /Users/admin/builder/spi-builder-workspace/.derivedData/Build/Intermediates.noindex/RxSwift.build/Debug-xros/RxSwift-t.build/Objects-normal/arm64/RxSwift-Swift.h (in target 'RxSwift' from project 'RxSwift')
    cd /Users/admin/builder/spi-builder-workspace/.dependencies/checkouts/RxSwift
    builtin-swiftHeaderTool -arch arm64 /Users/admin/builder/spi-builder-workspace/.derivedData/Build/Intermediates.noindex/RxSwift.build/Debug-xros/RxSwift-t.build/Objects-normal/arm64/RxSwift-Swift.h -o /Users/admin/builder/spi-builder-workspace/.derivedData/Build/Intermediates.noindex/GeneratedModuleMaps-xros/RxSwift-Swift.h
SwiftDriverJobDiscovery normal arm64 Compiling Unimplemented.swift (in target 'XCTestDynamicOverlay' from project 'xctest-dynamic-overlay')
Copy /Users/admin/builder/spi-builder-workspace/.derivedData/Build/Products/Debug-xros/RxSwift.swiftmodule/arm64-apple-xros.swiftmodule /Users/admin/builder/spi-builder-workspace/.derivedData/Build/Intermediates.noindex/RxSwift.build/Debug-xros/RxSwift-t.build/Objects-normal/arm64/RxSwift.swiftmodule (in target 'RxSwift' from project 'RxSwift')
    cd /Users/admin/builder/spi-builder-workspace/.dependencies/checkouts/RxSwift
    builtin-copy -exclude .DS_Store -exclude CVS -exclude .svn -exclude .git -exclude .hg -resolve-src-symlinks -rename /Users/admin/builder/spi-builder-workspace/.derivedData/Build/Intermediates.noindex/RxSwift.build/Debug-xros/RxSwift-t.build/Objects-normal/arm64/RxSwift.swiftmodule /Users/admin/builder/spi-builder-workspace/.derivedData/Build/Products/Debug-xros/RxSwift.swiftmodule/arm64-apple-xros.swiftmodule
Copy /Users/admin/builder/spi-builder-workspace/.derivedData/Build/Products/Debug-xros/RxSwift.swiftmodule/arm64-apple-xros.swiftdoc /Users/admin/builder/spi-builder-workspace/.derivedData/Build/Intermediates.noindex/RxSwift.build/Debug-xros/RxSwift-t.build/Objects-normal/arm64/RxSwift.swiftdoc (in target 'RxSwift' from project 'RxSwift')
    cd /Users/admin/builder/spi-builder-workspace/.dependencies/checkouts/RxSwift
    builtin-copy -exclude .DS_Store -exclude CVS -exclude .svn -exclude .git -exclude .hg -resolve-src-symlinks -rename /Users/admin/builder/spi-builder-workspace/.derivedData/Build/Intermediates.noindex/RxSwift.build/Debug-xros/RxSwift-t.build/Objects-normal/arm64/RxSwift.swiftdoc /Users/admin/builder/spi-builder-workspace/.derivedData/Build/Products/Debug-xros/RxSwift.swiftmodule/arm64-apple-xros.swiftdoc
Copy /Users/admin/builder/spi-builder-workspace/.derivedData/Build/Products/Debug-xros/RxSwift.swiftmodule/arm64-apple-xros.abi.json /Users/admin/builder/spi-builder-workspace/.derivedData/Build/Intermediates.noindex/RxSwift.build/Debug-xros/RxSwift-t.build/Objects-normal/arm64/RxSwift.abi.json (in target 'RxSwift' from project 'RxSwift')
    cd /Users/admin/builder/spi-builder-workspace/.dependencies/checkouts/RxSwift
    builtin-copy -exclude .DS_Store -exclude CVS -exclude .svn -exclude .git -exclude .hg -resolve-src-symlinks -rename /Users/admin/builder/spi-builder-workspace/.derivedData/Build/Intermediates.noindex/RxSwift.build/Debug-xros/RxSwift-t.build/Objects-normal/arm64/RxSwift.abi.json /Users/admin/builder/spi-builder-workspace/.derivedData/Build/Products/Debug-xros/RxSwift.swiftmodule/arm64-apple-xros.abi.json
Copy /Users/admin/builder/spi-builder-workspace/.derivedData/Build/Products/Debug-xros/RxSwift.swiftmodule/Project/arm64-apple-xros.swiftsourceinfo /Users/admin/builder/spi-builder-workspace/.derivedData/Build/Intermediates.noindex/RxSwift.build/Debug-xros/RxSwift-t.build/Objects-normal/arm64/RxSwift.swiftsourceinfo (in target 'RxSwift' from project 'RxSwift')
    cd /Users/admin/builder/spi-builder-workspace/.dependencies/checkouts/RxSwift
    builtin-copy -exclude .DS_Store -exclude CVS -exclude .svn -exclude .git -exclude .hg -resolve-src-symlinks -rename /Users/admin/builder/spi-builder-workspace/.derivedData/Build/Intermediates.noindex/RxSwift.build/Debug-xros/RxSwift-t.build/Objects-normal/arm64/RxSwift.swiftsourceinfo /Users/admin/builder/spi-builder-workspace/.derivedData/Build/Products/Debug-xros/RxSwift.swiftmodule/Project/arm64-apple-xros.swiftsourceinfo
SwiftCompile normal arm64 Compiling\ XCTFail.swift /Users/admin/builder/spi-builder-workspace/.dependencies/checkouts/xctest-dynamic-overlay/Sources/XCTestDynamicOverlay/XCTFail.swift (in target 'XCTestDynamicOverlay' from project 'xctest-dynamic-overlay')
SwiftCompile normal arm64 /Users/admin/builder/spi-builder-workspace/.dependencies/checkouts/xctest-dynamic-overlay/Sources/XCTestDynamicOverlay/XCTFail.swift (in target 'XCTestDynamicOverlay' from project 'xctest-dynamic-overlay')
    cd /Users/admin/builder/spi-builder-workspace/.swiftpm/xcode
    builtin-SwiftPerFileCompile XCTFail.swift
SwiftCompile normal arm64 Compiling\ XCTCurrentTestCase.swift /Users/admin/builder/spi-builder-workspace/.dependencies/checkouts/xctest-dynamic-overlay/Sources/XCTestDynamicOverlay/Internal/XCTCurrentTestCase.swift (in target 'XCTestDynamicOverlay' from project 'xctest-dynamic-overlay')
SwiftCompile normal arm64 /Users/admin/builder/spi-builder-workspace/.dependencies/checkouts/xctest-dynamic-overlay/Sources/XCTestDynamicOverlay/Internal/XCTCurrentTestCase.swift (in target 'XCTestDynamicOverlay' from project 'xctest-dynamic-overlay')
    cd /Users/admin/builder/spi-builder-workspace/.swiftpm/xcode
    builtin-SwiftPerFileCompile XCTCurrentTestCase.swift
SwiftDriverJobDiscovery normal arm64 Compiling RuntimeWarnings.swift (in target 'XCTestDynamicOverlay' from project 'xctest-dynamic-overlay')
SwiftCompile normal arm64 Compiling\ Deprecations.swift /Users/admin/builder/spi-builder-workspace/.dependencies/checkouts/xctest-dynamic-overlay/Sources/XCTestDynamicOverlay/Internal/Deprecations.swift (in target 'XCTestDynamicOverlay' from project 'xctest-dynamic-overlay')
SwiftCompile normal arm64 /Users/admin/builder/spi-builder-workspace/.dependencies/checkouts/xctest-dynamic-overlay/Sources/XCTestDynamicOverlay/Internal/Deprecations.swift (in target 'XCTestDynamicOverlay' from project 'xctest-dynamic-overlay')
    cd /Users/admin/builder/spi-builder-workspace/.swiftpm/xcode
    builtin-SwiftPerFileCompile Deprecations.swift
PruneExplicitPrecompiledModules /Users/admin/builder/spi-builder-workspace/.derivedData/Build/Intermediates.noindex/ExplicitPrecompiledModules
PruneExplicitPrecompiledModules /Users/admin/builder/spi-builder-workspace/.derivedData/SDKExplicitPrecompiledModules
PruneExplicitPrecompiledModules /Users/admin/builder/spi-builder-workspace/.derivedData/Build/Intermediates.noindex/SwiftExplicitPrecompiledModules
2026-09-20 01:57:23.407 xcodebuild[1038:5976] [MT] IDERunDestination: Supported platforms for the buildables in the current scheme is empty.
** BUILD FAILED **
The following build commands failed:
	SwiftCompile normal arm64 Compiling\ CurrentThreadScheduler.swift,\ Date+Dispatch.swift,\ Debounce.swift,\ Debug.swift,\ DefaultIfEmpty.swift,\ Deferred.swift,\ Delay.swift,\ DelaySubscription.swift,\ Dematerialize.swift,\ Deprecated.swift,\ DispatchQueue+Extensions.swift,\ DispatchQueueConfiguration.swift,\ Disposable.swift,\ Disposables.swift,\ DisposeBag.swift /Users/admin/builder/spi-builder-workspace/.dependencies/checkouts/RxSwift/Sources/RxSwift/CurrentThreadScheduler.swift /Users/admin/builder/spi-builder-workspace/.dependencies/checkouts/RxSwift/Sources/RxSwift/Date+Dispatch.swift /Users/admin/builder/spi-builder-workspace/.dependencies/checkouts/RxSwift/Sources/RxSwift/Debounce.swift /Users/admin/builder/spi-builder-workspace/.dependencies/checkouts/RxSwift/Sources/RxSwift/Debug.swift /Users/admin/builder/spi-builder-workspace/.dependencies/checkouts/RxSwift/Sources/RxSwift/DefaultIfEmpty.swift /Users/admin/builder/spi-builder-workspace/.dependencies/checkouts/RxSwift/Sources/RxSwift/Deferred.swift /Users/admin/builder/spi-builder-workspace/.dependencies/checkouts/RxSwift/Sources/RxSwift/Delay.swift /Users/admin/builder/spi-builder-workspace/.dependencies/checkouts/RxSwift/Sources/RxSwift/DelaySubscription.swift /Users/admin/builder/spi-builder-workspace/.dependencies/checkouts/RxSwift/Sources/RxSwift/Dematerialize.swift /Users/admin/builder/spi-builder-workspace/.dependencies/checkouts/RxSwift/Sources/RxSwift/Deprecated.swift /Users/admin/builder/spi-builder-workspace/.dependencies/checkouts/RxSwift/Sources/RxSwift/DispatchQueue+Extensions.swift /Users/admin/builder/spi-builder-workspace/.dependencies/checkouts/RxSwift/Sources/RxSwift/DispatchQueueConfiguration.swift /Users/admin/builder/spi-builder-workspace/.dependencies/checkouts/RxSwift/Sources/RxSwift/Disposable.swift /Users/admin/builder/spi-builder-workspace/.dependencies/checkouts/RxSwift/Sources/RxSwift/Disposables.swift /Users/admin/builder/spi-builder-workspace/.dependencies/checkouts/RxSwift/Sources/RxSwift/DisposeBag.swift (in target 'RxSwift' from project 'RxSwift')
	SwiftCompile normal arm64 /Users/admin/builder/spi-builder-workspace/.dependencies/checkouts/RxSwift/Sources/RxSwift/CurrentThreadScheduler.swift (in target 'RxSwift' from project 'RxSwift')
	Building workspace RxComposableArchitecture with scheme RxComposableArchitecture-Package
(3 failures)
Command line invocation:
    /Applications/Xcode-27.0.0-Release.Candidate.app/Contents/Developer/usr/bin/xcodebuild -IDEClonedSourcePackagesDirPathOverride=/Users/admin/builder/spi-builder-workspace/.dependencies -resolvePackageDependencies
Resolve Package Graph
Resolved source packages:
  swift-custom-dump: https://github.com/pointfreeco/swift-custom-dump @ 0.11.2
  swift-case-paths: https://github.com/pointfreeco/swift-case-paths @ 0.10.1
  swift-argument-parser: https://github.com/apple/swift-argument-parser @ 1.1.4
  swift-dependencies: https://github.com/pointfreeco/swift-dependencies @ 0.6.0
  RxComposableArchitecture: /Users/admin/builder/spi-builder-workspace
  RxSwift: https://github.com/ReactiveX/RxSwift @ 5.1.3
  Benchmark: https://github.com/google/swift-benchmark @ 0.1.2
  swift-clocks: https://github.com/pointfreeco/swift-clocks @ 0.4.0
  xctest-dynamic-overlay: https://github.com/pointfreeco/xctest-dynamic-overlay @ 0.9.0
  combine-schedulers: https://github.com/pointfreeco/combine-schedulers @ 0.11.0
  swift-concurrency-extras: https://github.com/pointfreeco/swift-concurrency-extras @ 0.1.2
resolved source packages: swift-custom-dump, swift-case-paths, swift-argument-parser, swift-dependencies, RxComposableArchitecture, RxSwift, Benchmark, swift-clocks, xctest-dynamic-overlay, combine-schedulers, swift-concurrency-extras
2026-09-20 01:57:33.900 xcodebuild[1245:7099] [MT] IDERunDestination: Supported platforms for the buildables in the current scheme is empty.
{
  "dependencies" : [
    {
      "identity" : "rxswift",
      "requirement" : {
        "range" : [
          {
            "lower_bound" : "5.1.1",
            "upper_bound" : "6.0.0"
          }
        ]
      },
      "type" : "sourceControl",
      "url" : "https://github.com/ReactiveX/RxSwift"
    },
    {
      "identity" : "swift-case-paths",
      "requirement" : {
        "range" : [
          {
            "lower_bound" : "0.8.1",
            "upper_bound" : "1.0.0"
          }
        ]
      },
      "type" : "sourceControl",
      "url" : "https://github.com/pointfreeco/swift-case-paths"
    },
    {
      "identity" : "swift-benchmark",
      "requirement" : {
        "range" : [
          {
            "lower_bound" : "0.1.0",
            "upper_bound" : "1.0.0"
          }
        ]
      },
      "type" : "sourceControl",
      "url" : "https://github.com/google/swift-benchmark"
    },
    {
      "identity" : "xctest-dynamic-overlay",
      "requirement" : {
        "range" : [
          {
            "lower_bound" : "0.8.5",
            "upper_bound" : "1.0.0"
          }
        ]
      },
      "type" : "sourceControl",
      "url" : "https://github.com/pointfreeco/xctest-dynamic-overlay"
    },
    {
      "identity" : "swift-custom-dump",
      "requirement" : {
        "range" : [
          {
            "lower_bound" : "0.9.1",
            "upper_bound" : "1.0.0"
          }
        ]
      },
      "type" : "sourceControl",
      "url" : "https://github.com/pointfreeco/swift-custom-dump"
    },
    {
      "identity" : "swift-dependencies",
      "requirement" : {
        "range" : [
          {
            "lower_bound" : "0.2.0",
            "upper_bound" : "1.0.0"
          }
        ]
      },
      "type" : "sourceControl",
      "url" : "https://github.com/pointfreeco/swift-dependencies"
    }
  ],
  "manifest_display_name" : "RxComposableArchitecture",
  "name" : "RxComposableArchitecture",
  "path" : "/Users/admin/builder/spi-builder-workspace",
  "platforms" : [
    {
      "name" : "ios",
      "version" : "13.0"
    },
    {
      "name" : "macos",
      "version" : "10.15"
    }
  ],
  "products" : [
    {
      "name" : "RxComposableArchitecture",
      "targets" : [
        "RxComposableArchitecture"
      ],
      "type" : {
        "library" : [
          "automatic"
        ]
      }
    },
    {
      "name" : "RxComposableArchitecture-Benchmark",
      "targets" : [
        "RxComposableArchitecture-Benchmark"
      ],
      "type" : {
        "executable" : null
      }
    }
  ],
  "targets" : [
    {
      "c99name" : "RxComposableArchitectureTests",
      "module_type" : "SwiftTarget",
      "name" : "RxComposableArchitectureTests",
      "path" : "Tests/RxComposableArchitectureTests",
      "product_dependencies" : [
        "CustomDump"
      ],
      "sources" : [
        "BindingLocalTests.swift",
        "BootstrapTests.swift",
        "DependencyKeyWritingReducerTests.swift",
        "EffectCancellationTests.swift",
        "EffectDebounceTests.swift",
        "EffectDeferredTests.swift",
        "EffectOperationTests.swift",
        "EffectRunTests.swift",
        "EffectTaskTests.swift",
        "EffectTests.swift",
        "EffectThrottleTests.swift",
        "ForEachReducerTests.swift",
        "IdentifiedArrayTests.swift",
        "IfCaseLetReducerTests.swift",
        "IfLetReducerTests.swift",
        "LCRNG.swift",
        "MemoryManagementTests.swift",
        "NeverEqualTests.swift",
        "ReducerBuilderTests.swift",
        "ReducerTests.swift",
        "RuntimeWarningTests.swift",
        "RxComposableArchitectureTests.swift",
        "ScopeTests.swift",
        "SingleSelectionSelectableTypeTests.swift",
        "SingleSelectionTests.swift",
        "StoreFilterTests.swift",
        "StoreOldScopeTest.swift",
        "StoreTests.swift",
        "TaskCancellationTests.swift",
        "TaskResultTests.swift",
        "TestStoreFailureTests.swift",
        "TestStoreNonExhaustiveTests.swift",
        "TestStoreOldScopeTests.swift",
        "TestStoreTests.swift",
        "TimerTests.swift",
        "ViewStoreTests.swift"
      ],
      "target_dependencies" : [
        "RxComposableArchitecture"
      ],
      "type" : "test"
    },
    {
      "c99name" : "RxComposableArchitecture_Benchmark",
      "module_type" : "SwiftTarget",
      "name" : "RxComposableArchitecture-Benchmark",
      "path" : "Sources/RxComposableArchitecture-Benchmark",
      "product_dependencies" : [
        "Benchmark"
      ],
      "product_memberships" : [
        "RxComposableArchitecture-Benchmark"
      ],
      "sources" : [
        "Common.swift",
        "Dependencies.swift",
        "Effect.swift",
        "StoreScope.swift",
        "main.swift"
      ],
      "target_dependencies" : [
        "RxComposableArchitecture"
      ],
      "type" : "executable"
    },
    {
      "c99name" : "RxComposableArchitecture",
      "module_type" : "SwiftTarget",
      "name" : "RxComposableArchitecture",
      "path" : "Sources/RxComposableArchitecture",
      "product_dependencies" : [
        "CasePaths",
        "RxSwift",
        "RxRelay",
        "XCTestDynamicOverlay",
        "CustomDump",
        "Dependencies"
      ],
      "product_memberships" : [
        "RxComposableArchitecture",
        "RxComposableArchitecture-Benchmark"
      ],
      "sources" : [
        "Binding.swift",
        "Debugging/Bootstrapping.swift",
        "Debugging/MockPageTemplate.swift",
        "DiffingInterface/AnyHashDiffable.swift",
        "DiffingInterface/DiffingInterface+Primitives.swift",
        "DiffingInterface/HashDiffing.swift",
        "DiffingUtility/DiffMode.swift",
        "Effect.swift",
        "Effects/Animation.swift",
        "Effects/Cancellation.swift",
        "Effects/Observable.swift",
        "Effects/Observable/Debouncing.swift",
        "Effects/Observable/Deferring.swift",
        "Effects/Observable/Throttling.swift",
        "Effects/Observable/Timer.swift",
        "Effects/TaskResult.swift",
        "Export.swift",
        "IdentifiedArray.swift",
        "IfLet.swift",
        "Internal/AnyDisposable.swift",
        "Internal/AnyType.swift",
        "Internal/Box.swift",
        "Internal/Debug.swift",
        "Internal/Deprecated.swift",
        "Internal/Locking.swift",
        "Internal/OpenExistential.swift",
        "Internal/RuntimeWarnings.swift",
        "Internal/RxMainQueue.swift",
        "Internal/TaskBox.swift",
        "Internal/TaskCancellableValue.swift",
        "OptionalPaths.swift",
        "PropertyWrapper/NeverEqual.swift",
        "PropertyWrapper/SingleSelection.swift",
        "PropertyWrapper/UniqueElements.swift",
        "Reducer/AnyReducer/AnyReducer.swift",
        "Reducer/AnyReducer/AnyReducerCompatibility.swift",
        "Reducer/AnyReducer/AnyReducerDebug.swift",
        "Reducer/AnyReducer/AnyReducerSignpost.swift",
        "Reducer/ReducerBuilder.swift",
        "Reducer/Reducers/CombineReducers.swift",
        "Reducer/Reducers/DebugReducer.swift",
        "Reducer/Reducers/DependencyKeyWritingReducer.swift",
        "Reducer/Reducers/EmptyReducer.swift",
        "Reducer/Reducers/ForEachReducer.swift",
        "Reducer/Reducers/IfCaseLetReducer.swift",
        "Reducer/Reducers/IfLetReducer.swift",
        "Reducer/Reducers/OptionalReducer.swift",
        "Reducer/Reducers/Reduce.swift",
        "Reducer/Reducers/Scope.swift",
        "Reducer/Reducers/SignpostReducer.swift",
        "ReducerProtocol.swift",
        "Stateless.swift",
        "Store.swift",
        "StoreConfig.swift",
        "SwiftUI/Alert.swift",
        "SwiftUI/ButtonState.swift",
        "SwiftUI/Internal/ButtonStateSlider.swift",
        "SwiftUI/TextState.swift",
        "SwiftUI/WithViewStore.swift",
        "TestSupport/Effect+Failing.swift",
        "TestSupport/PriorityQueue.swift",
        "TestSupport/TestScheduler.swift",
        "TestSupport/TestStore.swift",
        "TestSupport/VirtualTimeScheduler.swift",
        "ViewStore.swift"
      ],
      "type" : "library"
    }
  ],
  "tools_version" : "5.5"
}
{
  "workspace" : {
    "name" : "RxComposableArchitecture",
    "schemes" : [
      "RxComposableArchitecture",
      "RxComposableArchitecture-Benchmark",
      "RxComposableArchitecture-Package"
    ]
  }
}
2026-09-20 01:57:35.821 xcodebuild[1256:7185] [MT] IDERunDestination: Supported platforms for the buildables in the current scheme is empty.
{
  "workspace" : {
    "name" : "RxComposableArchitecture",
    "schemes" : [
      "RxComposableArchitecture",
      "RxComposableArchitecture-Benchmark",
      "RxComposableArchitecture-Package"
    ]
  }
}
2026-09-20 01:57:37.425 xcodebuild[1261:7238] [MT] IDERunDestination: Supported platforms for the buildables in the current scheme is empty.
Running build ...
env DEVELOPER_DIR=/Applications/Xcode-27.0.0-Release.Candidate.app xcrun xcodebuild -IDEClonedSourcePackagesDirPathOverride=$PWD/.dependencies -skipMacroValidation -skipPackagePluginValidation -derivedDataPath $PWD/.derivedData build -scheme RxComposableArchitecture-Package -destination generic/platform=xrOS
Command line invocation:
    /Applications/Xcode-27.0.0-Release.Candidate.app/Contents/Developer/usr/bin/xcodebuild -IDEClonedSourcePackagesDirPathOverride=/Users/admin/builder/spi-builder-workspace/.dependencies -skipMacroValidation -skipPackagePluginValidation -derivedDataPath /Users/admin/builder/spi-builder-workspace/.derivedData build -scheme RxComposableArchitecture-Package -destination generic/platform=xrOS
Resolve Package Graph
Resolved source packages:
  swift-case-paths: https://github.com/pointfreeco/swift-case-paths @ 0.10.1
  swift-custom-dump: https://github.com/pointfreeco/swift-custom-dump @ 0.11.2
  swift-concurrency-extras: https://github.com/pointfreeco/swift-concurrency-extras @ 0.1.2
  combine-schedulers: https://github.com/pointfreeco/combine-schedulers @ 0.11.0
  swift-clocks: https://github.com/pointfreeco/swift-clocks @ 0.4.0
  xctest-dynamic-overlay: https://github.com/pointfreeco/xctest-dynamic-overlay @ 0.9.0
  swift-argument-parser: https://github.com/apple/swift-argument-parser @ 1.1.4
  RxComposableArchitecture: /Users/admin/builder/spi-builder-workspace
  RxSwift: https://github.com/ReactiveX/RxSwift @ 5.1.3
  swift-dependencies: https://github.com/pointfreeco/swift-dependencies @ 0.6.0
  Benchmark: https://github.com/google/swift-benchmark @ 0.1.2
ComputePackagePrebuildTargetDependencyGraph
Prepare packages
CreateBuildRequest
SendProjectDescription
CreateBuildOperation
ComputeTargetDependencyGraph
note: Building targets in dependency order
note: Target dependency graph (26 targets)
    Target 'RxComposableArchitecture-Benchmark-product' in project 'RxComposableArchitecture'
        ➜ Explicit dependency on target 'RxComposableArchitecture' in project 'RxComposableArchitecture'
        ➜ Explicit dependency on target 'CasePaths-product' in project 'swift-case-paths'
        ➜ Explicit dependency on target 'RxSwift-product' in project 'RxSwift'
        ➜ Explicit dependency on target 'RxRelay-product' in project 'RxSwift'
        ➜ Explicit dependency on target 'XCTestDynamicOverlay-product' in project 'xctest-dynamic-overlay'
        ➜ Explicit dependency on target 'CustomDump-product' in project 'swift-custom-dump'
        ➜ Explicit dependency on target 'Dependencies-product' in project 'swift-dependencies'
        ➜ Explicit dependency on target 'Benchmark-product' in project 'Benchmark'
    Target 'Benchmark-product' in project 'Benchmark'
        ➜ Explicit dependency on target 'Benchmark' in project 'Benchmark'
        ➜ Explicit dependency on target 'ArgumentParser-product' in project 'swift-argument-parser'
    Target 'Benchmark' in project 'Benchmark'
        ➜ Explicit dependency on target 'ArgumentParser-product' in project 'swift-argument-parser'
    Target 'ArgumentParser-product' in project 'swift-argument-parser'
        ➜ Explicit dependency on target 'ArgumentParser' in project 'swift-argument-parser'
        ➜ Explicit dependency on target 'ArgumentParserToolInfo' in project 'swift-argument-parser'
    Target 'ArgumentParser' in project 'swift-argument-parser'
        ➜ Explicit dependency on target 'ArgumentParserToolInfo' in project 'swift-argument-parser'
    Target 'ArgumentParserToolInfo' in project 'swift-argument-parser' (no dependencies)
    Target 'RxComposableArchitecture-product' in project 'RxComposableArchitecture'
        ➜ Explicit dependency on target 'RxComposableArchitecture' in project 'RxComposableArchitecture'
        ➜ Explicit dependency on target 'CasePaths-product' in project 'swift-case-paths'
        ➜ Explicit dependency on target 'RxSwift-product' in project 'RxSwift'
        ➜ Explicit dependency on target 'RxRelay-product' in project 'RxSwift'
        ➜ Explicit dependency on target 'XCTestDynamicOverlay-product' in project 'xctest-dynamic-overlay'
        ➜ Explicit dependency on target 'CustomDump-product' in project 'swift-custom-dump'
        ➜ Explicit dependency on target 'Dependencies-product' in project 'swift-dependencies'
    Target 'RxComposableArchitecture' in project 'RxComposableArchitecture'
        ➜ Explicit dependency on target 'CasePaths-product' in project 'swift-case-paths'
        ➜ Explicit dependency on target 'RxSwift-product' in project 'RxSwift'
        ➜ Explicit dependency on target 'RxRelay-product' in project 'RxSwift'
        ➜ Explicit dependency on target 'XCTestDynamicOverlay-product' in project 'xctest-dynamic-overlay'
        ➜ Explicit dependency on target 'CustomDump-product' in project 'swift-custom-dump'
        ➜ Explicit dependency on target 'Dependencies-product' in project 'swift-dependencies'
    Target 'Dependencies-product' in project 'swift-dependencies'
        ➜ Explicit dependency on target 'Dependencies' in project 'swift-dependencies'
        ➜ Explicit dependency on target 'Clocks-product' in project 'swift-clocks'
        ➜ Explicit dependency on target 'CombineSchedulers-product' in project 'combine-schedulers'
        ➜ Explicit dependency on target 'ConcurrencyExtras-product' in project 'swift-concurrency-extras'
        ➜ Explicit dependency on target 'XCTestDynamicOverlay-product' in project 'xctest-dynamic-overlay'
    Target 'Dependencies' in project 'swift-dependencies'
        ➜ Explicit dependency on target 'Clocks-product' in project 'swift-clocks'
        ➜ Explicit dependency on target 'CombineSchedulers-product' in project 'combine-schedulers'
        ➜ Explicit dependency on target 'ConcurrencyExtras-product' in project 'swift-concurrency-extras'
        ➜ Explicit dependency on target 'XCTestDynamicOverlay-product' in project 'xctest-dynamic-overlay'
    Target 'CombineSchedulers-product' in project 'combine-schedulers'
        ➜ Explicit dependency on target 'CombineSchedulers' in project 'combine-schedulers'
        ➜ Explicit dependency on target 'ConcurrencyExtras-product' in project 'swift-concurrency-extras'
        ➜ Explicit dependency on target 'XCTestDynamicOverlay-product' in project 'xctest-dynamic-overlay'
    Target 'CombineSchedulers' in project 'combine-schedulers'
        ➜ Explicit dependency on target 'ConcurrencyExtras-product' in project 'swift-concurrency-extras'
        ➜ Explicit dependency on target 'XCTestDynamicOverlay-product' in project 'xctest-dynamic-overlay'
    Target 'Clocks-product' in project 'swift-clocks'
        ➜ Explicit dependency on target 'Clocks' in project 'swift-clocks'
        ➜ Explicit dependency on target 'ConcurrencyExtras-product' in project 'swift-concurrency-extras'
        ➜ Explicit dependency on target 'XCTestDynamicOverlay-product' in project 'xctest-dynamic-overlay'
    Target 'Clocks' in project 'swift-clocks'
        ➜ Explicit dependency on target 'ConcurrencyExtras-product' in project 'swift-concurrency-extras'
        ➜ Explicit dependency on target 'XCTestDynamicOverlay-product' in project 'xctest-dynamic-overlay'
    Target 'ConcurrencyExtras-product' in project 'swift-concurrency-extras'
        ➜ Explicit dependency on target 'ConcurrencyExtras' in project 'swift-concurrency-extras'
    Target 'ConcurrencyExtras' in project 'swift-concurrency-extras' (no dependencies)
    Target 'CustomDump-product' in project 'swift-custom-dump'
        ➜ Explicit dependency on target 'CustomDump' in project 'swift-custom-dump'
        ➜ Explicit dependency on target 'XCTestDynamicOverlay-product' in project 'xctest-dynamic-overlay'
    Target 'CustomDump' in project 'swift-custom-dump'
        ➜ Explicit dependency on target 'XCTestDynamicOverlay-product' in project 'xctest-dynamic-overlay'
    Target 'XCTestDynamicOverlay-product' in project 'xctest-dynamic-overlay'
        ➜ Explicit dependency on target 'XCTestDynamicOverlay' in project 'xctest-dynamic-overlay'
    Target 'XCTestDynamicOverlay' in project 'xctest-dynamic-overlay' (no dependencies)
    Target 'RxRelay-product' in project 'RxSwift'
        ➜ Explicit dependency on target 'RxRelay' in project 'RxSwift'
        ➜ Explicit dependency on target 'RxSwift' in project 'RxSwift'
    Target 'RxRelay' in project 'RxSwift'
        ➜ Explicit dependency on target 'RxSwift' in project 'RxSwift'
    Target 'RxSwift-product' in project 'RxSwift'
        ➜ Explicit dependency on target 'RxSwift' in project 'RxSwift'
    Target 'RxSwift' in project 'RxSwift' (no dependencies)
    Target 'CasePaths-product' in project 'swift-case-paths'
        ➜ Explicit dependency on target 'CasePaths' in project 'swift-case-paths'
    Target 'CasePaths' in project 'swift-case-paths' (no dependencies)
GatherProvisioningInputs
CreateBuildDescription
ClangStatCache /Applications/Xcode-27.0.0-Release.Candidate.app/Contents/Developer/Toolchains/XcodeDefault.xctoolchain/usr/bin/clang-stat-cache /Applications/Xcode-27.0.0-Release.Candidate.app/Contents/Developer/Platforms/XROS.platform/Developer/SDKs/XROS27.0.sdk /Users/admin/builder/spi-builder-workspace/.derivedData/SDKStatCaches.noindex/xros27.0-24M361-e829b21a6f8c9b70876ba0858053c044735bd543db762f57723cac368afd1ce4.sdkstatcache
    cd /Users/admin/builder/spi-builder-workspace/.swiftpm/xcode
    /Applications/Xcode-27.0.0-Release.Candidate.app/Contents/Developer/Toolchains/XcodeDefault.xctoolchain/usr/bin/clang-stat-cache /Applications/Xcode-27.0.0-Release.Candidate.app/Contents/Developer/Platforms/XROS.platform/Developer/SDKs/XROS27.0.sdk -o /Users/admin/builder/spi-builder-workspace/.derivedData/SDKStatCaches.noindex/xros27.0-24M361-e829b21a6f8c9b70876ba0858053c044735bd543db762f57723cac368afd1ce4.sdkstatcache
SwiftDriver ConcurrencyExtras normal arm64 com.apple.xcode.tools.swift.compiler (in target 'ConcurrencyExtras' from project 'swift-concurrency-extras')
    cd /Users/admin/builder/spi-builder-workspace/.swiftpm/xcode
    builtin-SwiftDriver -- /Applications/Xcode-27.0.0-Release.Candidate.app/Contents/Developer/Toolchains/XcodeDefault.xctoolchain/usr/bin/swiftc -parse-as-library -module-name ConcurrencyExtras -Onone @/Users/admin/builder/spi-builder-workspace/.derivedData/Build/Intermediates.noindex/swift-concurrency-extras.build/Debug-xros/ConcurrencyExtras-t.build/Objects-normal/arm64/ConcurrencyExtras.SwiftFileList -DSWIFT_PACKAGE -DDEBUG -DSWIFT_MODULE_RESOURCE_BUNDLE_UNAVAILABLE -DXcode -plugin-path /Applications/Xcode-27.0.0-Release.Candidate.app/Contents/Developer/Toolchains/XcodeDefault.xctoolchain/usr/lib/swift/host/plugins/testing -enable-experimental-feature DebugDescriptionMacro -sdk /Applications/Xcode-27.0.0-Release.Candidate.app/Contents/Developer/Platforms/XROS.platform/Developer/SDKs/XROS27.0.sdk -target arm64-apple-xros1.0 -g -module-cache-path /Users/admin/builder/spi-builder-workspace/.derivedData/ModuleCache.noindex -Xfrontend -serialize-debugging-options -profile-coverage-mapping -profile-generate -enable-testing -suppress-warnings -index-store-path /Users/admin/builder/spi-builder-workspace/.derivedData/Index.noindex/DataStore -Xcc -D_LIBCPP_HARDENING_MODE\=_LIBCPP_HARDENING_MODE_DEBUG -swift-version 5 -I /Users/admin/builder/spi-builder-workspace/.derivedData/Build/Products/Debug-xros -Isystem /Applications/Xcode-27.0.0-Release.Candidate.app/Contents/Developer/Platforms/XROS.platform/Developer/usr/lib -F /Users/admin/builder/spi-builder-workspace/.derivedData/Build/Products/Debug-xros -F /Applications/Xcode-27.0.0-Release.Candidate.app/Contents/Developer/Platforms/XROS.platform/Developer/Library/Frameworks -F /Applications/Xcode-27.0.0-Release.Candidate.app/Contents/Developer/Platforms/XROS.platform/Developer/SDKs/XROS27.0.sdk/Developer/Library/Frameworks -c -j10 -enable-batch-mode -incremental -Xcc -ivfsstatcache -Xcc /Users/admin/builder/spi-builder-workspace/.derivedData/SDKStatCaches.noindex/xros27.0-24M361-e829b21a6f8c9b70876ba0858053c044735bd543db762f57723cac368afd1ce4.sdkstatcache -output-file-map /Users/admin/builder/spi-builder-workspace/.derivedData/Build/Intermediates.noindex/swift-concurrency-extras.build/Debug-xros/ConcurrencyExtras-t.build/Objects-normal/arm64/ConcurrencyExtras-OutputFileMap.json -save-temps -no-color-diagnostics -explicit-module-build -module-cache-path /Users/admin/builder/spi-builder-workspace/.derivedData/Build/Intermediates.noindex/SwiftExplicitPrecompiledModules -clang-scanner-module-cache-path /Users/admin/builder/spi-builder-workspace/.derivedData/ModuleCache.noindex -sdk-module-cache-path /Users/admin/builder/spi-builder-workspace/.derivedData/SDKExplicitPrecompiledModules -emit-dependencies -emit-module -emit-module-path /Users/admin/builder/spi-builder-workspace/.derivedData/Build/Intermediates.noindex/swift-concurrency-extras.build/Debug-xros/ConcurrencyExtras-t.build/Objects-normal/arm64/ConcurrencyExtras.swiftmodule -serialize-diagnostics -dependency-scan-serialize-diagnostics-path /Users/admin/builder/spi-builder-workspace/.derivedData/Build/Intermediates.noindex/swift-concurrency-extras.build/Debug-xros/ConcurrencyExtras-t.build/Objects-normal/arm64/ConcurrencyExtras-dependency-scan.dia -validate-clang-modules-once -clang-build-session-file /Users/admin/builder/spi-builder-workspace/.derivedData/ModuleCache.noindex/Session.modulevalidation -Xcc -fmodules-prune-interval\=86400 -Xcc -fmodules-prune-after\=345600 -emit-const-values -const-gather-protocols-list /Users/admin/builder/spi-builder-workspace/.derivedData/Build/Intermediates.noindex/swift-concurrency-extras.build/Debug-xros/ConcurrencyExtras-t.build/Objects-normal/arm64/ConcurrencyExtras_const_extract_protocols.json -Xcc -I/Users/admin/builder/spi-builder-workspace/.derivedData/Build/Products/Debug-xros/include -Xcc -I/Users/admin/builder/spi-builder-workspace/.derivedData/Build/Intermediates.noindex/swift-concurrency-extras.build/Debug-xros/ConcurrencyExtras-t.build/DerivedSources-normal/arm64 -Xcc -I/Users/admin/builder/spi-builder-workspace/.derivedData/Build/Intermediates.noindex/swift-concurrency-extras.build/Debug-xros/ConcurrencyExtras-t.build/DerivedSources/arm64 -Xcc -I/Users/admin/builder/spi-builder-workspace/.derivedData/Build/Intermediates.noindex/swift-concurrency-extras.build/Debug-xros/ConcurrencyExtras-t.build/DerivedSources -Xcc -DSWIFT_PACKAGE -Xcc -DDEBUG\=1 -emit-objc-header -emit-objc-header-path /Users/admin/builder/spi-builder-workspace/.derivedData/Build/Intermediates.noindex/swift-concurrency-extras.build/Debug-xros/ConcurrencyExtras-t.build/Objects-normal/arm64/ConcurrencyExtras-Swift.h -working-directory /Users/admin/builder/spi-builder-workspace/.swiftpm/xcode -experimental-emit-module-separately -disable-cmo
SwiftDriver RxSwift normal arm64 com.apple.xcode.tools.swift.compiler (in target 'RxSwift' from project 'RxSwift')
    cd /Users/admin/builder/spi-builder-workspace/.swiftpm/xcode
    builtin-SwiftDriver -- /Applications/Xcode-27.0.0-Release.Candidate.app/Contents/Developer/Toolchains/XcodeDefault.xctoolchain/usr/bin/swiftc -parse-as-library -module-name RxSwift -Onone @/Users/admin/builder/spi-builder-workspace/.derivedData/Build/Intermediates.noindex/RxSwift.build/Debug-xros/RxSwift-t.build/Objects-normal/arm64/RxSwift.SwiftFileList -DSWIFT_PACKAGE -DDEBUG -DSWIFT_MODULE_RESOURCE_BUNDLE_UNAVAILABLE -DXcode -plugin-path /Applications/Xcode-27.0.0-Release.Candidate.app/Contents/Developer/Toolchains/XcodeDefault.xctoolchain/usr/lib/swift/host/plugins/testing -enable-experimental-feature DebugDescriptionMacro -sdk /Applications/Xcode-27.0.0-Release.Candidate.app/Contents/Developer/Platforms/XROS.platform/Developer/SDKs/XROS27.0.sdk -target arm64-apple-xros1.0 -g -module-cache-path /Users/admin/builder/spi-builder-workspace/.derivedData/ModuleCache.noindex -Xfrontend -serialize-debugging-options -profile-coverage-mapping -profile-generate -enable-testing -suppress-warnings -index-store-path /Users/admin/builder/spi-builder-workspace/.derivedData/Index.noindex/DataStore -Xcc -D_LIBCPP_HARDENING_MODE\=_LIBCPP_HARDENING_MODE_DEBUG -swift-version 5 -I /Users/admin/builder/spi-builder-workspace/.derivedData/Build/Products/Debug-xros -Isystem /Applications/Xcode-27.0.0-Release.Candidate.app/Contents/Developer/Platforms/XROS.platform/Developer/usr/lib -F /Users/admin/builder/spi-builder-workspace/.derivedData/Build/Products/Debug-xros -F /Applications/Xcode-27.0.0-Release.Candidate.app/Contents/Developer/Platforms/XROS.platform/Developer/Library/Frameworks -F /Applications/Xcode-27.0.0-Release.Candidate.app/Contents/Developer/Platforms/XROS.platform/Developer/SDKs/XROS27.0.sdk/Developer/Library/Frameworks -c -j10 -enable-batch-mode -incremental -Xcc -ivfsstatcache -Xcc /Users/admin/builder/spi-builder-workspace/.derivedData/SDKStatCaches.noindex/xros27.0-24M361-e829b21a6f8c9b70876ba0858053c044735bd543db762f57723cac368afd1ce4.sdkstatcache -output-file-map /Users/admin/builder/spi-builder-workspace/.derivedData/Build/Intermediates.noindex/RxSwift.build/Debug-xros/RxSwift-t.build/Objects-normal/arm64/RxSwift-OutputFileMap.json -save-temps -no-color-diagnostics -explicit-module-build -module-cache-path /Users/admin/builder/spi-builder-workspace/.derivedData/Build/Intermediates.noindex/SwiftExplicitPrecompiledModules -clang-scanner-module-cache-path /Users/admin/builder/spi-builder-workspace/.derivedData/ModuleCache.noindex -sdk-module-cache-path /Users/admin/builder/spi-builder-workspace/.derivedData/SDKExplicitPrecompiledModules -emit-dependencies -emit-module -emit-module-path /Users/admin/builder/spi-builder-workspace/.derivedData/Build/Intermediates.noindex/RxSwift.build/Debug-xros/RxSwift-t.build/Objects-normal/arm64/RxSwift.swiftmodule -serialize-diagnostics -dependency-scan-serialize-diagnostics-path /Users/admin/builder/spi-builder-workspace/.derivedData/Build/Intermediates.noindex/RxSwift.build/Debug-xros/RxSwift-t.build/Objects-normal/arm64/RxSwift-dependency-scan.dia -validate-clang-modules-once -clang-build-session-file /Users/admin/builder/spi-builder-workspace/.derivedData/ModuleCache.noindex/Session.modulevalidation -Xcc -fmodules-prune-interval\=86400 -Xcc -fmodules-prune-after\=345600 -emit-const-values -const-gather-protocols-list /Users/admin/builder/spi-builder-workspace/.derivedData/Build/Intermediates.noindex/RxSwift.build/Debug-xros/RxSwift-t.build/Objects-normal/arm64/RxSwift_const_extract_protocols.json -Xcc -I/Users/admin/builder/spi-builder-workspace/.derivedData/Build/Products/Debug-xros/include -Xcc -I/Users/admin/builder/spi-builder-workspace/.derivedData/Build/Intermediates.noindex/RxSwift.build/Debug-xros/RxSwift-t.build/DerivedSources-normal/arm64 -Xcc -I/Users/admin/builder/spi-builder-workspace/.derivedData/Build/Intermediates.noindex/RxSwift.build/Debug-xros/RxSwift-t.build/DerivedSources/arm64 -Xcc -I/Users/admin/builder/spi-builder-workspace/.derivedData/Build/Intermediates.noindex/RxSwift.build/Debug-xros/RxSwift-t.build/DerivedSources -Xcc -DSWIFT_PACKAGE -Xcc -DDEBUG\=1 -emit-objc-header -emit-objc-header-path /Users/admin/builder/spi-builder-workspace/.derivedData/Build/Intermediates.noindex/RxSwift.build/Debug-xros/RxSwift-t.build/Objects-normal/arm64/RxSwift-Swift.h -working-directory /Users/admin/builder/spi-builder-workspace/.swiftpm/xcode -experimental-emit-module-separately -disable-cmo
SwiftDriver CasePaths normal arm64 com.apple.xcode.tools.swift.compiler (in target 'CasePaths' from project 'swift-case-paths')
    cd /Users/admin/builder/spi-builder-workspace/.swiftpm/xcode
    builtin-SwiftDriver -- /Applications/Xcode-27.0.0-Release.Candidate.app/Contents/Developer/Toolchains/XcodeDefault.xctoolchain/usr/bin/swiftc -parse-as-library -module-name CasePaths -Onone @/Users/admin/builder/spi-builder-workspace/.derivedData/Build/Intermediates.noindex/swift-case-paths.build/Debug-xros/CasePaths-t.build/Objects-normal/arm64/CasePaths.SwiftFileList -DSWIFT_PACKAGE -DDEBUG -DSWIFT_MODULE_RESOURCE_BUNDLE_UNAVAILABLE -DXcode -plugin-path /Applications/Xcode-27.0.0-Release.Candidate.app/Contents/Developer/Toolchains/XcodeDefault.xctoolchain/usr/lib/swift/host/plugins/testing -enable-experimental-feature DebugDescriptionMacro -sdk /Applications/Xcode-27.0.0-Release.Candidate.app/Contents/Developer/Platforms/XROS.platform/Developer/SDKs/XROS27.0.sdk -target arm64-apple-xros1.0 -g -module-cache-path /Users/admin/builder/spi-builder-workspace/.derivedData/ModuleCache.noindex -Xfrontend -serialize-debugging-options -profile-coverage-mapping -profile-generate -enable-testing -suppress-warnings -index-store-path /Users/admin/builder/spi-builder-workspace/.derivedData/Index.noindex/DataStore -Xcc -D_LIBCPP_HARDENING_MODE\=_LIBCPP_HARDENING_MODE_DEBUG -swift-version 5 -I /Users/admin/builder/spi-builder-workspace/.derivedData/Build/Products/Debug-xros -Isystem /Applications/Xcode-27.0.0-Release.Candidate.app/Contents/Developer/Platforms/XROS.platform/Developer/usr/lib -F /Users/admin/builder/spi-builder-workspace/.derivedData/Build/Products/Debug-xros -F /Applications/Xcode-27.0.0-Release.Candidate.app/Contents/Developer/Platforms/XROS.platform/Developer/Library/Frameworks -F /Applications/Xcode-27.0.0-Release.Candidate.app/Contents/Developer/Platforms/XROS.platform/Developer/SDKs/XROS27.0.sdk/Developer/Library/Frameworks -c -j10 -enable-batch-mode -incremental -Xcc -ivfsstatcache -Xcc /Users/admin/builder/spi-builder-workspace/.derivedData/SDKStatCaches.noindex/xros27.0-24M361-e829b21a6f8c9b70876ba0858053c044735bd543db762f57723cac368afd1ce4.sdkstatcache -output-file-map /Users/admin/builder/spi-builder-workspace/.derivedData/Build/Intermediates.noindex/swift-case-paths.build/Debug-xros/CasePaths-t.build/Objects-normal/arm64/CasePaths-OutputFileMap.json -save-temps -no-color-diagnostics -explicit-module-build -module-cache-path /Users/admin/builder/spi-builder-workspace/.derivedData/Build/Intermediates.noindex/SwiftExplicitPrecompiledModules -clang-scanner-module-cache-path /Users/admin/builder/spi-builder-workspace/.derivedData/ModuleCache.noindex -sdk-module-cache-path /Users/admin/builder/spi-builder-workspace/.derivedData/SDKExplicitPrecompiledModules -emit-dependencies -emit-module -emit-module-path /Users/admin/builder/spi-builder-workspace/.derivedData/Build/Intermediates.noindex/swift-case-paths.build/Debug-xros/CasePaths-t.build/Objects-normal/arm64/CasePaths.swiftmodule -serialize-diagnostics -dependency-scan-serialize-diagnostics-path /Users/admin/builder/spi-builder-workspace/.derivedData/Build/Intermediates.noindex/swift-case-paths.build/Debug-xros/CasePaths-t.build/Objects-normal/arm64/CasePaths-dependency-scan.dia -validate-clang-modules-once -clang-build-session-file /Users/admin/builder/spi-builder-workspace/.derivedData/ModuleCache.noindex/Session.modulevalidation -Xcc -fmodules-prune-interval\=86400 -Xcc -fmodules-prune-after\=345600 -emit-const-values -const-gather-protocols-list /Users/admin/builder/spi-builder-workspace/.derivedData/Build/Intermediates.noindex/swift-case-paths.build/Debug-xros/CasePaths-t.build/Objects-normal/arm64/CasePaths_const_extract_protocols.json -Xcc -I/Users/admin/builder/spi-builder-workspace/.derivedData/Build/Products/Debug-xros/include -Xcc -I/Users/admin/builder/spi-builder-workspace/.derivedData/Build/Intermediates.noindex/swift-case-paths.build/Debug-xros/CasePaths-t.build/DerivedSources-normal/arm64 -Xcc -I/Users/admin/builder/spi-builder-workspace/.derivedData/Build/Intermediates.noindex/swift-case-paths.build/Debug-xros/CasePaths-t.build/DerivedSources/arm64 -Xcc -I/Users/admin/builder/spi-builder-workspace/.derivedData/Build/Intermediates.noindex/swift-case-paths.build/Debug-xros/CasePaths-t.build/DerivedSources -Xcc -DSWIFT_PACKAGE -Xcc -DDEBUG\=1 -emit-objc-header -emit-objc-header-path /Users/admin/builder/spi-builder-workspace/.derivedData/Build/Intermediates.noindex/swift-case-paths.build/Debug-xros/CasePaths-t.build/Objects-normal/arm64/CasePaths-Swift.h -working-directory /Users/admin/builder/spi-builder-workspace/.swiftpm/xcode -experimental-emit-module-separately -disable-cmo
SwiftDriver XCTestDynamicOverlay normal arm64 com.apple.xcode.tools.swift.compiler (in target 'XCTestDynamicOverlay' from project 'xctest-dynamic-overlay')
    cd /Users/admin/builder/spi-builder-workspace/.swiftpm/xcode
    builtin-SwiftDriver -- /Applications/Xcode-27.0.0-Release.Candidate.app/Contents/Developer/Toolchains/XcodeDefault.xctoolchain/usr/bin/swiftc -parse-as-library -module-name XCTestDynamicOverlay -Onone @/Users/admin/builder/spi-builder-workspace/.derivedData/Build/Intermediates.noindex/xctest-dynamic-overlay.build/Debug-xros/XCTestDynamicOverlay-t.build/Objects-normal/arm64/XCTestDynamicOverlay.SwiftFileList -DSWIFT_PACKAGE -DDEBUG -DSWIFT_MODULE_RESOURCE_BUNDLE_UNAVAILABLE -DXcode -plugin-path /Applications/Xcode-27.0.0-Release.Candidate.app/Contents/Developer/Toolchains/XcodeDefault.xctoolchain/usr/lib/swift/host/plugins/testing -enable-experimental-feature DebugDescriptionMacro -sdk /Applications/Xcode-27.0.0-Release.Candidate.app/Contents/Developer/Platforms/XROS.platform/Developer/SDKs/XROS27.0.sdk -target arm64-apple-xros1.0 -g -module-cache-path /Users/admin/builder/spi-builder-workspace/.derivedData/ModuleCache.noindex -Xfrontend -serialize-debugging-options -profile-coverage-mapping -profile-generate -enable-testing -suppress-warnings -index-store-path /Users/admin/builder/spi-builder-workspace/.derivedData/Index.noindex/DataStore -Xcc -D_LIBCPP_HARDENING_MODE\=_LIBCPP_HARDENING_MODE_DEBUG -swift-version 5 -I /Users/admin/builder/spi-builder-workspace/.derivedData/Build/Products/Debug-xros -Isystem /Applications/Xcode-27.0.0-Release.Candidate.app/Contents/Developer/Platforms/XROS.platform/Developer/usr/lib -F /Users/admin/builder/spi-builder-workspace/.derivedData/Build/Products/Debug-xros -F /Applications/Xcode-27.0.0-Release.Candidate.app/Contents/Developer/Platforms/XROS.platform/Developer/Library/Frameworks -F /Applications/Xcode-27.0.0-Release.Candidate.app/Contents/Developer/Platforms/XROS.platform/Developer/SDKs/XROS27.0.sdk/Developer/Library/Frameworks -c -j10 -enable-batch-mode -incremental -Xcc -ivfsstatcache -Xcc /Users/admin/builder/spi-builder-workspace/.derivedData/SDKStatCaches.noindex/xros27.0-24M361-e829b21a6f8c9b70876ba0858053c044735bd543db762f57723cac368afd1ce4.sdkstatcache -output-file-map /Users/admin/builder/spi-builder-workspace/.derivedData/Build/Intermediates.noindex/xctest-dynamic-overlay.build/Debug-xros/XCTestDynamicOverlay-t.build/Objects-normal/arm64/XCTestDynamicOverlay-OutputFileMap.json -save-temps -no-color-diagnostics -explicit-module-build -module-cache-path /Users/admin/builder/spi-builder-workspace/.derivedData/Build/Intermediates.noindex/SwiftExplicitPrecompiledModules -clang-scanner-module-cache-path /Users/admin/builder/spi-builder-workspace/.derivedData/ModuleCache.noindex -sdk-module-cache-path /Users/admin/builder/spi-builder-workspace/.derivedData/SDKExplicitPrecompiledModules -emit-dependencies -emit-module -emit-module-path /Users/admin/builder/spi-builder-workspace/.derivedData/Build/Intermediates.noindex/xctest-dynamic-overlay.build/Debug-xros/XCTestDynamicOverlay-t.build/Objects-normal/arm64/XCTestDynamicOverlay.swiftmodule -serialize-diagnostics -dependency-scan-serialize-diagnostics-path /Users/admin/builder/spi-builder-workspace/.derivedData/Build/Intermediates.noindex/xctest-dynamic-overlay.build/Debug-xros/XCTestDynamicOverlay-t.build/Objects-normal/arm64/XCTestDynamicOverlay-dependency-scan.dia -validate-clang-modules-once -clang-build-session-file /Users/admin/builder/spi-builder-workspace/.derivedData/ModuleCache.noindex/Session.modulevalidation -Xcc -fmodules-prune-interval\=86400 -Xcc -fmodules-prune-after\=345600 -emit-const-values -const-gather-protocols-list /Users/admin/builder/spi-builder-workspace/.derivedData/Build/Intermediates.noindex/xctest-dynamic-overlay.build/Debug-xros/XCTestDynamicOverlay-t.build/Objects-normal/arm64/XCTestDynamicOverlay_const_extract_protocols.json -Xcc -I/Users/admin/builder/spi-builder-workspace/.derivedData/Build/Products/Debug-xros/include -Xcc -I/Users/admin/builder/spi-builder-workspace/.derivedData/Build/Intermediates.noindex/xctest-dynamic-overlay.build/Debug-xros/XCTestDynamicOverlay-t.build/DerivedSources-normal/arm64 -Xcc -I/Users/admin/builder/spi-builder-workspace/.derivedData/Build/Intermediates.noindex/xctest-dynamic-overlay.build/Debug-xros/XCTestDynamicOverlay-t.build/DerivedSources/arm64 -Xcc -I/Users/admin/builder/spi-builder-workspace/.derivedData/Build/Intermediates.noindex/xctest-dynamic-overlay.build/Debug-xros/XCTestDynamicOverlay-t.build/DerivedSources -Xcc -DSWIFT_PACKAGE -Xcc -DDEBUG\=1 -emit-objc-header -emit-objc-header-path /Users/admin/builder/spi-builder-workspace/.derivedData/Build/Intermediates.noindex/xctest-dynamic-overlay.build/Debug-xros/XCTestDynamicOverlay-t.build/Objects-normal/arm64/XCTestDynamicOverlay-Swift.h -working-directory /Users/admin/builder/spi-builder-workspace/.swiftpm/xcode -experimental-emit-module-separately -disable-cmo
SwiftDriver ArgumentParser normal arm64 com.apple.xcode.tools.swift.compiler (in target 'ArgumentParser' from project 'swift-argument-parser')
    cd /Users/admin/builder/spi-builder-workspace/.swiftpm/xcode
    builtin-SwiftDriver -- /Applications/Xcode-27.0.0-Release.Candidate.app/Contents/Developer/Toolchains/XcodeDefault.xctoolchain/usr/bin/swiftc -parse-as-library -module-name ArgumentParser -Onone @/Users/admin/builder/spi-builder-workspace/.derivedData/Build/Intermediates.noindex/swift-argument-parser.build/Debug-xros/ArgumentParser-t.build/Objects-normal/arm64/ArgumentParser.SwiftFileList -DSWIFT_PACKAGE -DDEBUG -DSWIFT_MODULE_RESOURCE_BUNDLE_UNAVAILABLE -DXcode -plugin-path /Applications/Xcode-27.0.0-Release.Candidate.app/Contents/Developer/Toolchains/XcodeDefault.xctoolchain/usr/lib/swift/host/plugins/testing -enable-experimental-feature DebugDescriptionMacro -sdk /Applications/Xcode-27.0.0-Release.Candidate.app/Contents/Developer/Platforms/XROS.platform/Developer/SDKs/XROS27.0.sdk -target arm64-apple-xros1.0 -g -module-cache-path /Users/admin/builder/spi-builder-workspace/.derivedData/ModuleCache.noindex -Xfrontend -serialize-debugging-options -profile-coverage-mapping -profile-generate -enable-testing -suppress-warnings -index-store-path /Users/admin/builder/spi-builder-workspace/.derivedData/Index.noindex/DataStore -Xcc -D_LIBCPP_HARDENING_MODE\=_LIBCPP_HARDENING_MODE_DEBUG -swift-version 5 -I /Users/admin/builder/spi-builder-workspace/.derivedData/Build/Products/Debug-xros -Isystem /Applications/Xcode-27.0.0-Release.Candidate.app/Contents/Developer/Platforms/XROS.platform/Developer/usr/lib -F /Users/admin/builder/spi-builder-workspace/.derivedData/Build/Products/Debug-xros/PackageFrameworks -F /Users/admin/builder/spi-builder-workspace/.derivedData/Build/Products/Debug-xros -F /Applications/Xcode-27.0.0-Release.Candidate.app/Contents/Developer/Platforms/XROS.platform/Developer/Library/Frameworks -F /Applications/Xcode-27.0.0-Release.Candidate.app/Contents/Developer/Platforms/XROS.platform/Developer/SDKs/XROS27.0.sdk/Developer/Library/Frameworks -c -j10 -enable-batch-mode -incremental -Xcc -ivfsstatcache -Xcc /Users/admin/builder/spi-builder-workspace/.derivedData/SDKStatCaches.noindex/xros27.0-24M361-e829b21a6f8c9b70876ba0858053c044735bd543db762f57723cac368afd1ce4.sdkstatcache -output-file-map /Users/admin/builder/spi-builder-workspace/.derivedData/Build/Intermediates.noindex/swift-argument-parser.build/Debug-xros/ArgumentParser-t.build/Objects-normal/arm64/ArgumentParser-OutputFileMap.json -save-temps -no-color-diagnostics -explicit-module-build -module-cache-path /Users/admin/builder/spi-builder-workspace/.derivedData/Build/Intermediates.noindex/SwiftExplicitPrecompiledModules -clang-scanner-module-cache-path /Users/admin/builder/spi-builder-workspace/.derivedData/ModuleCache.noindex -sdk-module-cache-path /Users/admin/builder/spi-builder-workspace/.derivedData/SDKExplicitPrecompiledModules -emit-dependencies -emit-module -emit-module-path /Users/admin/builder/spi-builder-workspace/.derivedData/Build/Intermediates.noindex/swift-argument-parser.build/Debug-xros/ArgumentParser-t.build/Objects-normal/arm64/ArgumentParser.swiftmodule -serialize-diagnostics -dependency-scan-serialize-diagnostics-path /Users/admin/builder/spi-builder-workspace/.derivedData/Build/Intermediates.noindex/swift-argument-parser.build/Debug-xros/ArgumentParser-t.build/Objects-normal/arm64/ArgumentParser-dependency-scan.dia -validate-clang-modules-once -clang-build-session-file /Users/admin/builder/spi-builder-workspace/.derivedData/ModuleCache.noindex/Session.modulevalidation -Xcc -fmodules-prune-interval\=86400 -Xcc -fmodules-prune-after\=345600 -emit-const-values -const-gather-protocols-list /Users/admin/builder/spi-builder-workspace/.derivedData/Build/Intermediates.noindex/swift-argument-parser.build/Debug-xros/ArgumentParser-t.build/Objects-normal/arm64/ArgumentParser_const_extract_protocols.json -Xcc -I/Users/admin/builder/spi-builder-workspace/.derivedData/Build/Products/Debug-xros/include -Xcc -I/Users/admin/builder/spi-builder-workspace/.derivedData/Build/Intermediates.noindex/swift-argument-parser.build/Debug-xros/ArgumentParser-t.build/DerivedSources-normal/arm64 -Xcc -I/Users/admin/builder/spi-builder-workspace/.derivedData/Build/Intermediates.noindex/swift-argument-parser.build/Debug-xros/ArgumentParser-t.build/DerivedSources/arm64 -Xcc -I/Users/admin/builder/spi-builder-workspace/.derivedData/Build/Intermediates.noindex/swift-argument-parser.build/Debug-xros/ArgumentParser-t.build/DerivedSources -Xcc -DSWIFT_PACKAGE -Xcc -DDEBUG\=1 -emit-objc-header -emit-objc-header-path /Users/admin/builder/spi-builder-workspace/.derivedData/Build/Intermediates.noindex/swift-argument-parser.build/Debug-xros/ArgumentParser-t.build/Objects-normal/arm64/ArgumentParser-Swift.h -working-directory /Users/admin/builder/spi-builder-workspace/.swiftpm/xcode -experimental-emit-module-separately -disable-cmo
SwiftDriver RxRelay normal arm64 com.apple.xcode.tools.swift.compiler (in target 'RxRelay' from project 'RxSwift')
    cd /Users/admin/builder/spi-builder-workspace/.swiftpm/xcode
    builtin-SwiftDriver -- /Applications/Xcode-27.0.0-Release.Candidate.app/Contents/Developer/Toolchains/XcodeDefault.xctoolchain/usr/bin/swiftc -parse-as-library -module-name RxRelay -Onone @/Users/admin/builder/spi-builder-workspace/.derivedData/Build/Intermediates.noindex/RxSwift.build/Debug-xros/RxRelay-t.build/Objects-normal/arm64/RxRelay.SwiftFileList -DSWIFT_PACKAGE -DDEBUG -DSWIFT_MODULE_RESOURCE_BUNDLE_UNAVAILABLE -DXcode -plugin-path /Applications/Xcode-27.0.0-Release.Candidate.app/Contents/Developer/Toolchains/XcodeDefault.xctoolchain/usr/lib/swift/host/plugins/testing -enable-experimental-feature DebugDescriptionMacro -sdk /Applications/Xcode-27.0.0-Release.Candidate.app/Contents/Developer/Platforms/XROS.platform/Developer/SDKs/XROS27.0.sdk -target arm64-apple-xros1.0 -g -module-cache-path /Users/admin/builder/spi-builder-workspace/.derivedData/ModuleCache.noindex -Xfrontend -serialize-debugging-options -profile-coverage-mapping -profile-generate -enable-testing -suppress-warnings -index-store-path /Users/admin/builder/spi-builder-workspace/.derivedData/Index.noindex/DataStore -Xcc -D_LIBCPP_HARDENING_MODE\=_LIBCPP_HARDENING_MODE_DEBUG -swift-version 5 -I /Users/admin/builder/spi-builder-workspace/.derivedData/Build/Products/Debug-xros -Isystem /Applications/Xcode-27.0.0-Release.Candidate.app/Contents/Developer/Platforms/XROS.platform/Developer/usr/lib -F /Users/admin/builder/spi-builder-workspace/.derivedData/Build/Products/Debug-xros/PackageFrameworks -F /Users/admin/builder/spi-builder-workspace/.derivedData/Build/Products/Debug-xros -F /Applications/Xcode-27.0.0-Release.Candidate.app/Contents/Developer/Platforms/XROS.platform/Developer/Library/Frameworks -F /Applications/Xcode-27.0.0-Release.Candidate.app/Contents/Developer/Platforms/XROS.platform/Developer/SDKs/XROS27.0.sdk/Developer/Library/Frameworks -c -j10 -enable-batch-mode -incremental -Xcc -ivfsstatcache -Xcc /Users/admin/builder/spi-builder-workspace/.derivedData/SDKStatCaches.noindex/xros27.0-24M361-e829b21a6f8c9b70876ba0858053c044735bd543db762f57723cac368afd1ce4.sdkstatcache -output-file-map /Users/admin/builder/spi-builder-workspace/.derivedData/Build/Intermediates.noindex/RxSwift.build/Debug-xros/RxRelay-t.build/Objects-normal/arm64/RxRelay-OutputFileMap.json -save-temps -no-color-diagnostics -explicit-module-build -module-cache-path /Users/admin/builder/spi-builder-workspace/.derivedData/Build/Intermediates.noindex/SwiftExplicitPrecompiledModules -clang-scanner-module-cache-path /Users/admin/builder/spi-builder-workspace/.derivedData/ModuleCache.noindex -sdk-module-cache-path /Users/admin/builder/spi-builder-workspace/.derivedData/SDKExplicitPrecompiledModules -emit-dependencies -emit-module -emit-module-path /Users/admin/builder/spi-builder-workspace/.derivedData/Build/Intermediates.noindex/RxSwift.build/Debug-xros/RxRelay-t.build/Objects-normal/arm64/RxRelay.swiftmodule -serialize-diagnostics -dependency-scan-serialize-diagnostics-path /Users/admin/builder/spi-builder-workspace/.derivedData/Build/Intermediates.noindex/RxSwift.build/Debug-xros/RxRelay-t.build/Objects-normal/arm64/RxRelay-dependency-scan.dia -validate-clang-modules-once -clang-build-session-file /Users/admin/builder/spi-builder-workspace/.derivedData/ModuleCache.noindex/Session.modulevalidation -Xcc -fmodules-prune-interval\=86400 -Xcc -fmodules-prune-after\=345600 -emit-const-values -const-gather-protocols-list /Users/admin/builder/spi-builder-workspace/.derivedData/Build/Intermediates.noindex/RxSwift.build/Debug-xros/RxRelay-t.build/Objects-normal/arm64/RxRelay_const_extract_protocols.json -Xcc -I/Users/admin/builder/spi-builder-workspace/.derivedData/Build/Products/Debug-xros/include -Xcc -I/Users/admin/builder/spi-builder-workspace/.derivedData/Build/Intermediates.noindex/RxSwift.build/Debug-xros/RxRelay-t.build/DerivedSources-normal/arm64 -Xcc -I/Users/admin/builder/spi-builder-workspace/.derivedData/Build/Intermediates.noindex/RxSwift.build/Debug-xros/RxRelay-t.build/DerivedSources/arm64 -Xcc -I/Users/admin/builder/spi-builder-workspace/.derivedData/Build/Intermediates.noindex/RxSwift.build/Debug-xros/RxRelay-t.build/DerivedSources -Xcc -DSWIFT_PACKAGE -Xcc -DDEBUG\=1 -emit-objc-header -emit-objc-header-path /Users/admin/builder/spi-builder-workspace/.derivedData/Build/Intermediates.noindex/RxSwift.build/Debug-xros/RxRelay-t.build/Objects-normal/arm64/RxRelay-Swift.h -working-directory /Users/admin/builder/spi-builder-workspace/.swiftpm/xcode -experimental-emit-module-separately -disable-cmo
SwiftDriver CustomDump normal arm64 com.apple.xcode.tools.swift.compiler (in target 'CustomDump' from project 'swift-custom-dump')
    cd /Users/admin/builder/spi-builder-workspace/.swiftpm/xcode
    builtin-SwiftDriver -- /Applications/Xcode-27.0.0-Release.Candidate.app/Contents/Developer/Toolchains/XcodeDefault.xctoolchain/usr/bin/swiftc -parse-as-library -module-name CustomDump -Onone @/Users/admin/builder/spi-builder-workspace/.derivedData/Build/Intermediates.noindex/swift-custom-dump.build/Debug-xros/CustomDump-t.build/Objects-normal/arm64/CustomDump.SwiftFileList -DSWIFT_PACKAGE -DDEBUG -DSWIFT_MODULE_RESOURCE_BUNDLE_UNAVAILABLE -DXcode -plugin-path /Applications/Xcode-27.0.0-Release.Candidate.app/Contents/Developer/Toolchains/XcodeDefault.xctoolchain/usr/lib/swift/host/plugins/testing -enable-experimental-feature DebugDescriptionMacro -sdk /Applications/Xcode-27.0.0-Release.Candidate.app/Contents/Developer/Platforms/XROS.platform/Developer/SDKs/XROS27.0.sdk -target arm64-apple-xros1.0 -g -module-cache-path /Users/admin/builder/spi-builder-workspace/.derivedData/ModuleCache.noindex -Xfrontend -serialize-debugging-options -profile-coverage-mapping -profile-generate -enable-testing -suppress-warnings -index-store-path /Users/admin/builder/spi-builder-workspace/.derivedData/Index.noindex/DataStore -Xcc -D_LIBCPP_HARDENING_MODE\=_LIBCPP_HARDENING_MODE_DEBUG -swift-version 5 -I /Users/admin/builder/spi-builder-workspace/.derivedData/Build/Products/Debug-xros -Isystem /Applications/Xcode-27.0.0-Release.Candidate.app/Contents/Developer/Platforms/XROS.platform/Developer/usr/lib -F /Users/admin/builder/spi-builder-workspace/.derivedData/Build/Products/Debug-xros/PackageFrameworks -F /Users/admin/builder/spi-builder-workspace/.derivedData/Build/Products/Debug-xros -F /Applications/Xcode-27.0.0-Release.Candidate.app/Contents/Developer/Platforms/XROS.platform/Developer/Library/Frameworks -F /Applications/Xcode-27.0.0-Release.Candidate.app/Contents/Developer/Platforms/XROS.platform/Developer/SDKs/XROS27.0.sdk/Developer/Library/Frameworks -c -j10 -enable-batch-mode -incremental -Xcc -ivfsstatcache -Xcc /Users/admin/builder/spi-builder-workspace/.derivedData/SDKStatCaches.noindex/xros27.0-24M361-e829b21a6f8c9b70876ba0858053c044735bd543db762f57723cac368afd1ce4.sdkstatcache -output-file-map /Users/admin/builder/spi-builder-workspace/.derivedData/Build/Intermediates.noindex/swift-custom-dump.build/Debug-xros/CustomDump-t.build/Objects-normal/arm64/CustomDump-OutputFileMap.json -save-temps -no-color-diagnostics -explicit-module-build -module-cache-path /Users/admin/builder/spi-builder-workspace/.derivedData/Build/Intermediates.noindex/SwiftExplicitPrecompiledModules -clang-scanner-module-cache-path /Users/admin/builder/spi-builder-workspace/.derivedData/ModuleCache.noindex -sdk-module-cache-path /Users/admin/builder/spi-builder-workspace/.derivedData/SDKExplicitPrecompiledModules -emit-dependencies -emit-module -emit-module-path /Users/admin/builder/spi-builder-workspace/.derivedData/Build/Intermediates.noindex/swift-custom-dump.build/Debug-xros/CustomDump-t.build/Objects-normal/arm64/CustomDump.swiftmodule -serialize-diagnostics -dependency-scan-serialize-diagnostics-path /Users/admin/builder/spi-builder-workspace/.derivedData/Build/Intermediates.noindex/swift-custom-dump.build/Debug-xros/CustomDump-t.build/Objects-normal/arm64/CustomDump-dependency-scan.dia -validate-clang-modules-once -clang-build-session-file /Users/admin/builder/spi-builder-workspace/.derivedData/ModuleCache.noindex/Session.modulevalidation -Xcc -fmodules-prune-interval\=86400 -Xcc -fmodules-prune-after\=345600 -emit-const-values -const-gather-protocols-list /Users/admin/builder/spi-builder-workspace/.derivedData/Build/Intermediates.noindex/swift-custom-dump.build/Debug-xros/CustomDump-t.build/Objects-normal/arm64/CustomDump_const_extract_protocols.json -Xcc -I/Users/admin/builder/spi-builder-workspace/.derivedData/Build/Products/Debug-xros/include -Xcc -I/Users/admin/builder/spi-builder-workspace/.derivedData/Build/Intermediates.noindex/swift-custom-dump.build/Debug-xros/CustomDump-t.build/DerivedSources-normal/arm64 -Xcc -I/Users/admin/builder/spi-builder-workspace/.derivedData/Build/Intermediates.noindex/swift-custom-dump.build/Debug-xros/CustomDump-t.build/DerivedSources/arm64 -Xcc -I/Users/admin/builder/spi-builder-workspace/.derivedData/Build/Intermediates.noindex/swift-custom-dump.build/Debug-xros/CustomDump-t.build/DerivedSources -Xcc -DSWIFT_PACKAGE -Xcc -DDEBUG\=1 -emit-objc-header -emit-objc-header-path /Users/admin/builder/spi-builder-workspace/.derivedData/Build/Intermediates.noindex/swift-custom-dump.build/Debug-xros/CustomDump-t.build/Objects-normal/arm64/CustomDump-Swift.h -working-directory /Users/admin/builder/spi-builder-workspace/.swiftpm/xcode -experimental-emit-module-separately -disable-cmo
SwiftDriver CombineSchedulers normal arm64 com.apple.xcode.tools.swift.compiler (in target 'CombineSchedulers' from project 'combine-schedulers')
    cd /Users/admin/builder/spi-builder-workspace/.swiftpm/xcode
    builtin-SwiftDriver -- /Applications/Xcode-27.0.0-Release.Candidate.app/Contents/Developer/Toolchains/XcodeDefault.xctoolchain/usr/bin/swiftc -parse-as-library -module-name CombineSchedulers -Onone @/Users/admin/builder/spi-builder-workspace/.derivedData/Build/Intermediates.noindex/combine-schedulers.build/Debug-xros/CombineSchedulers-t.build/Objects-normal/arm64/CombineSchedulers.SwiftFileList -DSWIFT_PACKAGE -DDEBUG -DSWIFT_MODULE_RESOURCE_BUNDLE_UNAVAILABLE -DXcode -plugin-path /Applications/Xcode-27.0.0-Release.Candidate.app/Contents/Developer/Toolchains/XcodeDefault.xctoolchain/usr/lib/swift/host/plugins/testing -enable-experimental-feature DebugDescriptionMacro -sdk /Applications/Xcode-27.0.0-Release.Candidate.app/Contents/Developer/Platforms/XROS.platform/Developer/SDKs/XROS27.0.sdk -target arm64-apple-xros1.0 -g -module-cache-path /Users/admin/builder/spi-builder-workspace/.derivedData/ModuleCache.noindex -Xfrontend -serialize-debugging-options -profile-coverage-mapping -profile-generate -enable-testing -suppress-warnings -index-store-path /Users/admin/builder/spi-builder-workspace/.derivedData/Index.noindex/DataStore -Xcc -D_LIBCPP_HARDENING_MODE\=_LIBCPP_HARDENING_MODE_DEBUG -swift-version 5 -I /Users/admin/builder/spi-builder-workspace/.derivedData/Build/Products/Debug-xros -Isystem /Applications/Xcode-27.0.0-Release.Candidate.app/Contents/Developer/Platforms/XROS.platform/Developer/usr/lib -F /Users/admin/builder/spi-builder-workspace/.derivedData/Build/Products/Debug-xros/PackageFrameworks -F /Users/admin/builder/spi-builder-workspace/.derivedData/Build/Products/Debug-xros -F /Applications/Xcode-27.0.0-Release.Candidate.app/Contents/Developer/Platforms/XROS.platform/Developer/Library/Frameworks -F /Applications/Xcode-27.0.0-Release.Candidate.app/Contents/Developer/Platforms/XROS.platform/Developer/SDKs/XROS27.0.sdk/Developer/Library/Frameworks -c -j10 -enable-batch-mode -incremental -Xcc -ivfsstatcache -Xcc /Users/admin/builder/spi-builder-workspace/.derivedData/SDKStatCaches.noindex/xros27.0-24M361-e829b21a6f8c9b70876ba0858053c044735bd543db762f57723cac368afd1ce4.sdkstatcache -output-file-map /Users/admin/builder/spi-builder-workspace/.derivedData/Build/Intermediates.noindex/combine-schedulers.build/Debug-xros/CombineSchedulers-t.build/Objects-normal/arm64/CombineSchedulers-OutputFileMap.json -save-temps -no-color-diagnostics -explicit-module-build -module-cache-path /Users/admin/builder/spi-builder-workspace/.derivedData/Build/Intermediates.noindex/SwiftExplicitPrecompiledModules -clang-scanner-module-cache-path /Users/admin/builder/spi-builder-workspace/.derivedData/ModuleCache.noindex -sdk-module-cache-path /Users/admin/builder/spi-builder-workspace/.derivedData/SDKExplicitPrecompiledModules -emit-dependencies -emit-module -emit-module-path /Users/admin/builder/spi-builder-workspace/.derivedData/Build/Intermediates.noindex/combine-schedulers.build/Debug-xros/CombineSchedulers-t.build/Objects-normal/arm64/CombineSchedulers.swiftmodule -serialize-diagnostics -dependency-scan-serialize-diagnostics-path /Users/admin/builder/spi-builder-workspace/.derivedData/Build/Intermediates.noindex/combine-schedulers.build/Debug-xros/CombineSchedulers-t.build/Objects-normal/arm64/CombineSchedulers-dependency-scan.dia -validate-clang-modules-once -clang-build-session-file /Users/admin/builder/spi-builder-workspace/.derivedData/ModuleCache.noindex/Session.modulevalidation -Xcc -fmodules-prune-interval\=86400 -Xcc -fmodules-prune-after\=345600 -emit-const-values -const-gather-protocols-list /Users/admin/builder/spi-builder-workspace/.derivedData/Build/Intermediates.noindex/combine-schedulers.build/Debug-xros/CombineSchedulers-t.build/Objects-normal/arm64/CombineSchedulers_const_extract_protocols.json -Xcc -I/Users/admin/builder/spi-builder-workspace/.derivedData/Build/Products/Debug-xros/include -Xcc -I/Users/admin/builder/spi-builder-workspace/.derivedData/Build/Intermediates.noindex/combine-schedulers.build/Debug-xros/CombineSchedulers-t.build/DerivedSources-normal/arm64 -Xcc -I/Users/admin/builder/spi-builder-workspace/.derivedData/Build/Intermediates.noindex/combine-schedulers.build/Debug-xros/CombineSchedulers-t.build/DerivedSources/arm64 -Xcc -I/Users/admin/builder/spi-builder-workspace/.derivedData/Build/Intermediates.noindex/combine-schedulers.build/Debug-xros/CombineSchedulers-t.build/DerivedSources -Xcc -DSWIFT_PACKAGE -Xcc -DDEBUG\=1 -emit-objc-header -emit-objc-header-path /Users/admin/builder/spi-builder-workspace/.derivedData/Build/Intermediates.noindex/combine-schedulers.build/Debug-xros/CombineSchedulers-t.build/Objects-normal/arm64/CombineSchedulers-Swift.h -working-directory /Users/admin/builder/spi-builder-workspace/.swiftpm/xcode -experimental-emit-module-separately -disable-cmo
SwiftDriver Clocks normal arm64 com.apple.xcode.tools.swift.compiler (in target 'Clocks' from project 'swift-clocks')
    cd /Users/admin/builder/spi-builder-workspace/.swiftpm/xcode
    builtin-SwiftDriver -- /Applications/Xcode-27.0.0-Release.Candidate.app/Contents/Developer/Toolchains/XcodeDefault.xctoolchain/usr/bin/swiftc -parse-as-library -module-name Clocks -Onone @/Users/admin/builder/spi-builder-workspace/.derivedData/Build/Intermediates.noindex/swift-clocks.build/Debug-xros/Clocks-t.build/Objects-normal/arm64/Clocks.SwiftFileList -DSWIFT_PACKAGE -DDEBUG -DSWIFT_MODULE_RESOURCE_BUNDLE_UNAVAILABLE -DXcode -plugin-path /Applications/Xcode-27.0.0-Release.Candidate.app/Contents/Developer/Toolchains/XcodeDefault.xctoolchain/usr/lib/swift/host/plugins/testing -enable-experimental-feature DebugDescriptionMacro -sdk /Applications/Xcode-27.0.0-Release.Candidate.app/Contents/Developer/Platforms/XROS.platform/Developer/SDKs/XROS27.0.sdk -target arm64-apple-xros1.0 -g -module-cache-path /Users/admin/builder/spi-builder-workspace/.derivedData/ModuleCache.noindex -Xfrontend -serialize-debugging-options -profile-coverage-mapping -profile-generate -enable-testing -suppress-warnings -index-store-path /Users/admin/builder/spi-builder-workspace/.derivedData/Index.noindex/DataStore -Xcc -D_LIBCPP_HARDENING_MODE\=_LIBCPP_HARDENING_MODE_DEBUG -swift-version 5 -I /Users/admin/builder/spi-builder-workspace/.derivedData/Build/Products/Debug-xros -Isystem /Applications/Xcode-27.0.0-Release.Candidate.app/Contents/Developer/Platforms/XROS.platform/Developer/usr/lib -F /Users/admin/builder/spi-builder-workspace/.derivedData/Build/Products/Debug-xros/PackageFrameworks -F /Users/admin/builder/spi-builder-workspace/.derivedData/Build/Products/Debug-xros -F /Applications/Xcode-27.0.0-Release.Candidate.app/Contents/Developer/Platforms/XROS.platform/Developer/Library/Frameworks -F /Applications/Xcode-27.0.0-Release.Candidate.app/Contents/Developer/Platforms/XROS.platform/Developer/SDKs/XROS27.0.sdk/Developer/Library/Frameworks -c -j10 -enable-batch-mode -incremental -Xcc -ivfsstatcache -Xcc /Users/admin/builder/spi-builder-workspace/.derivedData/SDKStatCaches.noindex/xros27.0-24M361-e829b21a6f8c9b70876ba0858053c044735bd543db762f57723cac368afd1ce4.sdkstatcache -output-file-map /Users/admin/builder/spi-builder-workspace/.derivedData/Build/Intermediates.noindex/swift-clocks.build/Debug-xros/Clocks-t.build/Objects-normal/arm64/Clocks-OutputFileMap.json -save-temps -no-color-diagnostics -explicit-module-build -module-cache-path /Users/admin/builder/spi-builder-workspace/.derivedData/Build/Intermediates.noindex/SwiftExplicitPrecompiledModules -clang-scanner-module-cache-path /Users/admin/builder/spi-builder-workspace/.derivedData/ModuleCache.noindex -sdk-module-cache-path /Users/admin/builder/spi-builder-workspace/.derivedData/SDKExplicitPrecompiledModules -emit-dependencies -emit-module -emit-module-path /Users/admin/builder/spi-builder-workspace/.derivedData/Build/Intermediates.noindex/swift-clocks.build/Debug-xros/Clocks-t.build/Objects-normal/arm64/Clocks.swiftmodule -serialize-diagnostics -dependency-scan-serialize-diagnostics-path /Users/admin/builder/spi-builder-workspace/.derivedData/Build/Intermediates.noindex/swift-clocks.build/Debug-xros/Clocks-t.build/Objects-normal/arm64/Clocks-dependency-scan.dia -validate-clang-modules-once -clang-build-session-file /Users/admin/builder/spi-builder-workspace/.derivedData/ModuleCache.noindex/Session.modulevalidation -Xcc -fmodules-prune-interval\=86400 -Xcc -fmodules-prune-after\=345600 -emit-const-values -const-gather-protocols-list /Users/admin/builder/spi-builder-workspace/.derivedData/Build/Intermediates.noindex/swift-clocks.build/Debug-xros/Clocks-t.build/Objects-normal/arm64/Clocks_const_extract_protocols.json -Xcc -I/Users/admin/builder/spi-builder-workspace/.derivedData/Build/Products/Debug-xros/include -Xcc -I/Users/admin/builder/spi-builder-workspace/.derivedData/Build/Intermediates.noindex/swift-clocks.build/Debug-xros/Clocks-t.build/DerivedSources-normal/arm64 -Xcc -I/Users/admin/builder/spi-builder-workspace/.derivedData/Build/Intermediates.noindex/swift-clocks.build/Debug-xros/Clocks-t.build/DerivedSources/arm64 -Xcc -I/Users/admin/builder/spi-builder-workspace/.derivedData/Build/Intermediates.noindex/swift-clocks.build/Debug-xros/Clocks-t.build/DerivedSources -Xcc -DSWIFT_PACKAGE -Xcc -DDEBUG\=1 -emit-objc-header -emit-objc-header-path /Users/admin/builder/spi-builder-workspace/.derivedData/Build/Intermediates.noindex/swift-clocks.build/Debug-xros/Clocks-t.build/Objects-normal/arm64/Clocks-Swift.h -working-directory /Users/admin/builder/spi-builder-workspace/.swiftpm/xcode -experimental-emit-module-separately -disable-cmo
SwiftDriver Benchmark normal arm64 com.apple.xcode.tools.swift.compiler (in target 'Benchmark' from project 'Benchmark')
    cd /Users/admin/builder/spi-builder-workspace/.swiftpm/xcode
    builtin-SwiftDriver -- /Applications/Xcode-27.0.0-Release.Candidate.app/Contents/Developer/Toolchains/XcodeDefault.xctoolchain/usr/bin/swiftc -parse-as-library -module-name Benchmark -Onone @/Users/admin/builder/spi-builder-workspace/.derivedData/Build/Intermediates.noindex/Benchmark.build/Debug-xros/Benchmark-t.build/Objects-normal/arm64/Benchmark.SwiftFileList -DSWIFT_PACKAGE -DDEBUG -DSWIFT_MODULE_RESOURCE_BUNDLE_UNAVAILABLE -DXcode -plugin-path /Applications/Xcode-27.0.0-Release.Candidate.app/Contents/Developer/Toolchains/XcodeDefault.xctoolchain/usr/lib/swift/host/plugins/testing -enable-experimental-feature DebugDescriptionMacro -sdk /Applications/Xcode-27.0.0-Release.Candidate.app/Contents/Developer/Platforms/XROS.platform/Developer/SDKs/XROS27.0.sdk -target arm64-apple-xros1.0 -g -module-cache-path /Users/admin/builder/spi-builder-workspace/.derivedData/ModuleCache.noindex -Xfrontend -serialize-debugging-options -profile-coverage-mapping -profile-generate -enable-testing -suppress-warnings -index-store-path /Users/admin/builder/spi-builder-workspace/.derivedData/Index.noindex/DataStore -Xcc -D_LIBCPP_HARDENING_MODE\=_LIBCPP_HARDENING_MODE_DEBUG -swift-version 5 -I /Users/admin/builder/spi-builder-workspace/.derivedData/Build/Products/Debug-xros -Isystem /Applications/Xcode-27.0.0-Release.Candidate.app/Contents/Developer/Platforms/XROS.platform/Developer/usr/lib -F /Users/admin/builder/spi-builder-workspace/.derivedData/Build/Products/Debug-xros/PackageFrameworks -F /Users/admin/builder/spi-builder-workspace/.derivedData/Build/Products/Debug-xros -F /Applications/Xcode-27.0.0-Release.Candidate.app/Contents/Developer/Platforms/XROS.platform/Developer/Library/Frameworks -F /Applications/Xcode-27.0.0-Release.Candidate.app/Contents/Developer/Platforms/XROS.platform/Developer/SDKs/XROS27.0.sdk/Developer/Library/Frameworks -c -j10 -enable-batch-mode -incremental -Xcc -ivfsstatcache -Xcc /Users/admin/builder/spi-builder-workspace/.derivedData/SDKStatCaches.noindex/xros27.0-24M361-e829b21a6f8c9b70876ba0858053c044735bd543db762f57723cac368afd1ce4.sdkstatcache -output-file-map /Users/admin/builder/spi-builder-workspace/.derivedData/Build/Intermediates.noindex/Benchmark.build/Debug-xros/Benchmark-t.build/Objects-normal/arm64/Benchmark-OutputFileMap.json -save-temps -no-color-diagnostics -explicit-module-build -module-cache-path /Users/admin/builder/spi-builder-workspace/.derivedData/Build/Intermediates.noindex/SwiftExplicitPrecompiledModules -clang-scanner-module-cache-path /Users/admin/builder/spi-builder-workspace/.derivedData/ModuleCache.noindex -sdk-module-cache-path /Users/admin/builder/spi-builder-workspace/.derivedData/SDKExplicitPrecompiledModules -emit-dependencies -emit-module -emit-module-path /Users/admin/builder/spi-builder-workspace/.derivedData/Build/Intermediates.noindex/Benchmark.build/Debug-xros/Benchmark-t.build/Objects-normal/arm64/Benchmark.swiftmodule -serialize-diagnostics -dependency-scan-serialize-diagnostics-path /Users/admin/builder/spi-builder-workspace/.derivedData/Build/Intermediates.noindex/Benchmark.build/Debug-xros/Benchmark-t.build/Objects-normal/arm64/Benchmark-dependency-scan.dia -validate-clang-modules-once -clang-build-session-file /Users/admin/builder/spi-builder-workspace/.derivedData/ModuleCache.noindex/Session.modulevalidation -Xcc -fmodules-prune-interval\=86400 -Xcc -fmodules-prune-after\=345600 -emit-const-values -const-gather-protocols-list /Users/admin/builder/spi-builder-workspace/.derivedData/Build/Intermediates.noindex/Benchmark.build/Debug-xros/Benchmark-t.build/Objects-normal/arm64/Benchmark_const_extract_protocols.json -Xcc -I/Users/admin/builder/spi-builder-workspace/.derivedData/Build/Products/Debug-xros/include -Xcc -I/Users/admin/builder/spi-builder-workspace/.derivedData/Build/Intermediates.noindex/Benchmark.build/Debug-xros/Benchmark-t.build/DerivedSources-normal/arm64 -Xcc -I/Users/admin/builder/spi-builder-workspace/.derivedData/Build/Intermediates.noindex/Benchmark.build/Debug-xros/Benchmark-t.build/DerivedSources/arm64 -Xcc -I/Users/admin/builder/spi-builder-workspace/.derivedData/Build/Intermediates.noindex/Benchmark.build/Debug-xros/Benchmark-t.build/DerivedSources -Xcc -DSWIFT_PACKAGE -Xcc -DDEBUG\=1 -emit-objc-header -emit-objc-header-path /Users/admin/builder/spi-builder-workspace/.derivedData/Build/Intermediates.noindex/Benchmark.build/Debug-xros/Benchmark-t.build/Objects-normal/arm64/Benchmark-Swift.h -working-directory /Users/admin/builder/spi-builder-workspace/.swiftpm/xcode -experimental-emit-module-separately -disable-cmo
SwiftEmitModule normal arm64 Emitting\ module\ for\ ConcurrencyExtras (in target 'ConcurrencyExtras' from project 'swift-concurrency-extras')
SwiftCompile normal arm64 (in target 'ConcurrencyExtras' from project 'swift-concurrency-extras')
    cd /Users/admin/builder/spi-builder-workspace/.swiftpm/xcode

SwiftCompile normal arm64 Compiling\ MainSerialExecutor.swift /Users/admin/builder/spi-builder-workspace/.dependencies/checkouts/swift-concurrency-extras/Sources/ConcurrencyExtras/MainSerialExecutor.swift (in target 'ConcurrencyExtras' from project 'swift-concurrency-extras')
SwiftCompile normal arm64 /Users/admin/builder/spi-builder-workspace/.dependencies/checkouts/swift-concurrency-extras/Sources/ConcurrencyExtras/MainSerialExecutor.swift (in target 'ConcurrencyExtras' from project 'swift-concurrency-extras')
    cd /Users/admin/builder/spi-builder-workspace/.swiftpm/xcode
    builtin-SwiftPerFileCompile MainSerialExecutor.swift
SwiftEmitModule normal arm64 Emitting\ module\ for\ CasePaths (in target 'CasePaths' from project 'swift-case-paths')
SwiftCompile normal arm64 (in target 'CasePaths' from project 'swift-case-paths')
    cd /Users/admin/builder/spi-builder-workspace/.swiftpm/xcode

SwiftEmitModule normal arm64 Emitting\ module\ for\ Benchmark (in target 'Benchmark' from project 'Benchmark')
SwiftCompile normal arm64 (in target 'Benchmark' from project 'Benchmark')
    cd /Users/admin/builder/spi-builder-workspace/.swiftpm/xcode

SwiftEmitModule normal arm64 Emitting\ module\ for\ XCTestDynamicOverlay (in target 'XCTestDynamicOverlay' from project 'xctest-dynamic-overlay')
SwiftCompile normal arm64 (in target 'XCTestDynamicOverlay' from project 'xctest-dynamic-overlay')
    cd /Users/admin/builder/spi-builder-workspace/.swiftpm/xcode

SwiftEmitModule normal arm64 Emitting\ module\ for\ RxRelay (in target 'RxRelay' from project 'RxSwift')
SwiftCompile normal arm64 (in target 'RxRelay' from project 'RxSwift')
    cd /Users/admin/builder/spi-builder-workspace/.swiftpm/xcode

SwiftEmitModule normal arm64 Emitting\ module\ for\ ArgumentParser (in target 'ArgumentParser' from project 'swift-argument-parser')
SwiftCompile normal arm64 (in target 'ArgumentParser' from project 'swift-argument-parser')
    cd /Users/admin/builder/spi-builder-workspace/.swiftpm/xcode

SwiftDriverJobDiscovery normal arm64 Compiling MainSerialExecutor.swift (in target 'ConcurrencyExtras' from project 'swift-concurrency-extras')
SwiftCompile normal arm64 Compiling\ XCTIsTesting.swift /Users/admin/builder/spi-builder-workspace/.dependencies/checkouts/xctest-dynamic-overlay/Sources/XCTestDynamicOverlay/XCTIsTesting.swift (in target 'XCTestDynamicOverlay' from project 'xctest-dynamic-overlay')
SwiftCompile normal arm64 /Users/admin/builder/spi-builder-workspace/.dependencies/checkouts/xctest-dynamic-overlay/Sources/XCTestDynamicOverlay/XCTIsTesting.swift (in target 'XCTestDynamicOverlay' from project 'xctest-dynamic-overlay')
    cd /Users/admin/builder/spi-builder-workspace/.swiftpm/xcode
    builtin-SwiftPerFileCompile XCTIsTesting.swift
SwiftCompile normal arm64 Compiling\ Deprecations.swift /Users/admin/builder/spi-builder-workspace/.dependencies/checkouts/xctest-dynamic-overlay/Sources/XCTestDynamicOverlay/Internal/Deprecations.swift (in target 'XCTestDynamicOverlay' from project 'xctest-dynamic-overlay')
SwiftCompile normal arm64 /Users/admin/builder/spi-builder-workspace/.dependencies/checkouts/xctest-dynamic-overlay/Sources/XCTestDynamicOverlay/Internal/Deprecations.swift (in target 'XCTestDynamicOverlay' from project 'xctest-dynamic-overlay')
    cd /Users/admin/builder/spi-builder-workspace/.swiftpm/xcode
    builtin-SwiftPerFileCompile Deprecations.swift
SwiftDriverJobDiscovery normal arm64 Emitting module for RxRelay (in target 'RxRelay' from project 'RxSwift')
SwiftDriver\ Compilation\ Requirements RxRelay normal arm64 com.apple.xcode.tools.swift.compiler (in target 'RxRelay' from project 'RxSwift')
    cd /Users/admin/builder/spi-builder-workspace/.swiftpm/xcode
    builtin-Swift-Compilation-Requirements -- /Applications/Xcode-27.0.0-Release.Candidate.app/Contents/Developer/Toolchains/XcodeDefault.xctoolchain/usr/bin/swiftc -parse-as-library -module-name RxRelay -Onone @/Users/admin/builder/spi-builder-workspace/.derivedData/Build/Intermediates.noindex/RxSwift.build/Debug-xros/RxRelay-t.build/Objects-normal/arm64/RxRelay.SwiftFileList -DSWIFT_PACKAGE -DDEBUG -DSWIFT_MODULE_RESOURCE_BUNDLE_UNAVAILABLE -DXcode -plugin-path /Applications/Xcode-27.0.0-Release.Candidate.app/Contents/Developer/Toolchains/XcodeDefault.xctoolchain/usr/lib/swift/host/plugins/testing -enable-experimental-feature DebugDescriptionMacro -sdk /Applications/Xcode-27.0.0-Release.Candidate.app/Contents/Developer/Platforms/XROS.platform/Developer/SDKs/XROS27.0.sdk -target arm64-apple-xros1.0 -g -module-cache-path /Users/admin/builder/spi-builder-workspace/.derivedData/ModuleCache.noindex -Xfrontend -serialize-debugging-options -profile-coverage-mapping -profile-generate -enable-testing -suppress-warnings -index-store-path /Users/admin/builder/spi-builder-workspace/.derivedData/Index.noindex/DataStore -Xcc -D_LIBCPP_HARDENING_MODE\=_LIBCPP_HARDENING_MODE_DEBUG -swift-version 5 -I /Users/admin/builder/spi-builder-workspace/.derivedData/Build/Products/Debug-xros -Isystem /Applications/Xcode-27.0.0-Release.Candidate.app/Contents/Developer/Platforms/XROS.platform/Developer/usr/lib -F /Users/admin/builder/spi-builder-workspace/.derivedData/Build/Products/Debug-xros/PackageFrameworks -F /Users/admin/builder/spi-builder-workspace/.derivedData/Build/Products/Debug-xros -F /Applications/Xcode-27.0.0-Release.Candidate.app/Contents/Developer/Platforms/XROS.platform/Developer/Library/Frameworks -F /Applications/Xcode-27.0.0-Release.Candidate.app/Contents/Developer/Platforms/XROS.platform/Developer/SDKs/XROS27.0.sdk/Developer/Library/Frameworks -c -j10 -enable-batch-mode -incremental -Xcc -ivfsstatcache -Xcc /Users/admin/builder/spi-builder-workspace/.derivedData/SDKStatCaches.noindex/xros27.0-24M361-e829b21a6f8c9b70876ba0858053c044735bd543db762f57723cac368afd1ce4.sdkstatcache -output-file-map /Users/admin/builder/spi-builder-workspace/.derivedData/Build/Intermediates.noindex/RxSwift.build/Debug-xros/RxRelay-t.build/Objects-normal/arm64/RxRelay-OutputFileMap.json -save-temps -no-color-diagnostics -explicit-module-build -module-cache-path /Users/admin/builder/spi-builder-workspace/.derivedData/Build/Intermediates.noindex/SwiftExplicitPrecompiledModules -clang-scanner-module-cache-path /Users/admin/builder/spi-builder-workspace/.derivedData/ModuleCache.noindex -sdk-module-cache-path /Users/admin/builder/spi-builder-workspace/.derivedData/SDKExplicitPrecompiledModules -emit-dependencies -emit-module -emit-module-path /Users/admin/builder/spi-builder-workspace/.derivedData/Build/Intermediates.noindex/RxSwift.build/Debug-xros/RxRelay-t.build/Objects-normal/arm64/RxRelay.swiftmodule -serialize-diagnostics -dependency-scan-serialize-diagnostics-path /Users/admin/builder/spi-builder-workspace/.derivedData/Build/Intermediates.noindex/RxSwift.build/Debug-xros/RxRelay-t.build/Objects-normal/arm64/RxRelay-dependency-scan.dia -validate-clang-modules-once -clang-build-session-file /Users/admin/builder/spi-builder-workspace/.derivedData/ModuleCache.noindex/Session.modulevalidation -Xcc -fmodules-prune-interval\=86400 -Xcc -fmodules-prune-after\=345600 -emit-const-values -const-gather-protocols-list /Users/admin/builder/spi-builder-workspace/.derivedData/Build/Intermediates.noindex/RxSwift.build/Debug-xros/RxRelay-t.build/Objects-normal/arm64/RxRelay_const_extract_protocols.json -Xcc -I/Users/admin/builder/spi-builder-workspace/.derivedData/Build/Products/Debug-xros/include -Xcc -I/Users/admin/builder/spi-builder-workspace/.derivedData/Build/Intermediates.noindex/RxSwift.build/Debug-xros/RxRelay-t.build/DerivedSources-normal/arm64 -Xcc -I/Users/admin/builder/spi-builder-workspace/.derivedData/Build/Intermediates.noindex/RxSwift.build/Debug-xros/RxRelay-t.build/DerivedSources/arm64 -Xcc -I/Users/admin/builder/spi-builder-workspace/.derivedData/Build/Intermediates.noindex/RxSwift.build/Debug-xros/RxRelay-t.build/DerivedSources -Xcc -DSWIFT_PACKAGE -Xcc -DDEBUG\=1 -emit-objc-header -emit-objc-header-path /Users/admin/builder/spi-builder-workspace/.derivedData/Build/Intermediates.noindex/RxSwift.build/Debug-xros/RxRelay-t.build/Objects-normal/arm64/RxRelay-Swift.h -working-directory /Users/admin/builder/spi-builder-workspace/.swiftpm/xcode -experimental-emit-module-separately -disable-cmo
SwiftCompile normal arm64 Compiling\ DefaultInitializable.swift /Users/admin/builder/spi-builder-workspace/.dependencies/checkouts/xctest-dynamic-overlay/Sources/XCTestDynamicOverlay/Internal/DefaultInitializable.swift (in target 'XCTestDynamicOverlay' from project 'xctest-dynamic-overlay')
SwiftCompile normal arm64 /Users/admin/builder/spi-builder-workspace/.dependencies/checkouts/xctest-dynamic-overlay/Sources/XCTestDynamicOverlay/Internal/DefaultInitializable.swift (in target 'XCTestDynamicOverlay' from project 'xctest-dynamic-overlay')
    cd /Users/admin/builder/spi-builder-workspace/.swiftpm/xcode
    builtin-SwiftPerFileCompile DefaultInitializable.swift
SwiftMergeGeneratedHeaders /Users/admin/builder/spi-builder-workspace/.derivedData/Build/Intermediates.noindex/GeneratedModuleMaps-xros/RxRelay-Swift.h /Users/admin/builder/spi-builder-workspace/.derivedData/Build/Intermediates.noindex/RxSwift.build/Debug-xros/RxRelay-t.build/Objects-normal/arm64/RxRelay-Swift.h (in target 'RxRelay' from project 'RxSwift')
    cd /Users/admin/builder/spi-builder-workspace/.dependencies/checkouts/RxSwift
    builtin-swiftHeaderTool -arch arm64 /Users/admin/builder/spi-builder-workspace/.derivedData/Build/Intermediates.noindex/RxSwift.build/Debug-xros/RxRelay-t.build/Objects-normal/arm64/RxRelay-Swift.h -o /Users/admin/builder/spi-builder-workspace/.derivedData/Build/Intermediates.noindex/GeneratedModuleMaps-xros/RxRelay-Swift.h
Copy /Users/admin/builder/spi-builder-workspace/.derivedData/Build/Products/Debug-xros/RxRelay.swiftmodule/arm64-apple-xros.swiftmodule /Users/admin/builder/spi-builder-workspace/.derivedData/Build/Intermediates.noindex/RxSwift.build/Debug-xros/RxRelay-t.build/Objects-normal/arm64/RxRelay.swiftmodule (in target 'RxRelay' from project 'RxSwift')
    cd /Users/admin/builder/spi-builder-workspace/.dependencies/checkouts/RxSwift
    builtin-copy -exclude .DS_Store -exclude CVS -exclude .svn -exclude .git -exclude .hg -resolve-src-symlinks -rename /Users/admin/builder/spi-builder-workspace/.derivedData/Build/Intermediates.noindex/RxSwift.build/Debug-xros/RxRelay-t.build/Objects-normal/arm64/RxRelay.swiftmodule /Users/admin/builder/spi-builder-workspace/.derivedData/Build/Products/Debug-xros/RxRelay.swiftmodule/arm64-apple-xros.swiftmodule
SwiftEmitModule normal arm64 Emitting\ module\ for\ RxSwift (in target 'RxSwift' from project 'RxSwift')
SwiftCompile normal arm64 (in target 'RxSwift' from project 'RxSwift')
    cd /Users/admin/builder/spi-builder-workspace/.swiftpm/xcode

Copy /Users/admin/builder/spi-builder-workspace/.derivedData/Build/Products/Debug-xros/RxRelay.swiftmodule/arm64-apple-xros.swiftdoc /Users/admin/builder/spi-builder-workspace/.derivedData/Build/Intermediates.noindex/RxSwift.build/Debug-xros/RxRelay-t.build/Objects-normal/arm64/RxRelay.swiftdoc (in target 'RxRelay' from project 'RxSwift')
    cd /Users/admin/builder/spi-builder-workspace/.dependencies/checkouts/RxSwift
    builtin-copy -exclude .DS_Store -exclude CVS -exclude .svn -exclude .git -exclude .hg -resolve-src-symlinks -rename /Users/admin/builder/spi-builder-workspace/.derivedData/Build/Intermediates.noindex/RxSwift.build/Debug-xros/RxRelay-t.build/Objects-normal/arm64/RxRelay.swiftdoc /Users/admin/builder/spi-builder-workspace/.derivedData/Build/Products/Debug-xros/RxRelay.swiftmodule/arm64-apple-xros.swiftdoc
SwiftDriverJobDiscovery normal arm64 Emitting module for Benchmark (in target 'Benchmark' from project 'Benchmark')
Copy /Users/admin/builder/spi-builder-workspace/.derivedData/Build/Products/Debug-xros/RxRelay.swiftmodule/arm64-apple-xros.abi.json /Users/admin/builder/spi-builder-workspace/.derivedData/Build/Intermediates.noindex/RxSwift.build/Debug-xros/RxRelay-t.build/Objects-normal/arm64/RxRelay.abi.json (in target 'RxRelay' from project 'RxSwift')
    cd /Users/admin/builder/spi-builder-workspace/.dependencies/checkouts/RxSwift
    builtin-copy -exclude .DS_Store -exclude CVS -exclude .svn -exclude .git -exclude .hg -resolve-src-symlinks -rename /Users/admin/builder/spi-builder-workspace/.derivedData/Build/Intermediates.noindex/RxSwift.build/Debug-xros/RxRelay-t.build/Objects-normal/arm64/RxRelay.abi.json /Users/admin/builder/spi-builder-workspace/.derivedData/Build/Products/Debug-xros/RxRelay.swiftmodule/arm64-apple-xros.abi.json
Copy /Users/admin/builder/spi-builder-workspace/.derivedData/Build/Products/Debug-xros/RxRelay.swiftmodule/Project/arm64-apple-xros.swiftsourceinfo /Users/admin/builder/spi-builder-workspace/.derivedData/Build/Intermediates.noindex/RxSwift.build/Debug-xros/RxRelay-t.build/Objects-normal/arm64/RxRelay.swiftsourceinfo (in target 'RxRelay' from project 'RxSwift')
    cd /Users/admin/builder/spi-builder-workspace/.dependencies/checkouts/RxSwift
    builtin-copy -exclude .DS_Store -exclude CVS -exclude .svn -exclude .git -exclude .hg -resolve-src-symlinks -rename /Users/admin/builder/spi-builder-workspace/.derivedData/Build/Intermediates.noindex/RxSwift.build/Debug-xros/RxRelay-t.build/Objects-normal/arm64/RxRelay.swiftsourceinfo /Users/admin/builder/spi-builder-workspace/.derivedData/Build/Products/Debug-xros/RxRelay.swiftmodule/Project/arm64-apple-xros.swiftsourceinfo
SwiftDriver\ Compilation\ Requirements Benchmark normal arm64 com.apple.xcode.tools.swift.compiler (in target 'Benchmark' from project 'Benchmark')
    cd /Users/admin/builder/spi-builder-workspace/.swiftpm/xcode
    builtin-Swift-Compilation-Requirements -- /Applications/Xcode-27.0.0-Release.Candidate.app/Contents/Developer/Toolchains/XcodeDefault.xctoolchain/usr/bin/swiftc -parse-as-library -module-name Benchmark -Onone @/Users/admin/builder/spi-builder-workspace/.derivedData/Build/Intermediates.noindex/Benchmark.build/Debug-xros/Benchmark-t.build/Objects-normal/arm64/Benchmark.SwiftFileList -DSWIFT_PACKAGE -DDEBUG -DSWIFT_MODULE_RESOURCE_BUNDLE_UNAVAILABLE -DXcode -plugin-path /Applications/Xcode-27.0.0-Release.Candidate.app/Contents/Developer/Toolchains/XcodeDefault.xctoolchain/usr/lib/swift/host/plugins/testing -enable-experimental-feature DebugDescriptionMacro -sdk /Applications/Xcode-27.0.0-Release.Candidate.app/Contents/Developer/Platforms/XROS.platform/Developer/SDKs/XROS27.0.sdk -target arm64-apple-xros1.0 -g -module-cache-path /Users/admin/builder/spi-builder-workspace/.derivedData/ModuleCache.noindex -Xfrontend -serialize-debugging-options -profile-coverage-mapping -profile-generate -enable-testing -suppress-warnings -index-store-path /Users/admin/builder/spi-builder-workspace/.derivedData/Index.noindex/DataStore -Xcc -D_LIBCPP_HARDENING_MODE\=_LIBCPP_HARDENING_MODE_DEBUG -swift-version 5 -I /Users/admin/builder/spi-builder-workspace/.derivedData/Build/Products/Debug-xros -Isystem /Applications/Xcode-27.0.0-Release.Candidate.app/Contents/Developer/Platforms/XROS.platform/Developer/usr/lib -F /Users/admin/builder/spi-builder-workspace/.derivedData/Build/Products/Debug-xros/PackageFrameworks -F /Users/admin/builder/spi-builder-workspace/.derivedData/Build/Products/Debug-xros -F /Applications/Xcode-27.0.0-Release.Candidate.app/Contents/Developer/Platforms/XROS.platform/Developer/Library/Frameworks -F /Applications/Xcode-27.0.0-Release.Candidate.app/Contents/Developer/Platforms/XROS.platform/Developer/SDKs/XROS27.0.sdk/Developer/Library/Frameworks -c -j10 -enable-batch-mode -incremental -Xcc -ivfsstatcache -Xcc /Users/admin/builder/spi-builder-workspace/.derivedData/SDKStatCaches.noindex/xros27.0-24M361-e829b21a6f8c9b70876ba0858053c044735bd543db762f57723cac368afd1ce4.sdkstatcache -output-file-map /Users/admin/builder/spi-builder-workspace/.derivedData/Build/Intermediates.noindex/Benchmark.build/Debug-xros/Benchmark-t.build/Objects-normal/arm64/Benchmark-OutputFileMap.json -save-temps -no-color-diagnostics -explicit-module-build -module-cache-path /Users/admin/builder/spi-builder-workspace/.derivedData/Build/Intermediates.noindex/SwiftExplicitPrecompiledModules -clang-scanner-module-cache-path /Users/admin/builder/spi-builder-workspace/.derivedData/ModuleCache.noindex -sdk-module-cache-path /Users/admin/builder/spi-builder-workspace/.derivedData/SDKExplicitPrecompiledModules -emit-dependencies -emit-module -emit-module-path /Users/admin/builder/spi-builder-workspace/.derivedData/Build/Intermediates.noindex/Benchmark.build/Debug-xros/Benchmark-t.build/Objects-normal/arm64/Benchmark.swiftmodule -serialize-diagnostics -dependency-scan-serialize-diagnostics-path /Users/admin/builder/spi-builder-workspace/.derivedData/Build/Intermediates.noindex/Benchmark.build/Debug-xros/Benchmark-t.build/Objects-normal/arm64/Benchmark-dependency-scan.dia -validate-clang-modules-once -clang-build-session-file /Users/admin/builder/spi-builder-workspace/.derivedData/ModuleCache.noindex/Session.modulevalidation -Xcc -fmodules-prune-interval\=86400 -Xcc -fmodules-prune-after\=345600 -emit-const-values -const-gather-protocols-list /Users/admin/builder/spi-builder-workspace/.derivedData/Build/Intermediates.noindex/Benchmark.build/Debug-xros/Benchmark-t.build/Objects-normal/arm64/Benchmark_const_extract_protocols.json -Xcc -I/Users/admin/builder/spi-builder-workspace/.derivedData/Build/Products/Debug-xros/include -Xcc -I/Users/admin/builder/spi-builder-workspace/.derivedData/Build/Intermediates.noindex/Benchmark.build/Debug-xros/Benchmark-t.build/DerivedSources-normal/arm64 -Xcc -I/Users/admin/builder/spi-builder-workspace/.derivedData/Build/Intermediates.noindex/Benchmark.build/Debug-xros/Benchmark-t.build/DerivedSources/arm64 -Xcc -I/Users/admin/builder/spi-builder-workspace/.derivedData/Build/Intermediates.noindex/Benchmark.build/Debug-xros/Benchmark-t.build/DerivedSources -Xcc -DSWIFT_PACKAGE -Xcc -DDEBUG\=1 -emit-objc-header -emit-objc-header-path /Users/admin/builder/spi-builder-workspace/.derivedData/Build/Intermediates.noindex/Benchmark.build/Debug-xros/Benchmark-t.build/Objects-normal/arm64/Benchmark-Swift.h -working-directory /Users/admin/builder/spi-builder-workspace/.swiftpm/xcode -experimental-emit-module-separately -disable-cmo
SwiftCompile normal arm64 Compiling\ XCTCurrentTestCase.swift /Users/admin/builder/spi-builder-workspace/.dependencies/checkouts/xctest-dynamic-overlay/Sources/XCTestDynamicOverlay/Internal/XCTCurrentTestCase.swift (in target 'XCTestDynamicOverlay' from project 'xctest-dynamic-overlay')
SwiftCompile normal arm64 /Users/admin/builder/spi-builder-workspace/.dependencies/checkouts/xctest-dynamic-overlay/Sources/XCTestDynamicOverlay/Internal/XCTCurrentTestCase.swift (in target 'XCTestDynamicOverlay' from project 'xctest-dynamic-overlay')
    cd /Users/admin/builder/spi-builder-workspace/.swiftpm/xcode
    builtin-SwiftPerFileCompile XCTCurrentTestCase.swift
SwiftMergeGeneratedHeaders /Users/admin/builder/spi-builder-workspace/.derivedData/Build/Intermediates.noindex/GeneratedModuleMaps-xros/Benchmark-Swift.h /Users/admin/builder/spi-builder-workspace/.derivedData/Build/Intermediates.noindex/Benchmark.build/Debug-xros/Benchmark-t.build/Objects-normal/arm64/Benchmark-Swift.h (in target 'Benchmark' from project 'Benchmark')
    cd /Users/admin/builder/spi-builder-workspace/.dependencies/checkouts/swift-benchmark
    builtin-swiftHeaderTool -arch arm64 /Users/admin/builder/spi-builder-workspace/.derivedData/Build/Intermediates.noindex/Benchmark.build/Debug-xros/Benchmark-t.build/Objects-normal/arm64/Benchmark-Swift.h -o /Users/admin/builder/spi-builder-workspace/.derivedData/Build/Intermediates.noindex/GeneratedModuleMaps-xros/Benchmark-Swift.h
SwiftDriverJobDiscovery normal arm64 Compiling XCTIsTesting.swift (in target 'XCTestDynamicOverlay' from project 'xctest-dynamic-overlay')
Copy /Users/admin/builder/spi-builder-workspace/.derivedData/Build/Products/Debug-xros/Benchmark.swiftmodule/arm64-apple-xros.swiftmodule /Users/admin/builder/spi-builder-workspace/.derivedData/Build/Intermediates.noindex/Benchmark.build/Debug-xros/Benchmark-t.build/Objects-normal/arm64/Benchmark.swiftmodule (in target 'Benchmark' from project 'Benchmark')
    cd /Users/admin/builder/spi-builder-workspace/.dependencies/checkouts/swift-benchmark
    builtin-copy -exclude .DS_Store -exclude CVS -exclude .svn -exclude .git -exclude .hg -resolve-src-symlinks -rename /Users/admin/builder/spi-builder-workspace/.derivedData/Build/Intermediates.noindex/Benchmark.build/Debug-xros/Benchmark-t.build/Objects-normal/arm64/Benchmark.swiftmodule /Users/admin/builder/spi-builder-workspace/.derivedData/Build/Products/Debug-xros/Benchmark.swiftmodule/arm64-apple-xros.swiftmodule
Copy /Users/admin/builder/spi-builder-workspace/.derivedData/Build/Products/Debug-xros/Benchmark.swiftmodule/arm64-apple-xros.swiftdoc /Users/admin/builder/spi-builder-workspace/.derivedData/Build/Intermediates.noindex/Benchmark.build/Debug-xros/Benchmark-t.build/Objects-normal/arm64/Benchmark.swiftdoc (in target 'Benchmark' from project 'Benchmark')
    cd /Users/admin/builder/spi-builder-workspace/.dependencies/checkouts/swift-benchmark
    builtin-copy -exclude .DS_Store -exclude CVS -exclude .svn -exclude .git -exclude .hg -resolve-src-symlinks -rename /Users/admin/builder/spi-builder-workspace/.derivedData/Build/Intermediates.noindex/Benchmark.build/Debug-xros/Benchmark-t.build/Objects-normal/arm64/Benchmark.swiftdoc /Users/admin/builder/spi-builder-workspace/.derivedData/Build/Products/Debug-xros/Benchmark.swiftmodule/arm64-apple-xros.swiftdoc
Copy /Users/admin/builder/spi-builder-workspace/.derivedData/Build/Products/Debug-xros/Benchmark.swiftmodule/arm64-apple-xros.abi.json /Users/admin/builder/spi-builder-workspace/.derivedData/Build/Intermediates.noindex/Benchmark.build/Debug-xros/Benchmark-t.build/Objects-normal/arm64/Benchmark.abi.json (in target 'Benchmark' from project 'Benchmark')
    cd /Users/admin/builder/spi-builder-workspace/.dependencies/checkouts/swift-benchmark
    builtin-copy -exclude .DS_Store -exclude CVS -exclude .svn -exclude .git -exclude .hg -resolve-src-symlinks -rename /Users/admin/builder/spi-builder-workspace/.derivedData/Build/Intermediates.noindex/Benchmark.build/Debug-xros/Benchmark-t.build/Objects-normal/arm64/Benchmark.abi.json /Users/admin/builder/spi-builder-workspace/.derivedData/Build/Products/Debug-xros/Benchmark.swiftmodule/arm64-apple-xros.abi.json
Copy /Users/admin/builder/spi-builder-workspace/.derivedData/Build/Products/Debug-xros/Benchmark.swiftmodule/Project/arm64-apple-xros.swiftsourceinfo /Users/admin/builder/spi-builder-workspace/.derivedData/Build/Intermediates.noindex/Benchmark.build/Debug-xros/Benchmark-t.build/Objects-normal/arm64/Benchmark.swiftsourceinfo (in target 'Benchmark' from project 'Benchmark')
    cd /Users/admin/builder/spi-builder-workspace/.dependencies/checkouts/swift-benchmark
    builtin-copy -exclude .DS_Store -exclude CVS -exclude .svn -exclude .git -exclude .hg -resolve-src-symlinks -rename /Users/admin/builder/spi-builder-workspace/.derivedData/Build/Intermediates.noindex/Benchmark.build/Debug-xros/Benchmark-t.build/Objects-normal/arm64/Benchmark.swiftsourceinfo /Users/admin/builder/spi-builder-workspace/.derivedData/Build/Products/Debug-xros/Benchmark.swiftmodule/Project/arm64-apple-xros.swiftsourceinfo
SwiftCompile normal arm64 Compiling\ XCTFail.swift /Users/admin/builder/spi-builder-workspace/.dependencies/checkouts/xctest-dynamic-overlay/Sources/XCTestDynamicOverlay/XCTFail.swift (in target 'XCTestDynamicOverlay' from project 'xctest-dynamic-overlay')
SwiftCompile normal arm64 /Users/admin/builder/spi-builder-workspace/.dependencies/checkouts/xctest-dynamic-overlay/Sources/XCTestDynamicOverlay/XCTFail.swift (in target 'XCTestDynamicOverlay' from project 'xctest-dynamic-overlay')
    cd /Users/admin/builder/spi-builder-workspace/.swiftpm/xcode
    builtin-SwiftPerFileCompile XCTFail.swift
SwiftCompile normal arm64 Compiling\ CurrentThreadScheduler.swift,\ Date+Dispatch.swift,\ Debounce.swift,\ Debug.swift,\ DefaultIfEmpty.swift,\ Deferred.swift,\ Delay.swift,\ DelaySubscription.swift,\ Dematerialize.swift,\ Deprecated.swift,\ DispatchQueue+Extensions.swift,\ DispatchQueueConfiguration.swift,\ Disposable.swift,\ Disposables.swift,\ DisposeBag.swift /Users/admin/builder/spi-builder-workspace/.dependencies/checkouts/RxSwift/Sources/RxSwift/CurrentThreadScheduler.swift /Users/admin/builder/spi-builder-workspace/.dependencies/checkouts/RxSwift/Sources/RxSwift/Date+Dispatch.swift /Users/admin/builder/spi-builder-workspace/.dependencies/checkouts/RxSwift/Sources/RxSwift/Debounce.swift /Users/admin/builder/spi-builder-workspace/.dependencies/checkouts/RxSwift/Sources/RxSwift/Debug.swift /Users/admin/builder/spi-builder-workspace/.dependencies/checkouts/RxSwift/Sources/RxSwift/DefaultIfEmpty.swift /Users/admin/builder/spi-builder-workspace/.dependencies/checkouts/RxSwift/Sources/RxSwift/Deferred.swift /Users/admin/builder/spi-builder-workspace/.dependencies/checkouts/RxSwift/Sources/RxSwift/Delay.swift /Users/admin/builder/spi-builder-workspace/.dependencies/checkouts/RxSwift/Sources/RxSwift/DelaySubscription.swift /Users/admin/builder/spi-builder-workspace/.dependencies/checkouts/RxSwift/Sources/RxSwift/Dematerialize.swift /Users/admin/builder/spi-builder-workspace/.dependencies/checkouts/RxSwift/Sources/RxSwift/Deprecated.swift /Users/admin/builder/spi-builder-workspace/.dependencies/checkouts/RxSwift/Sources/RxSwift/DispatchQueue+Extensions.swift /Users/admin/builder/spi-builder-workspace/.dependencies/checkouts/RxSwift/Sources/RxSwift/DispatchQueueConfiguration.swift /Users/admin/builder/spi-builder-workspace/.dependencies/checkouts/RxSwift/Sources/RxSwift/Disposable.swift /Users/admin/builder/spi-builder-workspace/.dependencies/checkouts/RxSwift/Sources/RxSwift/Disposables.swift /Users/admin/builder/spi-builder-workspace/.dependencies/checkouts/RxSwift/Sources/RxSwift/DisposeBag.swift (in target 'RxSwift' from project 'RxSwift')
/Users/admin/builder/spi-builder-workspace/.dependencies/checkouts/RxSwift/Sources/RxSwift/CurrentThreadScheduler.swift:68:27: error: type 'Thread' has no member 'getThreadLocalStorageValueForKey'
 66 |     static var queue : ScheduleQueue? {
 67 |         get {
 68 |             return Thread.getThreadLocalStorageValueForKey(CurrentThreadSchedulerQueueKey.instance)
    |                           `- error: type 'Thread' has no member 'getThreadLocalStorageValueForKey'
 69 |         }
 70 |         set {
/Users/admin/builder/spi-builder-workspace/.dependencies/checkouts/RxSwift/Sources/RxSwift/CurrentThreadScheduler.swift:71:20: error: type 'Thread' has no member 'setThreadLocalStorageValue'
 69 |         }
 70 |         set {
 71 |             Thread.setThreadLocalStorageValue(newValue, forKey: CurrentThreadSchedulerQueueKey.instance)
    |                    `- error: type 'Thread' has no member 'setThreadLocalStorageValue'
 72 |         }
 73 |     }
Failed frontend command:
/Applications/Xcode-27.0.0-Release.Candidate.app/Contents/Developer/Toolchains/XcodeDefault.xctoolchain/usr/bin/swift-frontend -frontend -c -filelist /Users/admin/builder/spi-builder-workspace/.derivedData/Build/Intermediates.noindex/RxSwift.build/Debug-xros/RxSwift-t.build/Objects-normal/arm64/sources-1 -primary-file /Users/admin/builder/spi-builder-workspace/.dependencies/checkouts/RxSwift/Sources/RxSwift/CurrentThreadScheduler.swift -primary-file /Users/admin/builder/spi-builder-workspace/.dependencies/checkouts/RxSwift/Sources/RxSwift/Date+Dispatch.swift -primary-file /Users/admin/builder/spi-builder-workspace/.dependencies/checkouts/RxSwift/Sources/RxSwift/Debounce.swift -primary-file /Users/admin/builder/spi-builder-workspace/.dependencies/checkouts/RxSwift/Sources/RxSwift/Debug.swift -primary-file /Users/admin/builder/spi-builder-workspace/.dependencies/checkouts/RxSwift/Sources/RxSwift/DefaultIfEmpty.swift -primary-file /Users/admin/builder/spi-builder-workspace/.dependencies/checkouts/RxSwift/Sources/RxSwift/Deferred.swift -primary-file /Users/admin/builder/spi-builder-workspace/.dependencies/checkouts/RxSwift/Sources/RxSwift/Delay.swift -primary-file /Users/admin/builder/spi-builder-workspace/.dependencies/checkouts/RxSwift/Sources/RxSwift/DelaySubscription.swift -primary-file /Users/admin/builder/spi-builder-workspace/.dependencies/checkouts/RxSwift/Sources/RxSwift/Dematerialize.swift -primary-file /Users/admin/builder/spi-builder-workspace/.dependencies/checkouts/RxSwift/Sources/RxSwift/Deprecated.swift -primary-file /Users/admin/builder/spi-builder-workspace/.dependencies/checkouts/RxSwift/Sources/RxSwift/DispatchQueue+Extensions.swift -primary-file /Users/admin/builder/spi-builder-workspace/.dependencies/checkouts/RxSwift/Sources/RxSwift/DispatchQueueConfiguration.swift -primary-file /Users/admin/builder/spi-builder-workspace/.dependencies/checkouts/RxSwift/Sources/RxSwift/Disposable.swift -primary-file /Users/admin/builder/spi-builder-workspace/.dependencies/checkouts/RxSwift/Sources/RxSwift/Disposables.swift -primary-file /Users/admin/builder/spi-builder-workspace/.dependencies/checkouts/RxSwift/Sources/RxSwift/DisposeBag.swift -supplementary-output-file-map /Users/admin/builder/spi-builder-workspace/.derivedData/Build/Intermediates.noindex/RxSwift.build/Debug-xros/RxSwift-t.build/Objects-normal/arm64/supplementaryOutputs-13 -target arm64-apple-xros1.0 -disable-cross-import-overlay-search -load-resolved-plugin /Applications/Xcode-27.0.0-Release.Candidate.app/Contents/Developer/Platforms/XROS.platform/Developer/usr/lib/swift/host/plugins/libFoundationMacros.dylib\#/Applications/Xcode-27.0.0-Release.Candidate.app/Contents/Developer/Platforms/XROS.platform/Developer/usr/bin/swift-plugin-server\#FoundationMacros -load-resolved-plugin /Applications/Xcode-27.0.0-Release.Candidate.app/Contents/Developer/Platforms/XROS.platform/Developer/usr/lib/swift/host/plugins/libObservationMacros.dylib\#/Applications/Xcode-27.0.0-Release.Candidate.app/Contents/Developer/Platforms/XROS.platform/Developer/usr/bin/swift-plugin-server\#ObservationMacros -load-resolved-plugin /Applications/Xcode-27.0.0-Release.Candidate.app/Contents/Developer/Platforms/XROS.platform/Developer/usr/lib/swift/host/plugins/libSwiftMacros.dylib\#/Applications/Xcode-27.0.0-Release.Candidate.app/Contents/Developer/Platforms/XROS.platform/Developer/usr/bin/swift-plugin-server\#SwiftMacros -disable-implicit-swift-modules -Xcc -fno-implicit-modules -Xcc -fno-implicit-module-maps -explicit-swift-module-map-file /Users/admin/builder/spi-builder-workspace/.derivedData/Build/Intermediates.noindex/RxSwift.build/Debug-xros/RxSwift-t.build/Objects-normal/arm64/RxSwift-dependencies-1.json -Xllvm -aarch64-use-tbi -enable-objc-interop -stack-check -sdk /Applications/Xcode-27.0.0-Release.Candidate.app/Contents/Developer/Platforms/XROS.platform/Developer/SDKs/XROS27.0.sdk -I /Users/admin/builder/spi-builder-workspace/.derivedData/Build/Products/Debug-xros -Isystem /Applications/Xcode-27.0.0-Release.Candidate.app/Contents/Developer/Platforms/XROS.platform/Developer/usr/lib -F /Users/admin/builder/spi-builder-workspace/.derivedData/Build/Products/Debug-xros -F /Applications/Xcode-27.0.0-Release.Candidate.app/Contents/Developer/Platforms/XROS.platform/Developer/Library/Frameworks -F /Applications/Xcode-27.0.0-Release.Candidate.app/Contents/Developer/Platforms/XROS.platform/Developer/SDKs/XROS27.0.sdk/Developer/Library/Frameworks -module-cache-path /Users/admin/builder/spi-builder-workspace/.derivedData/Build/Intermediates.noindex/SwiftExplicitPrecompiledModules -no-color-diagnostics -Xcc -fno-color-diagnostics -enable-testing -g -debug-info-format\=dwarf -dwarf-version\=4 -suppress-warnings -profile-generate -profile-coverage-mapping -swift-version 5 -Onone -D SWIFT_PACKAGE -D DEBUG -D SWIFT_MODULE_RESOURCE_BUNDLE_UNAVAILABLE -D Xcode -serialize-debugging-options -enable-experimental-feature DebugDescriptionMacro -empty-abi-descriptor -validate-clang-modules-once -clang-build-session-file /Users/admin/builder/spi-builder-workspace/.derivedData/ModuleCache.noindex/Session.modulevalidation -Xcc -working-directory -Xcc /Users/admin/builder/spi-builder-workspace/.swiftpm/xcode -enable-anonymous-context-mangled-names -file-compilation-dir /Users/admin/builder/spi-builder-workspace/.swiftpm/xcode -Xcc -D_LIBCPP_HARDENING_MODE\=_LIBCPP_HARDENING_MODE_DEBUG -Xcc -ivfsstatcache -Xcc /Users/admin/builder/spi-builder-workspace/.derivedData/SDKStatCaches.noindex/xros27.0-24M361-e829b21a6f8c9b70876ba0858053c044735bd543db762f57723cac368afd1ce4.sdkstatcache -Xcc -fmodules-prune-interval\=86400 -Xcc -fmodules-prune-after\=345600 -Xcc -I/Users/admin/builder/spi-builder-workspace/.derivedData/Build/Products/Debug-xros/include -Xcc -I/Users/admin/builder/spi-builder-workspace/.derivedData/Build/Intermediates.noindex/RxSwift.build/Debug-xros/RxSwift-t.build/DerivedSources-normal/arm64 -Xcc -I/Users/admin/builder/spi-builder-workspace/.derivedData/Build/Intermediates.noindex/RxSwift.build/Debug-xros/RxSwift-t.build/DerivedSources/arm64 -Xcc -I/Users/admin/builder/spi-builder-workspace/.derivedData/Build/Intermediates.noindex/RxSwift.build/Debug-xros/RxSwift-t.build/DerivedSources -Xcc -DSWIFT_PACKAGE -Xcc -DDEBUG\=1 -no-auto-bridging-header-chaining -module-name RxSwift -const-gather-protocols-file /Users/admin/builder/spi-builder-workspace/.derivedData/Build/Intermediates.noindex/RxSwift.build/Debug-xros/RxSwift-t.build/Objects-normal/arm64/RxSwift_const_extract_protocols.json -disable-clang-spi -clang-target arm64-apple-xros27.0 -target-sdk-version 27.0 -target-sdk-name xros27.0 -in-process-plugin-server-path /Applications/Xcode-27.0.0-Release.Candidate.app/Contents/Developer/Toolchains/XcodeDefault.xctoolchain/usr/lib/swift/host/libSwiftInProcPluginServer.dylib -parse-as-library -o /Users/admin/builder/spi-builder-workspace/.derivedData/Build/Intermediates.noindex/RxSwift.build/Debug-xros/RxSwift-t.build/Objects-normal/arm64/CurrentThreadScheduler.o -o /Users/admin/builder/spi-builder-workspace/.derivedData/Build/Intermediates.noindex/RxSwift.build/Debug-xros/RxSwift-t.build/Objects-normal/arm64/Date+Dispatch.o -o /Users/admin/builder/spi-builder-workspace/.derivedData/Build/Intermediates.noindex/RxSwift.build/Debug-xros/RxSwift-t.build/Objects-normal/arm64/Debounce.o -o /Users/admin/builder/spi-builder-workspace/.derivedData/Build/Intermediates.noindex/RxSwift.build/Debug-xros/RxSwift-t.build/Objects-normal/arm64/Debug.o -o /Users/admin/builder/spi-builder-workspace/.derivedData/Build/Intermediates.noindex/RxSwift.build/Debug-xros/RxSwift-t.build/Objects-normal/arm64/DefaultIfEmpty.o -o /Users/admin/builder/spi-builder-workspace/.derivedData/Build/Intermediates.noindex/RxSwift.build/Debug-xros/RxSwift-t.build/Objects-normal/arm64/Deferred.o -o /Users/admin/builder/spi-builder-workspace/.derivedData/Build/Intermediates.noindex/RxSwift.build/Debug-xros/RxSwift-t.build/Objects-normal/arm64/Delay.o -o /Users/admin/builder/spi-builder-workspace/.derivedData/Build/Intermediates.noindex/RxSwift.build/Debug-xros/RxSwift-t.build/Objects-normal/arm64/DelaySubscription.o -o /Users/admin/builder/spi-builder-workspace/.derivedData/Build/Intermediates.noindex/RxSwift.build/Debug-xros/RxSwift-t.build/Objects-normal/arm64/Dematerialize.o -o /Users/admin/builder/spi-builder-workspace/.derivedData/Build/Intermediates.noindex/RxSwift.build/Debug-xros/RxSwift-t.build/Objects-normal/arm64/Deprecated.o -o /Users/admin/builder/spi-builder-workspace/.derivedData/Build/Intermediates.noindex/RxSwift.build/Debug-xros/RxSwift-t.build/Objects-normal/arm64/DispatchQueue+Extensions.o -o /Users/admin/builder/spi-builder-workspace/.derivedData/Build/Intermediates.noindex/RxSwift.build/Debug-xros/RxSwift-t.build/Objects-normal/arm64/DispatchQueueConfiguration.o -o /Users/admin/builder/spi-builder-workspace/.derivedData/Build/Intermediates.noindex/RxSwift.build/Debug-xros/RxSwift-t.build/Objects-normal/arm64/Disposable.o -o /Users/admin/builder/spi-builder-workspace/.derivedData/Build/Intermediates.noindex/RxSwift.build/Debug-xros/RxSwift-t.build/Objects-normal/arm64/Disposables.o -o /Users/admin/builder/spi-builder-workspace/.derivedData/Build/Intermediates.noindex/RxSwift.build/Debug-xros/RxSwift-t.build/Objects-normal/arm64/DisposeBag.o -debug-module-path /Users/admin/builder/spi-builder-workspace/.derivedData/Build/Intermediates.noindex/RxSwift.build/Debug-xros/RxSwift-t.build/Objects-normal/arm64/RxSwift.swiftmodule -index-unit-output-path /RxSwift.build/Debug-xros/RxSwift-t.build/Objects-normal/arm64/CurrentThreadScheduler.o -index-unit-output-path /RxSwift.build/Debug-xros/RxSwift-t.build/Objects-normal/arm64/Date+Dispatch.o -index-unit-output-path /RxSwift.build/Debug-xros/RxSwift-t.build/Objects-normal/arm64/Debounce.o -index-unit-output-path /RxSwift.build/Debug-xros/RxSwift-t.build/Objects-normal/arm64/Debug.o -index-unit-output-path /RxSwift.build/Debug-xros/RxSwift-t.build/Objects-normal/arm64/DefaultIfEmpty.o -index-unit-output-path /RxSwift.build/Debug-xros/RxSwift-t.build/Objects-normal/arm64/Deferred.o -index-unit-output-path /RxSwift.build/Debug-xros/RxSwift-t.build/Objects-normal/arm64/Delay.o -index-unit-output-path /RxSwift.build/Debug-xros/RxSwift-t.build/Objects-normal/arm64/DelaySubscription.o -index-unit-output-path /RxSwift.build/Debug-xros/RxSwift-t.build/Objects-normal/arm64/Dematerialize.o -index-unit-output-path /RxSwift.build/Debug-xros/RxSwift-t.build/Objects-normal/arm64/Deprecated.o -index-unit-output-path /RxSwift.build/Debug-xros/RxSwift-t.build/Objects-normal/arm64/DispatchQueue+Extensions.o -index-unit-output-path /RxSwift.build/Debug-xros/RxSwift-t.build/Objects-normal/arm64/DispatchQueueConfiguration.o -index-unit-output-path /RxSwift.build/Debug-xros/RxSwift-t.build/Objects-normal/arm64/Disposable.o -index-unit-output-path /RxSwift.build/Debug-xros/RxSwift-t.build/Objects-normal/arm64/Disposables.o -index-unit-output-path /RxSwift.build/Debug-xros/RxSwift-t.build/Objects-normal/arm64/DisposeBag.o -index-store-path /Users/admin/builder/spi-builder-workspace/.derivedData/Index.noindex/DataStore -index-system-modules
SwiftCompile normal arm64 /Users/admin/builder/spi-builder-workspace/.dependencies/checkouts/RxSwift/Sources/RxSwift/CurrentThreadScheduler.swift (in target 'RxSwift' from project 'RxSwift')
    cd /Users/admin/builder/spi-builder-workspace/.swiftpm/xcode
    builtin-SwiftPerFileCompile CurrentThreadScheduler.swift
SwiftCompile normal arm64 /Users/admin/builder/spi-builder-workspace/.dependencies/checkouts/RxSwift/Sources/RxSwift/Date+Dispatch.swift (in target 'RxSwift' from project 'RxSwift')
    cd /Users/admin/builder/spi-builder-workspace/.swiftpm/xcode
    builtin-SwiftPerFileCompile Date+Dispatch.swift
SwiftCompile normal arm64 /Users/admin/builder/spi-builder-workspace/.dependencies/checkouts/RxSwift/Sources/RxSwift/Debounce.swift (in target 'RxSwift' from project 'RxSwift')
    cd /Users/admin/builder/spi-builder-workspace/.swiftpm/xcode
    builtin-SwiftPerFileCompile Debounce.swift
SwiftCompile normal arm64 /Users/admin/builder/spi-builder-workspace/.dependencies/checkouts/RxSwift/Sources/RxSwift/Debug.swift (in target 'RxSwift' from project 'RxSwift')
    cd /Users/admin/builder/spi-builder-workspace/.swiftpm/xcode
    builtin-SwiftPerFileCompile Debug.swift
SwiftCompile normal arm64 /Users/admin/builder/spi-builder-workspace/.dependencies/checkouts/RxSwift/Sources/RxSwift/DefaultIfEmpty.swift (in target 'RxSwift' from project 'RxSwift')
    cd /Users/admin/builder/spi-builder-workspace/.swiftpm/xcode
    builtin-SwiftPerFileCompile DefaultIfEmpty.swift
SwiftCompile normal arm64 /Users/admin/builder/spi-builder-workspace/.dependencies/checkouts/RxSwift/Sources/RxSwift/Deferred.swift (in target 'RxSwift' from project 'RxSwift')
    cd /Users/admin/builder/spi-builder-workspace/.swiftpm/xcode
    builtin-SwiftPerFileCompile Deferred.swift
SwiftCompile normal arm64 /Users/admin/builder/spi-builder-workspace/.dependencies/checkouts/RxSwift/Sources/RxSwift/Delay.swift (in target 'RxSwift' from project 'RxSwift')
    cd /Users/admin/builder/spi-builder-workspace/.swiftpm/xcode
    builtin-SwiftPerFileCompile Delay.swift
SwiftCompile normal arm64 /Users/admin/builder/spi-builder-workspace/.dependencies/checkouts/RxSwift/Sources/RxSwift/DelaySubscription.swift (in target 'RxSwift' from project 'RxSwift')
    cd /Users/admin/builder/spi-builder-workspace/.swiftpm/xcode
    builtin-SwiftPerFileCompile DelaySubscription.swift
SwiftCompile normal arm64 /Users/admin/builder/spi-builder-workspace/.dependencies/checkouts/RxSwift/Sources/RxSwift/Dematerialize.swift (in target 'RxSwift' from project 'RxSwift')
    cd /Users/admin/builder/spi-builder-workspace/.swiftpm/xcode
    builtin-SwiftPerFileCompile Dematerialize.swift
SwiftCompile normal arm64 /Users/admin/builder/spi-builder-workspace/.dependencies/checkouts/RxSwift/Sources/RxSwift/Deprecated.swift (in target 'RxSwift' from project 'RxSwift')
    cd /Users/admin/builder/spi-builder-workspace/.swiftpm/xcode
    builtin-SwiftPerFileCompile Deprecated.swift
SwiftCompile normal arm64 /Users/admin/builder/spi-builder-workspace/.dependencies/checkouts/RxSwift/Sources/RxSwift/DispatchQueue+Extensions.swift (in target 'RxSwift' from project 'RxSwift')
    cd /Users/admin/builder/spi-builder-workspace/.swiftpm/xcode
    builtin-SwiftPerFileCompile DispatchQueue+Extensions.swift
SwiftCompile normal arm64 /Users/admin/builder/spi-builder-workspace/.dependencies/checkouts/RxSwift/Sources/RxSwift/DispatchQueueConfiguration.swift (in target 'RxSwift' from project 'RxSwift')
    cd /Users/admin/builder/spi-builder-workspace/.swiftpm/xcode
    builtin-SwiftPerFileCompile DispatchQueueConfiguration.swift
SwiftCompile normal arm64 /Users/admin/builder/spi-builder-workspace/.dependencies/checkouts/RxSwift/Sources/RxSwift/Disposable.swift (in target 'RxSwift' from project 'RxSwift')
    cd /Users/admin/builder/spi-builder-workspace/.swiftpm/xcode
    builtin-SwiftPerFileCompile Disposable.swift
SwiftCompile normal arm64 /Users/admin/builder/spi-builder-workspace/.dependencies/checkouts/RxSwift/Sources/RxSwift/Disposables.swift (in target 'RxSwift' from project 'RxSwift')
    cd /Users/admin/builder/spi-builder-workspace/.swiftpm/xcode
    builtin-SwiftPerFileCompile Disposables.swift
SwiftCompile normal arm64 /Users/admin/builder/spi-builder-workspace/.dependencies/checkouts/RxSwift/Sources/RxSwift/DisposeBag.swift (in target 'RxSwift' from project 'RxSwift')
    cd /Users/admin/builder/spi-builder-workspace/.swiftpm/xcode
    builtin-SwiftPerFileCompile DisposeBag.swift
SwiftCompile normal arm64 Compiling\ Skip.swift,\ SkipUntil.swift,\ SkipWhile.swift,\ StartWith.swift,\ SubjectType.swift,\ SubscribeOn.swift,\ SubscriptionDisposable.swift,\ SwiftSupport.swift,\ Switch.swift,\ SwitchIfEmpty.swift,\ SynchronizedDisposeType.swift,\ SynchronizedOnType.swift,\ SynchronizedUnsubscribeType.swift,\ TailRecursiveSink.swift,\ Take.swift /Users/admin/builder/spi-builder-workspace/.dependencies/checkouts/RxSwift/Sources/RxSwift/Skip.swift /Users/admin/builder/spi-builder-workspace/.dependencies/checkouts/RxSwift/Sources/RxSwift/SkipUntil.swift /Users/admin/builder/spi-builder-workspace/.dependencies/checkouts/RxSwift/Sources/RxSwift/SkipWhile.swift /Users/admin/builder/spi-builder-workspace/.dependencies/checkouts/RxSwift/Sources/RxSwift/StartWith.swift /Users/admin/builder/spi-builder-workspace/.dependencies/checkouts/RxSwift/Sources/RxSwift/SubjectType.swift /Users/admin/builder/spi-builder-workspace/.dependencies/checkouts/RxSwift/Sources/RxSwift/SubscribeOn.swift /Users/admin/builder/spi-builder-workspace/.dependencies/checkouts/RxSwift/Sources/RxSwift/SubscriptionDisposable.swift /Users/admin/builder/spi-builder-workspace/.dependencies/checkouts/RxSwift/Sources/RxSwift/SwiftSupport.swift /Users/admin/builder/spi-builder-workspace/.dependencies/checkouts/RxSwift/Sources/RxSwift/Switch.swift /Users/admin/builder/spi-builder-workspace/.dependencies/checkouts/RxSwift/Sources/RxSwift/SwitchIfEmpty.swift /Users/admin/builder/spi-builder-workspace/.dependencies/checkouts/RxSwift/Sources/RxSwift/SynchronizedDisposeType.swift /Users/admin/builder/spi-builder-workspace/.dependencies/checkouts/RxSwift/Sources/RxSwift/SynchronizedOnType.swift /Users/admin/builder/spi-builder-workspace/.dependencies/checkouts/RxSwift/Sources/RxSwift/SynchronizedUnsubscribeType.swift /Users/admin/builder/spi-builder-workspace/.dependencies/checkouts/RxSwift/Sources/RxSwift/TailRecursiveSink.swift /Users/admin/builder/spi-builder-workspace/.dependencies/checkouts/RxSwift/Sources/RxSwift/Take.swift (in target 'RxSwift' from project 'RxSwift')
SwiftCompile normal arm64 /Users/admin/builder/spi-builder-workspace/.dependencies/checkouts/RxSwift/Sources/RxSwift/Skip.swift (in target 'RxSwift' from project 'RxSwift')
    cd /Users/admin/builder/spi-builder-workspace/.swiftpm/xcode
    builtin-SwiftPerFileCompile Skip.swift
SwiftCompile normal arm64 /Users/admin/builder/spi-builder-workspace/.dependencies/checkouts/RxSwift/Sources/RxSwift/SkipUntil.swift (in target 'RxSwift' from project 'RxSwift')
    cd /Users/admin/builder/spi-builder-workspace/.swiftpm/xcode
    builtin-SwiftPerFileCompile SkipUntil.swift
SwiftCompile normal arm64 /Users/admin/builder/spi-builder-workspace/.dependencies/checkouts/RxSwift/Sources/RxSwift/SkipWhile.swift (in target 'RxSwift' from project 'RxSwift')
    cd /Users/admin/builder/spi-builder-workspace/.swiftpm/xcode
    builtin-SwiftPerFileCompile SkipWhile.swift
SwiftCompile normal arm64 /Users/admin/builder/spi-builder-workspace/.dependencies/checkouts/RxSwift/Sources/RxSwift/StartWith.swift (in target 'RxSwift' from project 'RxSwift')
    cd /Users/admin/builder/spi-builder-workspace/.swiftpm/xcode
    builtin-SwiftPerFileCompile StartWith.swift
SwiftCompile normal arm64 /Users/admin/builder/spi-builder-workspace/.dependencies/checkouts/RxSwift/Sources/RxSwift/SubjectType.swift (in target 'RxSwift' from project 'RxSwift')
    cd /Users/admin/builder/spi-builder-workspace/.swiftpm/xcode
    builtin-SwiftPerFileCompile SubjectType.swift
SwiftCompile normal arm64 /Users/admin/builder/spi-builder-workspace/.dependencies/checkouts/RxSwift/Sources/RxSwift/SubscribeOn.swift (in target 'RxSwift' from project 'RxSwift')
    cd /Users/admin/builder/spi-builder-workspace/.swiftpm/xcode
    builtin-SwiftPerFileCompile SubscribeOn.swift
SwiftCompile normal arm64 /Users/admin/builder/spi-builder-workspace/.dependencies/checkouts/RxSwift/Sources/RxSwift/SubscriptionDisposable.swift (in target 'RxSwift' from project 'RxSwift')
    cd /Users/admin/builder/spi-builder-workspace/.swiftpm/xcode
    builtin-SwiftPerFileCompile SubscriptionDisposable.swift
SwiftCompile normal arm64 /Users/admin/builder/spi-builder-workspace/.dependencies/checkouts/RxSwift/Sources/RxSwift/SwiftSupport.swift (in target 'RxSwift' from project 'RxSwift')
    cd /Users/admin/builder/spi-builder-workspace/.swiftpm/xcode
    builtin-SwiftPerFileCompile SwiftSupport.swift
SwiftCompile normal arm64 /Users/admin/builder/spi-builder-workspace/.dependencies/checkouts/RxSwift/Sources/RxSwift/Switch.swift (in target 'RxSwift' from project 'RxSwift')
    cd /Users/admin/builder/spi-builder-workspace/.swiftpm/xcode
    builtin-SwiftPerFileCompile Switch.swift
SwiftCompile normal arm64 /Users/admin/builder/spi-builder-workspace/.dependencies/checkouts/RxSwift/Sources/RxSwift/SwitchIfEmpty.swift (in target 'RxSwift' from project 'RxSwift')
    cd /Users/admin/builder/spi-builder-workspace/.swiftpm/xcode
    builtin-SwiftPerFileCompile SwitchIfEmpty.swift
SwiftCompile normal arm64 /Users/admin/builder/spi-builder-workspace/.dependencies/checkouts/RxSwift/Sources/RxSwift/SynchronizedDisposeType.swift (in target 'RxSwift' from project 'RxSwift')
    cd /Users/admin/builder/spi-builder-workspace/.swiftpm/xcode
    builtin-SwiftPerFileCompile SynchronizedDisposeType.swift
SwiftCompile normal arm64 /Users/admin/builder/spi-builder-workspace/.dependencies/checkouts/RxSwift/Sources/RxSwift/SynchronizedOnType.swift (in target 'RxSwift' from project 'RxSwift')
    cd /Users/admin/builder/spi-builder-workspace/.swiftpm/xcode
    builtin-SwiftPerFileCompile SynchronizedOnType.swift
SwiftCompile normal arm64 /Users/admin/builder/spi-builder-workspace/.dependencies/checkouts/RxSwift/Sources/RxSwift/SynchronizedUnsubscribeType.swift (in target 'RxSwift' from project 'RxSwift')
    cd /Users/admin/builder/spi-builder-workspace/.swiftpm/xcode
    builtin-SwiftPerFileCompile SynchronizedUnsubscribeType.swift
SwiftCompile normal arm64 /Users/admin/builder/spi-builder-workspace/.dependencies/checkouts/RxSwift/Sources/RxSwift/TailRecursiveSink.swift (in target 'RxSwift' from project 'RxSwift')
    cd /Users/admin/builder/spi-builder-workspace/.swiftpm/xcode
    builtin-SwiftPerFileCompile TailRecursiveSink.swift
SwiftCompile normal arm64 /Users/admin/builder/spi-builder-workspace/.dependencies/checkouts/RxSwift/Sources/RxSwift/Take.swift (in target 'RxSwift' from project 'RxSwift')
    cd /Users/admin/builder/spi-builder-workspace/.swiftpm/xcode
    builtin-SwiftPerFileCompile Take.swift
SwiftDriverJobDiscovery normal arm64 Compiling DefaultInitializable.swift (in target 'XCTestDynamicOverlay' from project 'xctest-dynamic-overlay')
SwiftCompile normal arm64 Compiling\ Unimplemented.swift /Users/admin/builder/spi-builder-workspace/.dependencies/checkouts/xctest-dynamic-overlay/Sources/XCTestDynamicOverlay/Unimplemented.swift (in target 'XCTestDynamicOverlay' from project 'xctest-dynamic-overlay')
SwiftCompile normal arm64 /Users/admin/builder/spi-builder-workspace/.dependencies/checkouts/xctest-dynamic-overlay/Sources/XCTestDynamicOverlay/Unimplemented.swift (in target 'XCTestDynamicOverlay' from project 'xctest-dynamic-overlay')
    cd /Users/admin/builder/spi-builder-workspace/.swiftpm/xcode
    builtin-SwiftPerFileCompile Unimplemented.swift
SwiftCompile normal arm64 Compiling\ RuntimeWarnings.swift /Users/admin/builder/spi-builder-workspace/.dependencies/checkouts/xctest-dynamic-overlay/Sources/XCTestDynamicOverlay/Internal/RuntimeWarnings.swift (in target 'XCTestDynamicOverlay' from project 'xctest-dynamic-overlay')
SwiftCompile normal arm64 /Users/admin/builder/spi-builder-workspace/.dependencies/checkouts/xctest-dynamic-overlay/Sources/XCTestDynamicOverlay/Internal/RuntimeWarnings.swift (in target 'XCTestDynamicOverlay' from project 'xctest-dynamic-overlay')
    cd /Users/admin/builder/spi-builder-workspace/.swiftpm/xcode
    builtin-SwiftPerFileCompile RuntimeWarnings.swift
SwiftCompile normal arm64 Compiling\ GeneratePlaceholder.swift /Users/admin/builder/spi-builder-workspace/.dependencies/checkouts/xctest-dynamic-overlay/Sources/XCTestDynamicOverlay/Internal/GeneratePlaceholder.swift (in target 'XCTestDynamicOverlay' from project 'xctest-dynamic-overlay')
SwiftCompile normal arm64 /Users/admin/builder/spi-builder-workspace/.dependencies/checkouts/xctest-dynamic-overlay/Sources/XCTestDynamicOverlay/Internal/GeneratePlaceholder.swift (in target 'XCTestDynamicOverlay' from project 'xctest-dynamic-overlay')
    cd /Users/admin/builder/spi-builder-workspace/.swiftpm/xcode
    builtin-SwiftPerFileCompile GeneratePlaceholder.swift
SwiftCompile normal arm64 Compiling\ HistoricalSchedulerTimeConverter.swift,\ ImmediateSchedulerType.swift,\ InfiniteSequence.swift,\ InvocableScheduledItem.swift,\ InvocableType.swift,\ Just.swift,\ Lock.swift,\ LockOwnerType.swift,\ MainScheduler.swift,\ Map.swift,\ Materialize.swift,\ Maybe.swift,\ Merge.swift,\ Multicast.swift,\ Never.swift /Users/admin/builder/spi-builder-workspace/.dependencies/checkouts/RxSwift/Sources/RxSwift/HistoricalSchedulerTimeConverter.swift /Users/admin/builder/spi-builder-workspace/.dependencies/checkouts/RxSwift/Sources/RxSwift/ImmediateSchedulerType.swift /Users/admin/builder/spi-builder-workspace/.dependencies/checkouts/RxSwift/Sources/RxSwift/InfiniteSequence.swift /Users/admin/builder/spi-builder-workspace/.dependencies/checkouts/RxSwift/Sources/RxSwift/InvocableScheduledItem.swift /Users/admin/builder/spi-builder-workspace/.dependencies/checkouts/RxSwift/Sources/RxSwift/InvocableType.swift /Users/admin/builder/spi-builder-workspace/.dependencies/checkouts/RxSwift/Sources/RxSwift/Just.swift /Users/admin/builder/spi-builder-workspace/.dependencies/checkouts/RxSwift/Sources/RxSwift/Lock.swift /Users/admin/builder/spi-builder-workspace/.dependencies/checkouts/RxSwift/Sources/RxSwift/LockOwnerType.swift /Users/admin/builder/spi-builder-workspace/.dependencies/checkouts/RxSwift/Sources/RxSwift/MainScheduler.swift /Users/admin/builder/spi-builder-workspace/.dependencies/checkouts/RxSwift/Sources/RxSwift/Map.swift /Users/admin/builder/spi-builder-workspace/.dependencies/checkouts/RxSwift/Sources/RxSwift/Materialize.swift /Users/admin/builder/spi-builder-workspace/.dependencies/checkouts/RxSwift/Sources/RxSwift/Maybe.swift /Users/admin/builder/spi-builder-workspace/.dependencies/checkouts/RxSwift/Sources/RxSwift/Merge.swift /Users/admin/builder/spi-builder-workspace/.dependencies/checkouts/RxSwift/Sources/RxSwift/Multicast.swift /Users/admin/builder/spi-builder-workspace/.dependencies/checkouts/RxSwift/Sources/RxSwift/Never.swift (in target 'RxSwift' from project 'RxSwift')
SwiftCompile normal arm64 /Users/admin/builder/spi-builder-workspace/.dependencies/checkouts/RxSwift/Sources/RxSwift/HistoricalSchedulerTimeConverter.swift (in target 'RxSwift' from project 'RxSwift')
    cd /Users/admin/builder/spi-builder-workspace/.swiftpm/xcode
    builtin-SwiftPerFileCompile HistoricalSchedulerTimeConverter.swift
SwiftCompile normal arm64 /Users/admin/builder/spi-builder-workspace/.dependencies/checkouts/RxSwift/Sources/RxSwift/ImmediateSchedulerType.swift (in target 'RxSwift' from project 'RxSwift')
    cd /Users/admin/builder/spi-builder-workspace/.swiftpm/xcode
    builtin-SwiftPerFileCompile ImmediateSchedulerType.swift
SwiftCompile normal arm64 /Users/admin/builder/spi-builder-workspace/.dependencies/checkouts/RxSwift/Sources/RxSwift/InfiniteSequence.swift (in target 'RxSwift' from project 'RxSwift')
    cd /Users/admin/builder/spi-builder-workspace/.swiftpm/xcode
    builtin-SwiftPerFileCompile InfiniteSequence.swift
SwiftCompile normal arm64 /Users/admin/builder/spi-builder-workspace/.dependencies/checkouts/RxSwift/Sources/RxSwift/InvocableScheduledItem.swift (in target 'RxSwift' from project 'RxSwift')
    cd /Users/admin/builder/spi-builder-workspace/.swiftpm/xcode
    builtin-SwiftPerFileCompile InvocableScheduledItem.swift
SwiftCompile normal arm64 /Users/admin/builder/spi-builder-workspace/.dependencies/checkouts/RxSwift/Sources/RxSwift/InvocableType.swift (in target 'RxSwift' from project 'RxSwift')
    cd /Users/admin/builder/spi-builder-workspace/.swiftpm/xcode
    builtin-SwiftPerFileCompile InvocableType.swift
SwiftCompile normal arm64 /Users/admin/builder/spi-builder-workspace/.dependencies/checkouts/RxSwift/Sources/RxSwift/Just.swift (in target 'RxSwift' from project 'RxSwift')
    cd /Users/admin/builder/spi-builder-workspace/.swiftpm/xcode
    builtin-SwiftPerFileCompile Just.swift
SwiftCompile normal arm64 /Users/admin/builder/spi-builder-workspace/.dependencies/checkouts/RxSwift/Sources/RxSwift/Lock.swift (in target 'RxSwift' from project 'RxSwift')
    cd /Users/admin/builder/spi-builder-workspace/.swiftpm/xcode
    builtin-SwiftPerFileCompile Lock.swift
SwiftCompile normal arm64 /Users/admin/builder/spi-builder-workspace/.dependencies/checkouts/RxSwift/Sources/RxSwift/LockOwnerType.swift (in target 'RxSwift' from project 'RxSwift')
    cd /Users/admin/builder/spi-builder-workspace/.swiftpm/xcode
    builtin-SwiftPerFileCompile LockOwnerType.swift
SwiftCompile normal arm64 /Users/admin/builder/spi-builder-workspace/.dependencies/checkouts/RxSwift/Sources/RxSwift/MainScheduler.swift (in target 'RxSwift' from project 'RxSwift')
    cd /Users/admin/builder/spi-builder-workspace/.swiftpm/xcode
    builtin-SwiftPerFileCompile MainScheduler.swift
SwiftCompile normal arm64 /Users/admin/builder/spi-builder-workspace/.dependencies/checkouts/RxSwift/Sources/RxSwift/Map.swift (in target 'RxSwift' from project 'RxSwift')
    cd /Users/admin/builder/spi-builder-workspace/.swiftpm/xcode
    builtin-SwiftPerFileCompile Map.swift
SwiftCompile normal arm64 /Users/admin/builder/spi-builder-workspace/.dependencies/checkouts/RxSwift/Sources/RxSwift/Materialize.swift (in target 'RxSwift' from project 'RxSwift')
    cd /Users/admin/builder/spi-builder-workspace/.swiftpm/xcode
    builtin-SwiftPerFileCompile Materialize.swift
SwiftCompile normal arm64 /Users/admin/builder/spi-builder-workspace/.dependencies/checkouts/RxSwift/Sources/RxSwift/Maybe.swift (in target 'RxSwift' from project 'RxSwift')
    cd /Users/admin/builder/spi-builder-workspace/.swiftpm/xcode
    builtin-SwiftPerFileCompile Maybe.swift
SwiftCompile normal arm64 /Users/admin/builder/spi-builder-workspace/.dependencies/checkouts/RxSwift/Sources/RxSwift/Merge.swift (in target 'RxSwift' from project 'RxSwift')
    cd /Users/admin/builder/spi-builder-workspace/.swiftpm/xcode
    builtin-SwiftPerFileCompile Merge.swift
SwiftCompile normal arm64 /Users/admin/builder/spi-builder-workspace/.dependencies/checkouts/RxSwift/Sources/RxSwift/Multicast.swift (in target 'RxSwift' from project 'RxSwift')
    cd /Users/admin/builder/spi-builder-workspace/.swiftpm/xcode
    builtin-SwiftPerFileCompile Multicast.swift
SwiftCompile normal arm64 /Users/admin/builder/spi-builder-workspace/.dependencies/checkouts/RxSwift/Sources/RxSwift/Never.swift (in target 'RxSwift' from project 'RxSwift')
    cd /Users/admin/builder/spi-builder-workspace/.swiftpm/xcode
    builtin-SwiftPerFileCompile Never.swift
SwiftDriverJobDiscovery normal arm64 Compiling Deprecations.swift (in target 'XCTestDynamicOverlay' from project 'xctest-dynamic-overlay')
SwiftExplicitDependencyGeneratePcm arm64 /Users/admin/builder/spi-builder-workspace/.derivedData/SDKExplicitPrecompiledModules/_Builtin_intrinsics-BC5IJI3YI34RQ61ZNVDRDZ6RN.pcm
SwiftDriverJobDiscovery normal arm64 Compiling XCTCurrentTestCase.swift (in target 'XCTestDynamicOverlay' from project 'xctest-dynamic-overlay')
SwiftExplicitDependencyGeneratePcm arm64 /Users/admin/builder/spi-builder-workspace/.derivedData/SDKExplicitPrecompiledModules/DataDetection-BANTQ3WXXGKZJYC0LLB3MD9K0.pcm
SwiftDriverJobDiscovery normal arm64 Compiling GeneratePlaceholder.swift (in target 'XCTestDynamicOverlay' from project 'xctest-dynamic-overlay')
SwiftExplicitDependencyGeneratePcm arm64 /Users/admin/builder/spi-builder-workspace/.derivedData/SDKExplicitPrecompiledModules/CoreMIDI-7L19IC4ZH9BPYLVTD8IIFWN9R.pcm
SwiftDriverJobDiscovery normal arm64 Compiling RuntimeWarnings.swift (in target 'XCTestDynamicOverlay' from project 'xctest-dynamic-overlay')
SwiftExplicitDependencyGeneratePcm arm64 /Users/admin/builder/spi-builder-workspace/.derivedData/SDKExplicitPrecompiledModules/IOSurface-5FE9U89GVFF9A7X7AGO2R8ENI.pcm
SwiftDriverJobDiscovery normal arm64 Compiling Unimplemented.swift (in target 'XCTestDynamicOverlay' from project 'xctest-dynamic-overlay')
SwiftExplicitDependencyGeneratePcm arm64 /Users/admin/builder/spi-builder-workspace/.derivedData/SDKExplicitPrecompiledModules/BackgroundAssets-7LA0QAAJKNTLEFGRAI5PIWADZ.pcm
SwiftExplicitDependencyGeneratePcm arm64 /Users/admin/builder/spi-builder-workspace/.derivedData/SDKExplicitPrecompiledModules/dnssd-CCUV1M8EULNEQJUXO7L0PJAL4.pcm
SwiftExplicitDependencyGeneratePcm arm64 /Users/admin/builder/spi-builder-workspace/.derivedData/SDKExplicitPrecompiledModules/_Builtin_tgmath-BPYSMHWI520EQRL2HW519ZY7Z.pcm
SwiftDriverJobDiscovery normal arm64 Compiling XCTFail.swift (in target 'XCTestDynamicOverlay' from project 'xctest-dynamic-overlay')
SwiftExplicitDependencyGeneratePcm arm64 /Users/admin/builder/spi-builder-workspace/.derivedData/SDKExplicitPrecompiledModules/DeveloperToolsSupport-46GOQP8J1QTHLYQSJW81T8UZ3.pcm
SwiftExplicitDependencyGeneratePcm arm64 /Users/admin/builder/spi-builder-workspace/.derivedData/SDKExplicitPrecompiledModules/OSLog-BNGT87TS0GMBFF7TY70HHB69.pcm
SwiftExplicitDependencyGeneratePcm arm64 /Users/admin/builder/spi-builder-workspace/.derivedData/SDKExplicitPrecompiledModules/LocalAuthentication-9MSPUJ85OBXBTOD7NJCT1GZ0O.pcm
SwiftExplicitDependencyGeneratePcm arm64 /Users/admin/builder/spi-builder-workspace/.derivedData/SDKExplicitPrecompiledModules/CoreGraphics-BFUJ177R223UT2ZI327ZTZY91.pcm
SwiftExplicitDependencyGeneratePcm arm64 /Users/admin/builder/spi-builder-workspace/.derivedData/SDKExplicitPrecompiledModules/Network-EQPZZF3W6BWG89K0PY9NZO3T0.pcm
SwiftExplicitDependencyGeneratePcm arm64 /Users/admin/builder/spi-builder-workspace/.derivedData/SDKExplicitPrecompiledModules/CoreData-73N6Z547OZUEZ8ADGEC6XRHWN.pcm
SwiftExplicitDependencyGeneratePcm arm64 /Users/admin/builder/spi-builder-workspace/.derivedData/SDKExplicitPrecompiledModules/CoreTransferable-8TBYAKHCX6UC8QQSS7BD8GQK5.pcm
SwiftExplicitDependencyGeneratePcm arm64 /Users/admin/builder/spi-builder-workspace/.derivedData/SDKExplicitPrecompiledModules/simd-9XXAB17Y6E4BBPQADD61NZ23.pcm
SwiftExplicitDependencyGeneratePcm arm64 /Users/admin/builder/spi-builder-workspace/.derivedData/SDKExplicitPrecompiledModules/CoreAudioTypes-45UXYEQRN95KG6BF2CW0QIYK9.pcm
PruneExplicitPrecompiledModules /Users/admin/builder/spi-builder-workspace/.derivedData/Build/Intermediates.noindex/ExplicitPrecompiledModules
PruneExplicitPrecompiledModules /Users/admin/builder/spi-builder-workspace/.derivedData/Build/Intermediates.noindex/SwiftExplicitPrecompiledModules
PruneExplicitPrecompiledModules /Users/admin/builder/spi-builder-workspace/.derivedData/SDKExplicitPrecompiledModules
2026-09-20 01:57:39.021 xcodebuild[1265:7281] [MT] IDERunDestination: Supported platforms for the buildables in the current scheme is empty.
** BUILD FAILED **
The following build commands failed:
	SwiftCompile normal arm64 Compiling\ CurrentThreadScheduler.swift,\ Date+Dispatch.swift,\ Debounce.swift,\ Debug.swift,\ DefaultIfEmpty.swift,\ Deferred.swift,\ Delay.swift,\ DelaySubscription.swift,\ Dematerialize.swift,\ Deprecated.swift,\ DispatchQueue+Extensions.swift,\ DispatchQueueConfiguration.swift,\ Disposable.swift,\ Disposables.swift,\ DisposeBag.swift /Users/admin/builder/spi-builder-workspace/.dependencies/checkouts/RxSwift/Sources/RxSwift/CurrentThreadScheduler.swift /Users/admin/builder/spi-builder-workspace/.dependencies/checkouts/RxSwift/Sources/RxSwift/Date+Dispatch.swift /Users/admin/builder/spi-builder-workspace/.dependencies/checkouts/RxSwift/Sources/RxSwift/Debounce.swift /Users/admin/builder/spi-builder-workspace/.dependencies/checkouts/RxSwift/Sources/RxSwift/Debug.swift /Users/admin/builder/spi-builder-workspace/.dependencies/checkouts/RxSwift/Sources/RxSwift/DefaultIfEmpty.swift /Users/admin/builder/spi-builder-workspace/.dependencies/checkouts/RxSwift/Sources/RxSwift/Deferred.swift /Users/admin/builder/spi-builder-workspace/.dependencies/checkouts/RxSwift/Sources/RxSwift/Delay.swift /Users/admin/builder/spi-builder-workspace/.dependencies/checkouts/RxSwift/Sources/RxSwift/DelaySubscription.swift /Users/admin/builder/spi-builder-workspace/.dependencies/checkouts/RxSwift/Sources/RxSwift/Dematerialize.swift /Users/admin/builder/spi-builder-workspace/.dependencies/checkouts/RxSwift/Sources/RxSwift/Deprecated.swift /Users/admin/builder/spi-builder-workspace/.dependencies/checkouts/RxSwift/Sources/RxSwift/DispatchQueue+Extensions.swift /Users/admin/builder/spi-builder-workspace/.dependencies/checkouts/RxSwift/Sources/RxSwift/DispatchQueueConfiguration.swift /Users/admin/builder/spi-builder-workspace/.dependencies/checkouts/RxSwift/Sources/RxSwift/Disposable.swift /Users/admin/builder/spi-builder-workspace/.dependencies/checkouts/RxSwift/Sources/RxSwift/Disposables.swift /Users/admin/builder/spi-builder-workspace/.dependencies/checkouts/RxSwift/Sources/RxSwift/DisposeBag.swift (in target 'RxSwift' from project 'RxSwift')
	SwiftCompile normal arm64 /Users/admin/builder/spi-builder-workspace/.dependencies/checkouts/RxSwift/Sources/RxSwift/CurrentThreadScheduler.swift (in target 'RxSwift' from project 'RxSwift')
	Building workspace RxComposableArchitecture with scheme RxComposableArchitecture-Package
(3 failures)
BUILD FAILURE 6.4 visionOS