Build Information
Failed to build WWClampedValue, reference main (f68b3c), with Swift 6.1 for Linux on 14 Aug 2026 17:26:37 UTC.
Build Command
bash -c docker run --pull=always --rm -v "checkouts-53886770-0":/host -w "$PWD" -e JAVA_HOME="/root/.sdkman/candidates/java/current" -e SPI_BUILD="1" -e SPI_PROCESSING="1" registry.gitlab.com/saguaro1/spi-images:basic-6.1-latest swift build --triple x86_64-unknown-linux-gnu 2>&1Build Log
========================================
RunAll
========================================
Builder version: 5.0.1
Interrupt handler set up.
========================================
Checkout
========================================
Clone URL: https://github.com/William-Weng/WWClampedValue.git
Reference: main
Initialized empty Git repository in /host/spi-builder-workspace/.git/
hint: Using 'master' as the name for the initial branch. This default branch name
hint: is subject to change. To configure the initial branch name to use in all
hint: of your new repositories, which will suppress this warning, call:
hint:
hint: git config --global init.defaultBranch <name>
hint:
hint: Names commonly chosen instead of 'master' are 'main', 'trunk' and
hint: 'development'. The just-created branch can be renamed via this command:
hint:
hint: git branch -m <name>
From https://github.com/William-Weng/WWClampedValue
* branch main -> FETCH_HEAD
* [new branch] main -> origin/main
HEAD is now at f68b3ce Update README.md
Cloned https://github.com/William-Weng/WWClampedValue.git
Revision (git rev-parse @):
f68b3ce1380ef7f641fd9444417493b5a02f8b80
SUCCESS checkout https://github.com/William-Weng/WWClampedValue.git at main
========================================
Build
========================================
Selected platform: linux
Swift version: 6.1
Building package at path: $PWD
https://github.com/William-Weng/WWClampedValue.git
https://github.com/William-Weng/WWClampedValue.git
WARNING: environment variable SUPPRESS_SWIFT_6_FLAGS is not set
Running build ...
bash -c docker run --pull=always --rm -v "checkouts-53886770-0":/host -w "$PWD" -e JAVA_HOME="/root/.sdkman/candidates/java/current" -e SPI_BUILD="1" -e SPI_PROCESSING="1" registry.gitlab.com/saguaro1/spi-images:basic-6.1-latest swift build --triple x86_64-unknown-linux-gnu -Xswiftc -Xfrontend -Xswiftc -stats-output-dir -Xswiftc -Xfrontend -Xswiftc .stats -Xswiftc -strict-concurrency=complete -Xswiftc -enable-upcoming-feature -Xswiftc StrictConcurrency -Xswiftc -enable-upcoming-feature -Xswiftc DisableOutwardActorInference -Xswiftc -enable-upcoming-feature -Xswiftc GlobalActorIsolatedTypesUsability -Xswiftc -enable-upcoming-feature -Xswiftc InferSendableFromCaptures 2>&1
basic-6.1-latest: Pulling from saguaro1/spi-images
Digest: sha256:dff62030f4387a2d827d2b365d39a91716bd1d13650763ccbcbfe23419000563
Status: Image is up to date for registry.gitlab.com/saguaro1/spi-images:basic-6.1-latest
warning: 'spi-builder-workspace': found 1 file(s) which are unhandled; explicitly declare them as resources or exclude from the target
/host/spi-builder-workspace/Sources/WWClampedValue/Privacy/PrivacyInfo.xcprivacy
Building for debugging...
[0/2] Write sources
[1/2] Write swift-version-24593BA9C3E375BF.txt
error: emit-module command failed with exit code 1 (use -v to see invocation)
[3/7] Emitting module WWClampedValue
/host/spi-builder-workspace/Sources/WWClampedValue/Utility/Extension.swift:8:8: error: no such module 'SwiftUI'
6 | //
7 |
8 | import SwiftUI
| `- error: no such module 'SwiftUI'
9 |
10 | // MARK: - BinaryInteger
[4/7] Compiling WWClampedValue Extension.swift
/host/spi-builder-workspace/Sources/WWClampedValue/Utility/Extension.swift:8:8: error: no such module 'SwiftUI'
6 | //
7 |
8 | import SwiftUI
| `- error: no such module 'SwiftUI'
9 |
10 | // MARK: - BinaryInteger
[5/7] Compiling WWClampedValue WWClampedValue.swift
/host/spi-builder-workspace/Sources/WWClampedValue/Utility/Extension.swift:8:8: error: no such module 'SwiftUI'
6 | //
7 |
8 | import SwiftUI
| `- error: no such module 'SwiftUI'
9 |
10 | // MARK: - BinaryInteger
[6/7] Compiling WWClampedValue WWSnappedFloatValue.swift
/host/spi-builder-workspace/Sources/WWClampedValue/Utility/Extension.swift:8:8: error: no such module 'SwiftUI'
6 | //
7 |
8 | import SwiftUI
| `- error: no such module 'SwiftUI'
9 |
10 | // MARK: - BinaryInteger
[7/7] Compiling WWClampedValue WWSnappedIntValue.swift
/host/spi-builder-workspace/Sources/WWClampedValue/Utility/Extension.swift:8:8: error: no such module 'SwiftUI'
6 | //
7 |
8 | import SwiftUI
| `- error: no such module 'SwiftUI'
9 |
10 | // MARK: - BinaryInteger
Running build ...
bash -c docker run --pull=always --rm -v "checkouts-53886770-0":/host -w "$PWD" -e JAVA_HOME="/root/.sdkman/candidates/java/current" -e SPI_BUILD="1" -e SPI_PROCESSING="1" registry.gitlab.com/saguaro1/spi-images:basic-6.1-latest swift build --triple x86_64-unknown-linux-gnu 2>&1
basic-6.1-latest: Pulling from saguaro1/spi-images
Digest: sha256:dff62030f4387a2d827d2b365d39a91716bd1d13650763ccbcbfe23419000563
Status: Image is up to date for registry.gitlab.com/saguaro1/spi-images:basic-6.1-latest
warning: 'spi-builder-workspace': found 1 file(s) which are unhandled; explicitly declare them as resources or exclude from the target
/host/spi-builder-workspace/Sources/WWClampedValue/Privacy/PrivacyInfo.xcprivacy
[0/1] Planning build
Building for debugging...
[0/1] Write swift-version-24593BA9C3E375BF.txt
[2/6] Compiling WWClampedValue WWClampedValue.swift
/host/spi-builder-workspace/Sources/WWClampedValue/Utility/Extension.swift:8:8: error: no such module 'SwiftUI'
6 | //
7 |
8 | import SwiftUI
| `- error: no such module 'SwiftUI'
9 |
10 | // MARK: - BinaryInteger
[3/6] Compiling WWClampedValue Extension.swift
/host/spi-builder-workspace/Sources/WWClampedValue/Utility/Extension.swift:8:8: error: no such module 'SwiftUI'
6 | //
7 |
8 | import SwiftUI
| `- error: no such module 'SwiftUI'
9 |
10 | // MARK: - BinaryInteger
[4/6] Compiling WWClampedValue WWSnappedFloatValue.swift
/host/spi-builder-workspace/Sources/WWClampedValue/Utility/Extension.swift:8:8: error: no such module 'SwiftUI'
6 | //
7 |
8 | import SwiftUI
| `- error: no such module 'SwiftUI'
9 |
10 | // MARK: - BinaryInteger
[5/6] Compiling WWClampedValue WWSnappedIntValue.swift
/host/spi-builder-workspace/Sources/WWClampedValue/Utility/Extension.swift:8:8: error: no such module 'SwiftUI'
6 | //
7 |
8 | import SwiftUI
| `- error: no such module 'SwiftUI'
9 |
10 | // MARK: - BinaryInteger
error: emit-module command failed with exit code 1 (use -v to see invocation)
[6/6] Emitting module WWClampedValue
/host/spi-builder-workspace/Sources/WWClampedValue/Utility/Extension.swift:8:8: error: no such module 'SwiftUI'
6 | //
7 |
8 | import SwiftUI
| `- error: no such module 'SwiftUI'
9 |
10 | // MARK: - BinaryInteger
BUILD FAILURE 6.1 linux