The Swift Package Index logo.Swift Package Index

Build Information

Failed to build SBTUITestTunnel, reference 12.0.0 (620ad6), with Swift 6.4 for Wasm on 29 Oct 2026 20:19:33 UTC.

Build Command

bash -c docker run --pull=always --rm -v "checkouts-53886769-0":/host -w "$PWD" -e JAVA_HOME="/root/.sdkman/candidates/java/current" -e SPI_BUILD="1" -e SPI_PROCESSING="1" registry.gitlab.com/saguaro1/spi-images:wasm-6.4-latest swift build --swift-sdk swift-6.4.0-RELEASE_wasm 2>&1

Build Log

========================================
RunAll
========================================
Builder version: 5.1.4
Interrupt handler set up.
========================================
Checkout
========================================
Clone URL: https://github.com/Subito-it/SBTUITestTunnel.git
Reference: 12.0.0
Initialized empty Git repository in /host/spi-builder-workspace/.git/
hint: Using 'master' as the name for the initial branch. This default branch name
hint: is subject to change. To configure the initial branch name to use in all
hint: of your new repositories, which will suppress this warning, call:
hint:
hint: 	git config --global init.defaultBranch <name>
hint:
hint: Names commonly chosen instead of 'master' are 'main', 'trunk' and
hint: 'development'. The just-created branch can be renamed via this command:
hint:
hint: 	git branch -m <name>
From https://github.com/Subito-it/SBTUITestTunnel
 * tag               12.0.0     -> FETCH_HEAD
HEAD is now at 620ad61 Bump to 12.0.0
Cloned https://github.com/Subito-it/SBTUITestTunnel.git
Revision (git rev-parse @):
620ad617835802f964d11c410dee4b702ce7566f
SUCCESS checkout https://github.com/Subito-it/SBTUITestTunnel.git at 12.0.0
========================================
Build
========================================
Selected platform:         wasm
Swift version:             6.4
Building package at path:  $PWD
https://github.com/Subito-it/SBTUITestTunnel.git
Running build ...
bash -c docker run --pull=always --rm -v "checkouts-53886769-0":/host -w "$PWD" -e JAVA_HOME="/root/.sdkman/candidates/java/current" -e SPI_BUILD="1" -e SPI_PROCESSING="1" registry.gitlab.com/saguaro1/spi-images:wasm-6.4-latest swift build --swift-sdk swift-6.4.0-RELEASE_wasm 2>&1
wasm-6.4-latest: Pulling from saguaro1/spi-images
Digest: sha256:0ad19d16955074ecc72bbe910025b19c4e4614184c1a48afc82660d4c7620121
Status: Image is up to date for registry.gitlab.com/saguaro1/spi-images:wasm-6.4-latest
Building for debugging...
[Pre-planning 1 / 214]
[Starting]
In file included from /host/spi-builder-workspace/Sources/SBTUITestTunnelCommon/SBTUITestTunnel.m:17:
/host/spi-builder-workspace/Sources/SBTUITestTunnelCommon/include/SBTUITestTunnel.h:17:1: error: use of '@import' when modules are disabled
   17 | @import Foundation;
      | ^
/host/spi-builder-workspace/Sources/SBTUITestTunnelCommon/include/SBTUITestTunnel.h:18:1: error: use of '@import' when modules are disabled
   18 | @import ObjectiveC.NSObject;
      | ^
/host/spi-builder-workspace/Sources/SBTUITestTunnelCommon/include/SBTUITestTunnel.h:20:8: error: unknown type name 'NSString'
   20 | extern NSString * _Nonnull const SBTUITunneledApplicationLaunchEnvironmentIPCKey;
      |        ^
/host/spi-builder-workspace/Sources/SBTUITestTunnelCommon/include/SBTUITestTunnel.h:21:8: error: unknown type name 'NSString'
   21 | extern NSString * _Nonnull const SBTUITunneledApplicationLaunchEnvironmentPortKey;
      |        ^
/host/spi-builder-workspace/Sources/SBTUITestTunnelCommon/include/SBTUITestTunnel.h:22:8: error: unknown type name 'NSString'
   22 | extern NSString * _Nonnull const SBTUITunneledApplicationDefaultHost;
      |        ^
/host/spi-builder-workspace/Sources/SBTUITestTunnelCommon/include/SBTUITestTunnel.h:31:8: error: unknown type name 'NSString'
   31 | extern NSString * _Nonnull const SBTUITunneledApplicationLaunchSignal;
      |        ^
/host/spi-builder-workspace/Sources/SBTUITestTunnelCommon/include/SBTUITestTunnel.h:32:8: error: unknown type name 'NSString'
   32 | extern NSString * _Nonnull const SBTUITunneledApplicationLaunchOptionResetFilesystem;
      |        ^
/host/spi-builder-workspace/Sources/SBTUITestTunnelCommon/include/SBTUITestTunnel.h:33:8: error: unknown type name 'NSString'
   33 | extern NSString * _Nonnull const SBTUITunneledApplicationLaunchOptionDisableKeepAlive;
      |        ^
/host/spi-builder-workspace/Sources/SBTUITestTunnelCommon/include/SBTUITestTunnel.h:34:8: error: unknown type name 'NSString'
   34 | extern NSString * _Nonnull const SBTUITunneledApplicationLaunchOptionDisableUITextFieldAutocomplete;
      |        ^
/host/spi-builder-workspace/Sources/SBTUITestTunnelCommon/include/SBTUITestTunnel.h:35:8: error: unknown type name 'NSString'
   35 | extern NSString * _Nonnull const SBTUITunneledApplicationLaunchOptionHasStartupCommands;
      |        ^
/host/spi-builder-workspace/Sources/SBTUITestTunnelCommon/include/SBTUITestTunnel.h:37:8: error: unknown type name 'NSString'
   37 | extern NSString * _Nonnull const SBTUITunnelIPCCommand;
      |        ^
/host/spi-builder-workspace/Sources/SBTUITestTunnelCommon/include/SBTUITestTunnel.h:39:8: error: unknown type name 'NSString'
   39 | extern NSString * _Nonnull const SBTUITunnelHTTPMethod;
      |        ^
/host/spi-builder-workspace/Sources/SBTUITestTunnelCommon/include/SBTUITestTunnel.h:41:8: error: unknown type name 'NSString'
   41 | extern NSString * _Nonnull const SBTUITunnelStubMatchRuleKey;
      |        ^
/host/spi-builder-workspace/Sources/SBTUITestTunnelCommon/include/SBTUITestTunnel.h:42:8: error: unknown type name 'NSString'
   42 | extern NSString * _Nonnull const SBTUITunnelStubResponseKey;
      |        ^
/host/spi-builder-workspace/Sources/SBTUITestTunnelCommon/include/SBTUITestTunnel.h:44:8: error: unknown type name 'NSString'
   44 | extern NSString * _Nonnull const SBTUITunnelRewriteMatchRuleKey;
      |        ^
/host/spi-builder-workspace/Sources/SBTUITestTunnelCommon/include/SBTUITestTunnel.h:45:8: error: unknown type name 'NSString'
   45 | extern NSString * _Nonnull const SBTUITunnelRewriteKey;
      |        ^
/host/spi-builder-workspace/Sources/SBTUITestTunnelCommon/include/SBTUITestTunnel.h:47:8: error: unknown type name 'NSString'
   47 | extern NSString * _Nonnull const SBTUITunnelProxyQueryRuleKey;
      |        ^
/host/spi-builder-workspace/Sources/SBTUITestTunnelCommon/include/SBTUITestTunnel.h:48:8: error: unknown type name 'NSString'
   48 | extern NSString * _Nonnull const SBTUITunnelProxyQueryResponseTimeKey;
      |        ^
/host/spi-builder-workspace/Sources/SBTUITestTunnelCommon/include/SBTUITestTunnel.h:50:8: error: unknown type name 'NSString'
   50 | extern NSString * _Nonnull const SBTUITunnelCookieBlockMatchRuleKey;
      |        ^
fatal error: too many errors emitted, stopping now [-ferror-limit=]
20 errors generated.
error: CompileC /host/spi-builder-workspace/.build/out/Intermediates.noindex/SBTUITestTunnel.build/Debug-webassembly-wasm32/SBTUITestTunnelCommon-t.build/Objects-normal/wasm32/SBTUITestTunnel.o /host/spi-builder-workspace/Sources/SBTUITestTunnelCommon/SBTUITestTunnel.m normal wasm32 objective-c com.apple.compilers.llvm.clang.1_0.compiler failed with a nonzero exit code. Command line:     cd /host

    Using response file: /host/spi-builder-workspace/.build/out/Intermediates.noindex/SBTUITestTunnel.build/Debug-webassembly-wasm32/SBTUITestTunnelCommon-t.build/Objects-normal/wasm32/6f95552a3397ee1cec971b90cf334075d5f321c3a3b0689ad55c3d1e24702600-common-args.resp

    /usr/bin/clang -x objective-c -target wasm32-unknown-wasip1 -fmessage-length\=0 -fdiagnostics-show-note-include-stack -fmacro-backtrace-limit\=0 -fcolor-diagnostics -Wno-trigraphs -Wno-missing-field-initializers -Wno-missing-prototypes -Wno-return-type -Wno-implicit-atomic-properties -Wno-objc-interface-ivars -Wno-arc-repeated-use-of-weak -Wno-missing-braces -Wparentheses -Wswitch -Wno-unused-function -Wno-unused-label -Wno-unused-parameter -Wno-unused-variable -Wunused-value -Wno-empty-body -Wno-uninitialized -Wno-unknown-pragmas -Wno-shadow -Wno-four-char-constants -Wno-conversion -Wno-constant-conversion -Wno-int-conversion -Wno-bool-conversion -Wno-enum-conversion -Wno-float-conversion -Wno-non-literal-null-conversion -Wno-objc-literal-conversion -Wno-shorten-64-to-32 -Wpointer-sign -Wno-newline-eof -Wno-selector -Wno-strict-selector-match -Wno-undeclared-selector -Wno-deprecated-implementations -Wno-implicit-fallthrough -fstrict-aliasing -Wprotocol -Wdeprecated-declarations -Wno-sign-conversion -Wno-infinite-recursion -Wno-comma -Wno-block-capture-autoreleasing -Wno-strict-prototypes -Wno-semicolon-before-method-body --sysroot /root/.swiftpm/swift-sdks/swift-6.4.0-RELEASE_wasm.artifactbundle/swift-6.4.0-RELEASE_wasm/wasm32-unknown-wasip1/WASI.sdk @/host/spi-builder-workspace/.build/out/Intermediates.noindex/SBTUITestTunnel.build/Debug-webassembly-wasm32/SBTUITestTunnelCommon-t.build/Objects-normal/wasm32/6f95552a3397ee1cec971b90cf334075d5f321c3a3b0689ad55c3d1e24702600-common-args.resp -MMD -MT dependencies -MF /host/spi-builder-workspace/.build/out/Intermediates.noindex/SBTUITestTunnel.build/Debug-webassembly-wasm32/SBTUITestTunnelCommon-t.build/Objects-normal/wasm32/SBTUITestTunnel.d --serialize-diagnostics /host/spi-builder-workspace/.build/out/Intermediates.noindex/SBTUITestTunnel.build/Debug-webassembly-wasm32/SBTUITestTunnelCommon-t.build/Objects-normal/wasm32/SBTUITestTunnel.dia -c /host/spi-builder-workspace/Sources/SBTUITestTunnelCommon/SBTUITestTunnel.m -o /host/spi-builder-workspace/.build/out/Intermediates.noindex/SBTUITestTunnel.build/Debug-webassembly-wasm32/SBTUITestTunnelCommon-t.build/Objects-normal/wasm32/SBTUITestTunnel.o
In file included from /host/spi-builder-workspace/Sources/SBTUITestTunnelCommon/SBTUITestTunnelNetworkUtility.m:17:
/host/spi-builder-workspace/Sources/SBTUITestTunnelCommon/include/SBTUITestTunnelNetworkUtility.h:17:9: fatal error: 'Foundation/Foundation.h' file not found
   17 | #import <Foundation/Foundation.h>
      |         ^~~~~~~~~~~~~~~~~~~~~~~~~
1 error generated.
error: CompileC /host/spi-builder-workspace/.build/out/Intermediates.noindex/SBTUITestTunnel.build/Debug-webassembly-wasm32/SBTUITestTunnelCommon-t.build/Objects-normal/wasm32/SBTUITestTunnelNetworkUtility.o /host/spi-builder-workspace/Sources/SBTUITestTunnelCommon/SBTUITestTunnelNetworkUtility.m normal wasm32 objective-c com.apple.compilers.llvm.clang.1_0.compiler failed with a nonzero exit code. Command line:     cd /host

    Using response file: /host/spi-builder-workspace/.build/out/Intermediates.noindex/SBTUITestTunnel.build/Debug-webassembly-wasm32/SBTUITestTunnelCommon-t.build/Objects-normal/wasm32/6f95552a3397ee1cec971b90cf334075d5f321c3a3b0689ad55c3d1e24702600-common-args.resp

    /usr/bin/clang -x objective-c -target wasm32-unknown-wasip1 -fmessage-length\=0 -fdiagnostics-show-note-include-stack -fmacro-backtrace-limit\=0 -fcolor-diagnostics -Wno-trigraphs -Wno-missing-field-initializers -Wno-missing-prototypes -Wno-return-type -Wno-implicit-atomic-properties -Wno-objc-interface-ivars -Wno-arc-repeated-use-of-weak -Wno-missing-braces -Wparentheses -Wswitch -Wno-unused-function -Wno-unused-label -Wno-unused-parameter -Wno-unused-variable -Wunused-value -Wno-empty-body -Wno-uninitialized -Wno-unknown-pragmas -Wno-shadow -Wno-four-char-constants -Wno-conversion -Wno-constant-conversion -Wno-int-conversion -Wno-bool-conversion -Wno-enum-conversion -Wno-float-conversion -Wno-non-literal-null-conversion -Wno-objc-literal-conversion -Wno-shorten-64-to-32 -Wpointer-sign -Wno-newline-eof -Wno-selector -Wno-strict-selector-match -Wno-undeclared-selector -Wno-deprecated-implementations -Wno-implicit-fallthrough -fstrict-aliasing -Wprotocol -Wdeprecated-declarations -Wno-sign-conversion -Wno-infinite-recursion -Wno-comma -Wno-block-capture-autoreleasing -Wno-strict-prototypes -Wno-semicolon-before-method-body --sysroot /root/.swiftpm/swift-sdks/swift-6.4.0-RELEASE_wasm.artifactbundle/swift-6.4.0-RELEASE_wasm/wasm32-unknown-wasip1/WASI.sdk @/host/spi-builder-workspace/.build/out/Intermediates.noindex/SBTUITestTunnel.build/Debug-webassembly-wasm32/SBTUITestTunnelCommon-t.build/Objects-normal/wasm32/6f95552a3397ee1cec971b90cf334075d5f321c3a3b0689ad55c3d1e24702600-common-args.resp -MMD -MT dependencies -MF /host/spi-builder-workspace/.build/out/Intermediates.noindex/SBTUITestTunnel.build/Debug-webassembly-wasm32/SBTUITestTunnelCommon-t.build/Objects-normal/wasm32/SBTUITestTunnelNetworkUtility.d --serialize-diagnostics /host/spi-builder-workspace/.build/out/Intermediates.noindex/SBTUITestTunnel.build/Debug-webassembly-wasm32/SBTUITestTunnelCommon-t.build/Objects-normal/wasm32/SBTUITestTunnelNetworkUtility.dia -c /host/spi-builder-workspace/Sources/SBTUITestTunnelCommon/SBTUITestTunnelNetworkUtility.m -o /host/spi-builder-workspace/.build/out/Intermediates.noindex/SBTUITestTunnel.build/Debug-webassembly-wasm32/SBTUITestTunnelCommon-t.build/Objects-normal/wasm32/SBTUITestTunnelNetworkUtility.o
In file included from /host/spi-builder-workspace/Sources/SBTUITestTunnelCommon/SBTRewrite.m:17:
/host/spi-builder-workspace/Sources/SBTUITestTunnelCommon/include/SBTRewrite.h:17:1: error: use of '@import' when modules are disabled
   17 | @import Foundation;
      | ^
/host/spi-builder-workspace/Sources/SBTUITestTunnelCommon/include/SBTRewrite.h:21:33: error: no type or protocol named 'NSSecureCoding'
   21 | @interface SBTRewrite: NSObject<NSSecureCoding>
      |                                 ^
/host/spi-builder-workspace/Sources/SBTUITestTunnelCommon/include/SBTRewrite.h:21:24: error: cannot find interface declaration for 'NSObject', superclass of 'SBTRewrite'
   21 | @interface SBTRewrite: NSObject<NSSecureCoding>
      | ~~~~~~~~~~~~~~~~~~~~~  ^
/host/spi-builder-workspace/Sources/SBTUITestTunnelCommon/include/SBTRewrite.h:23:40: error: unknown type name 'NSArray'
   23 | @property (nonnull, nonatomic, strong) NSArray<SBTRewriteReplacement *> *urlReplacement;
      |                                        ^
/host/spi-builder-workspace/Sources/SBTUITestTunnelCommon/include/SBTRewrite.h:23:47: error: expected member name or ';' after declaration specifiers
   23 | @property (nonnull, nonatomic, strong) NSArray<SBTRewriteReplacement *> *urlReplacement;
      |                                        ~~~~~~~^
/host/spi-builder-workspace/Sources/SBTUITestTunnelCommon/include/SBTRewrite.h:23:1: error: property requires fields to be named
   23 | @property (nonnull, nonatomic, strong) NSArray<SBTRewriteReplacement *> *urlReplacement;
      | ^                                      ~~~~~~~
/host/spi-builder-workspace/Sources/SBTUITestTunnelCommon/include/SBTRewrite.h:23:47: error: expected ';' at end of declaration list
   23 | @property (nonnull, nonatomic, strong) NSArray<SBTRewriteReplacement *> *urlReplacement;
      |                                               ^
      |                                               ;
/host/spi-builder-workspace/Sources/SBTUITestTunnelCommon/include/SBTRewrite.h:23:69: error: expected '>'
   23 | @property (nonnull, nonatomic, strong) NSArray<SBTRewriteReplacement *> *urlReplacement;
      |                                                                     ^
/host/spi-builder-workspace/Sources/SBTUITestTunnelCommon/include/SBTRewrite.h:23:47: note: to match this '<'
   23 | @property (nonnull, nonatomic, strong) NSArray<SBTRewriteReplacement *> *urlReplacement;
      |                                               ^
/host/spi-builder-workspace/Sources/SBTUITestTunnelCommon/include/SBTRewrite.h:23:47: warning: protocol has no object type specified; defaults to qualified 'id'
   23 | @property (nonnull, nonatomic, strong) NSArray<SBTRewriteReplacement *> *urlReplacement;
      |                                               ^
      |                                               id
/host/spi-builder-workspace/Sources/SBTUITestTunnelCommon/include/SBTRewrite.h:23:71: error: expected identifier or '('
   23 | @property (nonnull, nonatomic, strong) NSArray<SBTRewriteReplacement *> *urlReplacement;
      |                                                                       ^
/host/spi-builder-workspace/Sources/SBTUITestTunnelCommon/include/SBTRewrite.h:24:40: error: unknown type name 'NSArray'
   24 | @property (nonnull, nonatomic, strong) NSArray<SBTRewriteReplacement *> *requestReplacement;
      |                                        ^
/host/spi-builder-workspace/Sources/SBTUITestTunnelCommon/include/SBTRewrite.h:24:47: error: expected member name or ';' after declaration specifiers
   24 | @property (nonnull, nonatomic, strong) NSArray<SBTRewriteReplacement *> *requestReplacement;
      |                                        ~~~~~~~^
/host/spi-builder-workspace/Sources/SBTUITestTunnelCommon/include/SBTRewrite.h:24:1: error: property requires fields to be named
   24 | @property (nonnull, nonatomic, strong) NSArray<SBTRewriteReplacement *> *requestReplacement;
      | ^                                      ~~~~~~~
/host/spi-builder-workspace/Sources/SBTUITestTunnelCommon/include/SBTRewrite.h:24:47: error: expected ';' at end of declaration list
   24 | @property (nonnull, nonatomic, strong) NSArray<SBTRewriteReplacement *> *requestReplacement;
      |                                               ^
      |                                               ;
/host/spi-builder-workspace/Sources/SBTUITestTunnelCommon/include/SBTRewrite.h:24:69: error: expected '>'
   24 | @property (nonnull, nonatomic, strong) NSArray<SBTRewriteReplacement *> *requestReplacement;
      |                                                                     ^
/host/spi-builder-workspace/Sources/SBTUITestTunnelCommon/include/SBTRewrite.h:24:47: note: to match this '<'
   24 | @property (nonnull, nonatomic, strong) NSArray<SBTRewriteReplacement *> *requestReplacement;
      |                                               ^
/host/spi-builder-workspace/Sources/SBTUITestTunnelCommon/include/SBTRewrite.h:24:47: warning: protocol has no object type specified; defaults to qualified 'id'
   24 | @property (nonnull, nonatomic, strong) NSArray<SBTRewriteReplacement *> *requestReplacement;
      |                                               ^
      |                                               id
/host/spi-builder-workspace/Sources/SBTUITestTunnelCommon/include/SBTRewrite.h:24:71: error: expected identifier or '('
   24 | @property (nonnull, nonatomic, strong) NSArray<SBTRewriteReplacement *> *requestReplacement;
      |                                                                       ^
/host/spi-builder-workspace/Sources/SBTUITestTunnelCommon/include/SBTRewrite.h:25:40: error: unknown type name 'NSArray'
   25 | @property (nonnull, nonatomic, strong) NSArray<SBTRewriteReplacement *> *responseReplacement;
      |                                        ^
/host/spi-builder-workspace/Sources/SBTUITestTunnelCommon/include/SBTRewrite.h:25:47: error: expected member name or ';' after declaration specifiers
   25 | @property (nonnull, nonatomic, strong) NSArray<SBTRewriteReplacement *> *responseReplacement;
      |                                        ~~~~~~~^
/host/spi-builder-workspace/Sources/SBTUITestTunnelCommon/include/SBTRewrite.h:25:1: error: property requires fields to be named
   25 | @property (nonnull, nonatomic, strong) NSArray<SBTRewriteReplacement *> *responseReplacement;
      | ^                                      ~~~~~~~
/host/spi-builder-workspace/Sources/SBTUITestTunnelCommon/include/SBTRewrite.h:25:47: error: expected ';' at end of declaration list
   25 | @property (nonnull, nonatomic, strong) NSArray<SBTRewriteReplacement *> *responseReplacement;
      |                                               ^
      |                                               ;
fatal error: too many errors emitted, stopping now [-ferror-limit=]
2 warnings and 20 errors generated.
error: CompileC /host/spi-builder-workspace/.build/out/Intermediates.noindex/SBTUITestTunnel.build/Debug-webassembly-wasm32/SBTUITestTunnelCommon-t.build/Objects-normal/wasm32/SBTRewrite.o /host/spi-builder-workspace/Sources/SBTUITestTunnelCommon/SBTRewrite.m normal wasm32 objective-c com.apple.compilers.llvm.clang.1_0.compiler failed with a nonzero exit code. Command line:     cd /host

    Using response file: /host/spi-builder-workspace/.build/out/Intermediates.noindex/SBTUITestTunnel.build/Debug-webassembly-wasm32/SBTUITestTunnelCommon-t.build/Objects-normal/wasm32/6f95552a3397ee1cec971b90cf334075d5f321c3a3b0689ad55c3d1e24702600-common-args.resp

    /usr/bin/clang -x objective-c -target wasm32-unknown-wasip1 -fmessage-length\=0 -fdiagnostics-show-note-include-stack -fmacro-backtrace-limit\=0 -fcolor-diagnostics -Wno-trigraphs -Wno-missing-field-initializers -Wno-missing-prototypes -Wno-return-type -Wno-implicit-atomic-properties -Wno-objc-interface-ivars -Wno-arc-repeated-use-of-weak -Wno-missing-braces -Wparentheses -Wswitch -Wno-unused-function -Wno-unused-label -Wno-unused-parameter -Wno-unused-variable -Wunused-value -Wno-empty-body -Wno-uninitialized -Wno-unknown-pragmas -Wno-shadow -Wno-four-char-constants -Wno-conversion -Wno-constant-conversion -Wno-int-conversion -Wno-bool-conversion -Wno-enum-conversion -Wno-float-conversion -Wno-non-literal-null-conversion -Wno-objc-literal-conversion -Wno-shorten-64-to-32 -Wpointer-sign -Wno-newline-eof -Wno-selector -Wno-strict-selector-match -Wno-undeclared-selector -Wno-deprecated-implementations -Wno-implicit-fallthrough -fstrict-aliasing -Wprotocol -Wdeprecated-declarations -Wno-sign-conversion -Wno-infinite-recursion -Wno-comma -Wno-block-capture-autoreleasing -Wno-strict-prototypes -Wno-semicolon-before-method-body --sysroot /root/.swiftpm/swift-sdks/swift-6.4.0-RELEASE_wasm.artifactbundle/swift-6.4.0-RELEASE_wasm/wasm32-unknown-wasip1/WASI.sdk @/host/spi-builder-workspace/.build/out/Intermediates.noindex/SBTUITestTunnel.build/Debug-webassembly-wasm32/SBTUITestTunnelCommon-t.build/Objects-normal/wasm32/6f95552a3397ee1cec971b90cf334075d5f321c3a3b0689ad55c3d1e24702600-common-args.resp -MMD -MT dependencies -MF /host/spi-builder-workspace/.build/out/Intermediates.noindex/SBTUITestTunnel.build/Debug-webassembly-wasm32/SBTUITestTunnelCommon-t.build/Objects-normal/wasm32/SBTRewrite.d --serialize-diagnostics /host/spi-builder-workspace/.build/out/Intermediates.noindex/SBTUITestTunnel.build/Debug-webassembly-wasm32/SBTUITestTunnelCommon-t.build/Objects-normal/wasm32/SBTRewrite.dia -c /host/spi-builder-workspace/Sources/SBTUITestTunnelCommon/SBTRewrite.m -o /host/spi-builder-workspace/.build/out/Intermediates.noindex/SBTUITestTunnel.build/Debug-webassembly-wasm32/SBTUITestTunnelCommon-t.build/Objects-normal/wasm32/SBTRewrite.o
error: Build failed
BUILD FAILURE 6.4 wasm