Build Information
Failed to build EpubReaderLight, reference main (ca4b50), with Swift 6.4 for watchOS using Xcode 27.0 on 21 Sep 2026 13:02:41 UTC.
Build Command
env DEVELOPER_DIR=/Applications/Xcode-27.0.0-Release.Candidate.app xcrun xcodebuild -IDEClonedSourcePackagesDirPathOverride=$PWD/.dependencies -skipMacroValidation -skipPackagePluginValidation -derivedDataPath $PWD/.derivedData build -scheme EpubReaderLight -destination generic/platform=watchOSBuild Log
========================================
RunAll
========================================
Builder version: 5.1.0
Interrupt handler set up.
========================================
Checkout
========================================
Clone URL: https://github.com/pichukov/epub-reader-light.git
Reference: main
Initialized empty Git repository in /Users/admin/builder/spi-builder-workspace/.git/
From https://github.com/pichukov/epub-reader-light
* branch main -> FETCH_HEAD
* [new branch] main -> origin/main
HEAD is now at ca4b50e update README with more examples
Cloned https://github.com/pichukov/epub-reader-light.git
Revision (git rev-parse @):
ca4b50e1f3685d46f0a13ec29a4e2af10805e742
SUCCESS checkout https://github.com/pichukov/epub-reader-light.git at main
========================================
Build
========================================
Selected platform: watchOS
Swift version: 6.4
Building package at path: $PWD
https://github.com/pichukov/epub-reader-light.git
Command line invocation:
/Applications/Xcode-27.0.0-Release.Candidate.app/Contents/Developer/usr/bin/xcodebuild -IDEClonedSourcePackagesDirPathOverride=/Users/admin/builder/spi-builder-workspace/.dependencies -resolvePackageDependencies
Resolve Package Graph
Resolve Package Graph
Resolved source packages:
EpubReaderLight: /Users/admin/builder/spi-builder-workspace
resolved source packages: EpubReaderLight
2026-09-21 09:02:07.269 xcodebuild[529:3056] [MT] IDERunDestination: Supported platforms for the buildables in the current scheme is empty.
{
"dependencies" : [
],
"manifest_display_name" : "EpubReaderLight",
"name" : "EpubReaderLight",
"path" : "/Users/admin/builder/spi-builder-workspace",
"platforms" : [
{
"name" : "ios",
"version" : "14.0"
},
{
"name" : "macos",
"version" : "10.15"
}
],
"products" : [
{
"name" : "EpubReaderLight",
"targets" : [
"EpubReaderLight"
],
"type" : {
"library" : [
"automatic"
]
}
}
],
"targets" : [
{
"c99name" : "EpubReaderLightTests",
"module_type" : "SwiftTarget",
"name" : "EpubReaderLightTests",
"path" : "Tests/EpubReaderLightTests",
"sources" : [
"EpubReaderLightTests.swift"
],
"target_dependencies" : [
"EpubReaderLight"
],
"type" : "test"
},
{
"c99name" : "EpubReaderLight",
"module_type" : "SwiftTarget",
"name" : "EpubReaderLight",
"path" : "Sources/EpubReaderLight",
"product_memberships" : [
"EpubReaderLight"
],
"resources" : [
{
"path" : "/Users/admin/builder/spi-builder-workspace/Sources/EpubReaderLight/Resources/Web/bundle.js",
"rule" : {
"process" : {
}
}
},
{
"path" : "/Users/admin/builder/spi-builder-workspace/Sources/EpubReaderLight/Resources/Web/index.css",
"rule" : {
"process" : {
}
}
},
{
"path" : "/Users/admin/builder/spi-builder-workspace/Sources/EpubReaderLight/Resources/Web/index.html",
"rule" : {
"process" : {
}
}
},
{
"path" : "/Users/admin/builder/spi-builder-workspace/Sources/EpubReaderLight/Resources/Web/themes.css",
"rule" : {
"process" : {
}
}
}
],
"sources" : [
"Data/BookData.swift",
"Data/BookEvent.swift",
"Data/BookSavedData.swift",
"Data/ReaderErrors.swift",
"Data/Theme.swift",
"Data/WordHighlight.swift",
"Extensions/Data+Extension.swift",
"Extensions/String+Extension.swift",
"Extensions/UIColor+Extension.swift",
"ReaderEventsHandler.swift",
"ReaderView.swift",
"ReaderViewController.swift",
"WebProxy/WebManager.swift",
"WebProxy/WebView.swift",
"resource_current_bundle_accessor.swift"
],
"type" : "library"
}
],
"tools_version" : "5.8"
}
{
"workspace" : {
"name" : "EpubReaderLight",
"schemes" : [
"EpubReaderLight"
]
}
}
2026-09-21 09:02:33.669 xcodebuild[626:3857] [MT] IDERunDestination: Supported platforms for the buildables in the current scheme is empty.
Running build ...
env DEVELOPER_DIR=/Applications/Xcode-27.0.0-Release.Candidate.app xcrun xcodebuild -IDEClonedSourcePackagesDirPathOverride=$PWD/.dependencies -skipMacroValidation -skipPackagePluginValidation -derivedDataPath $PWD/.derivedData build -scheme EpubReaderLight -destination generic/platform=watchOS
Command line invocation:
/Applications/Xcode-27.0.0-Release.Candidate.app/Contents/Developer/usr/bin/xcodebuild -IDEClonedSourcePackagesDirPathOverride=/Users/admin/builder/spi-builder-workspace/.dependencies -skipMacroValidation -skipPackagePluginValidation -derivedDataPath /Users/admin/builder/spi-builder-workspace/.derivedData build -scheme EpubReaderLight -destination generic/platform=watchOS
Resolve Package Graph
Resolved source packages:
EpubReaderLight: /Users/admin/builder/spi-builder-workspace
ComputePackagePrebuildTargetDependencyGraph
Prepare packages
CreateBuildRequest
SendProjectDescription
CreateBuildOperation
ComputeTargetDependencyGraph
note: Building targets in dependency order
note: Target dependency graph (3 targets)
Target 'EpubReaderLight-product' in project 'EpubReaderLight'
➜ Explicit dependency on target 'EpubReaderLight' in project 'EpubReaderLight'
➜ Explicit dependency on target 'EpubReaderLight_EpubReaderLight' in project 'EpubReaderLight'
Target 'EpubReaderLight' in project 'EpubReaderLight'
➜ Explicit dependency on target 'EpubReaderLight_EpubReaderLight' in project 'EpubReaderLight'
Target 'EpubReaderLight_EpubReaderLight' in project 'EpubReaderLight' (no dependencies)
GatherProvisioningInputs
CreateBuildDescription
ExecuteExternalTool /Applications/Xcode-27.0.0-Release.Candidate.app/Contents/Developer/Toolchains/XcodeDefault.xctoolchain/usr/bin/clang -v -E -dM -isysroot /Applications/Xcode-27.0.0-Release.Candidate.app/Contents/Developer/Platforms/WatchOS.platform/Developer/SDKs/WatchOS27.0.sdk -x c -c /dev/null
ExecuteExternalTool /Applications/Xcode-27.0.0-Release.Candidate.app/Contents/Developer/Toolchains/XcodeDefault.xctoolchain/usr/bin/swiftc --version
ExecuteExternalTool /Applications/Xcode-27.0.0-Release.Candidate.app/Contents/Developer/Toolchains/XcodeDefault.xctoolchain/usr/bin/ld -version_details
Build description signature: 4f61f991cc26ad3d3866bd3fdc69fb12
Build description path: /Users/admin/builder/spi-builder-workspace/.derivedData/Build/Intermediates.noindex/XCBuildData/4f61f991cc26ad3d3866bd3fdc69fb12.xcbuilddata
CreateBuildDirectory /Users/admin/builder/spi-builder-workspace/.derivedData/ModuleCache.noindex
cd /Users/admin/builder/spi-builder-workspace/.swiftpm/xcode
builtin-create-build-directory /Users/admin/builder/spi-builder-workspace/.derivedData/ModuleCache.noindex
CreateBuildDirectory /Users/admin/builder/spi-builder-workspace/.derivedData/CompilationCache.noindex
cd /Users/admin/builder/spi-builder-workspace/.swiftpm/xcode
builtin-create-build-directory /Users/admin/builder/spi-builder-workspace/.derivedData/CompilationCache.noindex
CreateBuildDirectory /Users/admin/builder/spi-builder-workspace/.derivedData/SDKExplicitPrecompiledModules
cd /Users/admin/builder/spi-builder-workspace/.swiftpm/xcode
builtin-create-build-directory /Users/admin/builder/spi-builder-workspace/.derivedData/SDKExplicitPrecompiledModules
CreateBuildDirectory /Users/admin/builder/spi-builder-workspace/.derivedData/Build/Intermediates.noindex
cd /Users/admin/builder/spi-builder-workspace/.swiftpm/xcode
builtin-create-build-directory /Users/admin/builder/spi-builder-workspace/.derivedData/Build/Intermediates.noindex
CreateBuildDirectory /Users/admin/builder/spi-builder-workspace/.derivedData/Build/Products
cd /Users/admin/builder/spi-builder-workspace/.swiftpm/xcode
builtin-create-build-directory /Users/admin/builder/spi-builder-workspace/.derivedData/Build/Products
ClangStatCache /Applications/Xcode-27.0.0-Release.Candidate.app/Contents/Developer/Toolchains/XcodeDefault.xctoolchain/usr/bin/clang-stat-cache /Applications/Xcode-27.0.0-Release.Candidate.app/Contents/Developer/Platforms/WatchOS.platform/Developer/SDKs/WatchOS27.0.sdk /Users/admin/builder/spi-builder-workspace/.derivedData/SDKStatCaches.noindex/watchos27.0-24R360-e829b21a6f8c9b70876ba0858053c04477534ef55a1706bf4c1112bbb242f0a2.sdkstatcache
cd /Users/admin/builder/spi-builder-workspace/.swiftpm/xcode
/Applications/Xcode-27.0.0-Release.Candidate.app/Contents/Developer/Toolchains/XcodeDefault.xctoolchain/usr/bin/clang-stat-cache /Applications/Xcode-27.0.0-Release.Candidate.app/Contents/Developer/Platforms/WatchOS.platform/Developer/SDKs/WatchOS27.0.sdk -o /Users/admin/builder/spi-builder-workspace/.derivedData/SDKStatCaches.noindex/watchos27.0-24R360-e829b21a6f8c9b70876ba0858053c04477534ef55a1706bf4c1112bbb242f0a2.sdkstatcache
CreateBuildDirectory /Users/admin/builder/spi-builder-workspace/.derivedData/Build/Products/Debug-watchos
cd /Users/admin/builder/spi-builder-workspace/.swiftpm/xcode
builtin-create-build-directory /Users/admin/builder/spi-builder-workspace/.derivedData/Build/Products/Debug-watchos
CreateBuildDirectory /Users/admin/builder/spi-builder-workspace/.derivedData/Build/Intermediates.noindex/SwiftExplicitPrecompiledModules
cd /Users/admin/builder/spi-builder-workspace/.swiftpm/xcode
builtin-create-build-directory /Users/admin/builder/spi-builder-workspace/.derivedData/Build/Intermediates.noindex/SwiftExplicitPrecompiledModules
CreateBuildDirectory /Users/admin/builder/spi-builder-workspace/.derivedData/Build/Intermediates.noindex/ExplicitPrecompiledModules
cd /Users/admin/builder/spi-builder-workspace/.swiftpm/xcode
builtin-create-build-directory /Users/admin/builder/spi-builder-workspace/.derivedData/Build/Intermediates.noindex/ExplicitPrecompiledModules
CreateBuildDirectory /Users/admin/builder/spi-builder-workspace/.derivedData/Build/Intermediates.noindex/PrecompiledHeaders
cd /Users/admin/builder/spi-builder-workspace/.swiftpm/xcode
builtin-create-build-directory /Users/admin/builder/spi-builder-workspace/.derivedData/Build/Intermediates.noindex/PrecompiledHeaders
CreateBuildDirectory /Users/admin/builder/spi-builder-workspace/.derivedData/Build/Intermediates.noindex/EagerLinkingTBDs/Debug-watchos
cd /Users/admin/builder/spi-builder-workspace/.swiftpm/xcode
builtin-create-build-directory /Users/admin/builder/spi-builder-workspace/.derivedData/Build/Intermediates.noindex/EagerLinkingTBDs/Debug-watchos
CreateBuildDirectory /Users/admin/builder/spi-builder-workspace/.derivedData/Build/Products/Debug-watchos/PackageFrameworks
cd /Users/admin/builder/spi-builder-workspace/.swiftpm/xcode
builtin-create-build-directory /Users/admin/builder/spi-builder-workspace/.derivedData/Build/Products/Debug-watchos/PackageFrameworks
MkDir /Users/admin/builder/spi-builder-workspace/.derivedData/Build/Products/Debug-watchos/EpubReaderLight_EpubReaderLight.bundle (in target 'EpubReaderLight_EpubReaderLight' from project 'EpubReaderLight')
cd /Users/admin/builder/spi-builder-workspace
/bin/mkdir -p /Users/admin/builder/spi-builder-workspace/.derivedData/Build/Products/Debug-watchos/EpubReaderLight_EpubReaderLight.bundle
WriteAuxiliaryFile /Users/admin/builder/spi-builder-workspace/.derivedData/Build/Intermediates.noindex/EpubReaderLight.build/Debug-watchos/EpubReaderLight_EpubReaderLight-b.build/empty-EpubReaderLight_EpubReaderLight.plist (in target 'EpubReaderLight_EpubReaderLight' from project 'EpubReaderLight')
cd /Users/admin/builder/spi-builder-workspace
write-file /Users/admin/builder/spi-builder-workspace/.derivedData/Build/Intermediates.noindex/EpubReaderLight.build/Debug-watchos/EpubReaderLight_EpubReaderLight-b.build/empty-EpubReaderLight_EpubReaderLight.plist
WriteAuxiliaryFile /Users/admin/builder/spi-builder-workspace/.derivedData/Build/Intermediates.noindex/EpubReaderLight.build/Debug-watchos/EpubReaderLight_EpubReaderLight-b.build/EpubReaderLight_EpubReaderLight.DependencyMetadataFileList (in target 'EpubReaderLight_EpubReaderLight' from project 'EpubReaderLight')
cd /Users/admin/builder/spi-builder-workspace
write-file /Users/admin/builder/spi-builder-workspace/.derivedData/Build/Intermediates.noindex/EpubReaderLight.build/Debug-watchos/EpubReaderLight_EpubReaderLight-b.build/EpubReaderLight_EpubReaderLight.DependencyMetadataFileList
WriteAuxiliaryFile /Users/admin/builder/spi-builder-workspace/.derivedData/Build/Intermediates.noindex/EpubReaderLight.build/Debug-watchos/EpubReaderLight_EpubReaderLight-b.build/EpubReaderLight_EpubReaderLight.DependencyStaticMetadataFileList (in target 'EpubReaderLight_EpubReaderLight' from project 'EpubReaderLight')
cd /Users/admin/builder/spi-builder-workspace
write-file /Users/admin/builder/spi-builder-workspace/.derivedData/Build/Intermediates.noindex/EpubReaderLight.build/Debug-watchos/EpubReaderLight_EpubReaderLight-b.build/EpubReaderLight_EpubReaderLight.DependencyStaticMetadataFileList
WriteAuxiliaryFile /Users/admin/builder/spi-builder-workspace/.derivedData/Build/Intermediates.noindex/EpubReaderLight.build/Debug-watchos/EpubReaderLight-t.build/Objects-normal/arm64_32/EpubReaderLight.SwiftFileList (in target 'EpubReaderLight' from project 'EpubReaderLight')
cd /Users/admin/builder/spi-builder-workspace
write-file /Users/admin/builder/spi-builder-workspace/.derivedData/Build/Intermediates.noindex/EpubReaderLight.build/Debug-watchos/EpubReaderLight-t.build/Objects-normal/arm64_32/EpubReaderLight.SwiftFileList
WriteAuxiliaryFile /Users/admin/builder/spi-builder-workspace/.derivedData/Build/Intermediates.noindex/EpubReaderLight.build/Debug-watchos/EpubReaderLight-t.build/Objects-normal/arm64_32/EpubReaderLight.SwiftConstValuesFileList (in target 'EpubReaderLight' from project 'EpubReaderLight')
cd /Users/admin/builder/spi-builder-workspace
write-file /Users/admin/builder/spi-builder-workspace/.derivedData/Build/Intermediates.noindex/EpubReaderLight.build/Debug-watchos/EpubReaderLight-t.build/Objects-normal/arm64_32/EpubReaderLight.SwiftConstValuesFileList
WriteAuxiliaryFile /Users/admin/builder/spi-builder-workspace/.derivedData/Build/Intermediates.noindex/EpubReaderLight.build/Debug-watchos/EpubReaderLight-t.build/Objects-normal/arm64_32/EpubReaderLight-OutputFileMap.json (in target 'EpubReaderLight' from project 'EpubReaderLight')
cd /Users/admin/builder/spi-builder-workspace
write-file /Users/admin/builder/spi-builder-workspace/.derivedData/Build/Intermediates.noindex/EpubReaderLight.build/Debug-watchos/EpubReaderLight-t.build/Objects-normal/arm64_32/EpubReaderLight-OutputFileMap.json
WriteAuxiliaryFile /Users/admin/builder/spi-builder-workspace/.derivedData/Build/Intermediates.noindex/EpubReaderLight.build/Debug-watchos/EpubReaderLight-t.build/Objects-normal/arm64_32/EpubReaderLight.LinkFileList (in target 'EpubReaderLight' from project 'EpubReaderLight')
cd /Users/admin/builder/spi-builder-workspace
write-file /Users/admin/builder/spi-builder-workspace/.derivedData/Build/Intermediates.noindex/EpubReaderLight.build/Debug-watchos/EpubReaderLight-t.build/Objects-normal/arm64_32/EpubReaderLight.LinkFileList
WriteAuxiliaryFile /Users/admin/builder/spi-builder-workspace/.derivedData/Build/Intermediates.noindex/EpubReaderLight.build/Debug-watchos/EpubReaderLight-t.build/Objects-normal/arm64_32/EpubReaderLight_const_extract_protocols.json (in target 'EpubReaderLight' from project 'EpubReaderLight')
cd /Users/admin/builder/spi-builder-workspace
write-file /Users/admin/builder/spi-builder-workspace/.derivedData/Build/Intermediates.noindex/EpubReaderLight.build/Debug-watchos/EpubReaderLight-t.build/Objects-normal/arm64_32/EpubReaderLight_const_extract_protocols.json
WriteAuxiliaryFile /Users/admin/builder/spi-builder-workspace/.derivedData/Build/Intermediates.noindex/EpubReaderLight.build/Debug-watchos/EpubReaderLight-t.build/Objects-normal/arm64/EpubReaderLight_const_extract_protocols.json (in target 'EpubReaderLight' from project 'EpubReaderLight')
cd /Users/admin/builder/spi-builder-workspace
write-file /Users/admin/builder/spi-builder-workspace/.derivedData/Build/Intermediates.noindex/EpubReaderLight.build/Debug-watchos/EpubReaderLight-t.build/Objects-normal/arm64/EpubReaderLight_const_extract_protocols.json
WriteAuxiliaryFile /Users/admin/builder/spi-builder-workspace/.derivedData/Build/Intermediates.noindex/EpubReaderLight.build/Debug-watchos/EpubReaderLight-t.build/Objects-normal/arm64/EpubReaderLight.SwiftFileList (in target 'EpubReaderLight' from project 'EpubReaderLight')
cd /Users/admin/builder/spi-builder-workspace
write-file /Users/admin/builder/spi-builder-workspace/.derivedData/Build/Intermediates.noindex/EpubReaderLight.build/Debug-watchos/EpubReaderLight-t.build/Objects-normal/arm64/EpubReaderLight.SwiftFileList
WriteAuxiliaryFile /Users/admin/builder/spi-builder-workspace/.derivedData/Build/Intermediates.noindex/EpubReaderLight.build/Debug-watchos/EpubReaderLight-t.build/Objects-normal/arm64/EpubReaderLight.SwiftConstValuesFileList (in target 'EpubReaderLight' from project 'EpubReaderLight')
cd /Users/admin/builder/spi-builder-workspace
write-file /Users/admin/builder/spi-builder-workspace/.derivedData/Build/Intermediates.noindex/EpubReaderLight.build/Debug-watchos/EpubReaderLight-t.build/Objects-normal/arm64/EpubReaderLight.SwiftConstValuesFileList
WriteAuxiliaryFile /Users/admin/builder/spi-builder-workspace/.derivedData/Build/Intermediates.noindex/EpubReaderLight.build/Debug-watchos/EpubReaderLight-t.build/Objects-normal/arm64/EpubReaderLight.LinkFileList (in target 'EpubReaderLight' from project 'EpubReaderLight')
cd /Users/admin/builder/spi-builder-workspace
write-file /Users/admin/builder/spi-builder-workspace/.derivedData/Build/Intermediates.noindex/EpubReaderLight.build/Debug-watchos/EpubReaderLight-t.build/Objects-normal/arm64/EpubReaderLight.LinkFileList
WriteAuxiliaryFile /Users/admin/builder/spi-builder-workspace/.derivedData/Build/Intermediates.noindex/EpubReaderLight.build/Debug-watchos/EpubReaderLight-t.build/Objects-normal/arm64/EpubReaderLight-OutputFileMap.json (in target 'EpubReaderLight' from project 'EpubReaderLight')
cd /Users/admin/builder/spi-builder-workspace
write-file /Users/admin/builder/spi-builder-workspace/.derivedData/Build/Intermediates.noindex/EpubReaderLight.build/Debug-watchos/EpubReaderLight-t.build/Objects-normal/arm64/EpubReaderLight-OutputFileMap.json
WriteAuxiliaryFile /Users/admin/builder/spi-builder-workspace/.derivedData/Build/Intermediates.noindex/EpubReaderLight.build/Debug-watchos/EpubReaderLight-t.build/EpubReaderLight.modulemap (in target 'EpubReaderLight' from project 'EpubReaderLight')
cd /Users/admin/builder/spi-builder-workspace
write-file /Users/admin/builder/spi-builder-workspace/.derivedData/Build/Intermediates.noindex/EpubReaderLight.build/Debug-watchos/EpubReaderLight-t.build/EpubReaderLight.modulemap
WriteAuxiliaryFile /Users/admin/builder/spi-builder-workspace/.derivedData/Build/Intermediates.noindex/EpubReaderLight.build/Debug-watchos/EpubReaderLight-t.build/EpubReaderLight.DependencyStaticMetadataFileList (in target 'EpubReaderLight' from project 'EpubReaderLight')
cd /Users/admin/builder/spi-builder-workspace
write-file /Users/admin/builder/spi-builder-workspace/.derivedData/Build/Intermediates.noindex/EpubReaderLight.build/Debug-watchos/EpubReaderLight-t.build/EpubReaderLight.DependencyStaticMetadataFileList
WriteAuxiliaryFile /Users/admin/builder/spi-builder-workspace/.derivedData/Build/Intermediates.noindex/EpubReaderLight.build/Debug-watchos/EpubReaderLight-t.build/EpubReaderLight.DependencyMetadataFileList (in target 'EpubReaderLight' from project 'EpubReaderLight')
cd /Users/admin/builder/spi-builder-workspace
write-file /Users/admin/builder/spi-builder-workspace/.derivedData/Build/Intermediates.noindex/EpubReaderLight.build/Debug-watchos/EpubReaderLight-t.build/EpubReaderLight.DependencyMetadataFileList
WriteAuxiliaryFile /Users/admin/builder/spi-builder-workspace/.derivedData/Build/Intermediates.noindex/EpubReaderLight.build/Debug-watchos/EpubReaderLight-t.build/DerivedSources/resource_bundle_accessor.swift (in target 'EpubReaderLight' from project 'EpubReaderLight')
cd /Users/admin/builder/spi-builder-workspace
write-file /Users/admin/builder/spi-builder-workspace/.derivedData/Build/Intermediates.noindex/EpubReaderLight.build/Debug-watchos/EpubReaderLight-t.build/DerivedSources/resource_bundle_accessor.swift
Copy /Users/admin/builder/spi-builder-workspace/.derivedData/Build/Intermediates.noindex/GeneratedModuleMaps-watchos/EpubReaderLight.modulemap /Users/admin/builder/spi-builder-workspace/.derivedData/Build/Intermediates.noindex/EpubReaderLight.build/Debug-watchos/EpubReaderLight-t.build/EpubReaderLight.modulemap (in target 'EpubReaderLight' from project 'EpubReaderLight')
cd /Users/admin/builder/spi-builder-workspace
builtin-copy -exclude .DS_Store -exclude CVS -exclude .svn -exclude .git -exclude .hg -resolve-src-symlinks /Users/admin/builder/spi-builder-workspace/.derivedData/Build/Intermediates.noindex/EpubReaderLight.build/Debug-watchos/EpubReaderLight-t.build/EpubReaderLight.modulemap /Users/admin/builder/spi-builder-workspace/.derivedData/Build/Intermediates.noindex/GeneratedModuleMaps-watchos
ProcessInfoPlistFile /Users/admin/builder/spi-builder-workspace/.derivedData/Build/Products/Debug-watchos/EpubReaderLight_EpubReaderLight.bundle/Info.plist /Users/admin/builder/spi-builder-workspace/.derivedData/Build/Intermediates.noindex/EpubReaderLight.build/Debug-watchos/EpubReaderLight_EpubReaderLight-b.build/empty-EpubReaderLight_EpubReaderLight.plist (in target 'EpubReaderLight_EpubReaderLight' from project 'EpubReaderLight')
cd /Users/admin/builder/spi-builder-workspace
builtin-infoPlistUtility /Users/admin/builder/spi-builder-workspace/.derivedData/Build/Intermediates.noindex/EpubReaderLight.build/Debug-watchos/EpubReaderLight_EpubReaderLight-b.build/empty-EpubReaderLight_EpubReaderLight.plist -producttype com.apple.product-type.bundle -expandbuildsettings -format binary -platform watchos -o /Users/admin/builder/spi-builder-workspace/.derivedData/Build/Products/Debug-watchos/EpubReaderLight_EpubReaderLight.bundle/Info.plist
CpResource /Users/admin/builder/spi-builder-workspace/.derivedData/Build/Products/Debug-watchos/EpubReaderLight_EpubReaderLight.bundle/themes.css /Users/admin/builder/spi-builder-workspace/Sources/EpubReaderLight/Resources/Web/themes.css (in target 'EpubReaderLight_EpubReaderLight' from project 'EpubReaderLight')
cd /Users/admin/builder/spi-builder-workspace
builtin-copy -exclude .DS_Store -exclude CVS -exclude .svn -exclude .git -exclude .hg -resolve-src-symlinks /Users/admin/builder/spi-builder-workspace/Sources/EpubReaderLight/Resources/Web/themes.css /Users/admin/builder/spi-builder-workspace/.derivedData/Build/Products/Debug-watchos/EpubReaderLight_EpubReaderLight.bundle
CpResource /Users/admin/builder/spi-builder-workspace/.derivedData/Build/Products/Debug-watchos/EpubReaderLight_EpubReaderLight.bundle/index.html /Users/admin/builder/spi-builder-workspace/Sources/EpubReaderLight/Resources/Web/index.html (in target 'EpubReaderLight_EpubReaderLight' from project 'EpubReaderLight')
cd /Users/admin/builder/spi-builder-workspace
builtin-copy -exclude .DS_Store -exclude CVS -exclude .svn -exclude .git -exclude .hg -resolve-src-symlinks /Users/admin/builder/spi-builder-workspace/Sources/EpubReaderLight/Resources/Web/index.html /Users/admin/builder/spi-builder-workspace/.derivedData/Build/Products/Debug-watchos/EpubReaderLight_EpubReaderLight.bundle
CpResource /Users/admin/builder/spi-builder-workspace/.derivedData/Build/Products/Debug-watchos/EpubReaderLight_EpubReaderLight.bundle/index.css /Users/admin/builder/spi-builder-workspace/Sources/EpubReaderLight/Resources/Web/index.css (in target 'EpubReaderLight_EpubReaderLight' from project 'EpubReaderLight')
cd /Users/admin/builder/spi-builder-workspace
builtin-copy -exclude .DS_Store -exclude CVS -exclude .svn -exclude .git -exclude .hg -resolve-src-symlinks /Users/admin/builder/spi-builder-workspace/Sources/EpubReaderLight/Resources/Web/index.css /Users/admin/builder/spi-builder-workspace/.derivedData/Build/Products/Debug-watchos/EpubReaderLight_EpubReaderLight.bundle
CpResource /Users/admin/builder/spi-builder-workspace/.derivedData/Build/Products/Debug-watchos/EpubReaderLight_EpubReaderLight.bundle/bundle.js /Users/admin/builder/spi-builder-workspace/Sources/EpubReaderLight/Resources/Web/bundle.js (in target 'EpubReaderLight_EpubReaderLight' from project 'EpubReaderLight')
cd /Users/admin/builder/spi-builder-workspace
builtin-copy -exclude .DS_Store -exclude CVS -exclude .svn -exclude .git -exclude .hg -resolve-src-symlinks /Users/admin/builder/spi-builder-workspace/Sources/EpubReaderLight/Resources/Web/bundle.js /Users/admin/builder/spi-builder-workspace/.derivedData/Build/Products/Debug-watchos/EpubReaderLight_EpubReaderLight.bundle
RegisterExecutionPolicyException /Users/admin/builder/spi-builder-workspace/.derivedData/Build/Products/Debug-watchos/EpubReaderLight_EpubReaderLight.bundle (in target 'EpubReaderLight_EpubReaderLight' from project 'EpubReaderLight')
cd /Users/admin/builder/spi-builder-workspace
builtin-RegisterExecutionPolicyException /Users/admin/builder/spi-builder-workspace/.derivedData/Build/Products/Debug-watchos/EpubReaderLight_EpubReaderLight.bundle
Touch /Users/admin/builder/spi-builder-workspace/.derivedData/Build/Products/Debug-watchos/EpubReaderLight_EpubReaderLight.bundle (in target 'EpubReaderLight_EpubReaderLight' from project 'EpubReaderLight')
cd /Users/admin/builder/spi-builder-workspace
/usr/bin/touch -c /Users/admin/builder/spi-builder-workspace/.derivedData/Build/Products/Debug-watchos/EpubReaderLight_EpubReaderLight.bundle
SwiftDriver EpubReaderLight normal arm64_32 com.apple.xcode.tools.swift.compiler (in target 'EpubReaderLight' from project 'EpubReaderLight')
cd /Users/admin/builder/spi-builder-workspace/.swiftpm/xcode
builtin-SwiftDriver -- /Applications/Xcode-27.0.0-Release.Candidate.app/Contents/Developer/Toolchains/XcodeDefault.xctoolchain/usr/bin/swiftc -parse-as-library -module-name EpubReaderLight -Onone @/Users/admin/builder/spi-builder-workspace/.derivedData/Build/Intermediates.noindex/EpubReaderLight.build/Debug-watchos/EpubReaderLight-t.build/Objects-normal/arm64_32/EpubReaderLight.SwiftFileList -DSWIFT_PACKAGE -DDEBUG -DSWIFT_MODULE_RESOURCE_BUNDLE_AVAILABLE -DXcode -plugin-path /Applications/Xcode-27.0.0-Release.Candidate.app/Contents/Developer/Toolchains/XcodeDefault.xctoolchain/usr/lib/swift/host/plugins/testing -enable-experimental-feature DebugDescriptionMacro -sdk /Applications/Xcode-27.0.0-Release.Candidate.app/Contents/Developer/Platforms/WatchOS.platform/Developer/SDKs/WatchOS27.0.sdk -target arm64_32-apple-watchos9.0 -g -module-cache-path /Users/admin/builder/spi-builder-workspace/.derivedData/ModuleCache.noindex -Xfrontend -serialize-debugging-options -profile-coverage-mapping -profile-generate -enable-testing -index-store-path /Users/admin/builder/spi-builder-workspace/.derivedData/Index.noindex/DataStore -Xcc -D_LIBCPP_HARDENING_MODE\=_LIBCPP_HARDENING_MODE_DEBUG -swift-version 5 -I /Users/admin/builder/spi-builder-workspace/.derivedData/Build/Products/Debug-watchos -Isystem /Applications/Xcode-27.0.0-Release.Candidate.app/Contents/Developer/Platforms/WatchOS.platform/Developer/usr/lib -F /Users/admin/builder/spi-builder-workspace/.derivedData/Build/Products/Debug-watchos -F /Applications/Xcode-27.0.0-Release.Candidate.app/Contents/Developer/Platforms/WatchOS.platform/Developer/Library/Frameworks -F /Applications/Xcode-27.0.0-Release.Candidate.app/Contents/Developer/Platforms/WatchOS.platform/Developer/SDKs/WatchOS27.0.sdk/Developer/Library/Frameworks -c -j10 -enable-batch-mode -incremental -Xcc -ivfsstatcache -Xcc /Users/admin/builder/spi-builder-workspace/.derivedData/SDKStatCaches.noindex/watchos27.0-24R360-e829b21a6f8c9b70876ba0858053c04477534ef55a1706bf4c1112bbb242f0a2.sdkstatcache -output-file-map /Users/admin/builder/spi-builder-workspace/.derivedData/Build/Intermediates.noindex/EpubReaderLight.build/Debug-watchos/EpubReaderLight-t.build/Objects-normal/arm64_32/EpubReaderLight-OutputFileMap.json -save-temps -no-color-diagnostics -explicit-module-build -module-cache-path /Users/admin/builder/spi-builder-workspace/.derivedData/Build/Intermediates.noindex/SwiftExplicitPrecompiledModules -clang-scanner-module-cache-path /Users/admin/builder/spi-builder-workspace/.derivedData/ModuleCache.noindex -sdk-module-cache-path /Users/admin/builder/spi-builder-workspace/.derivedData/SDKExplicitPrecompiledModules -emit-dependencies -emit-module -emit-module-path /Users/admin/builder/spi-builder-workspace/.derivedData/Build/Intermediates.noindex/EpubReaderLight.build/Debug-watchos/EpubReaderLight-t.build/Objects-normal/arm64_32/EpubReaderLight.swiftmodule -serialize-diagnostics -dependency-scan-serialize-diagnostics-path /Users/admin/builder/spi-builder-workspace/.derivedData/Build/Intermediates.noindex/EpubReaderLight.build/Debug-watchos/EpubReaderLight-t.build/Objects-normal/arm64_32/EpubReaderLight-dependency-scan.dia -validate-clang-modules-once -clang-build-session-file /Users/admin/builder/spi-builder-workspace/.derivedData/ModuleCache.noindex/Session.modulevalidation -Xcc -fmodules-prune-interval\=86400 -Xcc -fmodules-prune-after\=345600 -emit-const-values -const-gather-protocols-list /Users/admin/builder/spi-builder-workspace/.derivedData/Build/Intermediates.noindex/EpubReaderLight.build/Debug-watchos/EpubReaderLight-t.build/Objects-normal/arm64_32/EpubReaderLight_const_extract_protocols.json -Xcc -I/Users/admin/builder/spi-builder-workspace/.derivedData/Build/Products/Debug-watchos/include -Xcc -I/Users/admin/builder/spi-builder-workspace/.derivedData/Build/Intermediates.noindex/EpubReaderLight.build/Debug-watchos/EpubReaderLight-t.build/DerivedSources-normal/arm64_32 -Xcc -I/Users/admin/builder/spi-builder-workspace/.derivedData/Build/Intermediates.noindex/EpubReaderLight.build/Debug-watchos/EpubReaderLight-t.build/DerivedSources/arm64_32 -Xcc -I/Users/admin/builder/spi-builder-workspace/.derivedData/Build/Intermediates.noindex/EpubReaderLight.build/Debug-watchos/EpubReaderLight-t.build/DerivedSources -Xcc -DSWIFT_PACKAGE -Xcc -DDEBUG\=1 -emit-objc-header -emit-objc-header-path /Users/admin/builder/spi-builder-workspace/.derivedData/Build/Intermediates.noindex/EpubReaderLight.build/Debug-watchos/EpubReaderLight-t.build/Objects-normal/arm64_32/EpubReaderLight-Swift.h -working-directory /Users/admin/builder/spi-builder-workspace/.swiftpm/xcode -experimental-emit-module-separately -disable-cmo
/Users/admin/builder/spi-builder-workspace/Sources/EpubReaderLight/WebProxy/WebManager.swift:2:8: error: Unable to resolve module dependency: 'WebKit' (in target 'EpubReaderLight' from project 'EpubReaderLight')
note: A dependency of main module 'EpubReaderLight'
/Users/admin/builder/spi-builder-workspace/Sources/EpubReaderLight/WebProxy/WebView.swift:2:8: note: Also imported here
/Users/admin/builder/spi-builder-workspace/Sources/EpubReaderLight/WebProxy/WebManager.swift:2:8: note: A dependency of main module 'EpubReaderLight'
import WebKit
^ (in target 'EpubReaderLight' from project 'EpubReaderLight')
/Users/admin/builder/spi-builder-workspace/Sources/EpubReaderLight/WebProxy/WebView.swift:2:8: note: Also imported here
import WebKit
^ (in target 'EpubReaderLight' from project 'EpubReaderLight')
SwiftDriver EpubReaderLight normal arm64 com.apple.xcode.tools.swift.compiler (in target 'EpubReaderLight' from project 'EpubReaderLight')
cd /Users/admin/builder/spi-builder-workspace/.swiftpm/xcode
builtin-SwiftDriver -- /Applications/Xcode-27.0.0-Release.Candidate.app/Contents/Developer/Toolchains/XcodeDefault.xctoolchain/usr/bin/swiftc -parse-as-library -module-name EpubReaderLight -Onone @/Users/admin/builder/spi-builder-workspace/.derivedData/Build/Intermediates.noindex/EpubReaderLight.build/Debug-watchos/EpubReaderLight-t.build/Objects-normal/arm64/EpubReaderLight.SwiftFileList -DSWIFT_PACKAGE -DDEBUG -DSWIFT_MODULE_RESOURCE_BUNDLE_AVAILABLE -DXcode -plugin-path /Applications/Xcode-27.0.0-Release.Candidate.app/Contents/Developer/Toolchains/XcodeDefault.xctoolchain/usr/lib/swift/host/plugins/testing -enable-experimental-feature DebugDescriptionMacro -sdk /Applications/Xcode-27.0.0-Release.Candidate.app/Contents/Developer/Platforms/WatchOS.platform/Developer/SDKs/WatchOS27.0.sdk -target arm64-apple-watchos9.0 -g -module-cache-path /Users/admin/builder/spi-builder-workspace/.derivedData/ModuleCache.noindex -Xfrontend -serialize-debugging-options -profile-coverage-mapping -profile-generate -enable-testing -index-store-path /Users/admin/builder/spi-builder-workspace/.derivedData/Index.noindex/DataStore -Xcc -D_LIBCPP_HARDENING_MODE\=_LIBCPP_HARDENING_MODE_DEBUG -swift-version 5 -I /Users/admin/builder/spi-builder-workspace/.derivedData/Build/Products/Debug-watchos -Isystem /Applications/Xcode-27.0.0-Release.Candidate.app/Contents/Developer/Platforms/WatchOS.platform/Developer/usr/lib -F /Users/admin/builder/spi-builder-workspace/.derivedData/Build/Products/Debug-watchos -F /Applications/Xcode-27.0.0-Release.Candidate.app/Contents/Developer/Platforms/WatchOS.platform/Developer/Library/Frameworks -F /Applications/Xcode-27.0.0-Release.Candidate.app/Contents/Developer/Platforms/WatchOS.platform/Developer/SDKs/WatchOS27.0.sdk/Developer/Library/Frameworks -c -j10 -enable-batch-mode -incremental -Xcc -ivfsstatcache -Xcc /Users/admin/builder/spi-builder-workspace/.derivedData/SDKStatCaches.noindex/watchos27.0-24R360-e829b21a6f8c9b70876ba0858053c04477534ef55a1706bf4c1112bbb242f0a2.sdkstatcache -output-file-map /Users/admin/builder/spi-builder-workspace/.derivedData/Build/Intermediates.noindex/EpubReaderLight.build/Debug-watchos/EpubReaderLight-t.build/Objects-normal/arm64/EpubReaderLight-OutputFileMap.json -save-temps -no-color-diagnostics -explicit-module-build -module-cache-path /Users/admin/builder/spi-builder-workspace/.derivedData/Build/Intermediates.noindex/SwiftExplicitPrecompiledModules -clang-scanner-module-cache-path /Users/admin/builder/spi-builder-workspace/.derivedData/ModuleCache.noindex -sdk-module-cache-path /Users/admin/builder/spi-builder-workspace/.derivedData/SDKExplicitPrecompiledModules -emit-dependencies -emit-module -emit-module-path /Users/admin/builder/spi-builder-workspace/.derivedData/Build/Intermediates.noindex/EpubReaderLight.build/Debug-watchos/EpubReaderLight-t.build/Objects-normal/arm64/EpubReaderLight.swiftmodule -serialize-diagnostics -dependency-scan-serialize-diagnostics-path /Users/admin/builder/spi-builder-workspace/.derivedData/Build/Intermediates.noindex/EpubReaderLight.build/Debug-watchos/EpubReaderLight-t.build/Objects-normal/arm64/EpubReaderLight-dependency-scan.dia -validate-clang-modules-once -clang-build-session-file /Users/admin/builder/spi-builder-workspace/.derivedData/ModuleCache.noindex/Session.modulevalidation -Xcc -fmodules-prune-interval\=86400 -Xcc -fmodules-prune-after\=345600 -emit-const-values -const-gather-protocols-list /Users/admin/builder/spi-builder-workspace/.derivedData/Build/Intermediates.noindex/EpubReaderLight.build/Debug-watchos/EpubReaderLight-t.build/Objects-normal/arm64/EpubReaderLight_const_extract_protocols.json -Xcc -I/Users/admin/builder/spi-builder-workspace/.derivedData/Build/Products/Debug-watchos/include -Xcc -I/Users/admin/builder/spi-builder-workspace/.derivedData/Build/Intermediates.noindex/EpubReaderLight.build/Debug-watchos/EpubReaderLight-t.build/DerivedSources-normal/arm64 -Xcc -I/Users/admin/builder/spi-builder-workspace/.derivedData/Build/Intermediates.noindex/EpubReaderLight.build/Debug-watchos/EpubReaderLight-t.build/DerivedSources/arm64 -Xcc -I/Users/admin/builder/spi-builder-workspace/.derivedData/Build/Intermediates.noindex/EpubReaderLight.build/Debug-watchos/EpubReaderLight-t.build/DerivedSources -Xcc -DSWIFT_PACKAGE -Xcc -DDEBUG\=1 -emit-objc-header -emit-objc-header-path /Users/admin/builder/spi-builder-workspace/.derivedData/Build/Intermediates.noindex/EpubReaderLight.build/Debug-watchos/EpubReaderLight-t.build/Objects-normal/arm64/EpubReaderLight-Swift.h -working-directory /Users/admin/builder/spi-builder-workspace/.swiftpm/xcode -experimental-emit-module-separately -disable-cmo
/Users/admin/builder/spi-builder-workspace/Sources/EpubReaderLight/WebProxy/WebManager.swift:2:8: error: Unable to resolve module dependency: 'WebKit' (in target 'EpubReaderLight' from project 'EpubReaderLight')
note: A dependency of main module 'EpubReaderLight'
/Users/admin/builder/spi-builder-workspace/Sources/EpubReaderLight/WebProxy/WebView.swift:2:8: note: Also imported here
/Users/admin/builder/spi-builder-workspace/Sources/EpubReaderLight/WebProxy/WebManager.swift:2:8: note: A dependency of main module 'EpubReaderLight'
import WebKit
^ (in target 'EpubReaderLight' from project 'EpubReaderLight')
/Users/admin/builder/spi-builder-workspace/Sources/EpubReaderLight/WebProxy/WebView.swift:2:8: note: Also imported here
import WebKit
^ (in target 'EpubReaderLight' from project 'EpubReaderLight')
PruneExplicitPrecompiledModules /Users/admin/builder/spi-builder-workspace/.derivedData/Build/Intermediates.noindex/SwiftExplicitPrecompiledModules
PruneExplicitPrecompiledModules /Users/admin/builder/spi-builder-workspace/.derivedData/Build/Intermediates.noindex/ExplicitPrecompiledModules
PruneExplicitPrecompiledModules /Users/admin/builder/spi-builder-workspace/.derivedData/SDKExplicitPrecompiledModules
2026-09-21 09:02:35.106 xcodebuild[627:3904] [MT] IDERunDestination: Supported platforms for the buildables in the current scheme is empty.
** BUILD FAILED **
The following build commands failed:
SwiftDriver EpubReaderLight normal arm64_32 com.apple.xcode.tools.swift.compiler (in target 'EpubReaderLight' from project 'EpubReaderLight')
SwiftDriver EpubReaderLight normal arm64 com.apple.xcode.tools.swift.compiler (in target 'EpubReaderLight' from project 'EpubReaderLight')
Building workspace EpubReaderLight with scheme EpubReaderLight
(3 failures)
Command line invocation:
/Applications/Xcode-27.0.0-Release.Candidate.app/Contents/Developer/usr/bin/xcodebuild -IDEClonedSourcePackagesDirPathOverride=/Users/admin/builder/spi-builder-workspace/.dependencies -resolvePackageDependencies
Resolve Package Graph
Resolved source packages:
EpubReaderLight: /Users/admin/builder/spi-builder-workspace
resolved source packages: EpubReaderLight
2026-09-21 09:02:38.615 xcodebuild[643:4161] [MT] IDERunDestination: Supported platforms for the buildables in the current scheme is empty.
{
"dependencies" : [
],
"manifest_display_name" : "EpubReaderLight",
"name" : "EpubReaderLight",
"path" : "/Users/admin/builder/spi-builder-workspace",
"platforms" : [
{
"name" : "ios",
"version" : "14.0"
},
{
"name" : "macos",
"version" : "10.15"
}
],
"products" : [
{
"name" : "EpubReaderLight",
"targets" : [
"EpubReaderLight"
],
"type" : {
"library" : [
"automatic"
]
}
}
],
"targets" : [
{
"c99name" : "EpubReaderLightTests",
"module_type" : "SwiftTarget",
"name" : "EpubReaderLightTests",
"path" : "Tests/EpubReaderLightTests",
"sources" : [
"EpubReaderLightTests.swift"
],
"target_dependencies" : [
"EpubReaderLight"
],
"type" : "test"
},
{
"c99name" : "EpubReaderLight",
"module_type" : "SwiftTarget",
"name" : "EpubReaderLight",
"path" : "Sources/EpubReaderLight",
"product_memberships" : [
"EpubReaderLight"
],
"resources" : [
{
"path" : "/Users/admin/builder/spi-builder-workspace/Sources/EpubReaderLight/Resources/Web/bundle.js",
"rule" : {
"process" : {
}
}
},
{
"path" : "/Users/admin/builder/spi-builder-workspace/Sources/EpubReaderLight/Resources/Web/index.css",
"rule" : {
"process" : {
}
}
},
{
"path" : "/Users/admin/builder/spi-builder-workspace/Sources/EpubReaderLight/Resources/Web/index.html",
"rule" : {
"process" : {
}
}
},
{
"path" : "/Users/admin/builder/spi-builder-workspace/Sources/EpubReaderLight/Resources/Web/themes.css",
"rule" : {
"process" : {
}
}
}
],
"sources" : [
"Data/BookData.swift",
"Data/BookEvent.swift",
"Data/BookSavedData.swift",
"Data/ReaderErrors.swift",
"Data/Theme.swift",
"Data/WordHighlight.swift",
"Extensions/Data+Extension.swift",
"Extensions/String+Extension.swift",
"Extensions/UIColor+Extension.swift",
"ReaderEventsHandler.swift",
"ReaderView.swift",
"ReaderViewController.swift",
"WebProxy/WebManager.swift",
"WebProxy/WebView.swift",
"resource_current_bundle_accessor.swift"
],
"type" : "library"
}
],
"tools_version" : "5.8"
}
{
"workspace" : {
"name" : "EpubReaderLight",
"schemes" : [
"EpubReaderLight"
]
}
}
2026-09-21 09:02:39.834 xcodebuild[651:4222] [MT] IDERunDestination: Supported platforms for the buildables in the current scheme is empty.
Running build ...
env DEVELOPER_DIR=/Applications/Xcode-27.0.0-Release.Candidate.app xcrun xcodebuild -IDEClonedSourcePackagesDirPathOverride=$PWD/.dependencies -skipMacroValidation -skipPackagePluginValidation -derivedDataPath $PWD/.derivedData build -scheme EpubReaderLight -destination generic/platform=watchOS
Command line invocation:
/Applications/Xcode-27.0.0-Release.Candidate.app/Contents/Developer/usr/bin/xcodebuild -IDEClonedSourcePackagesDirPathOverride=/Users/admin/builder/spi-builder-workspace/.dependencies -skipMacroValidation -skipPackagePluginValidation -derivedDataPath /Users/admin/builder/spi-builder-workspace/.derivedData build -scheme EpubReaderLight -destination generic/platform=watchOS
Resolve Package Graph
Resolved source packages:
EpubReaderLight: /Users/admin/builder/spi-builder-workspace
ComputePackagePrebuildTargetDependencyGraph
Prepare packages
CreateBuildRequest
SendProjectDescription
CreateBuildOperation
ComputeTargetDependencyGraph
note: Building targets in dependency order
note: Target dependency graph (3 targets)
Target 'EpubReaderLight-product' in project 'EpubReaderLight'
➜ Explicit dependency on target 'EpubReaderLight' in project 'EpubReaderLight'
➜ Explicit dependency on target 'EpubReaderLight_EpubReaderLight' in project 'EpubReaderLight'
Target 'EpubReaderLight' in project 'EpubReaderLight'
➜ Explicit dependency on target 'EpubReaderLight_EpubReaderLight' in project 'EpubReaderLight'
Target 'EpubReaderLight_EpubReaderLight' in project 'EpubReaderLight' (no dependencies)
GatherProvisioningInputs
CreateBuildDescription
ClangStatCache /Applications/Xcode-27.0.0-Release.Candidate.app/Contents/Developer/Toolchains/XcodeDefault.xctoolchain/usr/bin/clang-stat-cache /Applications/Xcode-27.0.0-Release.Candidate.app/Contents/Developer/Platforms/WatchOS.platform/Developer/SDKs/WatchOS27.0.sdk /Users/admin/builder/spi-builder-workspace/.derivedData/SDKStatCaches.noindex/watchos27.0-24R360-e829b21a6f8c9b70876ba0858053c04477534ef55a1706bf4c1112bbb242f0a2.sdkstatcache
cd /Users/admin/builder/spi-builder-workspace/.swiftpm/xcode
/Applications/Xcode-27.0.0-Release.Candidate.app/Contents/Developer/Toolchains/XcodeDefault.xctoolchain/usr/bin/clang-stat-cache /Applications/Xcode-27.0.0-Release.Candidate.app/Contents/Developer/Platforms/WatchOS.platform/Developer/SDKs/WatchOS27.0.sdk -o /Users/admin/builder/spi-builder-workspace/.derivedData/SDKStatCaches.noindex/watchos27.0-24R360-e829b21a6f8c9b70876ba0858053c04477534ef55a1706bf4c1112bbb242f0a2.sdkstatcache
SwiftDriver EpubReaderLight normal arm64_32 com.apple.xcode.tools.swift.compiler (in target 'EpubReaderLight' from project 'EpubReaderLight')
cd /Users/admin/builder/spi-builder-workspace/.swiftpm/xcode
builtin-SwiftDriver -- /Applications/Xcode-27.0.0-Release.Candidate.app/Contents/Developer/Toolchains/XcodeDefault.xctoolchain/usr/bin/swiftc -parse-as-library -module-name EpubReaderLight -Onone @/Users/admin/builder/spi-builder-workspace/.derivedData/Build/Intermediates.noindex/EpubReaderLight.build/Debug-watchos/EpubReaderLight-t.build/Objects-normal/arm64_32/EpubReaderLight.SwiftFileList -DSWIFT_PACKAGE -DDEBUG -DSWIFT_MODULE_RESOURCE_BUNDLE_AVAILABLE -DXcode -plugin-path /Applications/Xcode-27.0.0-Release.Candidate.app/Contents/Developer/Toolchains/XcodeDefault.xctoolchain/usr/lib/swift/host/plugins/testing -enable-experimental-feature DebugDescriptionMacro -sdk /Applications/Xcode-27.0.0-Release.Candidate.app/Contents/Developer/Platforms/WatchOS.platform/Developer/SDKs/WatchOS27.0.sdk -target arm64_32-apple-watchos9.0 -g -module-cache-path /Users/admin/builder/spi-builder-workspace/.derivedData/ModuleCache.noindex -Xfrontend -serialize-debugging-options -profile-coverage-mapping -profile-generate -enable-testing -index-store-path /Users/admin/builder/spi-builder-workspace/.derivedData/Index.noindex/DataStore -Xcc -D_LIBCPP_HARDENING_MODE\=_LIBCPP_HARDENING_MODE_DEBUG -swift-version 5 -I /Users/admin/builder/spi-builder-workspace/.derivedData/Build/Products/Debug-watchos -Isystem /Applications/Xcode-27.0.0-Release.Candidate.app/Contents/Developer/Platforms/WatchOS.platform/Developer/usr/lib -F /Users/admin/builder/spi-builder-workspace/.derivedData/Build/Products/Debug-watchos -F /Applications/Xcode-27.0.0-Release.Candidate.app/Contents/Developer/Platforms/WatchOS.platform/Developer/Library/Frameworks -F /Applications/Xcode-27.0.0-Release.Candidate.app/Contents/Developer/Platforms/WatchOS.platform/Developer/SDKs/WatchOS27.0.sdk/Developer/Library/Frameworks -c -j10 -enable-batch-mode -incremental -Xcc -ivfsstatcache -Xcc /Users/admin/builder/spi-builder-workspace/.derivedData/SDKStatCaches.noindex/watchos27.0-24R360-e829b21a6f8c9b70876ba0858053c04477534ef55a1706bf4c1112bbb242f0a2.sdkstatcache -output-file-map /Users/admin/builder/spi-builder-workspace/.derivedData/Build/Intermediates.noindex/EpubReaderLight.build/Debug-watchos/EpubReaderLight-t.build/Objects-normal/arm64_32/EpubReaderLight-OutputFileMap.json -save-temps -no-color-diagnostics -explicit-module-build -module-cache-path /Users/admin/builder/spi-builder-workspace/.derivedData/Build/Intermediates.noindex/SwiftExplicitPrecompiledModules -clang-scanner-module-cache-path /Users/admin/builder/spi-builder-workspace/.derivedData/ModuleCache.noindex -sdk-module-cache-path /Users/admin/builder/spi-builder-workspace/.derivedData/SDKExplicitPrecompiledModules -emit-dependencies -emit-module -emit-module-path /Users/admin/builder/spi-builder-workspace/.derivedData/Build/Intermediates.noindex/EpubReaderLight.build/Debug-watchos/EpubReaderLight-t.build/Objects-normal/arm64_32/EpubReaderLight.swiftmodule -serialize-diagnostics -dependency-scan-serialize-diagnostics-path /Users/admin/builder/spi-builder-workspace/.derivedData/Build/Intermediates.noindex/EpubReaderLight.build/Debug-watchos/EpubReaderLight-t.build/Objects-normal/arm64_32/EpubReaderLight-dependency-scan.dia -validate-clang-modules-once -clang-build-session-file /Users/admin/builder/spi-builder-workspace/.derivedData/ModuleCache.noindex/Session.modulevalidation -Xcc -fmodules-prune-interval\=86400 -Xcc -fmodules-prune-after\=345600 -emit-const-values -const-gather-protocols-list /Users/admin/builder/spi-builder-workspace/.derivedData/Build/Intermediates.noindex/EpubReaderLight.build/Debug-watchos/EpubReaderLight-t.build/Objects-normal/arm64_32/EpubReaderLight_const_extract_protocols.json -Xcc -I/Users/admin/builder/spi-builder-workspace/.derivedData/Build/Products/Debug-watchos/include -Xcc -I/Users/admin/builder/spi-builder-workspace/.derivedData/Build/Intermediates.noindex/EpubReaderLight.build/Debug-watchos/EpubReaderLight-t.build/DerivedSources-normal/arm64_32 -Xcc -I/Users/admin/builder/spi-builder-workspace/.derivedData/Build/Intermediates.noindex/EpubReaderLight.build/Debug-watchos/EpubReaderLight-t.build/DerivedSources/arm64_32 -Xcc -I/Users/admin/builder/spi-builder-workspace/.derivedData/Build/Intermediates.noindex/EpubReaderLight.build/Debug-watchos/EpubReaderLight-t.build/DerivedSources -Xcc -DSWIFT_PACKAGE -Xcc -DDEBUG\=1 -emit-objc-header -emit-objc-header-path /Users/admin/builder/spi-builder-workspace/.derivedData/Build/Intermediates.noindex/EpubReaderLight.build/Debug-watchos/EpubReaderLight-t.build/Objects-normal/arm64_32/EpubReaderLight-Swift.h -working-directory /Users/admin/builder/spi-builder-workspace/.swiftpm/xcode -experimental-emit-module-separately -disable-cmo
/Users/admin/builder/spi-builder-workspace/Sources/EpubReaderLight/WebProxy/WebManager.swift:2:8: error: Unable to resolve module dependency: 'WebKit' (in target 'EpubReaderLight' from project 'EpubReaderLight')
note: A dependency of main module 'EpubReaderLight'
/Users/admin/builder/spi-builder-workspace/Sources/EpubReaderLight/WebProxy/WebView.swift:2:8: note: Also imported here
/Users/admin/builder/spi-builder-workspace/Sources/EpubReaderLight/WebProxy/WebManager.swift:2:8: note: A dependency of main module 'EpubReaderLight'
import WebKit
^ (in target 'EpubReaderLight' from project 'EpubReaderLight')
/Users/admin/builder/spi-builder-workspace/Sources/EpubReaderLight/WebProxy/WebView.swift:2:8: note: Also imported here
import WebKit
^ (in target 'EpubReaderLight' from project 'EpubReaderLight')
SwiftDriver EpubReaderLight normal arm64 com.apple.xcode.tools.swift.compiler (in target 'EpubReaderLight' from project 'EpubReaderLight')
cd /Users/admin/builder/spi-builder-workspace/.swiftpm/xcode
builtin-SwiftDriver -- /Applications/Xcode-27.0.0-Release.Candidate.app/Contents/Developer/Toolchains/XcodeDefault.xctoolchain/usr/bin/swiftc -parse-as-library -module-name EpubReaderLight -Onone @/Users/admin/builder/spi-builder-workspace/.derivedData/Build/Intermediates.noindex/EpubReaderLight.build/Debug-watchos/EpubReaderLight-t.build/Objects-normal/arm64/EpubReaderLight.SwiftFileList -DSWIFT_PACKAGE -DDEBUG -DSWIFT_MODULE_RESOURCE_BUNDLE_AVAILABLE -DXcode -plugin-path /Applications/Xcode-27.0.0-Release.Candidate.app/Contents/Developer/Toolchains/XcodeDefault.xctoolchain/usr/lib/swift/host/plugins/testing -enable-experimental-feature DebugDescriptionMacro -sdk /Applications/Xcode-27.0.0-Release.Candidate.app/Contents/Developer/Platforms/WatchOS.platform/Developer/SDKs/WatchOS27.0.sdk -target arm64-apple-watchos9.0 -g -module-cache-path /Users/admin/builder/spi-builder-workspace/.derivedData/ModuleCache.noindex -Xfrontend -serialize-debugging-options -profile-coverage-mapping -profile-generate -enable-testing -index-store-path /Users/admin/builder/spi-builder-workspace/.derivedData/Index.noindex/DataStore -Xcc -D_LIBCPP_HARDENING_MODE\=_LIBCPP_HARDENING_MODE_DEBUG -swift-version 5 -I /Users/admin/builder/spi-builder-workspace/.derivedData/Build/Products/Debug-watchos -Isystem /Applications/Xcode-27.0.0-Release.Candidate.app/Contents/Developer/Platforms/WatchOS.platform/Developer/usr/lib -F /Users/admin/builder/spi-builder-workspace/.derivedData/Build/Products/Debug-watchos -F /Applications/Xcode-27.0.0-Release.Candidate.app/Contents/Developer/Platforms/WatchOS.platform/Developer/Library/Frameworks -F /Applications/Xcode-27.0.0-Release.Candidate.app/Contents/Developer/Platforms/WatchOS.platform/Developer/SDKs/WatchOS27.0.sdk/Developer/Library/Frameworks -c -j10 -enable-batch-mode -incremental -Xcc -ivfsstatcache -Xcc /Users/admin/builder/spi-builder-workspace/.derivedData/SDKStatCaches.noindex/watchos27.0-24R360-e829b21a6f8c9b70876ba0858053c04477534ef55a1706bf4c1112bbb242f0a2.sdkstatcache -output-file-map /Users/admin/builder/spi-builder-workspace/.derivedData/Build/Intermediates.noindex/EpubReaderLight.build/Debug-watchos/EpubReaderLight-t.build/Objects-normal/arm64/EpubReaderLight-OutputFileMap.json -save-temps -no-color-diagnostics -explicit-module-build -module-cache-path /Users/admin/builder/spi-builder-workspace/.derivedData/Build/Intermediates.noindex/SwiftExplicitPrecompiledModules -clang-scanner-module-cache-path /Users/admin/builder/spi-builder-workspace/.derivedData/ModuleCache.noindex -sdk-module-cache-path /Users/admin/builder/spi-builder-workspace/.derivedData/SDKExplicitPrecompiledModules -emit-dependencies -emit-module -emit-module-path /Users/admin/builder/spi-builder-workspace/.derivedData/Build/Intermediates.noindex/EpubReaderLight.build/Debug-watchos/EpubReaderLight-t.build/Objects-normal/arm64/EpubReaderLight.swiftmodule -serialize-diagnostics -dependency-scan-serialize-diagnostics-path /Users/admin/builder/spi-builder-workspace/.derivedData/Build/Intermediates.noindex/EpubReaderLight.build/Debug-watchos/EpubReaderLight-t.build/Objects-normal/arm64/EpubReaderLight-dependency-scan.dia -validate-clang-modules-once -clang-build-session-file /Users/admin/builder/spi-builder-workspace/.derivedData/ModuleCache.noindex/Session.modulevalidation -Xcc -fmodules-prune-interval\=86400 -Xcc -fmodules-prune-after\=345600 -emit-const-values -const-gather-protocols-list /Users/admin/builder/spi-builder-workspace/.derivedData/Build/Intermediates.noindex/EpubReaderLight.build/Debug-watchos/EpubReaderLight-t.build/Objects-normal/arm64/EpubReaderLight_const_extract_protocols.json -Xcc -I/Users/admin/builder/spi-builder-workspace/.derivedData/Build/Products/Debug-watchos/include -Xcc -I/Users/admin/builder/spi-builder-workspace/.derivedData/Build/Intermediates.noindex/EpubReaderLight.build/Debug-watchos/EpubReaderLight-t.build/DerivedSources-normal/arm64 -Xcc -I/Users/admin/builder/spi-builder-workspace/.derivedData/Build/Intermediates.noindex/EpubReaderLight.build/Debug-watchos/EpubReaderLight-t.build/DerivedSources/arm64 -Xcc -I/Users/admin/builder/spi-builder-workspace/.derivedData/Build/Intermediates.noindex/EpubReaderLight.build/Debug-watchos/EpubReaderLight-t.build/DerivedSources -Xcc -DSWIFT_PACKAGE -Xcc -DDEBUG\=1 -emit-objc-header -emit-objc-header-path /Users/admin/builder/spi-builder-workspace/.derivedData/Build/Intermediates.noindex/EpubReaderLight.build/Debug-watchos/EpubReaderLight-t.build/Objects-normal/arm64/EpubReaderLight-Swift.h -working-directory /Users/admin/builder/spi-builder-workspace/.swiftpm/xcode -experimental-emit-module-separately -disable-cmo
/Users/admin/builder/spi-builder-workspace/Sources/EpubReaderLight/WebProxy/WebManager.swift:2:8: error: Unable to resolve module dependency: 'WebKit' (in target 'EpubReaderLight' from project 'EpubReaderLight')
note: A dependency of main module 'EpubReaderLight'
/Users/admin/builder/spi-builder-workspace/Sources/EpubReaderLight/WebProxy/WebView.swift:2:8: note: Also imported here
/Users/admin/builder/spi-builder-workspace/Sources/EpubReaderLight/WebProxy/WebManager.swift:2:8: note: A dependency of main module 'EpubReaderLight'
import WebKit
^ (in target 'EpubReaderLight' from project 'EpubReaderLight')
/Users/admin/builder/spi-builder-workspace/Sources/EpubReaderLight/WebProxy/WebView.swift:2:8: note: Also imported here
import WebKit
^ (in target 'EpubReaderLight' from project 'EpubReaderLight')
PruneExplicitPrecompiledModules /Users/admin/builder/spi-builder-workspace/.derivedData/Build/Intermediates.noindex/SwiftExplicitPrecompiledModules
PruneExplicitPrecompiledModules /Users/admin/builder/spi-builder-workspace/.derivedData/Build/Intermediates.noindex/ExplicitPrecompiledModules
PruneExplicitPrecompiledModules /Users/admin/builder/spi-builder-workspace/.derivedData/SDKExplicitPrecompiledModules
2026-09-21 09:02:40.804 xcodebuild[652:4247] [MT] IDERunDestination: Supported platforms for the buildables in the current scheme is empty.
** BUILD FAILED **
The following build commands failed:
SwiftDriver EpubReaderLight normal arm64_32 com.apple.xcode.tools.swift.compiler (in target 'EpubReaderLight' from project 'EpubReaderLight')
SwiftDriver EpubReaderLight normal arm64 com.apple.xcode.tools.swift.compiler (in target 'EpubReaderLight' from project 'EpubReaderLight')
Building workspace EpubReaderLight with scheme EpubReaderLight
(3 failures)
BUILD FAILURE 6.4 watchOS