The Swift Package Index logo.Swift Package Index

Build Information

Failed to build WWZHConverter, reference 1.1.4 (a44617), with Swift 6.4 for tvOS using Xcode 27.0 on 21 Sep 2026 01:22:17 UTC.

Build Command

env DEVELOPER_DIR=/Applications/Xcode-27.0.0-Release.Candidate.app xcrun xcodebuild -IDEClonedSourcePackagesDirPathOverride=$PWD/.dependencies -skipMacroValidation -skipPackagePluginValidation -derivedDataPath $PWD/.derivedData build -scheme WWZHConverter -destination generic/platform=tvOS

Build Log

========================================
RunAll
========================================
Builder version: 5.1.0
Interrupt handler set up.
========================================
Checkout
========================================
Clone URL: https://github.com/William-Weng/WWZHConverter.git
Reference: 1.1.4
Initialized empty Git repository in /Users/admin/builder/spi-builder-workspace/.git/
From https://github.com/William-Weng/WWZHConverter
 * tag               1.1.4      -> FETCH_HEAD
HEAD is now at a44617f - 加入「字幕樣式」參數設定
Cloned https://github.com/William-Weng/WWZHConverter.git
Revision (git rev-parse @):
a44617f310e2c7cc7668d6cf6f889a424ebd48e8
SUCCESS checkout https://github.com/William-Weng/WWZHConverter.git at 1.1.4
========================================
Build
========================================
Selected platform:         tvOS
Swift version:             6.4
Building package at path:  $PWD
https://github.com/William-Weng/WWZHConverter.git
Command line invocation:
    /Applications/Xcode-27.0.0-Release.Candidate.app/Contents/Developer/usr/bin/xcodebuild -IDEClonedSourcePackagesDirPathOverride=/Users/admin/builder/spi-builder-workspace/.dependencies -resolvePackageDependencies
Resolve Package Graph
Fetching from https://github.com/William-Weng/WWNetworking.git
Creating working copy of package ‘WWNetworking’
Checking out 1.9.1 of package ‘WWNetworking’
Resolve Package Graph
Resolved source packages:
  WWNetworking: https://github.com/William-Weng/WWNetworking.git @ 1.9.1
  WWZHConverter: /Users/admin/builder/spi-builder-workspace
resolved source packages: WWNetworking, WWZHConverter
2026-09-20 21:21:22.245 xcodebuild[529:3025] [MT] IDERunDestination: Supported platforms for the buildables in the current scheme is empty.
{
  "dependencies" : [
    {
      "identity" : "wwnetworking",
      "requirement" : {
        "range" : [
          {
            "lower_bound" : "1.6.2",
            "upper_bound" : "2.0.0"
          }
        ]
      },
      "type" : "sourceControl",
      "url" : "https://github.com/William-Weng/WWNetworking.git"
    }
  ],
  "manifest_display_name" : "WWZHConverter",
  "name" : "WWZHConverter",
  "path" : "/Users/admin/builder/spi-builder-workspace",
  "platforms" : [
    {
      "name" : "ios",
      "version" : "14.0"
    }
  ],
  "products" : [
    {
      "name" : "WWZHConverter",
      "targets" : [
        "WWZHConverter"
      ],
      "type" : {
        "library" : [
          "automatic"
        ]
      }
    }
  ],
  "swift_languages_versions" : [
    "5"
  ],
  "targets" : [
    {
      "c99name" : "WWZHConverter",
      "module_type" : "SwiftTarget",
      "name" : "WWZHConverter",
      "path" : "Sources/WWZHConverter",
      "product_dependencies" : [
        "WWNetworking"
      ],
      "product_memberships" : [
        "WWZHConverter"
      ],
      "resources" : [
        {
          "path" : "/Users/admin/builder/spi-builder-workspace/Sources/WWZHConverter/Privacy",
          "rule" : {
            "copy" : {
            }
          }
        }
      ],
      "sources" : [
        "Utility/Constant.swift",
        "Utility/Extension.swift",
        "WWZHConverter.swift"
      ],
      "type" : "library"
    }
  ],
  "tools_version" : "5.6"
}
{
  "workspace" : {
    "name" : "WWZHConverter",
    "schemes" : [
      "WWZHConverter"
    ]
  }
}
2026-09-20 21:22:03.750 xcodebuild[691:4322] [MT] IDERunDestination: Supported platforms for the buildables in the current scheme is empty.
Running build ...
env DEVELOPER_DIR=/Applications/Xcode-27.0.0-Release.Candidate.app xcrun xcodebuild -IDEClonedSourcePackagesDirPathOverride=$PWD/.dependencies -skipMacroValidation -skipPackagePluginValidation -derivedDataPath $PWD/.derivedData build -scheme WWZHConverter -destination generic/platform=tvOS
Command line invocation:
    /Applications/Xcode-27.0.0-Release.Candidate.app/Contents/Developer/usr/bin/xcodebuild -IDEClonedSourcePackagesDirPathOverride=/Users/admin/builder/spi-builder-workspace/.dependencies -skipMacroValidation -skipPackagePluginValidation -derivedDataPath /Users/admin/builder/spi-builder-workspace/.derivedData build -scheme WWZHConverter -destination generic/platform=tvOS
Resolve Package Graph
Resolve Package Graph
Resolved source packages:
  WWNetworking: https://github.com/William-Weng/WWNetworking.git @ 1.9.1
  WWZHConverter: /Users/admin/builder/spi-builder-workspace
ComputePackagePrebuildTargetDependencyGraph
Prepare packages
CreateBuildRequest
SendProjectDescription
CreateBuildOperation
ComputeTargetDependencyGraph
note: Building targets in dependency order
note: Target dependency graph (6 targets)
    Target 'WWZHConverter-product' in project 'WWZHConverter'
        ➜ Explicit dependency on target 'WWZHConverter' in project 'WWZHConverter'
        ➜ Explicit dependency on target 'WWZHConverter_WWZHConverter' in project 'WWZHConverter'
        ➜ Explicit dependency on target 'WWNetworking-product' in project 'WWNetworking'
    Target 'WWZHConverter' in project 'WWZHConverter'
        ➜ Explicit dependency on target 'WWZHConverter_WWZHConverter' in project 'WWZHConverter'
        ➜ Explicit dependency on target 'WWNetworking-product' in project 'WWNetworking'
    Target 'WWNetworking-product' in project 'WWNetworking'
        ➜ Explicit dependency on target 'WWNetworking' in project 'WWNetworking'
        ➜ Explicit dependency on target 'WWNetworking_WWNetworking' in project 'WWNetworking'
    Target 'WWNetworking' in project 'WWNetworking'
        ➜ Explicit dependency on target 'WWNetworking_WWNetworking' in project 'WWNetworking'
    Target 'WWNetworking_WWNetworking' in project 'WWNetworking' (no dependencies)
    Target 'WWZHConverter_WWZHConverter' in project 'WWZHConverter' (no dependencies)
GatherProvisioningInputs
CreateBuildDescription
ExecuteExternalTool /Applications/Xcode-27.0.0-Release.Candidate.app/Contents/Developer/Toolchains/XcodeDefault.xctoolchain/usr/bin/clang -v -E -dM -isysroot /Applications/Xcode-27.0.0-Release.Candidate.app/Contents/Developer/Platforms/AppleTVOS.platform/Developer/SDKs/AppleTVOS27.0.sdk -x c -c /dev/null
ExecuteExternalTool /Applications/Xcode-27.0.0-Release.Candidate.app/Contents/Developer/Toolchains/XcodeDefault.xctoolchain/usr/bin/swiftc --version
ExecuteExternalTool /Applications/Xcode-27.0.0-Release.Candidate.app/Contents/Developer/Toolchains/XcodeDefault.xctoolchain/usr/bin/ld -version_details
Build description signature: dbd9ff2235701e1d17d4cc383d63244e
Build description path: /Users/admin/builder/spi-builder-workspace/.derivedData/Build/Intermediates.noindex/XCBuildData/dbd9ff2235701e1d17d4cc383d63244e.xcbuilddata
CreateBuildDirectory /Users/admin/builder/spi-builder-workspace/.derivedData/SDKExplicitPrecompiledModules
    cd /Users/admin/builder/spi-builder-workspace/.swiftpm/xcode
    builtin-create-build-directory /Users/admin/builder/spi-builder-workspace/.derivedData/SDKExplicitPrecompiledModules
CreateBuildDirectory /Users/admin/builder/spi-builder-workspace/.derivedData/ModuleCache.noindex
    cd /Users/admin/builder/spi-builder-workspace/.swiftpm/xcode
    builtin-create-build-directory /Users/admin/builder/spi-builder-workspace/.derivedData/ModuleCache.noindex
CreateBuildDirectory /Users/admin/builder/spi-builder-workspace/.derivedData/CompilationCache.noindex
    cd /Users/admin/builder/spi-builder-workspace/.swiftpm/xcode
    builtin-create-build-directory /Users/admin/builder/spi-builder-workspace/.derivedData/CompilationCache.noindex
CreateBuildDirectory /Users/admin/builder/spi-builder-workspace/.derivedData/Build/Products
    cd /Users/admin/builder/spi-builder-workspace/.swiftpm/xcode
    builtin-create-build-directory /Users/admin/builder/spi-builder-workspace/.derivedData/Build/Products
CreateBuildDirectory /Users/admin/builder/spi-builder-workspace/.derivedData/Build/Intermediates.noindex
    cd /Users/admin/builder/spi-builder-workspace/.swiftpm/xcode
    builtin-create-build-directory /Users/admin/builder/spi-builder-workspace/.derivedData/Build/Intermediates.noindex
ClangStatCache /Applications/Xcode-27.0.0-Release.Candidate.app/Contents/Developer/Toolchains/XcodeDefault.xctoolchain/usr/bin/clang-stat-cache /Applications/Xcode-27.0.0-Release.Candidate.app/Contents/Developer/Platforms/AppleTVOS.platform/Developer/SDKs/AppleTVOS27.0.sdk /Users/admin/builder/spi-builder-workspace/.derivedData/SDKStatCaches.noindex/appletvos27.0-24J360-e829b21a6f8c9b70876ba0858053c044b32bfd8d43560033f8d89884cdb90028.sdkstatcache
    cd /Users/admin/builder/spi-builder-workspace/.swiftpm/xcode
    /Applications/Xcode-27.0.0-Release.Candidate.app/Contents/Developer/Toolchains/XcodeDefault.xctoolchain/usr/bin/clang-stat-cache /Applications/Xcode-27.0.0-Release.Candidate.app/Contents/Developer/Platforms/AppleTVOS.platform/Developer/SDKs/AppleTVOS27.0.sdk -o /Users/admin/builder/spi-builder-workspace/.derivedData/SDKStatCaches.noindex/appletvos27.0-24J360-e829b21a6f8c9b70876ba0858053c044b32bfd8d43560033f8d89884cdb90028.sdkstatcache
CreateBuildDirectory /Users/admin/builder/spi-builder-workspace/.derivedData/Build/Products/Debug-appletvos
    cd /Users/admin/builder/spi-builder-workspace/.swiftpm/xcode
    builtin-create-build-directory /Users/admin/builder/spi-builder-workspace/.derivedData/Build/Products/Debug-appletvos
CreateBuildDirectory /Users/admin/builder/spi-builder-workspace/.derivedData/Build/Intermediates.noindex/SwiftExplicitPrecompiledModules
    cd /Users/admin/builder/spi-builder-workspace/.swiftpm/xcode
    builtin-create-build-directory /Users/admin/builder/spi-builder-workspace/.derivedData/Build/Intermediates.noindex/SwiftExplicitPrecompiledModules
CreateBuildDirectory /Users/admin/builder/spi-builder-workspace/.derivedData/Build/Intermediates.noindex/PrecompiledHeaders
    cd /Users/admin/builder/spi-builder-workspace/.swiftpm/xcode
    builtin-create-build-directory /Users/admin/builder/spi-builder-workspace/.derivedData/Build/Intermediates.noindex/PrecompiledHeaders
CreateBuildDirectory /Users/admin/builder/spi-builder-workspace/.derivedData/Build/Intermediates.noindex/ExplicitPrecompiledModules
    cd /Users/admin/builder/spi-builder-workspace/.swiftpm/xcode
    builtin-create-build-directory /Users/admin/builder/spi-builder-workspace/.derivedData/Build/Intermediates.noindex/ExplicitPrecompiledModules
CreateBuildDirectory /Users/admin/builder/spi-builder-workspace/.derivedData/Build/Intermediates.noindex/EagerLinkingTBDs/Debug-appletvos
    cd /Users/admin/builder/spi-builder-workspace/.swiftpm/xcode
    builtin-create-build-directory /Users/admin/builder/spi-builder-workspace/.derivedData/Build/Intermediates.noindex/EagerLinkingTBDs/Debug-appletvos
CreateBuildDirectory /Users/admin/builder/spi-builder-workspace/.derivedData/Build/Products/Debug-appletvos/PackageFrameworks
    cd /Users/admin/builder/spi-builder-workspace/.swiftpm/xcode
    builtin-create-build-directory /Users/admin/builder/spi-builder-workspace/.derivedData/Build/Products/Debug-appletvos/PackageFrameworks
MkDir /Users/admin/builder/spi-builder-workspace/.derivedData/Build/Products/Debug-appletvos/WWZHConverter_WWZHConverter.bundle (in target 'WWZHConverter_WWZHConverter' from project 'WWZHConverter')
    cd /Users/admin/builder/spi-builder-workspace
    /bin/mkdir -p /Users/admin/builder/spi-builder-workspace/.derivedData/Build/Products/Debug-appletvos/WWZHConverter_WWZHConverter.bundle
WriteAuxiliaryFile /Users/admin/builder/spi-builder-workspace/.derivedData/Build/Intermediates.noindex/WWZHConverter.build/Debug-appletvos/WWZHConverter_WWZHConverter-b.build/WWZHConverter_WWZHConverter.DependencyMetadataFileList (in target 'WWZHConverter_WWZHConverter' from project 'WWZHConverter')
    cd /Users/admin/builder/spi-builder-workspace
    write-file /Users/admin/builder/spi-builder-workspace/.derivedData/Build/Intermediates.noindex/WWZHConverter.build/Debug-appletvos/WWZHConverter_WWZHConverter-b.build/WWZHConverter_WWZHConverter.DependencyMetadataFileList
WriteAuxiliaryFile /Users/admin/builder/spi-builder-workspace/.derivedData/Build/Intermediates.noindex/WWZHConverter.build/Debug-appletvos/WWZHConverter_WWZHConverter-b.build/WWZHConverter_WWZHConverter.DependencyStaticMetadataFileList (in target 'WWZHConverter_WWZHConverter' from project 'WWZHConverter')
    cd /Users/admin/builder/spi-builder-workspace
    write-file /Users/admin/builder/spi-builder-workspace/.derivedData/Build/Intermediates.noindex/WWZHConverter.build/Debug-appletvos/WWZHConverter_WWZHConverter-b.build/WWZHConverter_WWZHConverter.DependencyStaticMetadataFileList
WriteAuxiliaryFile /Users/admin/builder/spi-builder-workspace/.derivedData/Build/Intermediates.noindex/WWZHConverter.build/Debug-appletvos/WWZHConverter-t.build/WWZHConverter.modulemap (in target 'WWZHConverter' from project 'WWZHConverter')
    cd /Users/admin/builder/spi-builder-workspace
    write-file /Users/admin/builder/spi-builder-workspace/.derivedData/Build/Intermediates.noindex/WWZHConverter.build/Debug-appletvos/WWZHConverter-t.build/WWZHConverter.modulemap
WriteAuxiliaryFile /Users/admin/builder/spi-builder-workspace/.derivedData/Build/Intermediates.noindex/WWZHConverter.build/Debug-appletvos/WWZHConverter-t.build/WWZHConverter.DependencyStaticMetadataFileList (in target 'WWZHConverter' from project 'WWZHConverter')
    cd /Users/admin/builder/spi-builder-workspace
    write-file /Users/admin/builder/spi-builder-workspace/.derivedData/Build/Intermediates.noindex/WWZHConverter.build/Debug-appletvos/WWZHConverter-t.build/WWZHConverter.DependencyStaticMetadataFileList
WriteAuxiliaryFile /Users/admin/builder/spi-builder-workspace/.derivedData/Build/Intermediates.noindex/WWZHConverter.build/Debug-appletvos/WWZHConverter-t.build/WWZHConverter.DependencyMetadataFileList (in target 'WWZHConverter' from project 'WWZHConverter')
    cd /Users/admin/builder/spi-builder-workspace
    write-file /Users/admin/builder/spi-builder-workspace/.derivedData/Build/Intermediates.noindex/WWZHConverter.build/Debug-appletvos/WWZHConverter-t.build/WWZHConverter.DependencyMetadataFileList
WriteAuxiliaryFile /Users/admin/builder/spi-builder-workspace/.derivedData/Build/Intermediates.noindex/WWZHConverter.build/Debug-appletvos/WWZHConverter_WWZHConverter-b.build/empty-WWZHConverter_WWZHConverter.plist (in target 'WWZHConverter_WWZHConverter' from project 'WWZHConverter')
    cd /Users/admin/builder/spi-builder-workspace
    write-file /Users/admin/builder/spi-builder-workspace/.derivedData/Build/Intermediates.noindex/WWZHConverter.build/Debug-appletvos/WWZHConverter_WWZHConverter-b.build/empty-WWZHConverter_WWZHConverter.plist
WriteAuxiliaryFile /Users/admin/builder/spi-builder-workspace/.derivedData/Build/Intermediates.noindex/WWZHConverter.build/Debug-appletvos/WWZHConverter-t.build/Objects-normal/arm64/WWZHConverter_const_extract_protocols.json (in target 'WWZHConverter' from project 'WWZHConverter')
    cd /Users/admin/builder/spi-builder-workspace
    write-file /Users/admin/builder/spi-builder-workspace/.derivedData/Build/Intermediates.noindex/WWZHConverter.build/Debug-appletvos/WWZHConverter-t.build/Objects-normal/arm64/WWZHConverter_const_extract_protocols.json
WriteAuxiliaryFile /Users/admin/builder/spi-builder-workspace/.derivedData/Build/Intermediates.noindex/WWZHConverter.build/Debug-appletvos/WWZHConverter-t.build/Objects-normal/arm64/WWZHConverter.SwiftFileList (in target 'WWZHConverter' from project 'WWZHConverter')
    cd /Users/admin/builder/spi-builder-workspace
    write-file /Users/admin/builder/spi-builder-workspace/.derivedData/Build/Intermediates.noindex/WWZHConverter.build/Debug-appletvos/WWZHConverter-t.build/Objects-normal/arm64/WWZHConverter.SwiftFileList
WriteAuxiliaryFile /Users/admin/builder/spi-builder-workspace/.derivedData/Build/Intermediates.noindex/WWZHConverter.build/Debug-appletvos/WWZHConverter-t.build/Objects-normal/arm64/WWZHConverter.SwiftConstValuesFileList (in target 'WWZHConverter' from project 'WWZHConverter')
    cd /Users/admin/builder/spi-builder-workspace
    write-file /Users/admin/builder/spi-builder-workspace/.derivedData/Build/Intermediates.noindex/WWZHConverter.build/Debug-appletvos/WWZHConverter-t.build/Objects-normal/arm64/WWZHConverter.SwiftConstValuesFileList
WriteAuxiliaryFile /Users/admin/builder/spi-builder-workspace/.derivedData/Build/Intermediates.noindex/WWZHConverter.build/Debug-appletvos/WWZHConverter-t.build/Objects-normal/arm64/WWZHConverter.LinkFileList (in target 'WWZHConverter' from project 'WWZHConverter')
    cd /Users/admin/builder/spi-builder-workspace
    write-file /Users/admin/builder/spi-builder-workspace/.derivedData/Build/Intermediates.noindex/WWZHConverter.build/Debug-appletvos/WWZHConverter-t.build/Objects-normal/arm64/WWZHConverter.LinkFileList
WriteAuxiliaryFile /Users/admin/builder/spi-builder-workspace/.derivedData/Build/Intermediates.noindex/WWZHConverter.build/Debug-appletvos/WWZHConverter-t.build/Objects-normal/arm64/WWZHConverter-OutputFileMap.json (in target 'WWZHConverter' from project 'WWZHConverter')
    cd /Users/admin/builder/spi-builder-workspace
    write-file /Users/admin/builder/spi-builder-workspace/.derivedData/Build/Intermediates.noindex/WWZHConverter.build/Debug-appletvos/WWZHConverter-t.build/Objects-normal/arm64/WWZHConverter-OutputFileMap.json
WriteAuxiliaryFile /Users/admin/builder/spi-builder-workspace/.derivedData/Build/Intermediates.noindex/WWZHConverter.build/Debug-appletvos/WWZHConverter-t.build/DerivedSources/resource_bundle_accessor.swift (in target 'WWZHConverter' from project 'WWZHConverter')
    cd /Users/admin/builder/spi-builder-workspace
    write-file /Users/admin/builder/spi-builder-workspace/.derivedData/Build/Intermediates.noindex/WWZHConverter.build/Debug-appletvos/WWZHConverter-t.build/DerivedSources/resource_bundle_accessor.swift
Copy /Users/admin/builder/spi-builder-workspace/.derivedData/Build/Intermediates.noindex/GeneratedModuleMaps-appletvos/WWZHConverter.modulemap /Users/admin/builder/spi-builder-workspace/.derivedData/Build/Intermediates.noindex/WWZHConverter.build/Debug-appletvos/WWZHConverter-t.build/WWZHConverter.modulemap (in target 'WWZHConverter' from project 'WWZHConverter')
    cd /Users/admin/builder/spi-builder-workspace
    builtin-copy -exclude .DS_Store -exclude CVS -exclude .svn -exclude .git -exclude .hg -resolve-src-symlinks /Users/admin/builder/spi-builder-workspace/.derivedData/Build/Intermediates.noindex/WWZHConverter.build/Debug-appletvos/WWZHConverter-t.build/WWZHConverter.modulemap /Users/admin/builder/spi-builder-workspace/.derivedData/Build/Intermediates.noindex/GeneratedModuleMaps-appletvos
WriteAuxiliaryFile /Users/admin/builder/spi-builder-workspace/.derivedData/Build/Intermediates.noindex/WWNetworking.build/Debug-appletvos/WWNetworking_WWNetworking-b.build/empty-WWNetworking_WWNetworking.plist (in target 'WWNetworking_WWNetworking' from project 'WWNetworking')
    cd /Users/admin/builder/spi-builder-workspace/.dependencies/checkouts/WWNetworking
    write-file /Users/admin/builder/spi-builder-workspace/.derivedData/Build/Intermediates.noindex/WWNetworking.build/Debug-appletvos/WWNetworking_WWNetworking-b.build/empty-WWNetworking_WWNetworking.plist
WriteAuxiliaryFile /Users/admin/builder/spi-builder-workspace/.derivedData/Build/Intermediates.noindex/WWNetworking.build/Debug-appletvos/WWNetworking_WWNetworking-b.build/WWNetworking_WWNetworking.DependencyStaticMetadataFileList (in target 'WWNetworking_WWNetworking' from project 'WWNetworking')
    cd /Users/admin/builder/spi-builder-workspace/.dependencies/checkouts/WWNetworking
    write-file /Users/admin/builder/spi-builder-workspace/.derivedData/Build/Intermediates.noindex/WWNetworking.build/Debug-appletvos/WWNetworking_WWNetworking-b.build/WWNetworking_WWNetworking.DependencyStaticMetadataFileList
WriteAuxiliaryFile /Users/admin/builder/spi-builder-workspace/.derivedData/Build/Intermediates.noindex/WWNetworking.build/Debug-appletvos/WWNetworking_WWNetworking-b.build/WWNetworking_WWNetworking.DependencyMetadataFileList (in target 'WWNetworking_WWNetworking' from project 'WWNetworking')
    cd /Users/admin/builder/spi-builder-workspace/.dependencies/checkouts/WWNetworking
    write-file /Users/admin/builder/spi-builder-workspace/.derivedData/Build/Intermediates.noindex/WWNetworking.build/Debug-appletvos/WWNetworking_WWNetworking-b.build/WWNetworking_WWNetworking.DependencyMetadataFileList
WriteAuxiliaryFile /Users/admin/builder/spi-builder-workspace/.derivedData/Build/Intermediates.noindex/WWNetworking.build/Debug-appletvos/WWNetworking-t.build/WWNetworking.modulemap (in target 'WWNetworking' from project 'WWNetworking')
    cd /Users/admin/builder/spi-builder-workspace/.dependencies/checkouts/WWNetworking
    write-file /Users/admin/builder/spi-builder-workspace/.derivedData/Build/Intermediates.noindex/WWNetworking.build/Debug-appletvos/WWNetworking-t.build/WWNetworking.modulemap
WriteAuxiliaryFile /Users/admin/builder/spi-builder-workspace/.derivedData/Build/Intermediates.noindex/WWNetworking.build/Debug-appletvos/WWNetworking-t.build/WWNetworking.DependencyStaticMetadataFileList (in target 'WWNetworking' from project 'WWNetworking')
    cd /Users/admin/builder/spi-builder-workspace/.dependencies/checkouts/WWNetworking
    write-file /Users/admin/builder/spi-builder-workspace/.derivedData/Build/Intermediates.noindex/WWNetworking.build/Debug-appletvos/WWNetworking-t.build/WWNetworking.DependencyStaticMetadataFileList
WriteAuxiliaryFile /Users/admin/builder/spi-builder-workspace/.derivedData/Build/Intermediates.noindex/WWNetworking.build/Debug-appletvos/WWNetworking-t.build/WWNetworking.DependencyMetadataFileList (in target 'WWNetworking' from project 'WWNetworking')
    cd /Users/admin/builder/spi-builder-workspace/.dependencies/checkouts/WWNetworking
    write-file /Users/admin/builder/spi-builder-workspace/.derivedData/Build/Intermediates.noindex/WWNetworking.build/Debug-appletvos/WWNetworking-t.build/WWNetworking.DependencyMetadataFileList
WriteAuxiliaryFile /Users/admin/builder/spi-builder-workspace/.derivedData/Build/Intermediates.noindex/WWNetworking.build/Debug-appletvos/WWNetworking-t.build/Objects-normal/arm64/WWNetworking_const_extract_protocols.json (in target 'WWNetworking' from project 'WWNetworking')
    cd /Users/admin/builder/spi-builder-workspace/.dependencies/checkouts/WWNetworking
    write-file /Users/admin/builder/spi-builder-workspace/.derivedData/Build/Intermediates.noindex/WWNetworking.build/Debug-appletvos/WWNetworking-t.build/Objects-normal/arm64/WWNetworking_const_extract_protocols.json
WriteAuxiliaryFile /Users/admin/builder/spi-builder-workspace/.derivedData/Build/Intermediates.noindex/WWNetworking.build/Debug-appletvos/WWNetworking-t.build/Objects-normal/arm64/WWNetworking.SwiftFileList (in target 'WWNetworking' from project 'WWNetworking')
    cd /Users/admin/builder/spi-builder-workspace/.dependencies/checkouts/WWNetworking
    write-file /Users/admin/builder/spi-builder-workspace/.derivedData/Build/Intermediates.noindex/WWNetworking.build/Debug-appletvos/WWNetworking-t.build/Objects-normal/arm64/WWNetworking.SwiftFileList
WriteAuxiliaryFile /Users/admin/builder/spi-builder-workspace/.derivedData/Build/Intermediates.noindex/WWNetworking.build/Debug-appletvos/WWNetworking-t.build/Objects-normal/arm64/WWNetworking.SwiftConstValuesFileList (in target 'WWNetworking' from project 'WWNetworking')
    cd /Users/admin/builder/spi-builder-workspace/.dependencies/checkouts/WWNetworking
    write-file /Users/admin/builder/spi-builder-workspace/.derivedData/Build/Intermediates.noindex/WWNetworking.build/Debug-appletvos/WWNetworking-t.build/Objects-normal/arm64/WWNetworking.SwiftConstValuesFileList
WriteAuxiliaryFile /Users/admin/builder/spi-builder-workspace/.derivedData/Build/Intermediates.noindex/WWNetworking.build/Debug-appletvos/WWNetworking-t.build/Objects-normal/arm64/WWNetworking.LinkFileList (in target 'WWNetworking' from project 'WWNetworking')
    cd /Users/admin/builder/spi-builder-workspace/.dependencies/checkouts/WWNetworking
    write-file /Users/admin/builder/spi-builder-workspace/.derivedData/Build/Intermediates.noindex/WWNetworking.build/Debug-appletvos/WWNetworking-t.build/Objects-normal/arm64/WWNetworking.LinkFileList
WriteAuxiliaryFile /Users/admin/builder/spi-builder-workspace/.derivedData/Build/Intermediates.noindex/WWNetworking.build/Debug-appletvos/WWNetworking-t.build/Objects-normal/arm64/WWNetworking-OutputFileMap.json (in target 'WWNetworking' from project 'WWNetworking')
    cd /Users/admin/builder/spi-builder-workspace/.dependencies/checkouts/WWNetworking
    write-file /Users/admin/builder/spi-builder-workspace/.derivedData/Build/Intermediates.noindex/WWNetworking.build/Debug-appletvos/WWNetworking-t.build/Objects-normal/arm64/WWNetworking-OutputFileMap.json
WriteAuxiliaryFile /Users/admin/builder/spi-builder-workspace/.derivedData/Build/Intermediates.noindex/WWNetworking.build/Debug-appletvos/WWNetworking-t.build/DerivedSources/resource_bundle_accessor.swift (in target 'WWNetworking' from project 'WWNetworking')
    cd /Users/admin/builder/spi-builder-workspace/.dependencies/checkouts/WWNetworking
    write-file /Users/admin/builder/spi-builder-workspace/.derivedData/Build/Intermediates.noindex/WWNetworking.build/Debug-appletvos/WWNetworking-t.build/DerivedSources/resource_bundle_accessor.swift
Copy /Users/admin/builder/spi-builder-workspace/.derivedData/Build/Intermediates.noindex/GeneratedModuleMaps-appletvos/WWNetworking.modulemap /Users/admin/builder/spi-builder-workspace/.derivedData/Build/Intermediates.noindex/WWNetworking.build/Debug-appletvos/WWNetworking-t.build/WWNetworking.modulemap (in target 'WWNetworking' from project 'WWNetworking')
    cd /Users/admin/builder/spi-builder-workspace/.dependencies/checkouts/WWNetworking
    builtin-copy -exclude .DS_Store -exclude CVS -exclude .svn -exclude .git -exclude .hg -resolve-src-symlinks /Users/admin/builder/spi-builder-workspace/.derivedData/Build/Intermediates.noindex/WWNetworking.build/Debug-appletvos/WWNetworking-t.build/WWNetworking.modulemap /Users/admin/builder/spi-builder-workspace/.derivedData/Build/Intermediates.noindex/GeneratedModuleMaps-appletvos
MkDir /Users/admin/builder/spi-builder-workspace/.derivedData/Build/Products/Debug-appletvos/WWNetworking_WWNetworking.bundle (in target 'WWNetworking_WWNetworking' from project 'WWNetworking')
    cd /Users/admin/builder/spi-builder-workspace/.dependencies/checkouts/WWNetworking
    /bin/mkdir -p /Users/admin/builder/spi-builder-workspace/.derivedData/Build/Products/Debug-appletvos/WWNetworking_WWNetworking.bundle
ProcessInfoPlistFile /Users/admin/builder/spi-builder-workspace/.derivedData/Build/Products/Debug-appletvos/WWZHConverter_WWZHConverter.bundle/Info.plist /Users/admin/builder/spi-builder-workspace/.derivedData/Build/Intermediates.noindex/WWZHConverter.build/Debug-appletvos/WWZHConverter_WWZHConverter-b.build/empty-WWZHConverter_WWZHConverter.plist (in target 'WWZHConverter_WWZHConverter' from project 'WWZHConverter')
    cd /Users/admin/builder/spi-builder-workspace
    builtin-infoPlistUtility /Users/admin/builder/spi-builder-workspace/.derivedData/Build/Intermediates.noindex/WWZHConverter.build/Debug-appletvos/WWZHConverter_WWZHConverter-b.build/empty-WWZHConverter_WWZHConverter.plist -producttype com.apple.product-type.bundle -expandbuildsettings -format binary -platform appletvos -o /Users/admin/builder/spi-builder-workspace/.derivedData/Build/Products/Debug-appletvos/WWZHConverter_WWZHConverter.bundle/Info.plist
CpResource /Users/admin/builder/spi-builder-workspace/.derivedData/Build/Products/Debug-appletvos/WWZHConverter_WWZHConverter.bundle/Privacy /Users/admin/builder/spi-builder-workspace/Sources/WWZHConverter/Privacy (in target 'WWZHConverter_WWZHConverter' from project 'WWZHConverter')
    cd /Users/admin/builder/spi-builder-workspace
    builtin-copy -exclude .DS_Store -exclude CVS -exclude .svn -exclude .git -exclude .hg -resolve-src-symlinks /Users/admin/builder/spi-builder-workspace/Sources/WWZHConverter/Privacy /Users/admin/builder/spi-builder-workspace/.derivedData/Build/Products/Debug-appletvos/WWZHConverter_WWZHConverter.bundle
CpResource /Users/admin/builder/spi-builder-workspace/.derivedData/Build/Products/Debug-appletvos/WWNetworking_WWNetworking.bundle/Privacy /Users/admin/builder/spi-builder-workspace/.dependencies/checkouts/WWNetworking/Sources/WWNetworking/Privacy (in target 'WWNetworking_WWNetworking' from project 'WWNetworking')
    cd /Users/admin/builder/spi-builder-workspace/.dependencies/checkouts/WWNetworking
    builtin-copy -exclude .DS_Store -exclude CVS -exclude .svn -exclude .git -exclude .hg -resolve-src-symlinks /Users/admin/builder/spi-builder-workspace/.dependencies/checkouts/WWNetworking/Sources/WWNetworking/Privacy /Users/admin/builder/spi-builder-workspace/.derivedData/Build/Products/Debug-appletvos/WWNetworking_WWNetworking.bundle
ProcessInfoPlistFile /Users/admin/builder/spi-builder-workspace/.derivedData/Build/Products/Debug-appletvos/WWNetworking_WWNetworking.bundle/Info.plist /Users/admin/builder/spi-builder-workspace/.derivedData/Build/Intermediates.noindex/WWNetworking.build/Debug-appletvos/WWNetworking_WWNetworking-b.build/empty-WWNetworking_WWNetworking.plist (in target 'WWNetworking_WWNetworking' from project 'WWNetworking')
    cd /Users/admin/builder/spi-builder-workspace/.dependencies/checkouts/WWNetworking
    builtin-infoPlistUtility /Users/admin/builder/spi-builder-workspace/.derivedData/Build/Intermediates.noindex/WWNetworking.build/Debug-appletvos/WWNetworking_WWNetworking-b.build/empty-WWNetworking_WWNetworking.plist -producttype com.apple.product-type.bundle -expandbuildsettings -format binary -platform appletvos -o /Users/admin/builder/spi-builder-workspace/.derivedData/Build/Products/Debug-appletvos/WWNetworking_WWNetworking.bundle/Info.plist
RegisterExecutionPolicyException /Users/admin/builder/spi-builder-workspace/.derivedData/Build/Products/Debug-appletvos/WWZHConverter_WWZHConverter.bundle (in target 'WWZHConverter_WWZHConverter' from project 'WWZHConverter')
    cd /Users/admin/builder/spi-builder-workspace
    builtin-RegisterExecutionPolicyException /Users/admin/builder/spi-builder-workspace/.derivedData/Build/Products/Debug-appletvos/WWZHConverter_WWZHConverter.bundle
RegisterExecutionPolicyException /Users/admin/builder/spi-builder-workspace/.derivedData/Build/Products/Debug-appletvos/WWNetworking_WWNetworking.bundle (in target 'WWNetworking_WWNetworking' from project 'WWNetworking')
    cd /Users/admin/builder/spi-builder-workspace/.dependencies/checkouts/WWNetworking
    builtin-RegisterExecutionPolicyException /Users/admin/builder/spi-builder-workspace/.derivedData/Build/Products/Debug-appletvos/WWNetworking_WWNetworking.bundle
Touch /Users/admin/builder/spi-builder-workspace/.derivedData/Build/Products/Debug-appletvos/WWZHConverter_WWZHConverter.bundle (in target 'WWZHConverter_WWZHConverter' from project 'WWZHConverter')
    cd /Users/admin/builder/spi-builder-workspace
    /usr/bin/touch -c /Users/admin/builder/spi-builder-workspace/.derivedData/Build/Products/Debug-appletvos/WWZHConverter_WWZHConverter.bundle
Touch /Users/admin/builder/spi-builder-workspace/.derivedData/Build/Products/Debug-appletvos/WWNetworking_WWNetworking.bundle (in target 'WWNetworking_WWNetworking' from project 'WWNetworking')
    cd /Users/admin/builder/spi-builder-workspace/.dependencies/checkouts/WWNetworking
    /usr/bin/touch -c /Users/admin/builder/spi-builder-workspace/.derivedData/Build/Products/Debug-appletvos/WWNetworking_WWNetworking.bundle
SwiftDriver WWNetworking normal arm64 com.apple.xcode.tools.swift.compiler (in target 'WWNetworking' from project 'WWNetworking')
    cd /Users/admin/builder/spi-builder-workspace/.swiftpm/xcode
    builtin-SwiftDriver -- /Applications/Xcode-27.0.0-Release.Candidate.app/Contents/Developer/Toolchains/XcodeDefault.xctoolchain/usr/bin/swiftc -parse-as-library -module-name WWNetworking -Onone @/Users/admin/builder/spi-builder-workspace/.derivedData/Build/Intermediates.noindex/WWNetworking.build/Debug-appletvos/WWNetworking-t.build/Objects-normal/arm64/WWNetworking.SwiftFileList -DSWIFT_PACKAGE -DDEBUG -DSWIFT_MODULE_RESOURCE_BUNDLE_AVAILABLE -DXcode -plugin-path /Applications/Xcode-27.0.0-Release.Candidate.app/Contents/Developer/Toolchains/XcodeDefault.xctoolchain/usr/lib/swift/host/plugins/testing -enable-experimental-feature DebugDescriptionMacro -sdk /Applications/Xcode-27.0.0-Release.Candidate.app/Contents/Developer/Platforms/AppleTVOS.platform/Developer/SDKs/AppleTVOS27.0.sdk -target arm64-apple-tvos15.0 -g -module-cache-path /Users/admin/builder/spi-builder-workspace/.derivedData/ModuleCache.noindex -Xfrontend -serialize-debugging-options -enable-testing -suppress-warnings -index-store-path /Users/admin/builder/spi-builder-workspace/.derivedData/Index.noindex/DataStore -Xcc -D_LIBCPP_HARDENING_MODE\=_LIBCPP_HARDENING_MODE_DEBUG -swift-version 5 -I /Users/admin/builder/spi-builder-workspace/.derivedData/Build/Products/Debug-appletvos -Isystem /Applications/Xcode-27.0.0-Release.Candidate.app/Contents/Developer/Platforms/AppleTVOS.platform/Developer/usr/lib -F /Users/admin/builder/spi-builder-workspace/.derivedData/Build/Products/Debug-appletvos -F /Applications/Xcode-27.0.0-Release.Candidate.app/Contents/Developer/Platforms/AppleTVOS.platform/Developer/Library/Frameworks -F /Applications/Xcode-27.0.0-Release.Candidate.app/Contents/Developer/Platforms/AppleTVOS.platform/Developer/SDKs/AppleTVOS27.0.sdk/Developer/Library/Frameworks -c -j10 -enable-batch-mode -incremental -Xcc -ivfsstatcache -Xcc /Users/admin/builder/spi-builder-workspace/.derivedData/SDKStatCaches.noindex/appletvos27.0-24J360-e829b21a6f8c9b70876ba0858053c044b32bfd8d43560033f8d89884cdb90028.sdkstatcache -output-file-map /Users/admin/builder/spi-builder-workspace/.derivedData/Build/Intermediates.noindex/WWNetworking.build/Debug-appletvos/WWNetworking-t.build/Objects-normal/arm64/WWNetworking-OutputFileMap.json -save-temps -no-color-diagnostics -explicit-module-build -module-cache-path /Users/admin/builder/spi-builder-workspace/.derivedData/Build/Intermediates.noindex/SwiftExplicitPrecompiledModules -clang-scanner-module-cache-path /Users/admin/builder/spi-builder-workspace/.derivedData/ModuleCache.noindex -sdk-module-cache-path /Users/admin/builder/spi-builder-workspace/.derivedData/SDKExplicitPrecompiledModules -emit-dependencies -emit-module -emit-module-path /Users/admin/builder/spi-builder-workspace/.derivedData/Build/Intermediates.noindex/WWNetworking.build/Debug-appletvos/WWNetworking-t.build/Objects-normal/arm64/WWNetworking.swiftmodule -serialize-diagnostics -dependency-scan-serialize-diagnostics-path /Users/admin/builder/spi-builder-workspace/.derivedData/Build/Intermediates.noindex/WWNetworking.build/Debug-appletvos/WWNetworking-t.build/Objects-normal/arm64/WWNetworking-dependency-scan.dia -validate-clang-modules-once -clang-build-session-file /Users/admin/builder/spi-builder-workspace/.derivedData/ModuleCache.noindex/Session.modulevalidation -Xcc -fmodules-prune-interval\=86400 -Xcc -fmodules-prune-after\=345600 -emit-const-values -const-gather-protocols-list /Users/admin/builder/spi-builder-workspace/.derivedData/Build/Intermediates.noindex/WWNetworking.build/Debug-appletvos/WWNetworking-t.build/Objects-normal/arm64/WWNetworking_const_extract_protocols.json -Xcc -I/Users/admin/builder/spi-builder-workspace/.derivedData/Build/Products/Debug-appletvos/include -Xcc -I/Users/admin/builder/spi-builder-workspace/.derivedData/Build/Intermediates.noindex/WWNetworking.build/Debug-appletvos/WWNetworking-t.build/DerivedSources-normal/arm64 -Xcc -I/Users/admin/builder/spi-builder-workspace/.derivedData/Build/Intermediates.noindex/WWNetworking.build/Debug-appletvos/WWNetworking-t.build/DerivedSources/arm64 -Xcc -I/Users/admin/builder/spi-builder-workspace/.derivedData/Build/Intermediates.noindex/WWNetworking.build/Debug-appletvos/WWNetworking-t.build/DerivedSources -Xcc -DSWIFT_PACKAGE -Xcc -DDEBUG\=1 -emit-objc-header -emit-objc-header-path /Users/admin/builder/spi-builder-workspace/.derivedData/Build/Intermediates.noindex/WWNetworking.build/Debug-appletvos/WWNetworking-t.build/Objects-normal/arm64/WWNetworking-Swift.h -working-directory /Users/admin/builder/spi-builder-workspace/.swiftpm/xcode -experimental-emit-module-separately -disable-cmo
SwiftExplicitDependencyGeneratePcm arm64 /Users/admin/builder/spi-builder-workspace/.derivedData/SDKExplicitPrecompiledModules/ptrcheck-2AZ6B5IBYD3RRRTFWN2ONASY3.pcm
SwiftExplicitDependencyGeneratePcm arm64 /Users/admin/builder/spi-builder-workspace/.derivedData/SDKExplicitPrecompiledModules/SwiftShims-8N4EXJ4RUJTR8K9OO3CMOH1EP.pcm
SwiftExplicitDependencyGeneratePcm arm64 /Users/admin/builder/spi-builder-workspace/.derivedData/SDKExplicitPrecompiledModules/_SwiftConcurrencyShims-BY5PD8KF1L5KF6F4Q69HE3TJ4.pcm
SwiftExplicitDependencyGeneratePcm arm64 /Users/admin/builder/spi-builder-workspace/.derivedData/SDKExplicitPrecompiledModules/_Builtin_float-8ZJAYZ85YBOAOP52Y9H6IUNP3.pcm
SwiftExplicitDependencyGeneratePcm arm64 /Users/admin/builder/spi-builder-workspace/.derivedData/SDKExplicitPrecompiledModules/DeveloperToolsSupport-B1X8RI63V48AJRTH2RK6JAARV.pcm
SwiftExplicitDependencyGeneratePcm arm64 /Users/admin/builder/spi-builder-workspace/.derivedData/SDKExplicitPrecompiledModules/_Builtin_stdarg-BO2OCAUYVAXDRVQWQ8ISKGNUQ.pcm
SwiftExplicitDependencyGeneratePcm arm64 /Users/admin/builder/spi-builder-workspace/.derivedData/SDKExplicitPrecompiledModules/_AvailabilityInternal-BV2EDDP0MI5QJDDPEEV4D9D3V.pcm
SwiftExplicitDependencyGeneratePcm arm64 /Users/admin/builder/spi-builder-workspace/.derivedData/SDKExplicitPrecompiledModules/_Builtin_stdbool-AHRDH5EKLY6D04C5E42F3VCQI.pcm
SwiftExplicitDependencyGeneratePcm arm64 /Users/admin/builder/spi-builder-workspace/.derivedData/SDKExplicitPrecompiledModules/_Builtin_stddef-9ZJZ6FDEZNKTZU8YLPMFT9RAQ.pcm
SwiftExplicitDependencyGeneratePcm arm64 /Users/admin/builder/spi-builder-workspace/.derivedData/SDKExplicitPrecompiledModules/ptrauth-8X2KEPL7CTRPS40TUB9APHPK6.pcm
SwiftExplicitDependencyGeneratePcm arm64 /Users/admin/builder/spi-builder-workspace/.derivedData/SDKExplicitPrecompiledModules/_DarwinFoundation1-JOTYMOA1YZCIJ2NON6FQ848O.pcm
SwiftExplicitDependencyGeneratePcm arm64 /Users/admin/builder/spi-builder-workspace/.derivedData/SDKExplicitPrecompiledModules/_Builtin_limits-7JU2HP127LIT1X9E2V3D8WZ1.pcm
SwiftExplicitDependencyGeneratePcm arm64 /Users/admin/builder/spi-builder-workspace/.derivedData/SDKExplicitPrecompiledModules/_DarwinFoundation2-AOGAN1O02NKXRJN5V73AV3V3M.pcm
SwiftExplicitDependencyGeneratePcm arm64 /Users/admin/builder/spi-builder-workspace/.derivedData/SDKExplicitPrecompiledModules/_Builtin_tgmath-7ULT1EUHDHW4OZPSTT33H6QGE.pcm
SwiftExplicitDependencyGeneratePcm arm64 /Users/admin/builder/spi-builder-workspace/.derivedData/SDKExplicitPrecompiledModules/_Builtin_stdint-6NFTB6IBKS143IVPGT1EKB7HO.pcm
SwiftExplicitDependencyGeneratePcm arm64 /Users/admin/builder/spi-builder-workspace/.derivedData/SDKExplicitPrecompiledModules/string_h-6EVHP7A717OUS5DMC78F79HWO.pcm
SwiftExplicitDependencyGeneratePcm arm64 /Users/admin/builder/spi-builder-workspace/.derivedData/SDKExplicitPrecompiledModules/sys_types-8GCAV1YMG5UUGHUID3CA20TCH.pcm
SwiftExplicitDependencyGeneratePcm arm64 /Users/admin/builder/spi-builder-workspace/.derivedData/SDKExplicitPrecompiledModules/_DarwinFoundation3-8SR3855WDFHQPR6G9GHOI2C07.pcm
SwiftExplicitDependencyGeneratePcm arm64 /Users/admin/builder/spi-builder-workspace/.derivedData/SDKExplicitPrecompiledModules/_Builtin_intrinsics-437O2R2NID4WAQVENR63GR82C.pcm
SwiftExplicitDependencyGeneratePcm arm64 /Users/admin/builder/spi-builder-workspace/.derivedData/SDKExplicitPrecompiledModules/_Builtin_stdatomic-3YXHN678NGYM3NL9POJ2HVEIF.pcm
SwiftExplicitDependencyGeneratePcm arm64 /Users/admin/builder/spi-builder-workspace/.derivedData/SDKExplicitPrecompiledModules/_Builtin_inttypes-6X1IQ3QK9KEVKXOK9Y79EW7J3.pcm
SwiftExplicitDependencyGeneratePcm arm64 /Users/admin/builder/spi-builder-workspace/.derivedData/SDKExplicitPrecompiledModules/Darwin-DBSQAVBBPC3D2OMU5ZI2RXMST.pcm
SwiftExplicitDependencyGeneratePcm arm64 /Users/admin/builder/spi-builder-workspace/.derivedData/SDKExplicitPrecompiledModules/simd-117QUXEUT3Z7UQCUYWV2UA228.pcm
SwiftExplicitDependencyGeneratePcm arm64 /Users/admin/builder/spi-builder-workspace/.derivedData/SDKExplicitPrecompiledModules/MachO-EH3F5PJCIZG05NO51CEFSZYPW.pcm
SwiftExplicitDependencyGeneratePcm arm64 /Users/admin/builder/spi-builder-workspace/.derivedData/SDKExplicitPrecompiledModules/ObjectiveC-5250FDCE56N8508OR6XUYDKZM.pcm
SwiftExplicitDependencyGeneratePcm arm64 /Users/admin/builder/spi-builder-workspace/.derivedData/SDKExplicitPrecompiledModules/os_object-E2DGZ0SX0TULQHULZRPO6OKNW.pcm
SwiftExplicitDependencyGeneratePcm arm64 /Users/admin/builder/spi-builder-workspace/.derivedData/SDKExplicitPrecompiledModules/os_workgroup-DBUFF7811DKMX7VPBOJPGGF1U.pcm
SwiftExplicitDependencyGeneratePcm arm64 /Users/admin/builder/spi-builder-workspace/.derivedData/SDKExplicitPrecompiledModules/Dispatch-1QL58A0V50C39KVAIC6C38SHL.pcm
SwiftExplicitDependencyGeneratePcm arm64 /Users/admin/builder/spi-builder-workspace/.derivedData/SDKExplicitPrecompiledModules/Spatial-7U8NLEFXSB8BR7PJQGVMF5A4Q.pcm
SwiftExplicitDependencyGeneratePcm arm64 /Users/admin/builder/spi-builder-workspace/.derivedData/SDKExplicitPrecompiledModules/XPC-6O2DJFT3QUJ7QKTD3SNUB6PCR.pcm
SwiftExplicitDependencyGeneratePcm arm64 /Users/admin/builder/spi-builder-workspace/.derivedData/SDKExplicitPrecompiledModules/CoreFoundation-7TPJ7ENDC4L1A1ESHYI9TXS0D.pcm
SwiftExplicitDependencyGeneratePcm arm64 /Users/admin/builder/spi-builder-workspace/.derivedData/SDKExplicitPrecompiledModules/os-3GJI8H0BNAEZPQPQ1V0VVY3FY.pcm
SwiftExplicitDependencyGeneratePcm arm64 /Users/admin/builder/spi-builder-workspace/.derivedData/SDKExplicitPrecompiledModules/CoreGraphics-CWSP3J98S2658BYCVL6RP99T3.pcm
SwiftExplicitDependencyGeneratePcm arm64 /Users/admin/builder/spi-builder-workspace/.derivedData/SDKExplicitPrecompiledModules/CFNetwork-2CUR2VK9S3S3WPFXPNXNUWYGN.pcm
SwiftExplicitDependencyGeneratePcm arm64 /Users/admin/builder/spi-builder-workspace/.derivedData/SDKExplicitPrecompiledModules/Security-8VMXEKVDA3MHUH9AOTP905DID.pcm
SwiftExplicitDependencyGeneratePcm arm64 /Users/admin/builder/spi-builder-workspace/.derivedData/SDKExplicitPrecompiledModules/Foundation-BSSIP64DIGUKMAYJOG1WPQ78X.pcm
SwiftExplicitDependencyGeneratePcm arm64 /Users/admin/builder/spi-builder-workspace/.derivedData/SDKExplicitPrecompiledModules/CoreText-59NY7PABM0I4V978161FOC04A.pcm
SwiftExplicitDependencyGeneratePcm arm64 /Users/admin/builder/spi-builder-workspace/.derivedData/SDKExplicitPrecompiledModules/ImageIO-88D4CLEBD4CLWQKT78PZ6H1O8.pcm
SwiftExplicitDependencyGeneratePcm arm64 /Users/admin/builder/spi-builder-workspace/.derivedData/SDKExplicitPrecompiledModules/OSLog-7OT6HHTMY0ZFEQJ095LJZ6NLC.pcm
SwiftExplicitDependencyGeneratePcm arm64 /Users/admin/builder/spi-builder-workspace/.derivedData/SDKExplicitPrecompiledModules/UniformTypeIdentifiers-95CC8U42ZA9STP5K6GP9ZVJS5.pcm
SwiftExplicitDependencyGeneratePcm arm64 /Users/admin/builder/spi-builder-workspace/.derivedData/SDKExplicitPrecompiledModules/Symbols-B5AU9VM9Y7NU79RLMH13Z4IFM.pcm
SwiftExplicitDependencyGeneratePcm arm64 /Users/admin/builder/spi-builder-workspace/.derivedData/SDKExplicitPrecompiledModules/UIUtilities-6ZFJ1AK4H8IBGEBMYQBWGBYLK.pcm
SwiftExplicitDependencyGeneratePcm arm64 /Users/admin/builder/spi-builder-workspace/.derivedData/SDKExplicitPrecompiledModules/UserNotifications-E9ZW5TH066WIJWH9080RC5NG4.pcm
SwiftExplicitDependencyGeneratePcm arm64 /Users/admin/builder/spi-builder-workspace/.derivedData/SDKExplicitPrecompiledModules/DataDetection-37JIYZ2GWDA1L166PP1D9JKAF.pcm
SwiftExplicitDependencyGeneratePcm arm64 /Users/admin/builder/spi-builder-workspace/.derivedData/SDKExplicitPrecompiledModules/Accessibility-B6BODGZ4MQQTY0PBC4SHRP009.pcm
SwiftExplicitDependencyGeneratePcm arm64 /Users/admin/builder/spi-builder-workspace/.derivedData/SDKExplicitPrecompiledModules/_LocationEssentials-ETSJ65FELPWR8WH8G49R1DF2E.pcm
SwiftExplicitDependencyGeneratePcm arm64 /Users/admin/builder/spi-builder-workspace/.derivedData/SDKExplicitPrecompiledModules/CoreTransferable-7V4O8DATEQ9F7SDNTCW8YWLG3.pcm
SwiftExplicitDependencyGeneratePcm arm64 /Users/admin/builder/spi-builder-workspace/.derivedData/SDKExplicitPrecompiledModules/IOSurface-38FJ1CKX9FV2RD97O64Z7QB17.pcm
SwiftExplicitDependencyGeneratePcm arm64 /Users/admin/builder/spi-builder-workspace/.derivedData/SDKExplicitPrecompiledModules/CoreLocation-YVXXAOMVX0JH2KO1XTTKTY51.pcm
SwiftExplicitDependencyGeneratePcm arm64 /Users/admin/builder/spi-builder-workspace/.derivedData/SDKExplicitPrecompiledModules/OpenGLES-4NY99CNDU9WUNUYEIXSS1QFGE.pcm
SwiftExplicitDependencyGeneratePcm arm64 /Users/admin/builder/spi-builder-workspace/.derivedData/SDKExplicitPrecompiledModules/Metal-2KYBS7IML1SD788M91YV7Q0CC.pcm
SwiftExplicitDependencyGeneratePcm arm64 /Users/admin/builder/spi-builder-workspace/.derivedData/SDKExplicitPrecompiledModules/CoreVideo-DPU0PB5X0XLSVA2ETRGI6FJBM.pcm
SwiftExplicitDependencyGeneratePcm arm64 /Users/admin/builder/spi-builder-workspace/.derivedData/SDKExplicitPrecompiledModules/QuartzCore-DJSYAWKXFGVSAK5CQMOB3JSR.pcm
SwiftExplicitDependencyGeneratePcm arm64 /Users/admin/builder/spi-builder-workspace/.derivedData/SDKExplicitPrecompiledModules/CoreImage-7S2AFJ8EIY3DUFYLEAX1JR1QV.pcm
SwiftExplicitDependencyGeneratePcm arm64 /Users/admin/builder/spi-builder-workspace/.derivedData/SDKExplicitPrecompiledModules/SwiftUICore-543QU5V2NHKUFCYFJDKUJ7NYG.pcm
SwiftExplicitDependencyGeneratePcm arm64 /Users/admin/builder/spi-builder-workspace/.derivedData/SDKExplicitPrecompiledModules/UIKit-1TKWN7VC2X6N3ITMRVA2G0EB2.pcm
SwiftEmitModule normal arm64 Emitting\ module\ for\ WWNetworking (in target 'WWNetworking' from project 'WWNetworking')
SwiftCompile normal arm64 (in target 'WWNetworking' from project 'WWNetworking')
    cd /Users/admin/builder/spi-builder-workspace/.swiftpm/xcode

SwiftCompile normal arm64 Compiling\ Extension.swift /Users/admin/builder/spi-builder-workspace/.dependencies/checkouts/WWNetworking/Sources/WWNetworking/Utility/Extension.swift (in target 'WWNetworking' from project 'WWNetworking')
SwiftCompile normal arm64 /Users/admin/builder/spi-builder-workspace/.dependencies/checkouts/WWNetworking/Sources/WWNetworking/Utility/Extension.swift (in target 'WWNetworking' from project 'WWNetworking')
    cd /Users/admin/builder/spi-builder-workspace/.swiftpm/xcode
    builtin-SwiftPerFileCompile Extension.swift
SwiftCompile normal arm64 Compiling\ Model.swift /Users/admin/builder/spi-builder-workspace/.dependencies/checkouts/WWNetworking/Sources/WWNetworking/Utility/Model.swift (in target 'WWNetworking' from project 'WWNetworking')
SwiftCompile normal arm64 /Users/admin/builder/spi-builder-workspace/.dependencies/checkouts/WWNetworking/Sources/WWNetworking/Utility/Model.swift (in target 'WWNetworking' from project 'WWNetworking')
    cd /Users/admin/builder/spi-builder-workspace/.swiftpm/xcode
    builtin-SwiftPerFileCompile Model.swift
SwiftCompile normal arm64 Compiling\ Networking.swift /Users/admin/builder/spi-builder-workspace/.dependencies/checkouts/WWNetworking/Sources/WWNetworking/Networking.swift (in target 'WWNetworking' from project 'WWNetworking')
/Users/admin/builder/spi-builder-workspace/.dependencies/checkouts/WWNetworking/Sources/WWNetworking/Networking.swift:886:39: error: 'appending(component:directoryHint:)' is only available in tvOS 16.0 or newer
796 |
797 | // MARK: - 小工具
798 | private extension WWNetworking {
    |         `- note: add '@available' attribute to enclosing extension
799 |
800 |     /// [產生下載用的HttpTask - downloadTask() => URLSessionDownloadDelegate](https://developer.apple.com/documentation/foundation/urlsessiondownloaddelegate)
    :
877 |     /// - Parameter location: tmp檔位置
878 |     /// - Returns: Result<URL, any Error>
879 |     func moveLocationFile(at location: URL) -> Result<URL, any Error> {
    |          `- note: add '@available' attribute to enclosing instance method
880 |
881 |         guard let cachesDirectory = FileManager.default._cachesDirectory() else { return .failure(CustomError.isCachesDirectoryEmpty) }
    :
884 |
885 |         if #available(iOS 16.0, *) {
886 |             fileURL = cachesDirectory.appending(component: location.lastPathComponent)
    |                                       |- error: 'appending(component:directoryHint:)' is only available in tvOS 16.0 or newer
    |                                       `- note: add 'if #available' version check
887 |         } else {
888 |             fileURL = cachesDirectory.appendingPathComponent(location.lastPathComponent)
Failed frontend command:
/Applications/Xcode-27.0.0-Release.Candidate.app/Contents/Developer/Toolchains/XcodeDefault.xctoolchain/usr/bin/swift-frontend -frontend -c /Users/admin/builder/spi-builder-workspace/.derivedData/Build/Intermediates.noindex/WWNetworking.build/Debug-appletvos/WWNetworking-t.build/DerivedSources/resource_bundle_accessor.swift -primary-file /Users/admin/builder/spi-builder-workspace/.dependencies/checkouts/WWNetworking/Sources/WWNetworking/Networking.swift /Users/admin/builder/spi-builder-workspace/.dependencies/checkouts/WWNetworking/Sources/WWNetworking/Utility/Constant.swift /Users/admin/builder/spi-builder-workspace/.dependencies/checkouts/WWNetworking/Sources/WWNetworking/Utility/Extension.swift /Users/admin/builder/spi-builder-workspace/.dependencies/checkouts/WWNetworking/Sources/WWNetworking/Utility/Model.swift -emit-dependencies-path /Users/admin/builder/spi-builder-workspace/.derivedData/Build/Intermediates.noindex/WWNetworking.build/Debug-appletvos/WWNetworking-t.build/Objects-normal/arm64/Networking.d -emit-const-values-path /Users/admin/builder/spi-builder-workspace/.derivedData/Build/Intermediates.noindex/WWNetworking.build/Debug-appletvos/WWNetworking-t.build/Objects-normal/arm64/Networking.swiftconstvalues -emit-reference-dependencies-path /Users/admin/builder/spi-builder-workspace/.derivedData/Build/Intermediates.noindex/WWNetworking.build/Debug-appletvos/WWNetworking-t.build/Objects-normal/arm64/Networking.swiftdeps -serialize-diagnostics-path /Users/admin/builder/spi-builder-workspace/.derivedData/Build/Intermediates.noindex/WWNetworking.build/Debug-appletvos/WWNetworking-t.build/Objects-normal/arm64/Networking.dia -target arm64-apple-tvos15.0 -disable-cross-import-overlay-search -load-resolved-plugin /Applications/Xcode-27.0.0-Release.Candidate.app/Contents/Developer/Platforms/AppleTVOS.platform/Developer/usr/lib/swift/host/plugins/libFoundationMacros.dylib\#/Applications/Xcode-27.0.0-Release.Candidate.app/Contents/Developer/Platforms/AppleTVOS.platform/Developer/usr/bin/swift-plugin-server\#FoundationMacros -load-resolved-plugin /Applications/Xcode-27.0.0-Release.Candidate.app/Contents/Developer/Platforms/AppleTVOS.platform/Developer/usr/lib/swift/host/plugins/libObservationMacros.dylib\#/Applications/Xcode-27.0.0-Release.Candidate.app/Contents/Developer/Platforms/AppleTVOS.platform/Developer/usr/bin/swift-plugin-server\#ObservationMacros -load-resolved-plugin /Applications/Xcode-27.0.0-Release.Candidate.app/Contents/Developer/Platforms/AppleTVOS.platform/Developer/usr/lib/swift/host/plugins/libPreviewsMacros.dylib\#/Applications/Xcode-27.0.0-Release.Candidate.app/Contents/Developer/Platforms/AppleTVOS.platform/Developer/usr/bin/swift-plugin-server\#PreviewsMacros -load-resolved-plugin /Applications/Xcode-27.0.0-Release.Candidate.app/Contents/Developer/Platforms/AppleTVOS.platform/Developer/usr/lib/swift/host/plugins/libSwiftMacros.dylib\#/Applications/Xcode-27.0.0-Release.Candidate.app/Contents/Developer/Platforms/AppleTVOS.platform/Developer/usr/bin/swift-plugin-server\#SwiftMacros -load-resolved-plugin /Applications/Xcode-27.0.0-Release.Candidate.app/Contents/Developer/Platforms/AppleTVOS.platform/Developer/usr/lib/swift/host/plugins/libSwiftUIMacros.dylib\#/Applications/Xcode-27.0.0-Release.Candidate.app/Contents/Developer/Platforms/AppleTVOS.platform/Developer/usr/bin/swift-plugin-server\#SwiftUIMacros -disable-implicit-swift-modules -Xcc -fno-implicit-modules -Xcc -fno-implicit-module-maps -explicit-swift-module-map-file /Users/admin/builder/spi-builder-workspace/.derivedData/Build/Intermediates.noindex/WWNetworking.build/Debug-appletvos/WWNetworking-t.build/Objects-normal/arm64/WWNetworking-dependencies-1.json -Xllvm -aarch64-use-tbi -enable-objc-interop -stack-check -sdk /Applications/Xcode-27.0.0-Release.Candidate.app/Contents/Developer/Platforms/AppleTVOS.platform/Developer/SDKs/AppleTVOS27.0.sdk -I /Users/admin/builder/spi-builder-workspace/.derivedData/Build/Products/Debug-appletvos -Isystem /Applications/Xcode-27.0.0-Release.Candidate.app/Contents/Developer/Platforms/AppleTVOS.platform/Developer/usr/lib -F /Users/admin/builder/spi-builder-workspace/.derivedData/Build/Products/Debug-appletvos -F /Applications/Xcode-27.0.0-Release.Candidate.app/Contents/Developer/Platforms/AppleTVOS.platform/Developer/Library/Frameworks -F /Applications/Xcode-27.0.0-Release.Candidate.app/Contents/Developer/Platforms/AppleTVOS.platform/Developer/SDKs/AppleTVOS27.0.sdk/Developer/Library/Frameworks -module-cache-path /Users/admin/builder/spi-builder-workspace/.derivedData/Build/Intermediates.noindex/SwiftExplicitPrecompiledModules -no-color-diagnostics -Xcc -fno-color-diagnostics -enable-testing -g -debug-info-format\=dwarf -dwarf-version\=4 -suppress-warnings -swift-version 5 -Onone -D SWIFT_PACKAGE -D DEBUG -D SWIFT_MODULE_RESOURCE_BUNDLE_AVAILABLE -D Xcode -serialize-debugging-options -enable-experimental-feature DebugDescriptionMacro -empty-abi-descriptor -validate-clang-modules-once -clang-build-session-file /Users/admin/builder/spi-builder-workspace/.derivedData/ModuleCache.noindex/Session.modulevalidation -Xcc -working-directory -Xcc /Users/admin/builder/spi-builder-workspace/.swiftpm/xcode -enable-anonymous-context-mangled-names -file-compilation-dir /Users/admin/builder/spi-builder-workspace/.swiftpm/xcode -Xcc -D_LIBCPP_HARDENING_MODE\=_LIBCPP_HARDENING_MODE_DEBUG -Xcc -ivfsstatcache -Xcc /Users/admin/builder/spi-builder-workspace/.derivedData/SDKStatCaches.noindex/appletvos27.0-24J360-e829b21a6f8c9b70876ba0858053c044b32bfd8d43560033f8d89884cdb90028.sdkstatcache -Xcc -fmodules-prune-interval\=86400 -Xcc -fmodules-prune-after\=345600 -Xcc -I/Users/admin/builder/spi-builder-workspace/.derivedData/Build/Products/Debug-appletvos/include -Xcc -I/Users/admin/builder/spi-builder-workspace/.derivedData/Build/Intermediates.noindex/WWNetworking.build/Debug-appletvos/WWNetworking-t.build/DerivedSources-normal/arm64 -Xcc -I/Users/admin/builder/spi-builder-workspace/.derivedData/Build/Intermediates.noindex/WWNetworking.build/Debug-appletvos/WWNetworking-t.build/DerivedSources/arm64 -Xcc -I/Users/admin/builder/spi-builder-workspace/.derivedData/Build/Intermediates.noindex/WWNetworking.build/Debug-appletvos/WWNetworking-t.build/DerivedSources -Xcc -DSWIFT_PACKAGE -Xcc -DDEBUG\=1 -no-auto-bridging-header-chaining -module-name WWNetworking -const-gather-protocols-file /Users/admin/builder/spi-builder-workspace/.derivedData/Build/Intermediates.noindex/WWNetworking.build/Debug-appletvos/WWNetworking-t.build/Objects-normal/arm64/WWNetworking_const_extract_protocols.json -disable-clang-spi -clang-target arm64-apple-tvos27.0 -target-sdk-version 27.0 -target-sdk-name appletvos27.0 -in-process-plugin-server-path /Applications/Xcode-27.0.0-Release.Candidate.app/Contents/Developer/Toolchains/XcodeDefault.xctoolchain/usr/lib/swift/host/libSwiftInProcPluginServer.dylib -parse-as-library -o /Users/admin/builder/spi-builder-workspace/.derivedData/Build/Intermediates.noindex/WWNetworking.build/Debug-appletvos/WWNetworking-t.build/Objects-normal/arm64/Networking.o -debug-module-path /Users/admin/builder/spi-builder-workspace/.derivedData/Build/Intermediates.noindex/WWNetworking.build/Debug-appletvos/WWNetworking-t.build/Objects-normal/arm64/WWNetworking.swiftmodule -index-unit-output-path /WWNetworking.build/Debug-appletvos/WWNetworking-t.build/Objects-normal/arm64/Networking.o -index-store-path /Users/admin/builder/spi-builder-workspace/.derivedData/Index.noindex/DataStore -index-system-modules
SwiftCompile normal arm64 /Users/admin/builder/spi-builder-workspace/.dependencies/checkouts/WWNetworking/Sources/WWNetworking/Networking.swift (in target 'WWNetworking' from project 'WWNetworking')
    cd /Users/admin/builder/spi-builder-workspace/.swiftpm/xcode
    builtin-SwiftPerFileCompile Networking.swift
SwiftCompile normal arm64 Compiling\ resource_bundle_accessor.swift /Users/admin/builder/spi-builder-workspace/.derivedData/Build/Intermediates.noindex/WWNetworking.build/Debug-appletvos/WWNetworking-t.build/DerivedSources/resource_bundle_accessor.swift (in target 'WWNetworking' from project 'WWNetworking')
SwiftCompile normal arm64 /Users/admin/builder/spi-builder-workspace/.derivedData/Build/Intermediates.noindex/WWNetworking.build/Debug-appletvos/WWNetworking-t.build/DerivedSources/resource_bundle_accessor.swift (in target 'WWNetworking' from project 'WWNetworking')
    cd /Users/admin/builder/spi-builder-workspace/.swiftpm/xcode
    builtin-SwiftPerFileCompile resource_bundle_accessor.swift
SwiftCompile normal arm64 Compiling\ Constant.swift /Users/admin/builder/spi-builder-workspace/.dependencies/checkouts/WWNetworking/Sources/WWNetworking/Utility/Constant.swift (in target 'WWNetworking' from project 'WWNetworking')
SwiftCompile normal arm64 /Users/admin/builder/spi-builder-workspace/.dependencies/checkouts/WWNetworking/Sources/WWNetworking/Utility/Constant.swift (in target 'WWNetworking' from project 'WWNetworking')
    cd /Users/admin/builder/spi-builder-workspace/.swiftpm/xcode
    builtin-SwiftPerFileCompile Constant.swift
SwiftDriverJobDiscovery normal arm64 Emitting module for WWNetworking (in target 'WWNetworking' from project 'WWNetworking')
SwiftDriver\ Compilation\ Requirements WWNetworking normal arm64 com.apple.xcode.tools.swift.compiler (in target 'WWNetworking' from project 'WWNetworking')
    cd /Users/admin/builder/spi-builder-workspace/.swiftpm/xcode
    builtin-Swift-Compilation-Requirements -- /Applications/Xcode-27.0.0-Release.Candidate.app/Contents/Developer/Toolchains/XcodeDefault.xctoolchain/usr/bin/swiftc -parse-as-library -module-name WWNetworking -Onone @/Users/admin/builder/spi-builder-workspace/.derivedData/Build/Intermediates.noindex/WWNetworking.build/Debug-appletvos/WWNetworking-t.build/Objects-normal/arm64/WWNetworking.SwiftFileList -DSWIFT_PACKAGE -DDEBUG -DSWIFT_MODULE_RESOURCE_BUNDLE_AVAILABLE -DXcode -plugin-path /Applications/Xcode-27.0.0-Release.Candidate.app/Contents/Developer/Toolchains/XcodeDefault.xctoolchain/usr/lib/swift/host/plugins/testing -enable-experimental-feature DebugDescriptionMacro -sdk /Applications/Xcode-27.0.0-Release.Candidate.app/Contents/Developer/Platforms/AppleTVOS.platform/Developer/SDKs/AppleTVOS27.0.sdk -target arm64-apple-tvos15.0 -g -module-cache-path /Users/admin/builder/spi-builder-workspace/.derivedData/ModuleCache.noindex -Xfrontend -serialize-debugging-options -enable-testing -suppress-warnings -index-store-path /Users/admin/builder/spi-builder-workspace/.derivedData/Index.noindex/DataStore -Xcc -D_LIBCPP_HARDENING_MODE\=_LIBCPP_HARDENING_MODE_DEBUG -swift-version 5 -I /Users/admin/builder/spi-builder-workspace/.derivedData/Build/Products/Debug-appletvos -Isystem /Applications/Xcode-27.0.0-Release.Candidate.app/Contents/Developer/Platforms/AppleTVOS.platform/Developer/usr/lib -F /Users/admin/builder/spi-builder-workspace/.derivedData/Build/Products/Debug-appletvos -F /Applications/Xcode-27.0.0-Release.Candidate.app/Contents/Developer/Platforms/AppleTVOS.platform/Developer/Library/Frameworks -F /Applications/Xcode-27.0.0-Release.Candidate.app/Contents/Developer/Platforms/AppleTVOS.platform/Developer/SDKs/AppleTVOS27.0.sdk/Developer/Library/Frameworks -c -j10 -enable-batch-mode -incremental -Xcc -ivfsstatcache -Xcc /Users/admin/builder/spi-builder-workspace/.derivedData/SDKStatCaches.noindex/appletvos27.0-24J360-e829b21a6f8c9b70876ba0858053c044b32bfd8d43560033f8d89884cdb90028.sdkstatcache -output-file-map /Users/admin/builder/spi-builder-workspace/.derivedData/Build/Intermediates.noindex/WWNetworking.build/Debug-appletvos/WWNetworking-t.build/Objects-normal/arm64/WWNetworking-OutputFileMap.json -save-temps -no-color-diagnostics -explicit-module-build -module-cache-path /Users/admin/builder/spi-builder-workspace/.derivedData/Build/Intermediates.noindex/SwiftExplicitPrecompiledModules -clang-scanner-module-cache-path /Users/admin/builder/spi-builder-workspace/.derivedData/ModuleCache.noindex -sdk-module-cache-path /Users/admin/builder/spi-builder-workspace/.derivedData/SDKExplicitPrecompiledModules -emit-dependencies -emit-module -emit-module-path /Users/admin/builder/spi-builder-workspace/.derivedData/Build/Intermediates.noindex/WWNetworking.build/Debug-appletvos/WWNetworking-t.build/Objects-normal/arm64/WWNetworking.swiftmodule -serialize-diagnostics -dependency-scan-serialize-diagnostics-path /Users/admin/builder/spi-builder-workspace/.derivedData/Build/Intermediates.noindex/WWNetworking.build/Debug-appletvos/WWNetworking-t.build/Objects-normal/arm64/WWNetworking-dependency-scan.dia -validate-clang-modules-once -clang-build-session-file /Users/admin/builder/spi-builder-workspace/.derivedData/ModuleCache.noindex/Session.modulevalidation -Xcc -fmodules-prune-interval\=86400 -Xcc -fmodules-prune-after\=345600 -emit-const-values -const-gather-protocols-list /Users/admin/builder/spi-builder-workspace/.derivedData/Build/Intermediates.noindex/WWNetworking.build/Debug-appletvos/WWNetworking-t.build/Objects-normal/arm64/WWNetworking_const_extract_protocols.json -Xcc -I/Users/admin/builder/spi-builder-workspace/.derivedData/Build/Products/Debug-appletvos/include -Xcc -I/Users/admin/builder/spi-builder-workspace/.derivedData/Build/Intermediates.noindex/WWNetworking.build/Debug-appletvos/WWNetworking-t.build/DerivedSources-normal/arm64 -Xcc -I/Users/admin/builder/spi-builder-workspace/.derivedData/Build/Intermediates.noindex/WWNetworking.build/Debug-appletvos/WWNetworking-t.build/DerivedSources/arm64 -Xcc -I/Users/admin/builder/spi-builder-workspace/.derivedData/Build/Intermediates.noindex/WWNetworking.build/Debug-appletvos/WWNetworking-t.build/DerivedSources -Xcc -DSWIFT_PACKAGE -Xcc -DDEBUG\=1 -emit-objc-header -emit-objc-header-path /Users/admin/builder/spi-builder-workspace/.derivedData/Build/Intermediates.noindex/WWNetworking.build/Debug-appletvos/WWNetworking-t.build/Objects-normal/arm64/WWNetworking-Swift.h -working-directory /Users/admin/builder/spi-builder-workspace/.swiftpm/xcode -experimental-emit-module-separately -disable-cmo
SwiftMergeGeneratedHeaders /Users/admin/builder/spi-builder-workspace/.derivedData/Build/Intermediates.noindex/GeneratedModuleMaps-appletvos/WWNetworking-Swift.h /Users/admin/builder/spi-builder-workspace/.derivedData/Build/Intermediates.noindex/WWNetworking.build/Debug-appletvos/WWNetworking-t.build/Objects-normal/arm64/WWNetworking-Swift.h (in target 'WWNetworking' from project 'WWNetworking')
    cd /Users/admin/builder/spi-builder-workspace/.dependencies/checkouts/WWNetworking
    builtin-swiftHeaderTool -arch arm64 /Users/admin/builder/spi-builder-workspace/.derivedData/Build/Intermediates.noindex/WWNetworking.build/Debug-appletvos/WWNetworking-t.build/Objects-normal/arm64/WWNetworking-Swift.h -o /Users/admin/builder/spi-builder-workspace/.derivedData/Build/Intermediates.noindex/GeneratedModuleMaps-appletvos/WWNetworking-Swift.h
Copy /Users/admin/builder/spi-builder-workspace/.derivedData/Build/Products/Debug-appletvos/WWNetworking.swiftmodule/arm64-apple-tvos.swiftdoc /Users/admin/builder/spi-builder-workspace/.derivedData/Build/Intermediates.noindex/WWNetworking.build/Debug-appletvos/WWNetworking-t.build/Objects-normal/arm64/WWNetworking.swiftdoc (in target 'WWNetworking' from project 'WWNetworking')
    cd /Users/admin/builder/spi-builder-workspace/.dependencies/checkouts/WWNetworking
    builtin-copy -exclude .DS_Store -exclude CVS -exclude .svn -exclude .git -exclude .hg -resolve-src-symlinks -rename /Users/admin/builder/spi-builder-workspace/.derivedData/Build/Intermediates.noindex/WWNetworking.build/Debug-appletvos/WWNetworking-t.build/Objects-normal/arm64/WWNetworking.swiftdoc /Users/admin/builder/spi-builder-workspace/.derivedData/Build/Products/Debug-appletvos/WWNetworking.swiftmodule/arm64-apple-tvos.swiftdoc
Copy /Users/admin/builder/spi-builder-workspace/.derivedData/Build/Products/Debug-appletvos/WWNetworking.swiftmodule/arm64-apple-tvos.swiftmodule /Users/admin/builder/spi-builder-workspace/.derivedData/Build/Intermediates.noindex/WWNetworking.build/Debug-appletvos/WWNetworking-t.build/Objects-normal/arm64/WWNetworking.swiftmodule (in target 'WWNetworking' from project 'WWNetworking')
    cd /Users/admin/builder/spi-builder-workspace/.dependencies/checkouts/WWNetworking
    builtin-copy -exclude .DS_Store -exclude CVS -exclude .svn -exclude .git -exclude .hg -resolve-src-symlinks -rename /Users/admin/builder/spi-builder-workspace/.derivedData/Build/Intermediates.noindex/WWNetworking.build/Debug-appletvos/WWNetworking-t.build/Objects-normal/arm64/WWNetworking.swiftmodule /Users/admin/builder/spi-builder-workspace/.derivedData/Build/Products/Debug-appletvos/WWNetworking.swiftmodule/arm64-apple-tvos.swiftmodule
Copy /Users/admin/builder/spi-builder-workspace/.derivedData/Build/Products/Debug-appletvos/WWNetworking.swiftmodule/arm64-apple-tvos.abi.json /Users/admin/builder/spi-builder-workspace/.derivedData/Build/Intermediates.noindex/WWNetworking.build/Debug-appletvos/WWNetworking-t.build/Objects-normal/arm64/WWNetworking.abi.json (in target 'WWNetworking' from project 'WWNetworking')
    cd /Users/admin/builder/spi-builder-workspace/.dependencies/checkouts/WWNetworking
    builtin-copy -exclude .DS_Store -exclude CVS -exclude .svn -exclude .git -exclude .hg -resolve-src-symlinks -rename /Users/admin/builder/spi-builder-workspace/.derivedData/Build/Intermediates.noindex/WWNetworking.build/Debug-appletvos/WWNetworking-t.build/Objects-normal/arm64/WWNetworking.abi.json /Users/admin/builder/spi-builder-workspace/.derivedData/Build/Products/Debug-appletvos/WWNetworking.swiftmodule/arm64-apple-tvos.abi.json
Copy /Users/admin/builder/spi-builder-workspace/.derivedData/Build/Products/Debug-appletvos/WWNetworking.swiftmodule/Project/arm64-apple-tvos.swiftsourceinfo /Users/admin/builder/spi-builder-workspace/.derivedData/Build/Intermediates.noindex/WWNetworking.build/Debug-appletvos/WWNetworking-t.build/Objects-normal/arm64/WWNetworking.swiftsourceinfo (in target 'WWNetworking' from project 'WWNetworking')
    cd /Users/admin/builder/spi-builder-workspace/.dependencies/checkouts/WWNetworking
    builtin-copy -exclude .DS_Store -exclude CVS -exclude .svn -exclude .git -exclude .hg -resolve-src-symlinks -rename /Users/admin/builder/spi-builder-workspace/.derivedData/Build/Intermediates.noindex/WWNetworking.build/Debug-appletvos/WWNetworking-t.build/Objects-normal/arm64/WWNetworking.swiftsourceinfo /Users/admin/builder/spi-builder-workspace/.derivedData/Build/Products/Debug-appletvos/WWNetworking.swiftmodule/Project/arm64-apple-tvos.swiftsourceinfo
SwiftDriver WWZHConverter normal arm64 com.apple.xcode.tools.swift.compiler (in target 'WWZHConverter' from project 'WWZHConverter')
    cd /Users/admin/builder/spi-builder-workspace/.swiftpm/xcode
    builtin-SwiftDriver -- /Applications/Xcode-27.0.0-Release.Candidate.app/Contents/Developer/Toolchains/XcodeDefault.xctoolchain/usr/bin/swiftc -parse-as-library -module-name WWZHConverter -Onone @/Users/admin/builder/spi-builder-workspace/.derivedData/Build/Intermediates.noindex/WWZHConverter.build/Debug-appletvos/WWZHConverter-t.build/Objects-normal/arm64/WWZHConverter.SwiftFileList -DSWIFT_PACKAGE -DDEBUG -DSWIFT_MODULE_RESOURCE_BUNDLE_AVAILABLE -DXcode -plugin-path /Applications/Xcode-27.0.0-Release.Candidate.app/Contents/Developer/Toolchains/XcodeDefault.xctoolchain/usr/lib/swift/host/plugins/testing -enable-experimental-feature DebugDescriptionMacro -sdk /Applications/Xcode-27.0.0-Release.Candidate.app/Contents/Developer/Platforms/AppleTVOS.platform/Developer/SDKs/AppleTVOS27.0.sdk -target arm64-apple-tvos15.0 -g -module-cache-path /Users/admin/builder/spi-builder-workspace/.derivedData/ModuleCache.noindex -Xfrontend -serialize-debugging-options -enable-testing -index-store-path /Users/admin/builder/spi-builder-workspace/.derivedData/Index.noindex/DataStore -Xcc -D_LIBCPP_HARDENING_MODE\=_LIBCPP_HARDENING_MODE_DEBUG -swift-version 5 -I /Users/admin/builder/spi-builder-workspace/.derivedData/Build/Products/Debug-appletvos -Isystem /Applications/Xcode-27.0.0-Release.Candidate.app/Contents/Developer/Platforms/AppleTVOS.platform/Developer/usr/lib -F /Users/admin/builder/spi-builder-workspace/.derivedData/Build/Products/Debug-appletvos/PackageFrameworks -F /Users/admin/builder/spi-builder-workspace/.derivedData/Build/Products/Debug-appletvos -F /Applications/Xcode-27.0.0-Release.Candidate.app/Contents/Developer/Platforms/AppleTVOS.platform/Developer/Library/Frameworks -F /Applications/Xcode-27.0.0-Release.Candidate.app/Contents/Developer/Platforms/AppleTVOS.platform/Developer/SDKs/AppleTVOS27.0.sdk/Developer/Library/Frameworks -c -j10 -enable-batch-mode -incremental -Xcc -ivfsstatcache -Xcc /Users/admin/builder/spi-builder-workspace/.derivedData/SDKStatCaches.noindex/appletvos27.0-24J360-e829b21a6f8c9b70876ba0858053c044b32bfd8d43560033f8d89884cdb90028.sdkstatcache -output-file-map /Users/admin/builder/spi-builder-workspace/.derivedData/Build/Intermediates.noindex/WWZHConverter.build/Debug-appletvos/WWZHConverter-t.build/Objects-normal/arm64/WWZHConverter-OutputFileMap.json -save-temps -no-color-diagnostics -explicit-module-build -module-cache-path /Users/admin/builder/spi-builder-workspace/.derivedData/Build/Intermediates.noindex/SwiftExplicitPrecompiledModules -clang-scanner-module-cache-path /Users/admin/builder/spi-builder-workspace/.derivedData/ModuleCache.noindex -sdk-module-cache-path /Users/admin/builder/spi-builder-workspace/.derivedData/SDKExplicitPrecompiledModules -emit-dependencies -emit-module -emit-module-path /Users/admin/builder/spi-builder-workspace/.derivedData/Build/Intermediates.noindex/WWZHConverter.build/Debug-appletvos/WWZHConverter-t.build/Objects-normal/arm64/WWZHConverter.swiftmodule -serialize-diagnostics -dependency-scan-serialize-diagnostics-path /Users/admin/builder/spi-builder-workspace/.derivedData/Build/Intermediates.noindex/WWZHConverter.build/Debug-appletvos/WWZHConverter-t.build/Objects-normal/arm64/WWZHConverter-dependency-scan.dia -validate-clang-modules-once -clang-build-session-file /Users/admin/builder/spi-builder-workspace/.derivedData/ModuleCache.noindex/Session.modulevalidation -Xcc -fmodules-prune-interval\=86400 -Xcc -fmodules-prune-after\=345600 -emit-const-values -const-gather-protocols-list /Users/admin/builder/spi-builder-workspace/.derivedData/Build/Intermediates.noindex/WWZHConverter.build/Debug-appletvos/WWZHConverter-t.build/Objects-normal/arm64/WWZHConverter_const_extract_protocols.json -Xcc -I/Users/admin/builder/spi-builder-workspace/.derivedData/Build/Products/Debug-appletvos/include -Xcc -I/Users/admin/builder/spi-builder-workspace/.derivedData/Build/Intermediates.noindex/WWZHConverter.build/Debug-appletvos/WWZHConverter-t.build/DerivedSources-normal/arm64 -Xcc -I/Users/admin/builder/spi-builder-workspace/.derivedData/Build/Intermediates.noindex/WWZHConverter.build/Debug-appletvos/WWZHConverter-t.build/DerivedSources/arm64 -Xcc -I/Users/admin/builder/spi-builder-workspace/.derivedData/Build/Intermediates.noindex/WWZHConverter.build/Debug-appletvos/WWZHConverter-t.build/DerivedSources -Xcc -DSWIFT_PACKAGE -Xcc -DDEBUG\=1 -emit-objc-header -emit-objc-header-path /Users/admin/builder/spi-builder-workspace/.derivedData/Build/Intermediates.noindex/WWZHConverter.build/Debug-appletvos/WWZHConverter-t.build/Objects-normal/arm64/WWZHConverter-Swift.h -working-directory /Users/admin/builder/spi-builder-workspace/.swiftpm/xcode -experimental-emit-module-separately -disable-cmo
SwiftCompile normal arm64 Compiling\ resource_bundle_accessor.swift /Users/admin/builder/spi-builder-workspace/.derivedData/Build/Intermediates.noindex/WWZHConverter.build/Debug-appletvos/WWZHConverter-t.build/DerivedSources/resource_bundle_accessor.swift (in target 'WWZHConverter' from project 'WWZHConverter')
SwiftCompile normal arm64 /Users/admin/builder/spi-builder-workspace/.derivedData/Build/Intermediates.noindex/WWZHConverter.build/Debug-appletvos/WWZHConverter-t.build/DerivedSources/resource_bundle_accessor.swift (in target 'WWZHConverter' from project 'WWZHConverter')
    cd /Users/admin/builder/spi-builder-workspace/.swiftpm/xcode
    builtin-SwiftPerFileCompile resource_bundle_accessor.swift
SwiftEmitModule normal arm64 Emitting\ module\ for\ WWZHConverter (in target 'WWZHConverter' from project 'WWZHConverter')
SwiftCompile normal arm64 (in target 'WWZHConverter' from project 'WWZHConverter')
    cd /Users/admin/builder/spi-builder-workspace/.swiftpm/xcode

SwiftCompile normal arm64 Compiling\ WWZHConverter.swift /Users/admin/builder/spi-builder-workspace/Sources/WWZHConverter/WWZHConverter.swift (in target 'WWZHConverter' from project 'WWZHConverter')
/Users/admin/builder/spi-builder-workspace/Sources/WWZHConverter/WWZHConverter.swift:242:38: warning: value 'paramater' was defined but never used; consider replacing with boolean test [#NoUsage]
240 |
241 |             switch replace {
242 |             case .modules(_): if let paramater = replace.paramater() { parameter["modules"] = replace.paramater() }
    |                                      `- warning: value 'paramater' was defined but never used; consider replacing with boolean test [#NoUsage]
243 |             case .userPostReplace(_): if let paramater = replace.paramater() { parameter["userPostReplace"] = replace.paramater() }
244 |             case .userPreReplace(_): if let paramater = replace.paramater() { parameter["userPreReplace"] = replace.paramater() }
/Users/admin/builder/spi-builder-workspace/Sources/WWZHConverter/WWZHConverter.swift:243:46: warning: value 'paramater' was defined but never used; consider replacing with boolean test [#NoUsage]
241 |             switch replace {
242 |             case .modules(_): if let paramater = replace.paramater() { parameter["modules"] = replace.paramater() }
243 |             case .userPostReplace(_): if let paramater = replace.paramater() { parameter["userPostReplace"] = replace.paramater() }
    |                                              `- warning: value 'paramater' was defined but never used; consider replacing with boolean test [#NoUsage]
244 |             case .userPreReplace(_): if let paramater = replace.paramater() { parameter["userPreReplace"] = replace.paramater() }
245 |             case .userProtectReplace(_): if let paramater = replace.paramater() { parameter["userProtectReplace"] = replace.paramater() }
/Users/admin/builder/spi-builder-workspace/Sources/WWZHConverter/WWZHConverter.swift:244:45: warning: value 'paramater' was defined but never used; consider replacing with boolean test [#NoUsage]
242 |             case .modules(_): if let paramater = replace.paramater() { parameter["modules"] = replace.paramater() }
243 |             case .userPostReplace(_): if let paramater = replace.paramater() { parameter["userPostReplace"] = replace.paramater() }
244 |             case .userPreReplace(_): if let paramater = replace.paramater() { parameter["userPreReplace"] = replace.paramater() }
    |                                             `- warning: value 'paramater' was defined but never used; consider replacing with boolean test [#NoUsage]
245 |             case .userProtectReplace(_): if let paramater = replace.paramater() { parameter["userProtectReplace"] = replace.paramater() }
246 |             }
SwiftCompile normal arm64 /Users/admin/builder/spi-builder-workspace/Sources/WWZHConverter/WWZHConverter.swift (in target 'WWZHConverter' from project 'WWZHConverter')
    cd /Users/admin/builder/spi-builder-workspace/.swiftpm/xcode
    builtin-SwiftPerFileCompile WWZHConverter.swift
SwiftCompile normal arm64 Compiling\ Constant.swift /Users/admin/builder/spi-builder-workspace/Sources/WWZHConverter/Utility/Constant.swift (in target 'WWZHConverter' from project 'WWZHConverter')
SwiftCompile normal arm64 /Users/admin/builder/spi-builder-workspace/Sources/WWZHConverter/Utility/Constant.swift (in target 'WWZHConverter' from project 'WWZHConverter')
    cd /Users/admin/builder/spi-builder-workspace/.swiftpm/xcode
    builtin-SwiftPerFileCompile Constant.swift
SwiftCompile normal arm64 Compiling\ Extension.swift /Users/admin/builder/spi-builder-workspace/Sources/WWZHConverter/Utility/Extension.swift (in target 'WWZHConverter' from project 'WWZHConverter')
SwiftCompile normal arm64 /Users/admin/builder/spi-builder-workspace/Sources/WWZHConverter/Utility/Extension.swift (in target 'WWZHConverter' from project 'WWZHConverter')
    cd /Users/admin/builder/spi-builder-workspace/.swiftpm/xcode
    builtin-SwiftPerFileCompile Extension.swift
SwiftDriverJobDiscovery normal arm64 Emitting module for WWZHConverter (in target 'WWZHConverter' from project 'WWZHConverter')
SwiftDriver\ Compilation\ Requirements WWZHConverter normal arm64 com.apple.xcode.tools.swift.compiler (in target 'WWZHConverter' from project 'WWZHConverter')
    cd /Users/admin/builder/spi-builder-workspace/.swiftpm/xcode
    builtin-Swift-Compilation-Requirements -- /Applications/Xcode-27.0.0-Release.Candidate.app/Contents/Developer/Toolchains/XcodeDefault.xctoolchain/usr/bin/swiftc -parse-as-library -module-name WWZHConverter -Onone @/Users/admin/builder/spi-builder-workspace/.derivedData/Build/Intermediates.noindex/WWZHConverter.build/Debug-appletvos/WWZHConverter-t.build/Objects-normal/arm64/WWZHConverter.SwiftFileList -DSWIFT_PACKAGE -DDEBUG -DSWIFT_MODULE_RESOURCE_BUNDLE_AVAILABLE -DXcode -plugin-path /Applications/Xcode-27.0.0-Release.Candidate.app/Contents/Developer/Toolchains/XcodeDefault.xctoolchain/usr/lib/swift/host/plugins/testing -enable-experimental-feature DebugDescriptionMacro -sdk /Applications/Xcode-27.0.0-Release.Candidate.app/Contents/Developer/Platforms/AppleTVOS.platform/Developer/SDKs/AppleTVOS27.0.sdk -target arm64-apple-tvos15.0 -g -module-cache-path /Users/admin/builder/spi-builder-workspace/.derivedData/ModuleCache.noindex -Xfrontend -serialize-debugging-options -enable-testing -index-store-path /Users/admin/builder/spi-builder-workspace/.derivedData/Index.noindex/DataStore -Xcc -D_LIBCPP_HARDENING_MODE\=_LIBCPP_HARDENING_MODE_DEBUG -swift-version 5 -I /Users/admin/builder/spi-builder-workspace/.derivedData/Build/Products/Debug-appletvos -Isystem /Applications/Xcode-27.0.0-Release.Candidate.app/Contents/Developer/Platforms/AppleTVOS.platform/Developer/usr/lib -F /Users/admin/builder/spi-builder-workspace/.derivedData/Build/Products/Debug-appletvos/PackageFrameworks -F /Users/admin/builder/spi-builder-workspace/.derivedData/Build/Products/Debug-appletvos -F /Applications/Xcode-27.0.0-Release.Candidate.app/Contents/Developer/Platforms/AppleTVOS.platform/Developer/Library/Frameworks -F /Applications/Xcode-27.0.0-Release.Candidate.app/Contents/Developer/Platforms/AppleTVOS.platform/Developer/SDKs/AppleTVOS27.0.sdk/Developer/Library/Frameworks -c -j10 -enable-batch-mode -incremental -Xcc -ivfsstatcache -Xcc /Users/admin/builder/spi-builder-workspace/.derivedData/SDKStatCaches.noindex/appletvos27.0-24J360-e829b21a6f8c9b70876ba0858053c044b32bfd8d43560033f8d89884cdb90028.sdkstatcache -output-file-map /Users/admin/builder/spi-builder-workspace/.derivedData/Build/Intermediates.noindex/WWZHConverter.build/Debug-appletvos/WWZHConverter-t.build/Objects-normal/arm64/WWZHConverter-OutputFileMap.json -save-temps -no-color-diagnostics -explicit-module-build -module-cache-path /Users/admin/builder/spi-builder-workspace/.derivedData/Build/Intermediates.noindex/SwiftExplicitPrecompiledModules -clang-scanner-module-cache-path /Users/admin/builder/spi-builder-workspace/.derivedData/ModuleCache.noindex -sdk-module-cache-path /Users/admin/builder/spi-builder-workspace/.derivedData/SDKExplicitPrecompiledModules -emit-dependencies -emit-module -emit-module-path /Users/admin/builder/spi-builder-workspace/.derivedData/Build/Intermediates.noindex/WWZHConverter.build/Debug-appletvos/WWZHConverter-t.build/Objects-normal/arm64/WWZHConverter.swiftmodule -serialize-diagnostics -dependency-scan-serialize-diagnostics-path /Users/admin/builder/spi-builder-workspace/.derivedData/Build/Intermediates.noindex/WWZHConverter.build/Debug-appletvos/WWZHConverter-t.build/Objects-normal/arm64/WWZHConverter-dependency-scan.dia -validate-clang-modules-once -clang-build-session-file /Users/admin/builder/spi-builder-workspace/.derivedData/ModuleCache.noindex/Session.modulevalidation -Xcc -fmodules-prune-interval\=86400 -Xcc -fmodules-prune-after\=345600 -emit-const-values -const-gather-protocols-list /Users/admin/builder/spi-builder-workspace/.derivedData/Build/Intermediates.noindex/WWZHConverter.build/Debug-appletvos/WWZHConverter-t.build/Objects-normal/arm64/WWZHConverter_const_extract_protocols.json -Xcc -I/Users/admin/builder/spi-builder-workspace/.derivedData/Build/Products/Debug-appletvos/include -Xcc -I/Users/admin/builder/spi-builder-workspace/.derivedData/Build/Intermediates.noindex/WWZHConverter.build/Debug-appletvos/WWZHConverter-t.build/DerivedSources-normal/arm64 -Xcc -I/Users/admin/builder/spi-builder-workspace/.derivedData/Build/Intermediates.noindex/WWZHConverter.build/Debug-appletvos/WWZHConverter-t.build/DerivedSources/arm64 -Xcc -I/Users/admin/builder/spi-builder-workspace/.derivedData/Build/Intermediates.noindex/WWZHConverter.build/Debug-appletvos/WWZHConverter-t.build/DerivedSources -Xcc -DSWIFT_PACKAGE -Xcc -DDEBUG\=1 -emit-objc-header -emit-objc-header-path /Users/admin/builder/spi-builder-workspace/.derivedData/Build/Intermediates.noindex/WWZHConverter.build/Debug-appletvos/WWZHConverter-t.build/Objects-normal/arm64/WWZHConverter-Swift.h -working-directory /Users/admin/builder/spi-builder-workspace/.swiftpm/xcode -experimental-emit-module-separately -disable-cmo
SwiftMergeGeneratedHeaders /Users/admin/builder/spi-builder-workspace/.derivedData/Build/Intermediates.noindex/GeneratedModuleMaps-appletvos/WWZHConverter-Swift.h /Users/admin/builder/spi-builder-workspace/.derivedData/Build/Intermediates.noindex/WWZHConverter.build/Debug-appletvos/WWZHConverter-t.build/Objects-normal/arm64/WWZHConverter-Swift.h (in target 'WWZHConverter' from project 'WWZHConverter')
    cd /Users/admin/builder/spi-builder-workspace
    builtin-swiftHeaderTool -arch arm64 /Users/admin/builder/spi-builder-workspace/.derivedData/Build/Intermediates.noindex/WWZHConverter.build/Debug-appletvos/WWZHConverter-t.build/Objects-normal/arm64/WWZHConverter-Swift.h -o /Users/admin/builder/spi-builder-workspace/.derivedData/Build/Intermediates.noindex/GeneratedModuleMaps-appletvos/WWZHConverter-Swift.h
Copy /Users/admin/builder/spi-builder-workspace/.derivedData/Build/Products/Debug-appletvos/WWZHConverter.swiftmodule/arm64-apple-tvos.swiftmodule /Users/admin/builder/spi-builder-workspace/.derivedData/Build/Intermediates.noindex/WWZHConverter.build/Debug-appletvos/WWZHConverter-t.build/Objects-normal/arm64/WWZHConverter.swiftmodule (in target 'WWZHConverter' from project 'WWZHConverter')
    cd /Users/admin/builder/spi-builder-workspace
    builtin-copy -exclude .DS_Store -exclude CVS -exclude .svn -exclude .git -exclude .hg -resolve-src-symlinks -rename /Users/admin/builder/spi-builder-workspace/.derivedData/Build/Intermediates.noindex/WWZHConverter.build/Debug-appletvos/WWZHConverter-t.build/Objects-normal/arm64/WWZHConverter.swiftmodule /Users/admin/builder/spi-builder-workspace/.derivedData/Build/Products/Debug-appletvos/WWZHConverter.swiftmodule/arm64-apple-tvos.swiftmodule
Copy /Users/admin/builder/spi-builder-workspace/.derivedData/Build/Products/Debug-appletvos/WWZHConverter.swiftmodule/arm64-apple-tvos.swiftdoc /Users/admin/builder/spi-builder-workspace/.derivedData/Build/Intermediates.noindex/WWZHConverter.build/Debug-appletvos/WWZHConverter-t.build/Objects-normal/arm64/WWZHConverter.swiftdoc (in target 'WWZHConverter' from project 'WWZHConverter')
    cd /Users/admin/builder/spi-builder-workspace
    builtin-copy -exclude .DS_Store -exclude CVS -exclude .svn -exclude .git -exclude .hg -resolve-src-symlinks -rename /Users/admin/builder/spi-builder-workspace/.derivedData/Build/Intermediates.noindex/WWZHConverter.build/Debug-appletvos/WWZHConverter-t.build/Objects-normal/arm64/WWZHConverter.swiftdoc /Users/admin/builder/spi-builder-workspace/.derivedData/Build/Products/Debug-appletvos/WWZHConverter.swiftmodule/arm64-apple-tvos.swiftdoc
Copy /Users/admin/builder/spi-builder-workspace/.derivedData/Build/Products/Debug-appletvos/WWZHConverter.swiftmodule/arm64-apple-tvos.abi.json /Users/admin/builder/spi-builder-workspace/.derivedData/Build/Intermediates.noindex/WWZHConverter.build/Debug-appletvos/WWZHConverter-t.build/Objects-normal/arm64/WWZHConverter.abi.json (in target 'WWZHConverter' from project 'WWZHConverter')
    cd /Users/admin/builder/spi-builder-workspace
    builtin-copy -exclude .DS_Store -exclude CVS -exclude .svn -exclude .git -exclude .hg -resolve-src-symlinks -rename /Users/admin/builder/spi-builder-workspace/.derivedData/Build/Intermediates.noindex/WWZHConverter.build/Debug-appletvos/WWZHConverter-t.build/Objects-normal/arm64/WWZHConverter.abi.json /Users/admin/builder/spi-builder-workspace/.derivedData/Build/Products/Debug-appletvos/WWZHConverter.swiftmodule/arm64-apple-tvos.abi.json
Copy /Users/admin/builder/spi-builder-workspace/.derivedData/Build/Products/Debug-appletvos/WWZHConverter.swiftmodule/Project/arm64-apple-tvos.swiftsourceinfo /Users/admin/builder/spi-builder-workspace/.derivedData/Build/Intermediates.noindex/WWZHConverter.build/Debug-appletvos/WWZHConverter-t.build/Objects-normal/arm64/WWZHConverter.swiftsourceinfo (in target 'WWZHConverter' from project 'WWZHConverter')
    cd /Users/admin/builder/spi-builder-workspace
    builtin-copy -exclude .DS_Store -exclude CVS -exclude .svn -exclude .git -exclude .hg -resolve-src-symlinks -rename /Users/admin/builder/spi-builder-workspace/.derivedData/Build/Intermediates.noindex/WWZHConverter.build/Debug-appletvos/WWZHConverter-t.build/Objects-normal/arm64/WWZHConverter.swiftsourceinfo /Users/admin/builder/spi-builder-workspace/.derivedData/Build/Products/Debug-appletvos/WWZHConverter.swiftmodule/Project/arm64-apple-tvos.swiftsourceinfo
PruneExplicitPrecompiledModules /Users/admin/builder/spi-builder-workspace/.derivedData/Build/Intermediates.noindex/ExplicitPrecompiledModules
PruneExplicitPrecompiledModules /Users/admin/builder/spi-builder-workspace/.derivedData/Build/Intermediates.noindex/SwiftExplicitPrecompiledModules
PruneExplicitPrecompiledModules /Users/admin/builder/spi-builder-workspace/.derivedData/SDKExplicitPrecompiledModules
2026-09-20 21:22:05.987 xcodebuild[692:4371] [MT] IDERunDestination: Supported platforms for the buildables in the current scheme is empty.
** BUILD FAILED **
The following build commands failed:
	SwiftCompile normal arm64 Compiling\ Networking.swift /Users/admin/builder/spi-builder-workspace/.dependencies/checkouts/WWNetworking/Sources/WWNetworking/Networking.swift (in target 'WWNetworking' from project 'WWNetworking')
	SwiftCompile normal arm64 /Users/admin/builder/spi-builder-workspace/.dependencies/checkouts/WWNetworking/Sources/WWNetworking/Networking.swift (in target 'WWNetworking' from project 'WWNetworking')
	Building workspace WWZHConverter with scheme WWZHConverter
(3 failures)
Command line invocation:
    /Applications/Xcode-27.0.0-Release.Candidate.app/Contents/Developer/usr/bin/xcodebuild -IDEClonedSourcePackagesDirPathOverride=/Users/admin/builder/spi-builder-workspace/.dependencies -resolvePackageDependencies
Resolve Package Graph
Resolved source packages:
  WWZHConverter: /Users/admin/builder/spi-builder-workspace
  WWNetworking: https://github.com/William-Weng/WWNetworking.git @ 1.9.1
resolved source packages: WWZHConverter, WWNetworking
2026-09-20 21:22:13.390 xcodebuild[784:4838] [MT] IDERunDestination: Supported platforms for the buildables in the current scheme is empty.
{
  "dependencies" : [
    {
      "identity" : "wwnetworking",
      "requirement" : {
        "range" : [
          {
            "lower_bound" : "1.6.2",
            "upper_bound" : "2.0.0"
          }
        ]
      },
      "type" : "sourceControl",
      "url" : "https://github.com/William-Weng/WWNetworking.git"
    }
  ],
  "manifest_display_name" : "WWZHConverter",
  "name" : "WWZHConverter",
  "path" : "/Users/admin/builder/spi-builder-workspace",
  "platforms" : [
    {
      "name" : "ios",
      "version" : "14.0"
    }
  ],
  "products" : [
    {
      "name" : "WWZHConverter",
      "targets" : [
        "WWZHConverter"
      ],
      "type" : {
        "library" : [
          "automatic"
        ]
      }
    }
  ],
  "swift_languages_versions" : [
    "5"
  ],
  "targets" : [
    {
      "c99name" : "WWZHConverter",
      "module_type" : "SwiftTarget",
      "name" : "WWZHConverter",
      "path" : "Sources/WWZHConverter",
      "product_dependencies" : [
        "WWNetworking"
      ],
      "product_memberships" : [
        "WWZHConverter"
      ],
      "resources" : [
        {
          "path" : "/Users/admin/builder/spi-builder-workspace/Sources/WWZHConverter/Privacy",
          "rule" : {
            "copy" : {
            }
          }
        }
      ],
      "sources" : [
        "Utility/Constant.swift",
        "Utility/Extension.swift",
        "WWZHConverter.swift"
      ],
      "type" : "library"
    }
  ],
  "tools_version" : "5.6"
}
{
  "workspace" : {
    "name" : "WWZHConverter",
    "schemes" : [
      "WWZHConverter"
    ]
  }
}
2026-09-20 21:22:14.608 xcodebuild[792:4904] [MT] IDERunDestination: Supported platforms for the buildables in the current scheme is empty.
Running build ...
env DEVELOPER_DIR=/Applications/Xcode-27.0.0-Release.Candidate.app xcrun xcodebuild -IDEClonedSourcePackagesDirPathOverride=$PWD/.dependencies -skipMacroValidation -skipPackagePluginValidation -derivedDataPath $PWD/.derivedData build -scheme WWZHConverter -destination generic/platform=tvOS
Command line invocation:
    /Applications/Xcode-27.0.0-Release.Candidate.app/Contents/Developer/usr/bin/xcodebuild -IDEClonedSourcePackagesDirPathOverride=/Users/admin/builder/spi-builder-workspace/.dependencies -skipMacroValidation -skipPackagePluginValidation -derivedDataPath /Users/admin/builder/spi-builder-workspace/.derivedData build -scheme WWZHConverter -destination generic/platform=tvOS
Resolve Package Graph
Resolved source packages:
  WWNetworking: https://github.com/William-Weng/WWNetworking.git @ 1.9.1
  WWZHConverter: /Users/admin/builder/spi-builder-workspace
ComputePackagePrebuildTargetDependencyGraph
Prepare packages
CreateBuildRequest
SendProjectDescription
CreateBuildOperation
ComputeTargetDependencyGraph
note: Building targets in dependency order
note: Target dependency graph (6 targets)
    Target 'WWZHConverter-product' in project 'WWZHConverter'
        ➜ Explicit dependency on target 'WWZHConverter' in project 'WWZHConverter'
        ➜ Explicit dependency on target 'WWZHConverter_WWZHConverter' in project 'WWZHConverter'
        ➜ Explicit dependency on target 'WWNetworking-product' in project 'WWNetworking'
    Target 'WWZHConverter' in project 'WWZHConverter'
        ➜ Explicit dependency on target 'WWZHConverter_WWZHConverter' in project 'WWZHConverter'
        ➜ Explicit dependency on target 'WWNetworking-product' in project 'WWNetworking'
    Target 'WWNetworking-product' in project 'WWNetworking'
        ➜ Explicit dependency on target 'WWNetworking' in project 'WWNetworking'
        ➜ Explicit dependency on target 'WWNetworking_WWNetworking' in project 'WWNetworking'
    Target 'WWNetworking' in project 'WWNetworking'
        ➜ Explicit dependency on target 'WWNetworking_WWNetworking' in project 'WWNetworking'
    Target 'WWNetworking_WWNetworking' in project 'WWNetworking' (no dependencies)
    Target 'WWZHConverter_WWZHConverter' in project 'WWZHConverter' (no dependencies)
GatherProvisioningInputs
CreateBuildDescription
ClangStatCache /Applications/Xcode-27.0.0-Release.Candidate.app/Contents/Developer/Toolchains/XcodeDefault.xctoolchain/usr/bin/clang-stat-cache /Applications/Xcode-27.0.0-Release.Candidate.app/Contents/Developer/Platforms/AppleTVOS.platform/Developer/SDKs/AppleTVOS27.0.sdk /Users/admin/builder/spi-builder-workspace/.derivedData/SDKStatCaches.noindex/appletvos27.0-24J360-e829b21a6f8c9b70876ba0858053c044b32bfd8d43560033f8d89884cdb90028.sdkstatcache
    cd /Users/admin/builder/spi-builder-workspace/.swiftpm/xcode
    /Applications/Xcode-27.0.0-Release.Candidate.app/Contents/Developer/Toolchains/XcodeDefault.xctoolchain/usr/bin/clang-stat-cache /Applications/Xcode-27.0.0-Release.Candidate.app/Contents/Developer/Platforms/AppleTVOS.platform/Developer/SDKs/AppleTVOS27.0.sdk -o /Users/admin/builder/spi-builder-workspace/.derivedData/SDKStatCaches.noindex/appletvos27.0-24J360-e829b21a6f8c9b70876ba0858053c044b32bfd8d43560033f8d89884cdb90028.sdkstatcache
SwiftDriver WWNetworking normal arm64 com.apple.xcode.tools.swift.compiler (in target 'WWNetworking' from project 'WWNetworking')
    cd /Users/admin/builder/spi-builder-workspace/.swiftpm/xcode
    builtin-SwiftDriver -- /Applications/Xcode-27.0.0-Release.Candidate.app/Contents/Developer/Toolchains/XcodeDefault.xctoolchain/usr/bin/swiftc -parse-as-library -module-name WWNetworking -Onone @/Users/admin/builder/spi-builder-workspace/.derivedData/Build/Intermediates.noindex/WWNetworking.build/Debug-appletvos/WWNetworking-t.build/Objects-normal/arm64/WWNetworking.SwiftFileList -DSWIFT_PACKAGE -DDEBUG -DSWIFT_MODULE_RESOURCE_BUNDLE_AVAILABLE -DXcode -plugin-path /Applications/Xcode-27.0.0-Release.Candidate.app/Contents/Developer/Toolchains/XcodeDefault.xctoolchain/usr/lib/swift/host/plugins/testing -enable-experimental-feature DebugDescriptionMacro -sdk /Applications/Xcode-27.0.0-Release.Candidate.app/Contents/Developer/Platforms/AppleTVOS.platform/Developer/SDKs/AppleTVOS27.0.sdk -target arm64-apple-tvos15.0 -g -module-cache-path /Users/admin/builder/spi-builder-workspace/.derivedData/ModuleCache.noindex -Xfrontend -serialize-debugging-options -enable-testing -suppress-warnings -index-store-path /Users/admin/builder/spi-builder-workspace/.derivedData/Index.noindex/DataStore -Xcc -D_LIBCPP_HARDENING_MODE\=_LIBCPP_HARDENING_MODE_DEBUG -swift-version 5 -I /Users/admin/builder/spi-builder-workspace/.derivedData/Build/Products/Debug-appletvos -Isystem /Applications/Xcode-27.0.0-Release.Candidate.app/Contents/Developer/Platforms/AppleTVOS.platform/Developer/usr/lib -F /Users/admin/builder/spi-builder-workspace/.derivedData/Build/Products/Debug-appletvos -F /Applications/Xcode-27.0.0-Release.Candidate.app/Contents/Developer/Platforms/AppleTVOS.platform/Developer/Library/Frameworks -F /Applications/Xcode-27.0.0-Release.Candidate.app/Contents/Developer/Platforms/AppleTVOS.platform/Developer/SDKs/AppleTVOS27.0.sdk/Developer/Library/Frameworks -c -j10 -enable-batch-mode -incremental -Xcc -ivfsstatcache -Xcc /Users/admin/builder/spi-builder-workspace/.derivedData/SDKStatCaches.noindex/appletvos27.0-24J360-e829b21a6f8c9b70876ba0858053c044b32bfd8d43560033f8d89884cdb90028.sdkstatcache -output-file-map /Users/admin/builder/spi-builder-workspace/.derivedData/Build/Intermediates.noindex/WWNetworking.build/Debug-appletvos/WWNetworking-t.build/Objects-normal/arm64/WWNetworking-OutputFileMap.json -save-temps -no-color-diagnostics -explicit-module-build -module-cache-path /Users/admin/builder/spi-builder-workspace/.derivedData/Build/Intermediates.noindex/SwiftExplicitPrecompiledModules -clang-scanner-module-cache-path /Users/admin/builder/spi-builder-workspace/.derivedData/ModuleCache.noindex -sdk-module-cache-path /Users/admin/builder/spi-builder-workspace/.derivedData/SDKExplicitPrecompiledModules -emit-dependencies -emit-module -emit-module-path /Users/admin/builder/spi-builder-workspace/.derivedData/Build/Intermediates.noindex/WWNetworking.build/Debug-appletvos/WWNetworking-t.build/Objects-normal/arm64/WWNetworking.swiftmodule -serialize-diagnostics -dependency-scan-serialize-diagnostics-path /Users/admin/builder/spi-builder-workspace/.derivedData/Build/Intermediates.noindex/WWNetworking.build/Debug-appletvos/WWNetworking-t.build/Objects-normal/arm64/WWNetworking-dependency-scan.dia -validate-clang-modules-once -clang-build-session-file /Users/admin/builder/spi-builder-workspace/.derivedData/ModuleCache.noindex/Session.modulevalidation -Xcc -fmodules-prune-interval\=86400 -Xcc -fmodules-prune-after\=345600 -emit-const-values -const-gather-protocols-list /Users/admin/builder/spi-builder-workspace/.derivedData/Build/Intermediates.noindex/WWNetworking.build/Debug-appletvos/WWNetworking-t.build/Objects-normal/arm64/WWNetworking_const_extract_protocols.json -Xcc -I/Users/admin/builder/spi-builder-workspace/.derivedData/Build/Products/Debug-appletvos/include -Xcc -I/Users/admin/builder/spi-builder-workspace/.derivedData/Build/Intermediates.noindex/WWNetworking.build/Debug-appletvos/WWNetworking-t.build/DerivedSources-normal/arm64 -Xcc -I/Users/admin/builder/spi-builder-workspace/.derivedData/Build/Intermediates.noindex/WWNetworking.build/Debug-appletvos/WWNetworking-t.build/DerivedSources/arm64 -Xcc -I/Users/admin/builder/spi-builder-workspace/.derivedData/Build/Intermediates.noindex/WWNetworking.build/Debug-appletvos/WWNetworking-t.build/DerivedSources -Xcc -DSWIFT_PACKAGE -Xcc -DDEBUG\=1 -emit-objc-header -emit-objc-header-path /Users/admin/builder/spi-builder-workspace/.derivedData/Build/Intermediates.noindex/WWNetworking.build/Debug-appletvos/WWNetworking-t.build/Objects-normal/arm64/WWNetworking-Swift.h -working-directory /Users/admin/builder/spi-builder-workspace/.swiftpm/xcode -experimental-emit-module-separately -disable-cmo
SwiftDriver WWZHConverter normal arm64 com.apple.xcode.tools.swift.compiler (in target 'WWZHConverter' from project 'WWZHConverter')
    cd /Users/admin/builder/spi-builder-workspace/.swiftpm/xcode
    builtin-SwiftDriver -- /Applications/Xcode-27.0.0-Release.Candidate.app/Contents/Developer/Toolchains/XcodeDefault.xctoolchain/usr/bin/swiftc -parse-as-library -module-name WWZHConverter -Onone @/Users/admin/builder/spi-builder-workspace/.derivedData/Build/Intermediates.noindex/WWZHConverter.build/Debug-appletvos/WWZHConverter-t.build/Objects-normal/arm64/WWZHConverter.SwiftFileList -DSWIFT_PACKAGE -DDEBUG -DSWIFT_MODULE_RESOURCE_BUNDLE_AVAILABLE -DXcode -plugin-path /Applications/Xcode-27.0.0-Release.Candidate.app/Contents/Developer/Toolchains/XcodeDefault.xctoolchain/usr/lib/swift/host/plugins/testing -enable-experimental-feature DebugDescriptionMacro -sdk /Applications/Xcode-27.0.0-Release.Candidate.app/Contents/Developer/Platforms/AppleTVOS.platform/Developer/SDKs/AppleTVOS27.0.sdk -target arm64-apple-tvos15.0 -g -module-cache-path /Users/admin/builder/spi-builder-workspace/.derivedData/ModuleCache.noindex -Xfrontend -serialize-debugging-options -enable-testing -index-store-path /Users/admin/builder/spi-builder-workspace/.derivedData/Index.noindex/DataStore -Xcc -D_LIBCPP_HARDENING_MODE\=_LIBCPP_HARDENING_MODE_DEBUG -swift-version 5 -I /Users/admin/builder/spi-builder-workspace/.derivedData/Build/Products/Debug-appletvos -Isystem /Applications/Xcode-27.0.0-Release.Candidate.app/Contents/Developer/Platforms/AppleTVOS.platform/Developer/usr/lib -F /Users/admin/builder/spi-builder-workspace/.derivedData/Build/Products/Debug-appletvos/PackageFrameworks -F /Users/admin/builder/spi-builder-workspace/.derivedData/Build/Products/Debug-appletvos -F /Applications/Xcode-27.0.0-Release.Candidate.app/Contents/Developer/Platforms/AppleTVOS.platform/Developer/Library/Frameworks -F /Applications/Xcode-27.0.0-Release.Candidate.app/Contents/Developer/Platforms/AppleTVOS.platform/Developer/SDKs/AppleTVOS27.0.sdk/Developer/Library/Frameworks -c -j10 -enable-batch-mode -incremental -Xcc -ivfsstatcache -Xcc /Users/admin/builder/spi-builder-workspace/.derivedData/SDKStatCaches.noindex/appletvos27.0-24J360-e829b21a6f8c9b70876ba0858053c044b32bfd8d43560033f8d89884cdb90028.sdkstatcache -output-file-map /Users/admin/builder/spi-builder-workspace/.derivedData/Build/Intermediates.noindex/WWZHConverter.build/Debug-appletvos/WWZHConverter-t.build/Objects-normal/arm64/WWZHConverter-OutputFileMap.json -save-temps -no-color-diagnostics -explicit-module-build -module-cache-path /Users/admin/builder/spi-builder-workspace/.derivedData/Build/Intermediates.noindex/SwiftExplicitPrecompiledModules -clang-scanner-module-cache-path /Users/admin/builder/spi-builder-workspace/.derivedData/ModuleCache.noindex -sdk-module-cache-path /Users/admin/builder/spi-builder-workspace/.derivedData/SDKExplicitPrecompiledModules -emit-dependencies -emit-module -emit-module-path /Users/admin/builder/spi-builder-workspace/.derivedData/Build/Intermediates.noindex/WWZHConverter.build/Debug-appletvos/WWZHConverter-t.build/Objects-normal/arm64/WWZHConverter.swiftmodule -serialize-diagnostics -dependency-scan-serialize-diagnostics-path /Users/admin/builder/spi-builder-workspace/.derivedData/Build/Intermediates.noindex/WWZHConverter.build/Debug-appletvos/WWZHConverter-t.build/Objects-normal/arm64/WWZHConverter-dependency-scan.dia -validate-clang-modules-once -clang-build-session-file /Users/admin/builder/spi-builder-workspace/.derivedData/ModuleCache.noindex/Session.modulevalidation -Xcc -fmodules-prune-interval\=86400 -Xcc -fmodules-prune-after\=345600 -emit-const-values -const-gather-protocols-list /Users/admin/builder/spi-builder-workspace/.derivedData/Build/Intermediates.noindex/WWZHConverter.build/Debug-appletvos/WWZHConverter-t.build/Objects-normal/arm64/WWZHConverter_const_extract_protocols.json -Xcc -I/Users/admin/builder/spi-builder-workspace/.derivedData/Build/Products/Debug-appletvos/include -Xcc -I/Users/admin/builder/spi-builder-workspace/.derivedData/Build/Intermediates.noindex/WWZHConverter.build/Debug-appletvos/WWZHConverter-t.build/DerivedSources-normal/arm64 -Xcc -I/Users/admin/builder/spi-builder-workspace/.derivedData/Build/Intermediates.noindex/WWZHConverter.build/Debug-appletvos/WWZHConverter-t.build/DerivedSources/arm64 -Xcc -I/Users/admin/builder/spi-builder-workspace/.derivedData/Build/Intermediates.noindex/WWZHConverter.build/Debug-appletvos/WWZHConverter-t.build/DerivedSources -Xcc -DSWIFT_PACKAGE -Xcc -DDEBUG\=1 -emit-objc-header -emit-objc-header-path /Users/admin/builder/spi-builder-workspace/.derivedData/Build/Intermediates.noindex/WWZHConverter.build/Debug-appletvos/WWZHConverter-t.build/Objects-normal/arm64/WWZHConverter-Swift.h -working-directory /Users/admin/builder/spi-builder-workspace/.swiftpm/xcode -experimental-emit-module-separately -disable-cmo
SwiftCompile normal arm64 Compiling\ resource_bundle_accessor.swift /Users/admin/builder/spi-builder-workspace/.derivedData/Build/Intermediates.noindex/WWNetworking.build/Debug-appletvos/WWNetworking-t.build/DerivedSources/resource_bundle_accessor.swift (in target 'WWNetworking' from project 'WWNetworking')
SwiftCompile normal arm64 /Users/admin/builder/spi-builder-workspace/.derivedData/Build/Intermediates.noindex/WWNetworking.build/Debug-appletvos/WWNetworking-t.build/DerivedSources/resource_bundle_accessor.swift (in target 'WWNetworking' from project 'WWNetworking')
    cd /Users/admin/builder/spi-builder-workspace/.swiftpm/xcode
    builtin-SwiftPerFileCompile resource_bundle_accessor.swift
SwiftEmitModule normal arm64 Emitting\ module\ for\ WWNetworking (in target 'WWNetworking' from project 'WWNetworking')
SwiftCompile normal arm64 (in target 'WWNetworking' from project 'WWNetworking')
    cd /Users/admin/builder/spi-builder-workspace/.swiftpm/xcode

SwiftCompile normal arm64 Compiling\ Networking.swift /Users/admin/builder/spi-builder-workspace/.dependencies/checkouts/WWNetworking/Sources/WWNetworking/Networking.swift (in target 'WWNetworking' from project 'WWNetworking')
SwiftCompile normal arm64 /Users/admin/builder/spi-builder-workspace/.dependencies/checkouts/WWNetworking/Sources/WWNetworking/Networking.swift (in target 'WWNetworking' from project 'WWNetworking')
    cd /Users/admin/builder/spi-builder-workspace/.swiftpm/xcode
    builtin-SwiftPerFileCompile Networking.swift
/Users/admin/builder/spi-builder-workspace/.dependencies/checkouts/WWNetworking/Sources/WWNetworking/Networking.swift:886:39: error: 'appending(component:directoryHint:)' is only available in tvOS 16.0 or newer
796 |
797 | // MARK: - 小工具
798 | private extension WWNetworking {
    |         `- note: add '@available' attribute to enclosing extension
799 |
800 |     /// [產生下載用的HttpTask - downloadTask() => URLSessionDownloadDelegate](https://developer.apple.com/documentation/foundation/urlsessiondownloaddelegate)
    :
877 |     /// - Parameter location: tmp檔位置
878 |     /// - Returns: Result<URL, any Error>
879 |     func moveLocationFile(at location: URL) -> Result<URL, any Error> {
    |          `- note: add '@available' attribute to enclosing instance method
880 |
881 |         guard let cachesDirectory = FileManager.default._cachesDirectory() else { return .failure(CustomError.isCachesDirectoryEmpty) }
    :
884 |
885 |         if #available(iOS 16.0, *) {
886 |             fileURL = cachesDirectory.appending(component: location.lastPathComponent)
    |                                       |- error: 'appending(component:directoryHint:)' is only available in tvOS 16.0 or newer
    |                                       `- note: add 'if #available' version check
887 |         } else {
888 |             fileURL = cachesDirectory.appendingPathComponent(location.lastPathComponent)
Failed frontend command:
/Applications/Xcode-27.0.0-Release.Candidate.app/Contents/Developer/Toolchains/XcodeDefault.xctoolchain/usr/bin/swift-frontend -frontend -c /Users/admin/builder/spi-builder-workspace/.derivedData/Build/Intermediates.noindex/WWNetworking.build/Debug-appletvos/WWNetworking-t.build/DerivedSources/resource_bundle_accessor.swift -primary-file /Users/admin/builder/spi-builder-workspace/.dependencies/checkouts/WWNetworking/Sources/WWNetworking/Networking.swift /Users/admin/builder/spi-builder-workspace/.dependencies/checkouts/WWNetworking/Sources/WWNetworking/Utility/Constant.swift /Users/admin/builder/spi-builder-workspace/.dependencies/checkouts/WWNetworking/Sources/WWNetworking/Utility/Extension.swift /Users/admin/builder/spi-builder-workspace/.dependencies/checkouts/WWNetworking/Sources/WWNetworking/Utility/Model.swift -emit-dependencies-path /Users/admin/builder/spi-builder-workspace/.derivedData/Build/Intermediates.noindex/WWNetworking.build/Debug-appletvos/WWNetworking-t.build/Objects-normal/arm64/Networking.d -emit-const-values-path /Users/admin/builder/spi-builder-workspace/.derivedData/Build/Intermediates.noindex/WWNetworking.build/Debug-appletvos/WWNetworking-t.build/Objects-normal/arm64/Networking.swiftconstvalues -emit-reference-dependencies-path /Users/admin/builder/spi-builder-workspace/.derivedData/Build/Intermediates.noindex/WWNetworking.build/Debug-appletvos/WWNetworking-t.build/Objects-normal/arm64/Networking.swiftdeps -serialize-diagnostics-path /Users/admin/builder/spi-builder-workspace/.derivedData/Build/Intermediates.noindex/WWNetworking.build/Debug-appletvos/WWNetworking-t.build/Objects-normal/arm64/Networking.dia -target arm64-apple-tvos15.0 -disable-cross-import-overlay-search -load-resolved-plugin /Applications/Xcode-27.0.0-Release.Candidate.app/Contents/Developer/Platforms/AppleTVOS.platform/Developer/usr/lib/swift/host/plugins/libFoundationMacros.dylib\#/Applications/Xcode-27.0.0-Release.Candidate.app/Contents/Developer/Platforms/AppleTVOS.platform/Developer/usr/bin/swift-plugin-server\#FoundationMacros -load-resolved-plugin /Applications/Xcode-27.0.0-Release.Candidate.app/Contents/Developer/Platforms/AppleTVOS.platform/Developer/usr/lib/swift/host/plugins/libObservationMacros.dylib\#/Applications/Xcode-27.0.0-Release.Candidate.app/Contents/Developer/Platforms/AppleTVOS.platform/Developer/usr/bin/swift-plugin-server\#ObservationMacros -load-resolved-plugin /Applications/Xcode-27.0.0-Release.Candidate.app/Contents/Developer/Platforms/AppleTVOS.platform/Developer/usr/lib/swift/host/plugins/libPreviewsMacros.dylib\#/Applications/Xcode-27.0.0-Release.Candidate.app/Contents/Developer/Platforms/AppleTVOS.platform/Developer/usr/bin/swift-plugin-server\#PreviewsMacros -load-resolved-plugin /Applications/Xcode-27.0.0-Release.Candidate.app/Contents/Developer/Platforms/AppleTVOS.platform/Developer/usr/lib/swift/host/plugins/libSwiftMacros.dylib\#/Applications/Xcode-27.0.0-Release.Candidate.app/Contents/Developer/Platforms/AppleTVOS.platform/Developer/usr/bin/swift-plugin-server\#SwiftMacros -load-resolved-plugin /Applications/Xcode-27.0.0-Release.Candidate.app/Contents/Developer/Platforms/AppleTVOS.platform/Developer/usr/lib/swift/host/plugins/libSwiftUIMacros.dylib\#/Applications/Xcode-27.0.0-Release.Candidate.app/Contents/Developer/Platforms/AppleTVOS.platform/Developer/usr/bin/swift-plugin-server\#SwiftUIMacros -disable-implicit-swift-modules -Xcc -fno-implicit-modules -Xcc -fno-implicit-module-maps -explicit-swift-module-map-file /Users/admin/builder/spi-builder-workspace/.derivedData/Build/Intermediates.noindex/WWNetworking.build/Debug-appletvos/WWNetworking-t.build/Objects-normal/arm64/WWNetworking-dependencies-1.json -Xllvm -aarch64-use-tbi -enable-objc-interop -stack-check -sdk /Applications/Xcode-27.0.0-Release.Candidate.app/Contents/Developer/Platforms/AppleTVOS.platform/Developer/SDKs/AppleTVOS27.0.sdk -I /Users/admin/builder/spi-builder-workspace/.derivedData/Build/Products/Debug-appletvos -Isystem /Applications/Xcode-27.0.0-Release.Candidate.app/Contents/Developer/Platforms/AppleTVOS.platform/Developer/usr/lib -F /Users/admin/builder/spi-builder-workspace/.derivedData/Build/Products/Debug-appletvos -F /Applications/Xcode-27.0.0-Release.Candidate.app/Contents/Developer/Platforms/AppleTVOS.platform/Developer/Library/Frameworks -F /Applications/Xcode-27.0.0-Release.Candidate.app/Contents/Developer/Platforms/AppleTVOS.platform/Developer/SDKs/AppleTVOS27.0.sdk/Developer/Library/Frameworks -module-cache-path /Users/admin/builder/spi-builder-workspace/.derivedData/Build/Intermediates.noindex/SwiftExplicitPrecompiledModules -no-color-diagnostics -Xcc -fno-color-diagnostics -enable-testing -g -debug-info-format\=dwarf -dwarf-version\=4 -suppress-warnings -swift-version 5 -Onone -D SWIFT_PACKAGE -D DEBUG -D SWIFT_MODULE_RESOURCE_BUNDLE_AVAILABLE -D Xcode -serialize-debugging-options -enable-experimental-feature DebugDescriptionMacro -empty-abi-descriptor -validate-clang-modules-once -clang-build-session-file /Users/admin/builder/spi-builder-workspace/.derivedData/ModuleCache.noindex/Session.modulevalidation -Xcc -working-directory -Xcc /Users/admin/builder/spi-builder-workspace/.swiftpm/xcode -enable-anonymous-context-mangled-names -file-compilation-dir /Users/admin/builder/spi-builder-workspace/.swiftpm/xcode -Xcc -D_LIBCPP_HARDENING_MODE\=_LIBCPP_HARDENING_MODE_DEBUG -Xcc -ivfsstatcache -Xcc /Users/admin/builder/spi-builder-workspace/.derivedData/SDKStatCaches.noindex/appletvos27.0-24J360-e829b21a6f8c9b70876ba0858053c044b32bfd8d43560033f8d89884cdb90028.sdkstatcache -Xcc -fmodules-prune-interval\=86400 -Xcc -fmodules-prune-after\=345600 -Xcc -I/Users/admin/builder/spi-builder-workspace/.derivedData/Build/Products/Debug-appletvos/include -Xcc -I/Users/admin/builder/spi-builder-workspace/.derivedData/Build/Intermediates.noindex/WWNetworking.build/Debug-appletvos/WWNetworking-t.build/DerivedSources-normal/arm64 -Xcc -I/Users/admin/builder/spi-builder-workspace/.derivedData/Build/Intermediates.noindex/WWNetworking.build/Debug-appletvos/WWNetworking-t.build/DerivedSources/arm64 -Xcc -I/Users/admin/builder/spi-builder-workspace/.derivedData/Build/Intermediates.noindex/WWNetworking.build/Debug-appletvos/WWNetworking-t.build/DerivedSources -Xcc -DSWIFT_PACKAGE -Xcc -DDEBUG\=1 -no-auto-bridging-header-chaining -module-name WWNetworking -const-gather-protocols-file /Users/admin/builder/spi-builder-workspace/.derivedData/Build/Intermediates.noindex/WWNetworking.build/Debug-appletvos/WWNetworking-t.build/Objects-normal/arm64/WWNetworking_const_extract_protocols.json -disable-clang-spi -clang-target arm64-apple-tvos27.0 -target-sdk-version 27.0 -target-sdk-name appletvos27.0 -in-process-plugin-server-path /Applications/Xcode-27.0.0-Release.Candidate.app/Contents/Developer/Toolchains/XcodeDefault.xctoolchain/usr/lib/swift/host/libSwiftInProcPluginServer.dylib -parse-as-library -o /Users/admin/builder/spi-builder-workspace/.derivedData/Build/Intermediates.noindex/WWNetworking.build/Debug-appletvos/WWNetworking-t.build/Objects-normal/arm64/Networking.o -debug-module-path /Users/admin/builder/spi-builder-workspace/.derivedData/Build/Intermediates.noindex/WWNetworking.build/Debug-appletvos/WWNetworking-t.build/Objects-normal/arm64/WWNetworking.swiftmodule -index-unit-output-path /WWNetworking.build/Debug-appletvos/WWNetworking-t.build/Objects-normal/arm64/Networking.o -index-store-path /Users/admin/builder/spi-builder-workspace/.derivedData/Index.noindex/DataStore -index-system-modules
SwiftCompile normal arm64 Compiling\ resource_bundle_accessor.swift /Users/admin/builder/spi-builder-workspace/.derivedData/Build/Intermediates.noindex/WWZHConverter.build/Debug-appletvos/WWZHConverter-t.build/DerivedSources/resource_bundle_accessor.swift (in target 'WWZHConverter' from project 'WWZHConverter')
SwiftCompile normal arm64 /Users/admin/builder/spi-builder-workspace/.derivedData/Build/Intermediates.noindex/WWZHConverter.build/Debug-appletvos/WWZHConverter-t.build/DerivedSources/resource_bundle_accessor.swift (in target 'WWZHConverter' from project 'WWZHConverter')
    cd /Users/admin/builder/spi-builder-workspace/.swiftpm/xcode
    builtin-SwiftPerFileCompile resource_bundle_accessor.swift
SwiftCompile normal arm64 Compiling\ Extension.swift /Users/admin/builder/spi-builder-workspace/Sources/WWZHConverter/Utility/Extension.swift (in target 'WWZHConverter' from project 'WWZHConverter')
SwiftCompile normal arm64 /Users/admin/builder/spi-builder-workspace/Sources/WWZHConverter/Utility/Extension.swift (in target 'WWZHConverter' from project 'WWZHConverter')
    cd /Users/admin/builder/spi-builder-workspace/.swiftpm/xcode
    builtin-SwiftPerFileCompile Extension.swift
SwiftCompile normal arm64 Compiling\ Constant.swift /Users/admin/builder/spi-builder-workspace/Sources/WWZHConverter/Utility/Constant.swift (in target 'WWZHConverter' from project 'WWZHConverter')
SwiftCompile normal arm64 /Users/admin/builder/spi-builder-workspace/Sources/WWZHConverter/Utility/Constant.swift (in target 'WWZHConverter' from project 'WWZHConverter')
    cd /Users/admin/builder/spi-builder-workspace/.swiftpm/xcode
    builtin-SwiftPerFileCompile Constant.swift
SwiftCompile normal arm64 Compiling\ WWZHConverter.swift /Users/admin/builder/spi-builder-workspace/Sources/WWZHConverter/WWZHConverter.swift (in target 'WWZHConverter' from project 'WWZHConverter')
SwiftCompile normal arm64 /Users/admin/builder/spi-builder-workspace/Sources/WWZHConverter/WWZHConverter.swift (in target 'WWZHConverter' from project 'WWZHConverter')
    cd /Users/admin/builder/spi-builder-workspace/.swiftpm/xcode
    builtin-SwiftPerFileCompile WWZHConverter.swift
/Users/admin/builder/spi-builder-workspace/Sources/WWZHConverter/WWZHConverter.swift:242:38: warning: value 'paramater' was defined but never used; consider replacing with boolean test [#NoUsage]
240 |
241 |             switch replace {
242 |             case .modules(_): if let paramater = replace.paramater() { parameter["modules"] = replace.paramater() }
    |                                      `- warning: value 'paramater' was defined but never used; consider replacing with boolean test [#NoUsage]
243 |             case .userPostReplace(_): if let paramater = replace.paramater() { parameter["userPostReplace"] = replace.paramater() }
244 |             case .userPreReplace(_): if let paramater = replace.paramater() { parameter["userPreReplace"] = replace.paramater() }
/Users/admin/builder/spi-builder-workspace/Sources/WWZHConverter/WWZHConverter.swift:243:46: warning: value 'paramater' was defined but never used; consider replacing with boolean test [#NoUsage]
241 |             switch replace {
242 |             case .modules(_): if let paramater = replace.paramater() { parameter["modules"] = replace.paramater() }
243 |             case .userPostReplace(_): if let paramater = replace.paramater() { parameter["userPostReplace"] = replace.paramater() }
    |                                              `- warning: value 'paramater' was defined but never used; consider replacing with boolean test [#NoUsage]
244 |             case .userPreReplace(_): if let paramater = replace.paramater() { parameter["userPreReplace"] = replace.paramater() }
245 |             case .userProtectReplace(_): if let paramater = replace.paramater() { parameter["userProtectReplace"] = replace.paramater() }
/Users/admin/builder/spi-builder-workspace/Sources/WWZHConverter/WWZHConverter.swift:244:45: warning: value 'paramater' was defined but never used; consider replacing with boolean test [#NoUsage]
242 |             case .modules(_): if let paramater = replace.paramater() { parameter["modules"] = replace.paramater() }
243 |             case .userPostReplace(_): if let paramater = replace.paramater() { parameter["userPostReplace"] = replace.paramater() }
244 |             case .userPreReplace(_): if let paramater = replace.paramater() { parameter["userPreReplace"] = replace.paramater() }
    |                                             `- warning: value 'paramater' was defined but never used; consider replacing with boolean test [#NoUsage]
245 |             case .userProtectReplace(_): if let paramater = replace.paramater() { parameter["userProtectReplace"] = replace.paramater() }
246 |             }
SwiftEmitModule normal arm64 Emitting\ module\ for\ WWZHConverter (in target 'WWZHConverter' from project 'WWZHConverter')
SwiftCompile normal arm64 (in target 'WWZHConverter' from project 'WWZHConverter')
    cd /Users/admin/builder/spi-builder-workspace/.swiftpm/xcode

SwiftCompile normal arm64 Compiling\ Constant.swift /Users/admin/builder/spi-builder-workspace/.dependencies/checkouts/WWNetworking/Sources/WWNetworking/Utility/Constant.swift (in target 'WWNetworking' from project 'WWNetworking')
SwiftCompile normal arm64 /Users/admin/builder/spi-builder-workspace/.dependencies/checkouts/WWNetworking/Sources/WWNetworking/Utility/Constant.swift (in target 'WWNetworking' from project 'WWNetworking')
    cd /Users/admin/builder/spi-builder-workspace/.swiftpm/xcode
    builtin-SwiftPerFileCompile Constant.swift
SwiftCompile normal arm64 Compiling\ Model.swift /Users/admin/builder/spi-builder-workspace/.dependencies/checkouts/WWNetworking/Sources/WWNetworking/Utility/Model.swift (in target 'WWNetworking' from project 'WWNetworking')
SwiftCompile normal arm64 /Users/admin/builder/spi-builder-workspace/.dependencies/checkouts/WWNetworking/Sources/WWNetworking/Utility/Model.swift (in target 'WWNetworking' from project 'WWNetworking')
    cd /Users/admin/builder/spi-builder-workspace/.swiftpm/xcode
    builtin-SwiftPerFileCompile Model.swift
SwiftCompile normal arm64 Compiling\ Extension.swift /Users/admin/builder/spi-builder-workspace/.dependencies/checkouts/WWNetworking/Sources/WWNetworking/Utility/Extension.swift (in target 'WWNetworking' from project 'WWNetworking')
SwiftCompile normal arm64 /Users/admin/builder/spi-builder-workspace/.dependencies/checkouts/WWNetworking/Sources/WWNetworking/Utility/Extension.swift (in target 'WWNetworking' from project 'WWNetworking')
    cd /Users/admin/builder/spi-builder-workspace/.swiftpm/xcode
    builtin-SwiftPerFileCompile Extension.swift
SwiftDriverJobDiscovery normal arm64 Compiling resource_bundle_accessor.swift (in target 'WWNetworking' from project 'WWNetworking')
SwiftDriverJobDiscovery normal arm64 Compiling resource_bundle_accessor.swift (in target 'WWZHConverter' from project 'WWZHConverter')
SwiftDriverJobDiscovery normal arm64 Compiling Model.swift (in target 'WWNetworking' from project 'WWNetworking')
SwiftDriverJobDiscovery normal arm64 Compiling Extension.swift (in target 'WWZHConverter' from project 'WWZHConverter')
PruneExplicitPrecompiledModules /Users/admin/builder/spi-builder-workspace/.derivedData/Build/Intermediates.noindex/ExplicitPrecompiledModules
PruneExplicitPrecompiledModules /Users/admin/builder/spi-builder-workspace/.derivedData/Build/Intermediates.noindex/SwiftExplicitPrecompiledModules
PruneExplicitPrecompiledModules /Users/admin/builder/spi-builder-workspace/.derivedData/SDKExplicitPrecompiledModules
2026-09-20 21:22:15.541 xcodebuild[793:4929] [MT] IDERunDestination: Supported platforms for the buildables in the current scheme is empty.
** BUILD FAILED **
The following build commands failed:
	SwiftCompile normal arm64 /Users/admin/builder/spi-builder-workspace/.dependencies/checkouts/WWNetworking/Sources/WWNetworking/Networking.swift (in target 'WWNetworking' from project 'WWNetworking')
	SwiftCompile normal arm64 Compiling\ Networking.swift /Users/admin/builder/spi-builder-workspace/.dependencies/checkouts/WWNetworking/Sources/WWNetworking/Networking.swift (in target 'WWNetworking' from project 'WWNetworking')
	Building workspace WWZHConverter with scheme WWZHConverter
(3 failures)
BUILD FAILURE 6.4 tvOS