Build Information
Failed to build SwiftAutoGUI, reference 1.0.0 (c13d80), with Swift 6.3 for Wasm on 5 Oct 2026 01:40:26 UTC.
Build Command
bash -c docker run --pull=always --rm -v "checkouts-54344844-3":/host -w "$PWD" -e JAVA_HOME="/root/.sdkman/candidates/java/current" -e SPI_BUILD="1" -e SPI_PROCESSING="1" registry.gitlab.com/saguaro1/spi-images:wasm-6.3-latest swift build --swift-sdk swift-6.3.2-RELEASE_wasm 2>&1Build Log
========================================
RunAll
========================================
Builder version: 5.1.1
Interrupt handler set up.
========================================
Checkout
========================================
Clone URL: https://github.com/NakaokaRei/SwiftAutoGUI.git
Reference: 1.0.0
Initialized empty Git repository in /host/spi-builder-workspace/.git/
hint: Using 'master' as the name for the initial branch. This default branch name
hint: is subject to change. To configure the initial branch name to use in all
hint: of your new repositories, which will suppress this warning, call:
hint:
hint: git config --global init.defaultBranch <name>
hint:
hint: Names commonly chosen instead of 'master' are 'main', 'trunk' and
hint: 'development'. The just-created branch can be renamed via this command:
hint:
hint: git branch -m <name>
From https://github.com/NakaokaRei/SwiftAutoGUI
* tag 1.0.0 -> FETCH_HEAD
HEAD is now at c13d808 Bump plugin version to 1.0.0
Cloned https://github.com/NakaokaRei/SwiftAutoGUI.git
Revision (git rev-parse @):
c13d808609651af04e5a6141c1df143d8ed7c4d8
SUCCESS checkout https://github.com/NakaokaRei/SwiftAutoGUI.git at 1.0.0
========================================
Build
========================================
Selected platform: wasm
Swift version: 6.3
Building package at path: $PWD
https://github.com/NakaokaRei/SwiftAutoGUI.git
Running build ...
bash -c docker run --pull=always --rm -v "checkouts-54344844-3":/host -w "$PWD" -e JAVA_HOME="/root/.sdkman/candidates/java/current" -e SPI_BUILD="1" -e SPI_PROCESSING="1" registry.gitlab.com/saguaro1/spi-images:wasm-6.3-latest swift build --swift-sdk swift-6.3.2-RELEASE_wasm 2>&1
wasm-6.3-latest: Pulling from saguaro1/spi-images
Digest: sha256:253aad7f5b11d25cf9eaef34120b94cd8a325782929c57fb304a7711494a3f9a
Status: Image is up to date for registry.gitlab.com/saguaro1/spi-images:wasm-6.3-latest
Fetching https://github.com/apple/foundation-models-utilities
[1/120] Fetching foundation-models-utilities
Fetching https://github.com/apple/swift-argument-parser.git
Fetching https://github.com/apple/swift-docc-plugin
Fetched https://github.com/apple/foundation-models-utilities from cache (0.44s)
[1/2345] Fetching swift-docc-plugin
[447/21392] Fetching swift-docc-plugin, swift-argument-parser
Fetched https://github.com/apple/swift-docc-plugin from cache (0.55s)
[2096/19047] Fetching swift-argument-parser
Fetched https://github.com/apple/swift-argument-parser.git from cache (0.84s)
Computing version for https://github.com/apple/swift-docc-plugin
Computed https://github.com/apple/swift-docc-plugin at 1.5.0 (2.58s)
Fetching https://github.com/swiftlang/swift-docc-symbolkit
[1/3833] Fetching swift-docc-symbolkit
Fetched https://github.com/swiftlang/swift-docc-symbolkit from cache (0.58s)
Computing version for https://github.com/swiftlang/swift-docc-symbolkit
Computed https://github.com/swiftlang/swift-docc-symbolkit at 1.0.0 (0.88s)
Computing version for https://github.com/apple/swift-argument-parser.git
Computed https://github.com/apple/swift-argument-parser.git at 1.8.2 (0.23s)
Computing version for https://github.com/apple/foundation-models-utilities
Computed https://github.com/apple/foundation-models-utilities at 1.0.0-beta5 (0.16s)
Creating working copy for https://github.com/apple/swift-argument-parser.git
Working copy of https://github.com/apple/swift-argument-parser.git resolved at 1.8.2
Creating working copy for https://github.com/swiftlang/swift-docc-symbolkit
Working copy of https://github.com/swiftlang/swift-docc-symbolkit resolved at 1.0.0
Creating working copy for https://github.com/apple/foundation-models-utilities
Working copy of https://github.com/apple/foundation-models-utilities resolved at 1.0.0-beta5
Creating working copy for https://github.com/apple/swift-docc-plugin
Working copy of https://github.com/apple/swift-docc-plugin resolved at 1.5.0
[1/1] Compiling plugin BuildMetalLibraryPlugin
[2/2] Compiling plugin GenerateManual
[3/3] Compiling plugin GenerateDoccReference
[4/4] Compiling plugin Swift-DocC Preview
[5/5] Compiling plugin Swift-DocC
Building for debugging...
[5/23] Copying TemplateMatching.metallib
[6/23] Write sources
[13/23] Write swift-version-24593BA9C3E375BF.txt
error: emit-module command failed with exit code 1 (use -v to see invocation)
[15/39] Emitting module FoundationModelsUtilities
/host/spi-builder-workspace/.build/checkouts/foundation-models-utilities/Sources/FoundationModelsUtilities/History/DropCompletedToolCalls.swift:12:15: error: no such module 'FoundationModels'
10 | //
11 | //===----------------------------------------------------------------------===//
12 | public import FoundationModels
| `- error: no such module 'FoundationModels'
13 |
14 | extension LanguageModelSession.DynamicProfile {
[16/40] Compiling FoundationModelsUtilities Skills.swift
/host/spi-builder-workspace/.build/checkouts/foundation-models-utilities/Sources/FoundationModelsUtilities/History/DropCompletedToolCalls.swift:12:15: error: no such module 'FoundationModels'
10 | //
11 | //===----------------------------------------------------------------------===//
12 | public import FoundationModels
| `- error: no such module 'FoundationModels'
13 |
14 | extension LanguageModelSession.DynamicProfile {
[17/40] Compiling FoundationModelsUtilities DropCompletedToolCalls.swift
/host/spi-builder-workspace/.build/checkouts/foundation-models-utilities/Sources/FoundationModelsUtilities/History/DropCompletedToolCalls.swift:12:15: error: no such module 'FoundationModels'
10 | //
11 | //===----------------------------------------------------------------------===//
12 | public import FoundationModels
| `- error: no such module 'FoundationModels'
13 |
14 | extension LanguageModelSession.DynamicProfile {
[18/40] Compiling FoundationModelsUtilities RollingWindow.swift
/host/spi-builder-workspace/.build/checkouts/foundation-models-utilities/Sources/FoundationModelsUtilities/History/DropCompletedToolCalls.swift:12:15: error: no such module 'FoundationModels'
10 | //
11 | //===----------------------------------------------------------------------===//
12 | public import FoundationModels
| `- error: no such module 'FoundationModels'
13 |
14 | extension LanguageModelSession.DynamicProfile {
[19/40] Compiling FoundationModelsUtilities SkillBuilder.swift
/host/spi-builder-workspace/.build/checkouts/foundation-models-utilities/Sources/FoundationModelsUtilities/History/DropCompletedToolCalls.swift:12:15: error: no such module 'FoundationModels'
10 | //
11 | //===----------------------------------------------------------------------===//
12 | public import FoundationModels
| `- error: no such module 'FoundationModels'
13 |
14 | extension LanguageModelSession.DynamicProfile {
[20/40] Emitting module ArgumentParserToolInfo
[21/40] Compiling ArgumentParserToolInfo ToolInfo.swift
[22/54] Wrapping AST for ArgumentParserToolInfo for debugging
[24/54] Compiling FoundationModelsUtilities TranscriptRendering.swift
/host/spi-builder-workspace/.build/checkouts/foundation-models-utilities/Sources/FoundationModelsUtilities/History/DropCompletedToolCalls.swift:12:15: error: no such module 'FoundationModels'
10 | //
11 | //===----------------------------------------------------------------------===//
12 | public import FoundationModels
| `- error: no such module 'FoundationModels'
13 |
14 | extension LanguageModelSession.DynamicProfile {
[25/54] Compiling FoundationModelsUtilities ChatCompletionsLanguageModel.swift
/host/spi-builder-workspace/.build/checkouts/foundation-models-utilities/Sources/FoundationModelsUtilities/History/DropCompletedToolCalls.swift:12:15: error: no such module 'FoundationModels'
10 | //
11 | //===----------------------------------------------------------------------===//
12 | public import FoundationModels
| `- error: no such module 'FoundationModels'
13 |
14 | extension LanguageModelSession.DynamicProfile {
[26/88] Compiling ImageRecognition resource_bundle_accessor.swift
/host/spi-builder-workspace/Sources/ImageRecognition/ImageConversion.swift:1:8: error: no such module 'CoreGraphics'
1 | import CoreGraphics
| `- error: no such module 'CoreGraphics'
2 | import Foundation
3 |
[27/88] Compiling FoundationModelsUtilities SummarizeHistory.swift
/host/spi-builder-workspace/.build/checkouts/foundation-models-utilities/Sources/FoundationModelsUtilities/History/DropCompletedToolCalls.swift:12:15: error: no such module 'FoundationModels'
10 | //
11 | //===----------------------------------------------------------------------===//
12 | public import FoundationModels
| `- error: no such module 'FoundationModels'
13 |
14 | extension LanguageModelSession.DynamicProfile {
[28/88] Emitting module ArgumentParser
[29/94] Compiling ArgumentParser ParentCommand.swift
[30/94] Compiling ArgumentParser AsyncParsableCommand.swift
[31/94] Compiling ArgumentParser CommandConfiguration.swift
[32/94] Compiling ArgumentParser CommandGroup.swift
[33/94] Compiling ArgumentParser EnumerableFlag.swift
[34/94] Compiling ArgumentParser ExpressibleByArgument.swift
[35/94] Compiling ArgumentParser ParsableArguments.swift
[36/94] Compiling ArgumentParser Mutex.swift
[37/94] Compiling ArgumentParser Platform.swift
[38/94] Compiling ArgumentParser SequenceExtensions.swift
[39/94] Compiling ArgumentParser StringExtensions.swift
[40/94] Compiling ArgumentParser SwiftExtensions.swift
[41/94] Compiling ArgumentParser Tree.swift
[42/94] Compiling ArgumentParser AsyncCompletionsValidator.swift
[43/94] Compiling ArgumentParser CodingKeyValidator.swift
[44/94] Compiling ArgumentParser NonsenseFlagsValidator.swift
[45/94] Compiling ArgumentParser ParsableArgumentsValidation.swift
[46/94] Compiling ArgumentParser PositionalArgumentsValidator.swift
[47/94] Compiling ArgumentParser UniqueNamesValidator.swift
[48/94] Compiling ArgumentParser ArgumentVisibility.swift
[49/94] Compiling ArgumentParser CompletionKind.swift
[50/94] Compiling ArgumentParser Errors.swift
[51/94] Compiling ArgumentParser Flag.swift
[52/94] Compiling ArgumentParser NameSpecification.swift
[53/94] Compiling ArgumentParser Option.swift
[54/94] Compiling ArgumentParser OptionGroup.swift
[55/94] Compiling FoundationModelsUtilities Skill.swift
/host/spi-builder-workspace/.build/checkouts/foundation-models-utilities/Sources/FoundationModelsUtilities/History/DropCompletedToolCalls.swift:12:15: error: no such module 'FoundationModels'
10 | //
11 | //===----------------------------------------------------------------------===//
12 | public import FoundationModels
| `- error: no such module 'FoundationModels'
13 |
14 | extension LanguageModelSession.DynamicProfile {
[56/94] Compiling FoundationModelsUtilities SkillActivations.swift
/host/spi-builder-workspace/.build/checkouts/foundation-models-utilities/Sources/FoundationModelsUtilities/History/DropCompletedToolCalls.swift:12:15: error: no such module 'FoundationModels'
10 | //
11 | //===----------------------------------------------------------------------===//
12 | public import FoundationModels
| `- error: no such module 'FoundationModels'
13 |
14 | extension LanguageModelSession.DynamicProfile {
[57/94] Compiling ArgumentParser Name.swift
[58/94] Compiling ArgumentParser Parsed.swift
[59/94] Compiling ArgumentParser ParsedValues.swift
[60/94] Compiling ArgumentParser ParserError.swift
[61/94] Compiling ArgumentParser SplitArguments.swift
[62/94] Compiling ArgumentParser DumpHelpGenerator.swift
error: emit-module command failed with exit code 1 (use -v to see invocation)
[63/94] Compiling ImageRecognition ImageConversion.swift
/host/spi-builder-workspace/Sources/ImageRecognition/ImageConversion.swift:1:8: error: no such module 'CoreGraphics'
1 | import CoreGraphics
| `- error: no such module 'CoreGraphics'
2 | import Foundation
3 |
[64/94] Compiling ImageRecognition NonMaximumSuppression.swift
/host/spi-builder-workspace/Sources/ImageRecognition/ImageConversion.swift:1:8: error: no such module 'CoreGraphics'
1 | import CoreGraphics
| `- error: no such module 'CoreGraphics'
2 | import Foundation
3 |
[65/94] Emitting module ImageRecognition
/host/spi-builder-workspace/Sources/ImageRecognition/ImageConversion.swift:1:8: error: no such module 'CoreGraphics'
1 | import CoreGraphics
| `- error: no such module 'CoreGraphics'
2 | import Foundation
3 |
BUILD FAILURE 6.3 wasm