Build Information
Failed to build SpeechKit, reference 2.0.1 (496c2f), with Swift 6.2 for tvOS using Xcode 26.3 on 22 Sep 2026 12:45:43 UTC.
Build Command
env DEVELOPER_DIR=/Applications/Xcode-26.3.0.app xcrun xcodebuild -IDEClonedSourcePackagesDirPathOverride=$PWD/.dependencies -skipMacroValidation -skipPackagePluginValidation -derivedDataPath $PWD/.derivedData build -scheme SpeechKit -destination generic/platform=tvOSBuild Log
========================================
RunAll
========================================
Builder version: 5.1.0
Interrupt handler set up.
========================================
Checkout
========================================
Clone URL: https://github.com/SENTINELITE/SpeechKit.git
Reference: 2.0.1
Initialized empty Git repository in /Users/admin/builder/spi-builder-workspace/.git/
From https://github.com/SENTINELITE/SpeechKit
* tag 2.0.1 -> FETCH_HEAD
HEAD is now at 496c2f2 Release SpeechKit 2.0.1
Cloned https://github.com/SENTINELITE/SpeechKit.git
Revision (git rev-parse @):
496c2f2391119270b2683844e6e8e9a7d27b13da
SPI manifest file found: $PWD/.spi.yml
SUCCESS checkout https://github.com/SENTINELITE/SpeechKit.git at 2.0.1
========================================
Build
========================================
Selected platform: tvOS
Swift version: 6.2
Building package at path: $PWD
https://github.com/SENTINELITE/SpeechKit.git
Command line invocation:
/Applications/Xcode-26.3.0.app/Contents/Developer/usr/bin/xcodebuild -IDEClonedSourcePackagesDirPathOverride=/Users/admin/builder/spi-builder-workspace/.dependencies -resolvePackageDependencies
Resolve Package Graph
Resolve Package Graph
Resolved source packages:
SpeechKit: /Users/admin/builder/spi-builder-workspace
resolved source packages: SpeechKit
2026-09-22 08:45:17.292 xcodebuild[537:3099] [MT] IDERunDestination: Supported platforms for the buildables in the current scheme is empty.
{
"dependencies" : [
],
"manifest_display_name" : "SpeechKit",
"name" : "SpeechKit",
"path" : "/Users/admin/builder/spi-builder-workspace",
"platforms" : [
{
"name" : "ios",
"version" : "18.0"
},
{
"name" : "macos",
"version" : "15.0"
},
{
"name" : "watchos",
"version" : "11.0"
},
{
"name" : "visionos",
"version" : "2.0"
}
],
"products" : [
{
"name" : "SpeechKit",
"targets" : [
"SpeechKit"
],
"type" : {
"library" : [
"automatic"
]
}
}
],
"targets" : [
{
"c99name" : "SpeechKitTests",
"module_type" : "SwiftTarget",
"name" : "SpeechKitTests",
"path" : "Tests/SpeechKitTests",
"sources" : [
"FileTranscriptionClientTests.swift",
"GeminiProviderTests.swift",
"GrokRealtimeServiceTests.swift",
"MetaProviderTests.swift",
"PublicAPISmokeTests.swift",
"SpeechCredentialTests.swift",
"SpeechServiceExtensionStorageTests.swift",
"SpeechServiceTests.swift"
],
"target_dependencies" : [
"SpeechKit"
],
"type" : "test"
},
{
"c99name" : "SpeechKit",
"module_type" : "SwiftTarget",
"name" : "SpeechKit",
"path" : "Sources/SpeechKit",
"product_memberships" : [
"SpeechKit"
],
"sources" : [
"Apple/AppleSpeechAudioCaptureManager.swift",
"Apple/AppleSpeechFileTranscriptionClient.swift",
"Apple/AppleSpeechModels.swift",
"Apple/AppleSpeechService.swift",
"Apple/AppleSpeechSupport.swift",
"Apple/SpeechService+Apple.swift",
"Aqua/AquaFileTranscriptionClient.swift",
"Cohere/CohereFileTranscriptionClient.swift",
"ElevenLabs/AudioCaptureManager.swift",
"ElevenLabs/ElevenLabsFileTranscriptionClient.swift",
"ElevenLabs/ElevenLabsMessages.swift",
"ElevenLabs/ElevenLabsService.swift",
"ElevenLabs/ElevenLabsWebSocket.swift",
"EnvironmentValues+SpeechKit.swift",
"FileTranscription/SpeechFileUploadSupport.swift",
"Gemini/GeminiFileTranscriptionClient.swift",
"Gemini/GeminiFilesClient.swift",
"Gemini/GeminiLiveMessages.swift",
"Gemini/GeminiLiveWebSocket.swift",
"Gemini/GeminiRealtimeService.swift",
"Grok/GrokFileTranscriptionClient.swift",
"Grok/GrokRealtimeMessages.swift",
"Grok/GrokRealtimeService.swift",
"Grok/GrokRealtimeWebSocket.swift",
"Meta/MetaFileTranscriptionClient.swift",
"Meta/MetaRealtimeMessages.swift",
"Meta/MetaRealtimeService.swift",
"Meta/MetaRealtimeWebSocket.swift",
"OpenAI/OpenAIFileTranscriptionClient.swift",
"OpenAI/OpenAIRealtimeMessages.swift",
"OpenAI/OpenAIRealtimeService.swift",
"OpenAI/OpenAIRealtimeWebSocket.swift",
"Realtime/SpeechRealtimeErrorRedaction.swift",
"Realtime/SpeechRealtimeTypes.swift",
"SpeechCredential.swift",
"SpeechError.swift",
"SpeechKit.swift",
"SpeechProviderConfiguration.swift",
"SpeechService+FileTranscription.swift",
"SpeechService+Realtime.swift",
"SpeechService.swift",
"SpeechServiceExtensionStorage.swift"
],
"type" : "library"
}
],
"tools_version" : "6.2"
}
{
"workspace" : {
"name" : "spi-builder-workspace",
"schemes" : [
"SpeechKit"
]
}
}
2026-09-22 08:45:35.432 xcodebuild[673:4190] [MT] IDERunDestination: Supported platforms for the buildables in the current scheme is empty.
Running build ...
env DEVELOPER_DIR=/Applications/Xcode-26.3.0.app xcrun xcodebuild -IDEClonedSourcePackagesDirPathOverride=$PWD/.dependencies -skipMacroValidation -skipPackagePluginValidation -derivedDataPath $PWD/.derivedData build -scheme SpeechKit -destination generic/platform=tvOS
Command line invocation:
/Applications/Xcode-26.3.0.app/Contents/Developer/usr/bin/xcodebuild -IDEClonedSourcePackagesDirPathOverride=/Users/admin/builder/spi-builder-workspace/.dependencies -skipMacroValidation -skipPackagePluginValidation -derivedDataPath /Users/admin/builder/spi-builder-workspace/.derivedData build -scheme SpeechKit -destination generic/platform=tvOS
Resolve Package Graph
Resolved source packages:
SpeechKit: /Users/admin/builder/spi-builder-workspace
ComputePackagePrebuildTargetDependencyGraph
Prepare packages
CreateBuildRequest
SendProjectDescription
CreateBuildOperation
ComputeTargetDependencyGraph
note: Building targets in dependency order
note: Target dependency graph (2 targets)
Target 'SpeechKit' in project 'SpeechKit'
➜ Explicit dependency on target 'SpeechKit' in project 'SpeechKit'
Target 'SpeechKit' in project 'SpeechKit' (no dependencies)
GatherProvisioningInputs
CreateBuildDescription
ExecuteExternalTool /Applications/Xcode-26.3.0.app/Contents/Developer/Toolchains/XcodeDefault.xctoolchain/usr/bin/clang -v -E -dM -isysroot /Applications/Xcode-26.3.0.app/Contents/Developer/Platforms/AppleTVOS.platform/Developer/SDKs/AppleTVOS26.2.sdk -x c -c /dev/null
ExecuteExternalTool /Applications/Xcode-26.3.0.app/Contents/Developer/Toolchains/XcodeDefault.xctoolchain/usr/bin/swiftc --version
ExecuteExternalTool /Applications/Xcode-26.3.0.app/Contents/Developer/Toolchains/XcodeDefault.xctoolchain/usr/bin/ld -version_details
ReadFileContents /Applications/Xcode-26.3.0.app/Contents/Developer/Toolchains/XcodeDefault.xctoolchain/usr/share/docc/features.json
Build description signature: dac9a5f67fee350758eaf03dd3d69275
Build description path: /Users/admin/builder/spi-builder-workspace/.derivedData/Build/Intermediates.noindex/XCBuildData/dac9a5f67fee350758eaf03dd3d69275.xcbuilddata
ClangStatCache /Applications/Xcode-26.3.0.app/Contents/Developer/Toolchains/XcodeDefault.xctoolchain/usr/bin/clang-stat-cache /Applications/Xcode-26.3.0.app/Contents/Developer/Platforms/AppleTVOS.platform/Developer/SDKs/AppleTVOS26.2.sdk /Users/admin/builder/spi-builder-workspace/.derivedData/SDKStatCaches.noindex/appletvos26.2-23K50-dc75598d0054f22ec865fa860f139d72c1feacec85df2e04b9fa10f95e757c08.sdkstatcache
cd /Users/admin/builder/spi-builder-workspace/.swiftpm/xcode
/Applications/Xcode-26.3.0.app/Contents/Developer/Toolchains/XcodeDefault.xctoolchain/usr/bin/clang-stat-cache /Applications/Xcode-26.3.0.app/Contents/Developer/Platforms/AppleTVOS.platform/Developer/SDKs/AppleTVOS26.2.sdk -o /Users/admin/builder/spi-builder-workspace/.derivedData/SDKStatCaches.noindex/appletvos26.2-23K50-dc75598d0054f22ec865fa860f139d72c1feacec85df2e04b9fa10f95e757c08.sdkstatcache
CreateBuildDirectory /Users/admin/builder/spi-builder-workspace/.derivedData/Build/Intermediates.noindex
cd /Users/admin/builder/spi-builder-workspace/.swiftpm/xcode
builtin-create-build-directory /Users/admin/builder/spi-builder-workspace/.derivedData/Build/Intermediates.noindex
CreateBuildDirectory /Users/admin/builder/spi-builder-workspace/.derivedData/Build/Products
cd /Users/admin/builder/spi-builder-workspace/.swiftpm/xcode
builtin-create-build-directory /Users/admin/builder/spi-builder-workspace/.derivedData/Build/Products
CreateBuildDirectory /Users/admin/builder/spi-builder-workspace/.derivedData/Build/Intermediates.noindex/ExplicitPrecompiledModules
cd /Users/admin/builder/spi-builder-workspace/.swiftpm/xcode
builtin-create-build-directory /Users/admin/builder/spi-builder-workspace/.derivedData/Build/Intermediates.noindex/ExplicitPrecompiledModules
CreateBuildDirectory /Users/admin/builder/spi-builder-workspace/.derivedData/Build/Intermediates.noindex/SwiftExplicitPrecompiledModules
cd /Users/admin/builder/spi-builder-workspace/.swiftpm/xcode
builtin-create-build-directory /Users/admin/builder/spi-builder-workspace/.derivedData/Build/Intermediates.noindex/SwiftExplicitPrecompiledModules
CreateBuildDirectory /Users/admin/builder/spi-builder-workspace/.derivedData/Build/Intermediates.noindex/EagerLinkingTBDs/Debug-appletvos
cd /Users/admin/builder/spi-builder-workspace/.swiftpm/xcode
builtin-create-build-directory /Users/admin/builder/spi-builder-workspace/.derivedData/Build/Intermediates.noindex/EagerLinkingTBDs/Debug-appletvos
CreateBuildDirectory /Users/admin/builder/spi-builder-workspace/.derivedData/Build/Products/Debug-appletvos
cd /Users/admin/builder/spi-builder-workspace/.swiftpm/xcode
builtin-create-build-directory /Users/admin/builder/spi-builder-workspace/.derivedData/Build/Products/Debug-appletvos
CreateBuildDirectory /Users/admin/builder/spi-builder-workspace/.derivedData/Build/Products/Debug-appletvos/PackageFrameworks
cd /Users/admin/builder/spi-builder-workspace/.swiftpm/xcode
builtin-create-build-directory /Users/admin/builder/spi-builder-workspace/.derivedData/Build/Products/Debug-appletvos/PackageFrameworks
WriteAuxiliaryFile /Users/admin/builder/spi-builder-workspace/.derivedData/Build/Intermediates.noindex/SpeechKit.build/Debug-appletvos/SpeechKit.build/SpeechKit.modulemap (in target 'SpeechKit' from project 'SpeechKit')
cd /Users/admin/builder/spi-builder-workspace
write-file /Users/admin/builder/spi-builder-workspace/.derivedData/Build/Intermediates.noindex/SpeechKit.build/Debug-appletvos/SpeechKit.build/SpeechKit.modulemap
WriteAuxiliaryFile /Users/admin/builder/spi-builder-workspace/.derivedData/Build/Intermediates.noindex/SpeechKit.build/Debug-appletvos/SpeechKit.build/SpeechKit.DependencyStaticMetadataFileList (in target 'SpeechKit' from project 'SpeechKit')
cd /Users/admin/builder/spi-builder-workspace
write-file /Users/admin/builder/spi-builder-workspace/.derivedData/Build/Intermediates.noindex/SpeechKit.build/Debug-appletvos/SpeechKit.build/SpeechKit.DependencyStaticMetadataFileList
WriteAuxiliaryFile /Users/admin/builder/spi-builder-workspace/.derivedData/Build/Intermediates.noindex/SpeechKit.build/Debug-appletvos/SpeechKit.build/SpeechKit.DependencyMetadataFileList (in target 'SpeechKit' from project 'SpeechKit')
cd /Users/admin/builder/spi-builder-workspace
write-file /Users/admin/builder/spi-builder-workspace/.derivedData/Build/Intermediates.noindex/SpeechKit.build/Debug-appletvos/SpeechKit.build/SpeechKit.DependencyMetadataFileList
WriteAuxiliaryFile /Users/admin/builder/spi-builder-workspace/.derivedData/Build/Intermediates.noindex/SpeechKit.build/Debug-appletvos/SpeechKit.build/Objects-normal/arm64/SpeechKit.LinkFileList (in target 'SpeechKit' from project 'SpeechKit')
cd /Users/admin/builder/spi-builder-workspace
write-file /Users/admin/builder/spi-builder-workspace/.derivedData/Build/Intermediates.noindex/SpeechKit.build/Debug-appletvos/SpeechKit.build/Objects-normal/arm64/SpeechKit.LinkFileList
WriteAuxiliaryFile /Users/admin/builder/spi-builder-workspace/.derivedData/Build/Intermediates.noindex/SpeechKit.build/Debug-appletvos/SpeechKit.build/Objects-normal/arm64/SpeechKit.SwiftConstValuesFileList (in target 'SpeechKit' from project 'SpeechKit')
cd /Users/admin/builder/spi-builder-workspace
write-file /Users/admin/builder/spi-builder-workspace/.derivedData/Build/Intermediates.noindex/SpeechKit.build/Debug-appletvos/SpeechKit.build/Objects-normal/arm64/SpeechKit.SwiftConstValuesFileList
WriteAuxiliaryFile /Users/admin/builder/spi-builder-workspace/.derivedData/Build/Intermediates.noindex/SpeechKit.build/Debug-appletvos/SpeechKit.build/Objects-normal/arm64/SpeechKit_const_extract_protocols.json (in target 'SpeechKit' from project 'SpeechKit')
cd /Users/admin/builder/spi-builder-workspace
write-file /Users/admin/builder/spi-builder-workspace/.derivedData/Build/Intermediates.noindex/SpeechKit.build/Debug-appletvos/SpeechKit.build/Objects-normal/arm64/SpeechKit_const_extract_protocols.json
WriteAuxiliaryFile /Users/admin/builder/spi-builder-workspace/.derivedData/Build/Intermediates.noindex/SpeechKit.build/Debug-appletvos/SpeechKit.build/Objects-normal/arm64/SpeechKit.SwiftFileList (in target 'SpeechKit' from project 'SpeechKit')
cd /Users/admin/builder/spi-builder-workspace
write-file /Users/admin/builder/spi-builder-workspace/.derivedData/Build/Intermediates.noindex/SpeechKit.build/Debug-appletvos/SpeechKit.build/Objects-normal/arm64/SpeechKit.SwiftFileList
WriteAuxiliaryFile /Users/admin/builder/spi-builder-workspace/.derivedData/Build/Intermediates.noindex/SpeechKit.build/Debug-appletvos/SpeechKit.build/Objects-normal/arm64/SpeechKit-OutputFileMap.json (in target 'SpeechKit' from project 'SpeechKit')
cd /Users/admin/builder/spi-builder-workspace
write-file /Users/admin/builder/spi-builder-workspace/.derivedData/Build/Intermediates.noindex/SpeechKit.build/Debug-appletvos/SpeechKit.build/Objects-normal/arm64/SpeechKit-OutputFileMap.json
Copy /Users/admin/builder/spi-builder-workspace/.derivedData/Build/Intermediates.noindex/GeneratedModuleMaps-appletvos/SpeechKit.modulemap /Users/admin/builder/spi-builder-workspace/.derivedData/Build/Intermediates.noindex/SpeechKit.build/Debug-appletvos/SpeechKit.build/SpeechKit.modulemap (in target 'SpeechKit' from project 'SpeechKit')
cd /Users/admin/builder/spi-builder-workspace
builtin-copy -exclude .DS_Store -exclude CVS -exclude .svn -exclude .git -exclude .hg -resolve-src-symlinks /Users/admin/builder/spi-builder-workspace/.derivedData/Build/Intermediates.noindex/SpeechKit.build/Debug-appletvos/SpeechKit.build/SpeechKit.modulemap /Users/admin/builder/spi-builder-workspace/.derivedData/Build/Intermediates.noindex/GeneratedModuleMaps-appletvos
SwiftDriver SpeechKit normal arm64 com.apple.xcode.tools.swift.compiler (in target 'SpeechKit' from project 'SpeechKit')
cd /Users/admin/builder/spi-builder-workspace/.swiftpm/xcode
builtin-SwiftDriver -- /Applications/Xcode-26.3.0.app/Contents/Developer/Toolchains/XcodeDefault.xctoolchain/usr/bin/swiftc -module-name SpeechKit -Onone -enforce-exclusivity\=checked @/Users/admin/builder/spi-builder-workspace/.derivedData/Build/Intermediates.noindex/SpeechKit.build/Debug-appletvos/SpeechKit.build/Objects-normal/arm64/SpeechKit.SwiftFileList -DSWIFT_PACKAGE -DDEBUG -DSWIFT_MODULE_RESOURCE_BUNDLE_UNAVAILABLE -DXcode -plugin-path /Applications/Xcode-26.3.0.app/Contents/Developer/Toolchains/XcodeDefault.xctoolchain/usr/lib/swift/host/plugins/testing -enable-experimental-feature DebugDescriptionMacro -sdk /Applications/Xcode-26.3.0.app/Contents/Developer/Platforms/AppleTVOS.platform/Developer/SDKs/AppleTVOS26.2.sdk -target arm64-apple-tvos18.0 -g -module-cache-path /Users/admin/builder/spi-builder-workspace/.derivedData/ModuleCache.noindex -Xfrontend -serialize-debugging-options -profile-coverage-mapping -profile-generate -enable-testing -index-store-path /Users/admin/builder/spi-builder-workspace/.derivedData/Index.noindex/DataStore -Xcc -D_LIBCPP_HARDENING_MODE\=_LIBCPP_HARDENING_MODE_DEBUG -swift-version 6 -I /Users/admin/builder/spi-builder-workspace/.derivedData/Build/Products/Debug-appletvos -Isystem /Applications/Xcode-26.3.0.app/Contents/Developer/Platforms/AppleTVOS.platform/Developer/usr/lib -F /Users/admin/builder/spi-builder-workspace/.derivedData/Build/Products/Debug-appletvos -F /Applications/Xcode-26.3.0.app/Contents/Developer/Platforms/AppleTVOS.platform/Developer/Library/Frameworks -F /Applications/Xcode-26.3.0.app/Contents/Developer/Platforms/AppleTVOS.platform/Developer/SDKs/AppleTVOS26.2.sdk/Developer/Library/Frameworks -c -j10 -enable-batch-mode -incremental -Xcc -ivfsstatcache -Xcc /Users/admin/builder/spi-builder-workspace/.derivedData/SDKStatCaches.noindex/appletvos26.2-23K50-dc75598d0054f22ec865fa860f139d72c1feacec85df2e04b9fa10f95e757c08.sdkstatcache -output-file-map /Users/admin/builder/spi-builder-workspace/.derivedData/Build/Intermediates.noindex/SpeechKit.build/Debug-appletvos/SpeechKit.build/Objects-normal/arm64/SpeechKit-OutputFileMap.json -use-frontend-parseable-output -save-temps -no-color-diagnostics -explicit-module-build -module-cache-path /Users/admin/builder/spi-builder-workspace/.derivedData/Build/Intermediates.noindex/SwiftExplicitPrecompiledModules -clang-scanner-module-cache-path /Users/admin/builder/spi-builder-workspace/.derivedData/ModuleCache.noindex -sdk-module-cache-path /Users/admin/builder/spi-builder-workspace/.derivedData/ModuleCache.noindex -serialize-diagnostics -emit-dependencies -emit-module -emit-module-path /Users/admin/builder/spi-builder-workspace/.derivedData/Build/Intermediates.noindex/SpeechKit.build/Debug-appletvos/SpeechKit.build/Objects-normal/arm64/SpeechKit.swiftmodule -validate-clang-modules-once -clang-build-session-file /Users/admin/builder/spi-builder-workspace/.derivedData/ModuleCache.noindex/Session.modulevalidation -package-name spi_builder_workspace -Xcc -I/Users/admin/builder/spi-builder-workspace/.derivedData/Build/Intermediates.noindex/SpeechKit.build/Debug-appletvos/SpeechKit.build/swift-overrides.hmap -emit-const-values -Xfrontend -const-gather-protocols-file -Xfrontend /Users/admin/builder/spi-builder-workspace/.derivedData/Build/Intermediates.noindex/SpeechKit.build/Debug-appletvos/SpeechKit.build/Objects-normal/arm64/SpeechKit_const_extract_protocols.json -Xcc -I/Users/admin/builder/spi-builder-workspace/.derivedData/Build/Products/Debug-appletvos/include -Xcc -I/Users/admin/builder/spi-builder-workspace/.derivedData/Build/Intermediates.noindex/SpeechKit.build/Debug-appletvos/SpeechKit.build/DerivedSources-normal/arm64 -Xcc -I/Users/admin/builder/spi-builder-workspace/.derivedData/Build/Intermediates.noindex/SpeechKit.build/Debug-appletvos/SpeechKit.build/DerivedSources/arm64 -Xcc -I/Users/admin/builder/spi-builder-workspace/.derivedData/Build/Intermediates.noindex/SpeechKit.build/Debug-appletvos/SpeechKit.build/DerivedSources -Xcc -DSWIFT_PACKAGE -Xcc -DDEBUG\=1 -emit-objc-header -emit-objc-header-path /Users/admin/builder/spi-builder-workspace/.derivedData/Build/Intermediates.noindex/SpeechKit.build/Debug-appletvos/SpeechKit.build/Objects-normal/arm64/SpeechKit-Swift.h -working-directory /Users/admin/builder/spi-builder-workspace/.swiftpm/xcode -experimental-emit-module-separately -disable-cmo
/Users/admin/builder/spi-builder-workspace/Sources/SpeechKit/Apple/AppleSpeechAudioCaptureManager.swift:5:8: error: Unable to find module dependency: 'Speech'
import Speech
^ (in target 'SpeechKit' from project 'SpeechKit')
/Users/admin/builder/spi-builder-workspace/Sources/SpeechKit/Apple/AppleSpeechAudioCaptureManager.swift:5:8: note: A dependency of main module 'SpeechKit'
import Speech
^ (in target 'SpeechKit' from project 'SpeechKit')
/Users/admin/builder/spi-builder-workspace/Sources/SpeechKit/Apple/AppleSpeechFileTranscriptionClient.swift:5:8: note: Also imported here
import Speech
^ (in target 'SpeechKit' from project 'SpeechKit')
/Users/admin/builder/spi-builder-workspace/Sources/SpeechKit/Apple/AppleSpeechService.swift:5:8: note: Also imported here
import Speech
^ (in target 'SpeechKit' from project 'SpeechKit')
/Users/admin/builder/spi-builder-workspace/Sources/SpeechKit/Apple/AppleSpeechSupport.swift:6:8: note: Also imported here
import Speech
^ (in target 'SpeechKit' from project 'SpeechKit')
2026-09-22 08:45:36.880 xcodebuild[675:4237] [MT] IDERunDestination: Supported platforms for the buildables in the current scheme is empty.
/Users/admin/builder/spi-builder-workspace/Sources/SpeechKit/Apple/AppleSpeechAudioCaptureManager.swift:5:8: error: Unable to find module dependency: 'Speech'
import Speech
^
/Users/admin/builder/spi-builder-workspace/Sources/SpeechKit/Apple/AppleSpeechAudioCaptureManager.swift:5:8: note: a dependency of main module 'SpeechKit'
import Speech
^
/Users/admin/builder/spi-builder-workspace/Sources/SpeechKit/Apple/AppleSpeechFileTranscriptionClient.swift:5:8: note: also imported here
import Speech
^
/Users/admin/builder/spi-builder-workspace/Sources/SpeechKit/Apple/AppleSpeechService.swift:5:8: note: also imported here
import Speech
^
/Users/admin/builder/spi-builder-workspace/Sources/SpeechKit/Apple/AppleSpeechSupport.swift:6:8: note: also imported here
import Speech
^
** BUILD FAILED **
The following build commands failed:
SwiftDriver SpeechKit normal arm64 com.apple.xcode.tools.swift.compiler (in target 'SpeechKit' from project 'SpeechKit')
Building workspace spi-builder-workspace with scheme SpeechKit
(2 failures)
Command line invocation:
/Applications/Xcode-26.3.0.app/Contents/Developer/usr/bin/xcodebuild -IDEClonedSourcePackagesDirPathOverride=/Users/admin/builder/spi-builder-workspace/.dependencies -resolvePackageDependencies
Resolve Package Graph
Resolved source packages:
SpeechKit: /Users/admin/builder/spi-builder-workspace
resolved source packages: SpeechKit
2026-09-22 08:45:41.233 xcodebuild[691:4438] [MT] IDERunDestination: Supported platforms for the buildables in the current scheme is empty.
{
"dependencies" : [
],
"manifest_display_name" : "SpeechKit",
"name" : "SpeechKit",
"path" : "/Users/admin/builder/spi-builder-workspace",
"platforms" : [
{
"name" : "ios",
"version" : "18.0"
},
{
"name" : "macos",
"version" : "15.0"
},
{
"name" : "watchos",
"version" : "11.0"
},
{
"name" : "visionos",
"version" : "2.0"
}
],
"products" : [
{
"name" : "SpeechKit",
"targets" : [
"SpeechKit"
],
"type" : {
"library" : [
"automatic"
]
}
}
],
"targets" : [
{
"c99name" : "SpeechKitTests",
"module_type" : "SwiftTarget",
"name" : "SpeechKitTests",
"path" : "Tests/SpeechKitTests",
"sources" : [
"FileTranscriptionClientTests.swift",
"GeminiProviderTests.swift",
"GrokRealtimeServiceTests.swift",
"MetaProviderTests.swift",
"PublicAPISmokeTests.swift",
"SpeechCredentialTests.swift",
"SpeechServiceExtensionStorageTests.swift",
"SpeechServiceTests.swift"
],
"target_dependencies" : [
"SpeechKit"
],
"type" : "test"
},
{
"c99name" : "SpeechKit",
"module_type" : "SwiftTarget",
"name" : "SpeechKit",
"path" : "Sources/SpeechKit",
"product_memberships" : [
"SpeechKit"
],
"sources" : [
"Apple/AppleSpeechAudioCaptureManager.swift",
"Apple/AppleSpeechFileTranscriptionClient.swift",
"Apple/AppleSpeechModels.swift",
"Apple/AppleSpeechService.swift",
"Apple/AppleSpeechSupport.swift",
"Apple/SpeechService+Apple.swift",
"Aqua/AquaFileTranscriptionClient.swift",
"Cohere/CohereFileTranscriptionClient.swift",
"ElevenLabs/AudioCaptureManager.swift",
"ElevenLabs/ElevenLabsFileTranscriptionClient.swift",
"ElevenLabs/ElevenLabsMessages.swift",
"ElevenLabs/ElevenLabsService.swift",
"ElevenLabs/ElevenLabsWebSocket.swift",
"EnvironmentValues+SpeechKit.swift",
"FileTranscription/SpeechFileUploadSupport.swift",
"Gemini/GeminiFileTranscriptionClient.swift",
"Gemini/GeminiFilesClient.swift",
"Gemini/GeminiLiveMessages.swift",
"Gemini/GeminiLiveWebSocket.swift",
"Gemini/GeminiRealtimeService.swift",
"Grok/GrokFileTranscriptionClient.swift",
"Grok/GrokRealtimeMessages.swift",
"Grok/GrokRealtimeService.swift",
"Grok/GrokRealtimeWebSocket.swift",
"Meta/MetaFileTranscriptionClient.swift",
"Meta/MetaRealtimeMessages.swift",
"Meta/MetaRealtimeService.swift",
"Meta/MetaRealtimeWebSocket.swift",
"OpenAI/OpenAIFileTranscriptionClient.swift",
"OpenAI/OpenAIRealtimeMessages.swift",
"OpenAI/OpenAIRealtimeService.swift",
"OpenAI/OpenAIRealtimeWebSocket.swift",
"Realtime/SpeechRealtimeErrorRedaction.swift",
"Realtime/SpeechRealtimeTypes.swift",
"SpeechCredential.swift",
"SpeechError.swift",
"SpeechKit.swift",
"SpeechProviderConfiguration.swift",
"SpeechService+FileTranscription.swift",
"SpeechService+Realtime.swift",
"SpeechService.swift",
"SpeechServiceExtensionStorage.swift"
],
"type" : "library"
}
],
"tools_version" : "6.2"
}
{
"workspace" : {
"name" : "spi-builder-workspace",
"schemes" : [
"SpeechKit"
]
}
}
2026-09-22 08:45:42.299 xcodebuild[699:4500] [MT] IDERunDestination: Supported platforms for the buildables in the current scheme is empty.
Running build ...
env DEVELOPER_DIR=/Applications/Xcode-26.3.0.app xcrun xcodebuild -IDEClonedSourcePackagesDirPathOverride=$PWD/.dependencies -skipMacroValidation -skipPackagePluginValidation -derivedDataPath $PWD/.derivedData build -scheme SpeechKit -destination generic/platform=tvOS
Command line invocation:
/Applications/Xcode-26.3.0.app/Contents/Developer/usr/bin/xcodebuild -IDEClonedSourcePackagesDirPathOverride=/Users/admin/builder/spi-builder-workspace/.dependencies -skipMacroValidation -skipPackagePluginValidation -derivedDataPath /Users/admin/builder/spi-builder-workspace/.derivedData build -scheme SpeechKit -destination generic/platform=tvOS
Resolve Package Graph
Resolved source packages:
SpeechKit: /Users/admin/builder/spi-builder-workspace
ComputePackagePrebuildTargetDependencyGraph
Prepare packages
CreateBuildRequest
SendProjectDescription
CreateBuildOperation
ComputeTargetDependencyGraph
note: Building targets in dependency order
note: Target dependency graph (2 targets)
Target 'SpeechKit' in project 'SpeechKit'
➜ Explicit dependency on target 'SpeechKit' in project 'SpeechKit'
Target 'SpeechKit' in project 'SpeechKit' (no dependencies)
GatherProvisioningInputs
CreateBuildDescription
ClangStatCache /Applications/Xcode-26.3.0.app/Contents/Developer/Toolchains/XcodeDefault.xctoolchain/usr/bin/clang-stat-cache /Applications/Xcode-26.3.0.app/Contents/Developer/Platforms/AppleTVOS.platform/Developer/SDKs/AppleTVOS26.2.sdk /Users/admin/builder/spi-builder-workspace/.derivedData/SDKStatCaches.noindex/appletvos26.2-23K50-dc75598d0054f22ec865fa860f139d72c1feacec85df2e04b9fa10f95e757c08.sdkstatcache
cd /Users/admin/builder/spi-builder-workspace/.swiftpm/xcode
/Applications/Xcode-26.3.0.app/Contents/Developer/Toolchains/XcodeDefault.xctoolchain/usr/bin/clang-stat-cache /Applications/Xcode-26.3.0.app/Contents/Developer/Platforms/AppleTVOS.platform/Developer/SDKs/AppleTVOS26.2.sdk -o /Users/admin/builder/spi-builder-workspace/.derivedData/SDKStatCaches.noindex/appletvos26.2-23K50-dc75598d0054f22ec865fa860f139d72c1feacec85df2e04b9fa10f95e757c08.sdkstatcache
SwiftDriver SpeechKit normal arm64 com.apple.xcode.tools.swift.compiler (in target 'SpeechKit' from project 'SpeechKit')
cd /Users/admin/builder/spi-builder-workspace/.swiftpm/xcode
builtin-SwiftDriver -- /Applications/Xcode-26.3.0.app/Contents/Developer/Toolchains/XcodeDefault.xctoolchain/usr/bin/swiftc -module-name SpeechKit -Onone -enforce-exclusivity\=checked @/Users/admin/builder/spi-builder-workspace/.derivedData/Build/Intermediates.noindex/SpeechKit.build/Debug-appletvos/SpeechKit.build/Objects-normal/arm64/SpeechKit.SwiftFileList -DSWIFT_PACKAGE -DDEBUG -DSWIFT_MODULE_RESOURCE_BUNDLE_UNAVAILABLE -DXcode -plugin-path /Applications/Xcode-26.3.0.app/Contents/Developer/Toolchains/XcodeDefault.xctoolchain/usr/lib/swift/host/plugins/testing -enable-experimental-feature DebugDescriptionMacro -sdk /Applications/Xcode-26.3.0.app/Contents/Developer/Platforms/AppleTVOS.platform/Developer/SDKs/AppleTVOS26.2.sdk -target arm64-apple-tvos18.0 -g -module-cache-path /Users/admin/builder/spi-builder-workspace/.derivedData/ModuleCache.noindex -Xfrontend -serialize-debugging-options -profile-coverage-mapping -profile-generate -enable-testing -index-store-path /Users/admin/builder/spi-builder-workspace/.derivedData/Index.noindex/DataStore -Xcc -D_LIBCPP_HARDENING_MODE\=_LIBCPP_HARDENING_MODE_DEBUG -swift-version 6 -I /Users/admin/builder/spi-builder-workspace/.derivedData/Build/Products/Debug-appletvos -Isystem /Applications/Xcode-26.3.0.app/Contents/Developer/Platforms/AppleTVOS.platform/Developer/usr/lib -F /Users/admin/builder/spi-builder-workspace/.derivedData/Build/Products/Debug-appletvos -F /Applications/Xcode-26.3.0.app/Contents/Developer/Platforms/AppleTVOS.platform/Developer/Library/Frameworks -F /Applications/Xcode-26.3.0.app/Contents/Developer/Platforms/AppleTVOS.platform/Developer/SDKs/AppleTVOS26.2.sdk/Developer/Library/Frameworks -c -j10 -enable-batch-mode -incremental -Xcc -ivfsstatcache -Xcc /Users/admin/builder/spi-builder-workspace/.derivedData/SDKStatCaches.noindex/appletvos26.2-23K50-dc75598d0054f22ec865fa860f139d72c1feacec85df2e04b9fa10f95e757c08.sdkstatcache -output-file-map /Users/admin/builder/spi-builder-workspace/.derivedData/Build/Intermediates.noindex/SpeechKit.build/Debug-appletvos/SpeechKit.build/Objects-normal/arm64/SpeechKit-OutputFileMap.json -use-frontend-parseable-output -save-temps -no-color-diagnostics -explicit-module-build -module-cache-path /Users/admin/builder/spi-builder-workspace/.derivedData/Build/Intermediates.noindex/SwiftExplicitPrecompiledModules -clang-scanner-module-cache-path /Users/admin/builder/spi-builder-workspace/.derivedData/ModuleCache.noindex -sdk-module-cache-path /Users/admin/builder/spi-builder-workspace/.derivedData/ModuleCache.noindex -serialize-diagnostics -emit-dependencies -emit-module -emit-module-path /Users/admin/builder/spi-builder-workspace/.derivedData/Build/Intermediates.noindex/SpeechKit.build/Debug-appletvos/SpeechKit.build/Objects-normal/arm64/SpeechKit.swiftmodule -validate-clang-modules-once -clang-build-session-file /Users/admin/builder/spi-builder-workspace/.derivedData/ModuleCache.noindex/Session.modulevalidation -package-name spi_builder_workspace -Xcc -I/Users/admin/builder/spi-builder-workspace/.derivedData/Build/Intermediates.noindex/SpeechKit.build/Debug-appletvos/SpeechKit.build/swift-overrides.hmap -emit-const-values -Xfrontend -const-gather-protocols-file -Xfrontend /Users/admin/builder/spi-builder-workspace/.derivedData/Build/Intermediates.noindex/SpeechKit.build/Debug-appletvos/SpeechKit.build/Objects-normal/arm64/SpeechKit_const_extract_protocols.json -Xcc -I/Users/admin/builder/spi-builder-workspace/.derivedData/Build/Products/Debug-appletvos/include -Xcc -I/Users/admin/builder/spi-builder-workspace/.derivedData/Build/Intermediates.noindex/SpeechKit.build/Debug-appletvos/SpeechKit.build/DerivedSources-normal/arm64 -Xcc -I/Users/admin/builder/spi-builder-workspace/.derivedData/Build/Intermediates.noindex/SpeechKit.build/Debug-appletvos/SpeechKit.build/DerivedSources/arm64 -Xcc -I/Users/admin/builder/spi-builder-workspace/.derivedData/Build/Intermediates.noindex/SpeechKit.build/Debug-appletvos/SpeechKit.build/DerivedSources -Xcc -DSWIFT_PACKAGE -Xcc -DDEBUG\=1 -emit-objc-header -emit-objc-header-path /Users/admin/builder/spi-builder-workspace/.derivedData/Build/Intermediates.noindex/SpeechKit.build/Debug-appletvos/SpeechKit.build/Objects-normal/arm64/SpeechKit-Swift.h -working-directory /Users/admin/builder/spi-builder-workspace/.swiftpm/xcode -experimental-emit-module-separately -disable-cmo
/Users/admin/builder/spi-builder-workspace/Sources/SpeechKit/Apple/AppleSpeechAudioCaptureManager.swift:5:8: error: Unable to find module dependency: 'Speech'
import Speech
^ (in target 'SpeechKit' from project 'SpeechKit')
/Users/admin/builder/spi-builder-workspace/Sources/SpeechKit/Apple/AppleSpeechAudioCaptureManager.swift:5:8: note: A dependency of main module 'SpeechKit'
import Speech
^ (in target 'SpeechKit' from project 'SpeechKit')
/Users/admin/builder/spi-builder-workspace/Sources/SpeechKit/Apple/AppleSpeechFileTranscriptionClient.swift:5:8: note: Also imported here
import Speech
^ (in target 'SpeechKit' from project 'SpeechKit')
/Users/admin/builder/spi-builder-workspace/Sources/SpeechKit/Apple/AppleSpeechService.swift:5:8: note: Also imported here
import Speech
^ (in target 'SpeechKit' from project 'SpeechKit')
/Users/admin/builder/spi-builder-workspace/Sources/SpeechKit/Apple/AppleSpeechSupport.swift:6:8: note: Also imported here
import Speech
^ (in target 'SpeechKit' from project 'SpeechKit')
2026-09-22 08:45:43.152 xcodebuild[701:4530] [MT] IDERunDestination: Supported platforms for the buildables in the current scheme is empty.
/Users/admin/builder/spi-builder-workspace/Sources/SpeechKit/Apple/AppleSpeechAudioCaptureManager.swift:5:8: error: Unable to find module dependency: 'Speech'
import Speech
^
/Users/admin/builder/spi-builder-workspace/Sources/SpeechKit/Apple/AppleSpeechAudioCaptureManager.swift:5:8: note: a dependency of main module 'SpeechKit'
import Speech
^
/Users/admin/builder/spi-builder-workspace/Sources/SpeechKit/Apple/AppleSpeechFileTranscriptionClient.swift:5:8: note: also imported here
import Speech
^
/Users/admin/builder/spi-builder-workspace/Sources/SpeechKit/Apple/AppleSpeechService.swift:5:8: note: also imported here
import Speech
^
/Users/admin/builder/spi-builder-workspace/Sources/SpeechKit/Apple/AppleSpeechSupport.swift:6:8: note: also imported here
import Speech
^
** BUILD FAILED **
The following build commands failed:
SwiftDriver SpeechKit normal arm64 com.apple.xcode.tools.swift.compiler (in target 'SpeechKit' from project 'SpeechKit')
Building workspace spi-builder-workspace with scheme SpeechKit
(2 failures)
BUILD FAILURE 6.2 tvOS