Build Information
Failed to build Fakery, reference master (8d0eaf), with Swift 6.4 for macOS (Xcode) using Xcode 27.0 on 20 Sep 2026 01:31:27 UTC.
Build Command
env DEVELOPER_DIR=/Applications/Xcode-27.0.0-Release.Candidate.app xcrun xcodebuild -IDEClonedSourcePackagesDirPathOverride=$PWD/.dependencies -skipMacroValidation -skipPackagePluginValidation -derivedDataPath $PWD/.derivedData build -scheme Fakery-Package -destination platform=macOS,arch=arm64Build Log
========================================
RunAll
========================================
Builder version: 5.1.0
Interrupt handler set up.
========================================
Checkout
========================================
Clone URL: https://github.com/Appsaurus/Fakery.git
Reference: master
Initialized empty Git repository in /Users/admin/builder/spi-builder-workspace/.git/
From https://github.com/Appsaurus/Fakery
* branch master -> FETCH_HEAD
* [new branch] master -> origin/master
HEAD is now at 8d0eafc bump 3.4.4
Cloned https://github.com/Appsaurus/Fakery.git
Revision (git rev-parse @):
8d0eafcda7dfd3152a2d86c6c458534428ed3987
SUCCESS checkout https://github.com/Appsaurus/Fakery.git at master
========================================
Build
========================================
Selected platform: macosXcodebuild
Swift version: 6.4
Building package at path: $PWD
https://github.com/Appsaurus/Fakery.git
Command line invocation:
/Applications/Xcode-27.0.0-Release.Candidate.app/Contents/Developer/usr/bin/xcodebuild -IDEClonedSourcePackagesDirPathOverride=/Users/admin/builder/spi-builder-workspace/.dependencies -resolvePackageDependencies
resolved source packages:
{
"dependencies" : [
{
"identity" : "swifttestutils",
"requirement" : {
"range" : [
{
"lower_bound" : "1.0.0",
"upper_bound" : "2.0.0"
}
]
},
"type" : "sourceControl",
"url" : "https://github.com/Appsaurus/SwiftTestUtils"
}
],
"manifest_display_name" : "Fakery",
"name" : "Fakery",
"path" : "/Users/admin/builder/spi-builder-workspace",
"platforms" : [
],
"products" : [
{
"name" : "Fakery",
"targets" : [
"Fakery"
],
"type" : {
"library" : [
"automatic"
]
}
}
],
"targets" : [
{
"c99name" : "FakeryTests",
"module_type" : "SwiftTarget",
"name" : "FakeryTests",
"path" : "Tests/FakeryTests",
"product_dependencies" : [
"SwiftTestUtils"
],
"sources" : [
"LinuxRandomTests.swift"
],
"target_dependencies" : [
"Fakery"
],
"type" : "test"
},
{
"c99name" : "Fakery",
"module_type" : "SwiftTarget",
"name" : "Fakery",
"path" : "Sources/Fakery",
"product_memberships" : [
"Fakery"
],
"sources" : [
"Config.swift",
"Data/Parser.swift",
"Data/Provider.swift",
"Extensions/ArrayExtension.swift",
"Faker.swift",
"Generators/Address.swift",
"Generators/App.swift",
"Generators/Bank.swift",
"Generators/Business.swift",
"Generators/Commerce.swift",
"Generators/Company.swift",
"Generators/Date.swift",
"Generators/Generator.swift",
"Generators/Internet.swift",
"Generators/Lorem.swift",
"Generators/Name.swift",
"Generators/Number.swift",
"Generators/PhoneNumber.swift",
"Generators/Team.swift",
"LinuxRandom.swift",
"Locales/en.swift"
],
"type" : "library"
}
],
"tools_version" : "4.0"
}
{
"project" : {
"configurations" : [
"Debug",
"Release"
],
"name" : "Fakery",
"schemes" : [
"Fakery-Package"
],
"targets" : [
"Fakery",
"FakeryPackageDescription",
"FakeryPackageTests",
"FakeryTests",
"SwiftTestUtils",
"SwiftTestUtilsPackageDescription"
]
}
}
Running build ...
env DEVELOPER_DIR=/Applications/Xcode-27.0.0-Release.Candidate.app xcrun xcodebuild -IDEClonedSourcePackagesDirPathOverride=$PWD/.dependencies -skipMacroValidation -skipPackagePluginValidation -derivedDataPath $PWD/.derivedData build -scheme Fakery-Package -destination platform=macOS,arch=arm64
Command line invocation:
/Applications/Xcode-27.0.0-Release.Candidate.app/Contents/Developer/usr/bin/xcodebuild -IDEClonedSourcePackagesDirPathOverride=/Users/admin/builder/spi-builder-workspace/.dependencies -skipMacroValidation -skipPackagePluginValidation -derivedDataPath /Users/admin/builder/spi-builder-workspace/.derivedData build -scheme Fakery-Package -destination platform=macOS,arch=arm64
ComputePackagePrebuildTargetDependencyGraph
Prepare packages
CreateBuildRequest
SendProjectDescription
CreateBuildOperation
ComputeTargetDependencyGraph
note: Building targets in dependency order
note: Target dependency graph (1 target)
Target 'Fakery' in project 'Fakery' (no dependencies)
GatherProvisioningInputs
CreateBuildDescription
ExecuteExternalTool /Applications/Xcode-27.0.0-Release.Candidate.app/Contents/Developer/Toolchains/XcodeDefault.xctoolchain/usr/bin/clang -v -E -dM -isysroot /Applications/Xcode-27.0.0-Release.Candidate.app/Contents/Developer/Platforms/MacOSX.platform/Developer/SDKs/MacOSX27.0.sdk -x c -c /dev/null
ExecuteExternalTool /Applications/Xcode-27.0.0-Release.Candidate.app/Contents/Developer/Toolchains/XcodeDefault.xctoolchain/usr/bin/swiftc --version
ExecuteExternalTool /Applications/Xcode-27.0.0-Release.Candidate.app/Contents/Developer/Toolchains/XcodeDefault.xctoolchain/usr/bin/ld -version_details
Build description signature: 7a0089180c77ae07a05b75c16b4dafee
Build description path: /Users/admin/builder/spi-builder-workspace/.derivedData/Build/Intermediates.noindex/XCBuildData/7a0089180c77ae07a05b75c16b4dafee.xcbuilddata
/Users/admin/builder/spi-builder-workspace/Fakery.xcodeproj: error: The macOS deployment target 'MACOSX_DEPLOYMENT_TARGET' is set to 10.10, but the range of supported deployment target versions is 12.0 to 27.0.x. (in target 'Fakery' from project 'Fakery')
** BUILD FAILED **
The following build commands failed:
Building project Fakery with scheme Fakery-Package
(1 failure)
Command line invocation:
/Applications/Xcode-27.0.0-Release.Candidate.app/Contents/Developer/usr/bin/xcodebuild -IDEClonedSourcePackagesDirPathOverride=/Users/admin/builder/spi-builder-workspace/.dependencies -resolvePackageDependencies
resolved source packages:
{
"dependencies" : [
{
"identity" : "swifttestutils",
"requirement" : {
"range" : [
{
"lower_bound" : "1.0.0",
"upper_bound" : "2.0.0"
}
]
},
"type" : "sourceControl",
"url" : "https://github.com/Appsaurus/SwiftTestUtils"
}
],
"manifest_display_name" : "Fakery",
"name" : "Fakery",
"path" : "/Users/admin/builder/spi-builder-workspace",
"platforms" : [
],
"products" : [
{
"name" : "Fakery",
"targets" : [
"Fakery"
],
"type" : {
"library" : [
"automatic"
]
}
}
],
"targets" : [
{
"c99name" : "FakeryTests",
"module_type" : "SwiftTarget",
"name" : "FakeryTests",
"path" : "Tests/FakeryTests",
"product_dependencies" : [
"SwiftTestUtils"
],
"sources" : [
"LinuxRandomTests.swift"
],
"target_dependencies" : [
"Fakery"
],
"type" : "test"
},
{
"c99name" : "Fakery",
"module_type" : "SwiftTarget",
"name" : "Fakery",
"path" : "Sources/Fakery",
"product_memberships" : [
"Fakery"
],
"sources" : [
"Config.swift",
"Data/Parser.swift",
"Data/Provider.swift",
"Extensions/ArrayExtension.swift",
"Faker.swift",
"Generators/Address.swift",
"Generators/App.swift",
"Generators/Bank.swift",
"Generators/Business.swift",
"Generators/Commerce.swift",
"Generators/Company.swift",
"Generators/Date.swift",
"Generators/Generator.swift",
"Generators/Internet.swift",
"Generators/Lorem.swift",
"Generators/Name.swift",
"Generators/Number.swift",
"Generators/PhoneNumber.swift",
"Generators/Team.swift",
"LinuxRandom.swift",
"Locales/en.swift"
],
"type" : "library"
}
],
"tools_version" : "4.0"
}
{
"project" : {
"configurations" : [
"Debug",
"Release"
],
"name" : "Fakery",
"schemes" : [
"Fakery-Package"
],
"targets" : [
"Fakery",
"FakeryPackageDescription",
"FakeryPackageTests",
"FakeryTests",
"SwiftTestUtils",
"SwiftTestUtilsPackageDescription"
]
}
}
Running build ...
env DEVELOPER_DIR=/Applications/Xcode-27.0.0-Release.Candidate.app xcrun xcodebuild -IDEClonedSourcePackagesDirPathOverride=$PWD/.dependencies -skipMacroValidation -skipPackagePluginValidation -derivedDataPath $PWD/.derivedData build -scheme Fakery-Package -destination platform=macOS,arch=arm64
Command line invocation:
/Applications/Xcode-27.0.0-Release.Candidate.app/Contents/Developer/usr/bin/xcodebuild -IDEClonedSourcePackagesDirPathOverride=/Users/admin/builder/spi-builder-workspace/.dependencies -skipMacroValidation -skipPackagePluginValidation -derivedDataPath /Users/admin/builder/spi-builder-workspace/.derivedData build -scheme Fakery-Package -destination platform=macOS,arch=arm64
ComputePackagePrebuildTargetDependencyGraph
Prepare packages
CreateBuildRequest
SendProjectDescription
CreateBuildOperation
ComputeTargetDependencyGraph
note: Building targets in dependency order
note: Target dependency graph (1 target)
Target 'Fakery' in project 'Fakery' (no dependencies)
GatherProvisioningInputs
CreateBuildDescription
/Users/admin/builder/spi-builder-workspace/Fakery.xcodeproj: error: The macOS deployment target 'MACOSX_DEPLOYMENT_TARGET' is set to 10.10, but the range of supported deployment target versions is 12.0 to 27.0.x. (in target 'Fakery' from project 'Fakery')
** BUILD FAILED **
The following build commands failed:
Building project Fakery with scheme Fakery-Package
(1 failure)
BUILD FAILURE 6.4 macosXcodebuild