The Swift Package Index logo.Swift Package Index

Build Information

Failed to build SFSymbolsPicker, reference main (19e5e3), with Swift 6.1 for Wasm on 13 Jul 2026 09:43:32 UTC.

Build Command

bash -c docker run --pull=always --rm -v "checkouts-53886770-0":/host -w "$PWD" -e JAVA_HOME="/root/.sdkman/candidates/java/current" -e SPI_BUILD="1" -e SPI_PROCESSING="1" registry.gitlab.com/saguaro1/spi-images:wasm-6.1-latest swift build --swift-sdk wasm32-unknown-wasi 2>&1

Build Log

========================================
RunAll
========================================
Builder version: ee7f7f69ffe4e79de74a2a3c774eb39d565d38f4
Interrupt handler set up.
========================================
Checkout
========================================
Clone URL: https://github.com/alessiorubicini/SFSymbolsPickerForSwiftUI.git
Reference: main
Initialized empty Git repository in /host/spi-builder-workspace/.git/
hint: Using 'master' as the name for the initial branch. This default branch name
hint: is subject to change. To configure the initial branch name to use in all
hint: of your new repositories, which will suppress this warning, call:
hint:
hint: 	git config --global init.defaultBranch <name>
hint:
hint: Names commonly chosen instead of 'master' are 'main', 'trunk' and
hint: 'development'. The just-created branch can be renamed via this command:
hint:
hint: 	git branch -m <name>
From https://github.com/alessiorubicini/SFSymbolsPickerForSwiftUI
 * branch            main       -> FETCH_HEAD
 * [new branch]      main       -> origin/main
HEAD is now at 19e5e3f Updated README
Cloned https://github.com/alessiorubicini/SFSymbolsPickerForSwiftUI.git
Revision (git rev-parse @):
19e5e3f25f8c9906533b6489d3fc7809c231a453
SUCCESS checkout https://github.com/alessiorubicini/SFSymbolsPickerForSwiftUI.git at main
========================================
Build
========================================
Selected platform:         wasm
Swift version:             6.1
Building package at path:  $PWD
https://github.com/alessiorubicini/SFSymbolsPickerForSwiftUI.git
https://github.com/alessiorubicini/SFSymbolsPickerForSwiftUI.git
WARNING: environment variable SUPPRESS_SWIFT_6_FLAGS is not set
Running build ...
bash -c docker run --pull=always --rm -v "checkouts-53886770-0":/host -w "$PWD" -e JAVA_HOME="/root/.sdkman/candidates/java/current" -e SPI_BUILD="1" -e SPI_PROCESSING="1" registry.gitlab.com/saguaro1/spi-images:wasm-6.1-latest swift build --swift-sdk wasm32-unknown-wasi -Xswiftc -Xfrontend -Xswiftc -stats-output-dir -Xswiftc -Xfrontend -Xswiftc .stats -Xswiftc -strict-concurrency=complete -Xswiftc -enable-upcoming-feature -Xswiftc StrictConcurrency -Xswiftc -enable-upcoming-feature -Xswiftc DisableOutwardActorInference -Xswiftc -enable-upcoming-feature -Xswiftc GlobalActorIsolatedTypesUsability -Xswiftc -enable-upcoming-feature -Xswiftc InferSendableFromCaptures 2>&1
wasm-6.1-latest: Pulling from saguaro1/spi-images
Digest: sha256:1ad245dad3d2ae0004e1afbc92334bd39884ed9ca587cf04d0a8d5f640fb02e9
Status: Image is up to date for registry.gitlab.com/saguaro1/spi-images:wasm-6.1-latest
Fetching https://github.com/SFSafeSymbols/SFSafeSymbols.git
[1/21963] Fetching sfsafesymbols
Fetched https://github.com/SFSafeSymbols/SFSafeSymbols.git from cache (1.11s)
Computing version for https://github.com/SFSafeSymbols/SFSafeSymbols.git
Computed https://github.com/SFSafeSymbols/SFSafeSymbols.git at 7.0.0 (1.33s)
Creating working copy for https://github.com/SFSafeSymbols/SFSafeSymbols.git
Working copy of https://github.com/SFSafeSymbols/SFSafeSymbols.git resolved at 7.0.0
Building for debugging...
[0/5] Write sources
[0/5] Copying Info.plist
[3/5] Copying Localizable.xcstrings
[4/5] Write swift-version-24593BA9C3E375BF.txt
error: emit-module command failed with exit code 1 (use -v to see invocation)
[6/59] Emitting module SFSafeSymbols
/host/spi-builder-workspace/.build/checkouts/SFSafeSymbols/Sources/SFSafeSymbols/Initializers/AppIntents/DisplayRepresentationImage+SFSymbol.swift:1:8: error: no such module 'AppIntents'
 1 | import AppIntents
   |        `- error: no such module 'AppIntents'
 2 |
 3 | @available(macOS 13.0, iOS 16.0, watchOS 9.0, tvOS 16.0, *)
[7/66] Compiling SFSafeSymbols DisplayRepresentationImage+SFSymbol.swift
/host/spi-builder-workspace/.build/checkouts/SFSafeSymbols/Sources/SFSafeSymbols/Initializers/AppIntents/DisplayRepresentationImage+SFSymbol.swift:1:8: error: no such module 'AppIntents'
 1 | import AppIntents
   |        `- error: no such module 'AppIntents'
 2 |
 3 | @available(macOS 13.0, iOS 16.0, watchOS 9.0, tvOS 16.0, *)
[8/66] Compiling SFSafeSymbols NSImage+SFSymbol.swift
/host/spi-builder-workspace/.build/checkouts/SFSafeSymbols/Sources/SFSafeSymbols/Initializers/AppIntents/DisplayRepresentationImage+SFSymbol.swift:1:8: error: no such module 'AppIntents'
 1 | import AppIntents
   |        `- error: no such module 'AppIntents'
 2 |
 3 | @available(macOS 13.0, iOS 16.0, watchOS 9.0, tvOS 16.0, *)
[9/66] Compiling SFSafeSymbols Button+SFSymbol.swift
/host/spi-builder-workspace/.build/checkouts/SFSafeSymbols/Sources/SFSafeSymbols/Initializers/AppIntents/DisplayRepresentationImage+SFSymbol.swift:1:8: error: no such module 'AppIntents'
 1 | import AppIntents
   |        `- error: no such module 'AppIntents'
 2 |
 3 | @available(macOS 13.0, iOS 16.0, watchOS 9.0, tvOS 16.0, *)
[10/66] Compiling SFSafeSymbols ContentUnavailableView+SFSymbol.swift
/host/spi-builder-workspace/.build/checkouts/SFSafeSymbols/Sources/SFSafeSymbols/Initializers/AppIntents/DisplayRepresentationImage+SFSymbol.swift:1:8: error: no such module 'AppIntents'
 1 | import AppIntents
   |        `- error: no such module 'AppIntents'
 2 |
 3 | @available(macOS 13.0, iOS 16.0, watchOS 9.0, tvOS 16.0, *)
[11/66] Compiling SFSafeSymbols Image+SFSymbol.swift
/host/spi-builder-workspace/.build/checkouts/SFSafeSymbols/Sources/SFSafeSymbols/Initializers/AppIntents/DisplayRepresentationImage+SFSymbol.swift:1:8: error: no such module 'AppIntents'
 1 | import AppIntents
   |        `- error: no such module 'AppIntents'
 2 |
 3 | @available(macOS 13.0, iOS 16.0, watchOS 9.0, tvOS 16.0, *)
[12/66] Compiling SFSafeSymbols Label+SFSymbol.swift
/host/spi-builder-workspace/.build/checkouts/SFSafeSymbols/Sources/SFSafeSymbols/Initializers/AppIntents/DisplayRepresentationImage+SFSymbol.swift:1:8: error: no such module 'AppIntents'
 1 | import AppIntents
   |        `- error: no such module 'AppIntents'
 2 |
 3 | @available(macOS 13.0, iOS 16.0, watchOS 9.0, tvOS 16.0, *)
[13/66] Compiling SFSafeSymbols MenuBarExtra+SFSymbol.swift
/host/spi-builder-workspace/.build/checkouts/SFSafeSymbols/Sources/SFSafeSymbols/Initializers/AppIntents/DisplayRepresentationImage+SFSymbol.swift:1:8: error: no such module 'AppIntents'
 1 | import AppIntents
   |        `- error: no such module 'AppIntents'
 2 |
 3 | @available(macOS 13.0, iOS 16.0, watchOS 9.0, tvOS 16.0, *)
[14/66] Compiling SFSafeSymbols Tab+SFSymbol.swift
/host/spi-builder-workspace/.build/checkouts/SFSafeSymbols/Sources/SFSafeSymbols/Initializers/AppIntents/DisplayRepresentationImage+SFSymbol.swift:1:8: error: no such module 'AppIntents'
 1 | import AppIntents
   |        `- error: no such module 'AppIntents'
 2 |
 3 | @available(macOS 13.0, iOS 16.0, watchOS 9.0, tvOS 16.0, *)
[15/66] Compiling SFSafeSymbols SFSymbol+5.2.swift
/host/spi-builder-workspace/.build/checkouts/SFSafeSymbols/Sources/SFSafeSymbols/Initializers/AppIntents/DisplayRepresentationImage+SFSymbol.swift:1:8: error: no such module 'AppIntents'
 1 | import AppIntents
   |        `- error: no such module 'AppIntents'
 2 |
 3 | @available(macOS 13.0, iOS 16.0, watchOS 9.0, tvOS 16.0, *)
[16/66] Compiling SFSafeSymbols SFSymbol+5.3.swift
/host/spi-builder-workspace/.build/checkouts/SFSafeSymbols/Sources/SFSafeSymbols/Initializers/AppIntents/DisplayRepresentationImage+SFSymbol.swift:1:8: error: no such module 'AppIntents'
 1 | import AppIntents
   |        `- error: no such module 'AppIntents'
 2 |
 3 | @available(macOS 13.0, iOS 16.0, watchOS 9.0, tvOS 16.0, *)
[17/66] Compiling SFSafeSymbols SFSymbol+5.4.swift
/host/spi-builder-workspace/.build/checkouts/SFSafeSymbols/Sources/SFSafeSymbols/Initializers/AppIntents/DisplayRepresentationImage+SFSymbol.swift:1:8: error: no such module 'AppIntents'
 1 | import AppIntents
   |        `- error: no such module 'AppIntents'
 2 |
 3 | @available(macOS 13.0, iOS 16.0, watchOS 9.0, tvOS 16.0, *)
[18/66] Compiling SFSafeSymbols SFSymbol+6.0.swift
/host/spi-builder-workspace/.build/checkouts/SFSafeSymbols/Sources/SFSafeSymbols/Initializers/AppIntents/DisplayRepresentationImage+SFSymbol.swift:1:8: error: no such module 'AppIntents'
 1 | import AppIntents
   |        `- error: no such module 'AppIntents'
 2 |
 3 | @available(macOS 13.0, iOS 16.0, watchOS 9.0, tvOS 16.0, *)
[19/66] Compiling SFSafeSymbols SFSymbol+6.1.swift
/host/spi-builder-workspace/.build/checkouts/SFSafeSymbols/Sources/SFSafeSymbols/Initializers/AppIntents/DisplayRepresentationImage+SFSymbol.swift:1:8: error: no such module 'AppIntents'
 1 | import AppIntents
   |        `- error: no such module 'AppIntents'
 2 |
 3 | @available(macOS 13.0, iOS 16.0, watchOS 9.0, tvOS 16.0, *)
[20/66] Compiling SFSafeSymbols SFSymbol+6.2.swift
/host/spi-builder-workspace/.build/checkouts/SFSafeSymbols/Sources/SFSafeSymbols/Initializers/AppIntents/DisplayRepresentationImage+SFSymbol.swift:1:8: error: no such module 'AppIntents'
 1 | import AppIntents
   |        `- error: no such module 'AppIntents'
 2 |
 3 | @available(macOS 13.0, iOS 16.0, watchOS 9.0, tvOS 16.0, *)
[21/66] Compiling SFSafeSymbols SFSymbol+6.3.swift
/host/spi-builder-workspace/.build/checkouts/SFSafeSymbols/Sources/SFSafeSymbols/Initializers/AppIntents/DisplayRepresentationImage+SFSymbol.swift:1:8: error: no such module 'AppIntents'
 1 | import AppIntents
   |        `- error: no such module 'AppIntents'
 2 |
 3 | @available(macOS 13.0, iOS 16.0, watchOS 9.0, tvOS 16.0, *)
[22/66] Compiling SFSafeSymbols SFSymbol+6.4.swift
/host/spi-builder-workspace/.build/checkouts/SFSafeSymbols/Sources/SFSafeSymbols/Initializers/AppIntents/DisplayRepresentationImage+SFSymbol.swift:1:8: error: no such module 'AppIntents'
 1 | import AppIntents
   |        `- error: no such module 'AppIntents'
 2 |
 3 | @available(macOS 13.0, iOS 16.0, watchOS 9.0, tvOS 16.0, *)
[23/66] Compiling SFSafeSymbols UIApplicationShortcutIcon+SFSymbol.swift
/host/spi-builder-workspace/.build/checkouts/SFSafeSymbols/Sources/SFSafeSymbols/Initializers/AppIntents/DisplayRepresentationImage+SFSymbol.swift:1:8: error: no such module 'AppIntents'
 1 | import AppIntents
   |        `- error: no such module 'AppIntents'
 2 |
 3 | @available(macOS 13.0, iOS 16.0, watchOS 9.0, tvOS 16.0, *)
[24/66] Compiling SFSafeSymbols UIImage+SFSymbol.swift
/host/spi-builder-workspace/.build/checkouts/SFSafeSymbols/Sources/SFSafeSymbols/Initializers/AppIntents/DisplayRepresentationImage+SFSymbol.swift:1:8: error: no such module 'AppIntents'
 1 | import AppIntents
   |        `- error: no such module 'AppIntents'
 2 |
 3 | @available(macOS 13.0, iOS 16.0, watchOS 9.0, tvOS 16.0, *)
[25/66] Compiling SFSafeSymbols SFSymbol+1.0.swift
/host/spi-builder-workspace/.build/checkouts/SFSafeSymbols/Sources/SFSafeSymbols/Initializers/AppIntents/DisplayRepresentationImage+SFSymbol.swift:1:8: error: no such module 'AppIntents'
 1 | import AppIntents
   |        `- error: no such module 'AppIntents'
 2 |
 3 | @available(macOS 13.0, iOS 16.0, watchOS 9.0, tvOS 16.0, *)
[26/66] Compiling SFSafeSymbols SFSymbol+1.1.swift
/host/spi-builder-workspace/.build/checkouts/SFSafeSymbols/Sources/SFSafeSymbols/Initializers/AppIntents/DisplayRepresentationImage+SFSymbol.swift:1:8: error: no such module 'AppIntents'
 1 | import AppIntents
   |        `- error: no such module 'AppIntents'
 2 |
 3 | @available(macOS 13.0, iOS 16.0, watchOS 9.0, tvOS 16.0, *)
[27/66] Compiling SFSafeSymbols SFSymbol+2.0.swift
/host/spi-builder-workspace/.build/checkouts/SFSafeSymbols/Sources/SFSafeSymbols/Initializers/AppIntents/DisplayRepresentationImage+SFSymbol.swift:1:8: error: no such module 'AppIntents'
 1 | import AppIntents
   |        `- error: no such module 'AppIntents'
 2 |
 3 | @available(macOS 13.0, iOS 16.0, watchOS 9.0, tvOS 16.0, *)
[28/66] Compiling SFSafeSymbols SFSymbol+2.1.swift
/host/spi-builder-workspace/.build/checkouts/SFSafeSymbols/Sources/SFSafeSymbols/Initializers/AppIntents/DisplayRepresentationImage+SFSymbol.swift:1:8: error: no such module 'AppIntents'
 1 | import AppIntents
   |        `- error: no such module 'AppIntents'
 2 |
 3 | @available(macOS 13.0, iOS 16.0, watchOS 9.0, tvOS 16.0, *)
[29/66] Compiling SFSafeSymbols SFSymbol+2.2.swift
/host/spi-builder-workspace/.build/checkouts/SFSafeSymbols/Sources/SFSafeSymbols/Initializers/AppIntents/DisplayRepresentationImage+SFSymbol.swift:1:8: error: no such module 'AppIntents'
 1 | import AppIntents
   |        `- error: no such module 'AppIntents'
 2 |
 3 | @available(macOS 13.0, iOS 16.0, watchOS 9.0, tvOS 16.0, *)
[30/66] Compiling SFSafeSymbols SFSymbol+3.0.swift
/host/spi-builder-workspace/.build/checkouts/SFSafeSymbols/Sources/SFSafeSymbols/Initializers/AppIntents/DisplayRepresentationImage+SFSymbol.swift:1:8: error: no such module 'AppIntents'
 1 | import AppIntents
   |        `- error: no such module 'AppIntents'
 2 |
 3 | @available(macOS 13.0, iOS 16.0, watchOS 9.0, tvOS 16.0, *)
[31/66] Compiling SFSafeSymbols SFSymbol+AllSymbols+6.3.swift
/host/spi-builder-workspace/.build/checkouts/SFSafeSymbols/Sources/SFSafeSymbols/Initializers/AppIntents/DisplayRepresentationImage+SFSymbol.swift:1:8: error: no such module 'AppIntents'
 1 | import AppIntents
   |        `- error: no such module 'AppIntents'
 2 |
 3 | @available(macOS 13.0, iOS 16.0, watchOS 9.0, tvOS 16.0, *)
[32/66] Compiling SFSafeSymbols SFSymbol+AllSymbols+6.4.swift
/host/spi-builder-workspace/.build/checkouts/SFSafeSymbols/Sources/SFSafeSymbols/Initializers/AppIntents/DisplayRepresentationImage+SFSymbol.swift:1:8: error: no such module 'AppIntents'
 1 | import AppIntents
   |        `- error: no such module 'AppIntents'
 2 |
 3 | @available(macOS 13.0, iOS 16.0, watchOS 9.0, tvOS 16.0, *)
[33/66] Compiling SFSafeSymbols SFSymbol+AllSymbols+7.0.swift
/host/spi-builder-workspace/.build/checkouts/SFSafeSymbols/Sources/SFSafeSymbols/Initializers/AppIntents/DisplayRepresentationImage+SFSymbol.swift:1:8: error: no such module 'AppIntents'
 1 | import AppIntents
   |        `- error: no such module 'AppIntents'
 2 |
 3 | @available(macOS 13.0, iOS 16.0, watchOS 9.0, tvOS 16.0, *)
[34/66] Compiling SFSafeSymbols SFSymbol+AllSymbols.swift
/host/spi-builder-workspace/.build/checkouts/SFSafeSymbols/Sources/SFSafeSymbols/Initializers/AppIntents/DisplayRepresentationImage+SFSymbol.swift:1:8: error: no such module 'AppIntents'
 1 | import AppIntents
   |        `- error: no such module 'AppIntents'
 2 |
 3 | @available(macOS 13.0, iOS 16.0, watchOS 9.0, tvOS 16.0, *)
[35/66] Compiling SFSafeSymbols SFSymbol.swift
/host/spi-builder-workspace/.build/checkouts/SFSafeSymbols/Sources/SFSafeSymbols/Initializers/AppIntents/DisplayRepresentationImage+SFSymbol.swift:1:8: error: no such module 'AppIntents'
 1 | import AppIntents
   |        `- error: no such module 'AppIntents'
 2 |
 3 | @available(macOS 13.0, iOS 16.0, watchOS 9.0, tvOS 16.0, *)
[36/66] Compiling SFSafeSymbols SymbolLocalizations.swift
/host/spi-builder-workspace/.build/checkouts/SFSafeSymbols/Sources/SFSafeSymbols/Initializers/AppIntents/DisplayRepresentationImage+SFSymbol.swift:1:8: error: no such module 'AppIntents'
 1 | import AppIntents
   |        `- error: no such module 'AppIntents'
 2 |
 3 | @available(macOS 13.0, iOS 16.0, watchOS 9.0, tvOS 16.0, *)
[37/66] Compiling SFSafeSymbols SymbolWithLocalizations.swift
/host/spi-builder-workspace/.build/checkouts/SFSafeSymbols/Sources/SFSafeSymbols/Initializers/AppIntents/DisplayRepresentationImage+SFSymbol.swift:1:8: error: no such module 'AppIntents'
 1 | import AppIntents
   |        `- error: no such module 'AppIntents'
 2 |
 3 | @available(macOS 13.0, iOS 16.0, watchOS 9.0, tvOS 16.0, *)
[38/66] Compiling SFSafeSymbols SFSymbol+AllSymbols+3.1.swift
/host/spi-builder-workspace/.build/checkouts/SFSafeSymbols/Sources/SFSafeSymbols/Initializers/AppIntents/DisplayRepresentationImage+SFSymbol.swift:1:8: error: no such module 'AppIntents'
 1 | import AppIntents
   |        `- error: no such module 'AppIntents'
 2 |
 3 | @available(macOS 13.0, iOS 16.0, watchOS 9.0, tvOS 16.0, *)
[39/66] Compiling SFSafeSymbols SFSymbol+AllSymbols+3.2.swift
/host/spi-builder-workspace/.build/checkouts/SFSafeSymbols/Sources/SFSafeSymbols/Initializers/AppIntents/DisplayRepresentationImage+SFSymbol.swift:1:8: error: no such module 'AppIntents'
 1 | import AppIntents
   |        `- error: no such module 'AppIntents'
 2 |
 3 | @available(macOS 13.0, iOS 16.0, watchOS 9.0, tvOS 16.0, *)
[40/66] Compiling SFSafeSymbols SFSymbol+AllSymbols+3.3.swift
/host/spi-builder-workspace/.build/checkouts/SFSafeSymbols/Sources/SFSafeSymbols/Initializers/AppIntents/DisplayRepresentationImage+SFSymbol.swift:1:8: error: no such module 'AppIntents'
 1 | import AppIntents
   |        `- error: no such module 'AppIntents'
 2 |
 3 | @available(macOS 13.0, iOS 16.0, watchOS 9.0, tvOS 16.0, *)
[41/66] Compiling SFSafeSymbols SFSymbol+AllSymbols+4.0.swift
/host/spi-builder-workspace/.build/checkouts/SFSafeSymbols/Sources/SFSafeSymbols/Initializers/AppIntents/DisplayRepresentationImage+SFSymbol.swift:1:8: error: no such module 'AppIntents'
 1 | import AppIntents
   |        `- error: no such module 'AppIntents'
 2 |
 3 | @available(macOS 13.0, iOS 16.0, watchOS 9.0, tvOS 16.0, *)
[42/66] Compiling SFSafeSymbols SFSymbol+AllSymbols+4.1.swift
/host/spi-builder-workspace/.build/checkouts/SFSafeSymbols/Sources/SFSafeSymbols/Initializers/AppIntents/DisplayRepresentationImage+SFSymbol.swift:1:8: error: no such module 'AppIntents'
 1 | import AppIntents
   |        `- error: no such module 'AppIntents'
 2 |
 3 | @available(macOS 13.0, iOS 16.0, watchOS 9.0, tvOS 16.0, *)
[43/66] Compiling SFSafeSymbols SFSymbol+AllSymbols+4.2.swift
/host/spi-builder-workspace/.build/checkouts/SFSafeSymbols/Sources/SFSafeSymbols/Initializers/AppIntents/DisplayRepresentationImage+SFSymbol.swift:1:8: error: no such module 'AppIntents'
 1 | import AppIntents
   |        `- error: no such module 'AppIntents'
 2 |
 3 | @available(macOS 13.0, iOS 16.0, watchOS 9.0, tvOS 16.0, *)
[44/66] Compiling SFSafeSymbols SFSymbol+AllSymbols+5.0.swift
/host/spi-builder-workspace/.build/checkouts/SFSafeSymbols/Sources/SFSafeSymbols/Initializers/AppIntents/DisplayRepresentationImage+SFSymbol.swift:1:8: error: no such module 'AppIntents'
 1 | import AppIntents
   |        `- error: no such module 'AppIntents'
 2 |
 3 | @available(macOS 13.0, iOS 16.0, watchOS 9.0, tvOS 16.0, *)
[45/66] Compiling SFSafeSymbols SFSymbol+AllSymbols+5.1.swift
/host/spi-builder-workspace/.build/checkouts/SFSafeSymbols/Sources/SFSafeSymbols/Initializers/AppIntents/DisplayRepresentationImage+SFSymbol.swift:1:8: error: no such module 'AppIntents'
 1 | import AppIntents
   |        `- error: no such module 'AppIntents'
 2 |
 3 | @available(macOS 13.0, iOS 16.0, watchOS 9.0, tvOS 16.0, *)
[46/66] Compiling SFSafeSymbols SFSymbol+AllSymbols+5.2.swift
/host/spi-builder-workspace/.build/checkouts/SFSafeSymbols/Sources/SFSafeSymbols/Initializers/AppIntents/DisplayRepresentationImage+SFSymbol.swift:1:8: error: no such module 'AppIntents'
 1 | import AppIntents
   |        `- error: no such module 'AppIntents'
 2 |
 3 | @available(macOS 13.0, iOS 16.0, watchOS 9.0, tvOS 16.0, *)
[47/66] Compiling SFSafeSymbols SFSymbol+AllSymbols+5.3.swift
/host/spi-builder-workspace/.build/checkouts/SFSafeSymbols/Sources/SFSafeSymbols/Initializers/AppIntents/DisplayRepresentationImage+SFSymbol.swift:1:8: error: no such module 'AppIntents'
 1 | import AppIntents
   |        `- error: no such module 'AppIntents'
 2 |
 3 | @available(macOS 13.0, iOS 16.0, watchOS 9.0, tvOS 16.0, *)
[48/66] Compiling SFSafeSymbols SFSymbol+AllSymbols+5.4.swift
/host/spi-builder-workspace/.build/checkouts/SFSafeSymbols/Sources/SFSafeSymbols/Initializers/AppIntents/DisplayRepresentationImage+SFSymbol.swift:1:8: error: no such module 'AppIntents'
 1 | import AppIntents
   |        `- error: no such module 'AppIntents'
 2 |
 3 | @available(macOS 13.0, iOS 16.0, watchOS 9.0, tvOS 16.0, *)
[49/66] Compiling SFSafeSymbols SFSymbol+AllSymbols+6.0.swift
/host/spi-builder-workspace/.build/checkouts/SFSafeSymbols/Sources/SFSafeSymbols/Initializers/AppIntents/DisplayRepresentationImage+SFSymbol.swift:1:8: error: no such module 'AppIntents'
 1 | import AppIntents
   |        `- error: no such module 'AppIntents'
 2 |
 3 | @available(macOS 13.0, iOS 16.0, watchOS 9.0, tvOS 16.0, *)
[50/66] Compiling SFSafeSymbols SFSymbol+AllSymbols+6.1.swift
/host/spi-builder-workspace/.build/checkouts/SFSafeSymbols/Sources/SFSafeSymbols/Initializers/AppIntents/DisplayRepresentationImage+SFSymbol.swift:1:8: error: no such module 'AppIntents'
 1 | import AppIntents
   |        `- error: no such module 'AppIntents'
 2 |
 3 | @available(macOS 13.0, iOS 16.0, watchOS 9.0, tvOS 16.0, *)
[51/66] Compiling SFSafeSymbols SFSymbol+AllSymbols+6.2.swift
/host/spi-builder-workspace/.build/checkouts/SFSafeSymbols/Sources/SFSafeSymbols/Initializers/AppIntents/DisplayRepresentationImage+SFSymbol.swift:1:8: error: no such module 'AppIntents'
 1 | import AppIntents
   |        `- error: no such module 'AppIntents'
 2 |
 3 | @available(macOS 13.0, iOS 16.0, watchOS 9.0, tvOS 16.0, *)
[52/66] Compiling SFSafeSymbols SFSymbol+3.1.swift
/host/spi-builder-workspace/.build/checkouts/SFSafeSymbols/Sources/SFSafeSymbols/Initializers/AppIntents/DisplayRepresentationImage+SFSymbol.swift:1:8: error: no such module 'AppIntents'
 1 | import AppIntents
   |        `- error: no such module 'AppIntents'
 2 |
 3 | @available(macOS 13.0, iOS 16.0, watchOS 9.0, tvOS 16.0, *)
[53/66] Compiling SFSafeSymbols SFSymbol+3.2.swift
/host/spi-builder-workspace/.build/checkouts/SFSafeSymbols/Sources/SFSafeSymbols/Initializers/AppIntents/DisplayRepresentationImage+SFSymbol.swift:1:8: error: no such module 'AppIntents'
 1 | import AppIntents
   |        `- error: no such module 'AppIntents'
 2 |
 3 | @available(macOS 13.0, iOS 16.0, watchOS 9.0, tvOS 16.0, *)
[54/66] Compiling SFSafeSymbols SFSymbol+3.3.swift
/host/spi-builder-workspace/.build/checkouts/SFSafeSymbols/Sources/SFSafeSymbols/Initializers/AppIntents/DisplayRepresentationImage+SFSymbol.swift:1:8: error: no such module 'AppIntents'
 1 | import AppIntents
   |        `- error: no such module 'AppIntents'
 2 |
 3 | @available(macOS 13.0, iOS 16.0, watchOS 9.0, tvOS 16.0, *)
[55/66] Compiling SFSafeSymbols SFSymbol+4.0.swift
/host/spi-builder-workspace/.build/checkouts/SFSafeSymbols/Sources/SFSafeSymbols/Initializers/AppIntents/DisplayRepresentationImage+SFSymbol.swift:1:8: error: no such module 'AppIntents'
 1 | import AppIntents
   |        `- error: no such module 'AppIntents'
 2 |
 3 | @available(macOS 13.0, iOS 16.0, watchOS 9.0, tvOS 16.0, *)
[56/66] Compiling SFSafeSymbols SFSymbol+4.1.swift
/host/spi-builder-workspace/.build/checkouts/SFSafeSymbols/Sources/SFSafeSymbols/Initializers/AppIntents/DisplayRepresentationImage+SFSymbol.swift:1:8: error: no such module 'AppIntents'
 1 | import AppIntents
   |        `- error: no such module 'AppIntents'
 2 |
 3 | @available(macOS 13.0, iOS 16.0, watchOS 9.0, tvOS 16.0, *)
[57/66] Compiling SFSafeSymbols SFSymbol+4.2.swift
/host/spi-builder-workspace/.build/checkouts/SFSafeSymbols/Sources/SFSafeSymbols/Initializers/AppIntents/DisplayRepresentationImage+SFSymbol.swift:1:8: error: no such module 'AppIntents'
 1 | import AppIntents
   |        `- error: no such module 'AppIntents'
 2 |
 3 | @available(macOS 13.0, iOS 16.0, watchOS 9.0, tvOS 16.0, *)
[58/66] Compiling SFSafeSymbols SFSymbol+5.0.swift
/host/spi-builder-workspace/.build/checkouts/SFSafeSymbols/Sources/SFSafeSymbols/Initializers/AppIntents/DisplayRepresentationImage+SFSymbol.swift:1:8: error: no such module 'AppIntents'
 1 | import AppIntents
   |        `- error: no such module 'AppIntents'
 2 |
 3 | @available(macOS 13.0, iOS 16.0, watchOS 9.0, tvOS 16.0, *)
[59/66] Compiling SFSafeSymbols SFSymbol+5.1.swift
/host/spi-builder-workspace/.build/checkouts/SFSafeSymbols/Sources/SFSafeSymbols/Initializers/AppIntents/DisplayRepresentationImage+SFSymbol.swift:1:8: error: no such module 'AppIntents'
 1 | import AppIntents
   |        `- error: no such module 'AppIntents'
 2 |
 3 | @available(macOS 13.0, iOS 16.0, watchOS 9.0, tvOS 16.0, *)
[60/66] Compiling SFSafeSymbols SFSymbol+7.0.swift
/host/spi-builder-workspace/.build/checkouts/SFSafeSymbols/Sources/SFSafeSymbols/Initializers/AppIntents/DisplayRepresentationImage+SFSymbol.swift:1:8: error: no such module 'AppIntents'
 1 | import AppIntents
   |        `- error: no such module 'AppIntents'
 2 |
 3 | @available(macOS 13.0, iOS 16.0, watchOS 9.0, tvOS 16.0, *)
[61/66] Compiling SFSafeSymbols SFSymbol+AllSymbols+1.0.swift
/host/spi-builder-workspace/.build/checkouts/SFSafeSymbols/Sources/SFSafeSymbols/Initializers/AppIntents/DisplayRepresentationImage+SFSymbol.swift:1:8: error: no such module 'AppIntents'
 1 | import AppIntents
   |        `- error: no such module 'AppIntents'
 2 |
 3 | @available(macOS 13.0, iOS 16.0, watchOS 9.0, tvOS 16.0, *)
[62/66] Compiling SFSafeSymbols SFSymbol+AllSymbols+1.1.swift
/host/spi-builder-workspace/.build/checkouts/SFSafeSymbols/Sources/SFSafeSymbols/Initializers/AppIntents/DisplayRepresentationImage+SFSymbol.swift:1:8: error: no such module 'AppIntents'
 1 | import AppIntents
   |        `- error: no such module 'AppIntents'
 2 |
 3 | @available(macOS 13.0, iOS 16.0, watchOS 9.0, tvOS 16.0, *)
[63/66] Compiling SFSafeSymbols SFSymbol+AllSymbols+2.0.swift
/host/spi-builder-workspace/.build/checkouts/SFSafeSymbols/Sources/SFSafeSymbols/Initializers/AppIntents/DisplayRepresentationImage+SFSymbol.swift:1:8: error: no such module 'AppIntents'
 1 | import AppIntents
   |        `- error: no such module 'AppIntents'
 2 |
 3 | @available(macOS 13.0, iOS 16.0, watchOS 9.0, tvOS 16.0, *)
[64/66] Compiling SFSafeSymbols SFSymbol+AllSymbols+2.1.swift
/host/spi-builder-workspace/.build/checkouts/SFSafeSymbols/Sources/SFSafeSymbols/Initializers/AppIntents/DisplayRepresentationImage+SFSymbol.swift:1:8: error: no such module 'AppIntents'
 1 | import AppIntents
   |        `- error: no such module 'AppIntents'
 2 |
 3 | @available(macOS 13.0, iOS 16.0, watchOS 9.0, tvOS 16.0, *)
[65/66] Compiling SFSafeSymbols SFSymbol+AllSymbols+2.2.swift
/host/spi-builder-workspace/.build/checkouts/SFSafeSymbols/Sources/SFSafeSymbols/Initializers/AppIntents/DisplayRepresentationImage+SFSymbol.swift:1:8: error: no such module 'AppIntents'
 1 | import AppIntents
   |        `- error: no such module 'AppIntents'
 2 |
 3 | @available(macOS 13.0, iOS 16.0, watchOS 9.0, tvOS 16.0, *)
[66/66] Compiling SFSafeSymbols SFSymbol+AllSymbols+3.0.swift
/host/spi-builder-workspace/.build/checkouts/SFSafeSymbols/Sources/SFSafeSymbols/Initializers/AppIntents/DisplayRepresentationImage+SFSymbol.swift:1:8: error: no such module 'AppIntents'
 1 | import AppIntents
   |        `- error: no such module 'AppIntents'
 2 |
 3 | @available(macOS 13.0, iOS 16.0, watchOS 9.0, tvOS 16.0, *)
Running build ...
bash -c docker run --pull=always --rm -v "checkouts-53886770-0":/host -w "$PWD" -e JAVA_HOME="/root/.sdkman/candidates/java/current" -e SPI_BUILD="1" -e SPI_PROCESSING="1" registry.gitlab.com/saguaro1/spi-images:wasm-6.1-latest swift build --swift-sdk wasm32-unknown-wasi 2>&1
wasm-6.1-latest: Pulling from saguaro1/spi-images
Digest: sha256:1ad245dad3d2ae0004e1afbc92334bd39884ed9ca587cf04d0a8d5f640fb02e9
Status: Image is up to date for registry.gitlab.com/saguaro1/spi-images:wasm-6.1-latest
[0/1] Planning build
Building for debugging...
[0/1] Write swift-version-24593BA9C3E375BF.txt
[2/55] Compiling SFSafeSymbols DisplayRepresentationImage+SFSymbol.swift
/host/spi-builder-workspace/.build/checkouts/SFSafeSymbols/Sources/SFSafeSymbols/Initializers/AppIntents/DisplayRepresentationImage+SFSymbol.swift:1:8: error: no such module 'AppIntents'
 1 | import AppIntents
   |        `- error: no such module 'AppIntents'
 2 |
 3 | @available(macOS 13.0, iOS 16.0, watchOS 9.0, tvOS 16.0, *)
[3/55] Compiling SFSafeSymbols NSImage+SFSymbol.swift
/host/spi-builder-workspace/.build/checkouts/SFSafeSymbols/Sources/SFSafeSymbols/Initializers/AppIntents/DisplayRepresentationImage+SFSymbol.swift:1:8: error: no such module 'AppIntents'
 1 | import AppIntents
   |        `- error: no such module 'AppIntents'
 2 |
 3 | @available(macOS 13.0, iOS 16.0, watchOS 9.0, tvOS 16.0, *)
[4/55] Compiling SFSafeSymbols Button+SFSymbol.swift
/host/spi-builder-workspace/.build/checkouts/SFSafeSymbols/Sources/SFSafeSymbols/Initializers/AppIntents/DisplayRepresentationImage+SFSymbol.swift:1:8: error: no such module 'AppIntents'
 1 | import AppIntents
   |        `- error: no such module 'AppIntents'
 2 |
 3 | @available(macOS 13.0, iOS 16.0, watchOS 9.0, tvOS 16.0, *)
[5/55] Compiling SFSafeSymbols ContentUnavailableView+SFSymbol.swift
/host/spi-builder-workspace/.build/checkouts/SFSafeSymbols/Sources/SFSafeSymbols/Initializers/AppIntents/DisplayRepresentationImage+SFSymbol.swift:1:8: error: no such module 'AppIntents'
 1 | import AppIntents
   |        `- error: no such module 'AppIntents'
 2 |
 3 | @available(macOS 13.0, iOS 16.0, watchOS 9.0, tvOS 16.0, *)
[6/55] Compiling SFSafeSymbols Image+SFSymbol.swift
/host/spi-builder-workspace/.build/checkouts/SFSafeSymbols/Sources/SFSafeSymbols/Initializers/AppIntents/DisplayRepresentationImage+SFSymbol.swift:1:8: error: no such module 'AppIntents'
 1 | import AppIntents
   |        `- error: no such module 'AppIntents'
 2 |
 3 | @available(macOS 13.0, iOS 16.0, watchOS 9.0, tvOS 16.0, *)
[7/55] Compiling SFSafeSymbols Label+SFSymbol.swift
/host/spi-builder-workspace/.build/checkouts/SFSafeSymbols/Sources/SFSafeSymbols/Initializers/AppIntents/DisplayRepresentationImage+SFSymbol.swift:1:8: error: no such module 'AppIntents'
 1 | import AppIntents
   |        `- error: no such module 'AppIntents'
 2 |
 3 | @available(macOS 13.0, iOS 16.0, watchOS 9.0, tvOS 16.0, *)
[8/55] Compiling SFSafeSymbols MenuBarExtra+SFSymbol.swift
/host/spi-builder-workspace/.build/checkouts/SFSafeSymbols/Sources/SFSafeSymbols/Initializers/AppIntents/DisplayRepresentationImage+SFSymbol.swift:1:8: error: no such module 'AppIntents'
 1 | import AppIntents
   |        `- error: no such module 'AppIntents'
 2 |
 3 | @available(macOS 13.0, iOS 16.0, watchOS 9.0, tvOS 16.0, *)
[9/55] Compiling SFSafeSymbols Tab+SFSymbol.swift
/host/spi-builder-workspace/.build/checkouts/SFSafeSymbols/Sources/SFSafeSymbols/Initializers/AppIntents/DisplayRepresentationImage+SFSymbol.swift:1:8: error: no such module 'AppIntents'
 1 | import AppIntents
   |        `- error: no such module 'AppIntents'
 2 |
 3 | @available(macOS 13.0, iOS 16.0, watchOS 9.0, tvOS 16.0, *)
[10/62] Compiling SFSafeSymbols SFSymbol+3.1.swift
/host/spi-builder-workspace/.build/checkouts/SFSafeSymbols/Sources/SFSafeSymbols/Initializers/AppIntents/DisplayRepresentationImage+SFSymbol.swift:1:8: error: no such module 'AppIntents'
 1 | import AppIntents
   |        `- error: no such module 'AppIntents'
 2 |
 3 | @available(macOS 13.0, iOS 16.0, watchOS 9.0, tvOS 16.0, *)
[11/62] Compiling SFSafeSymbols SFSymbol+3.2.swift
/host/spi-builder-workspace/.build/checkouts/SFSafeSymbols/Sources/SFSafeSymbols/Initializers/AppIntents/DisplayRepresentationImage+SFSymbol.swift:1:8: error: no such module 'AppIntents'
 1 | import AppIntents
   |        `- error: no such module 'AppIntents'
 2 |
 3 | @available(macOS 13.0, iOS 16.0, watchOS 9.0, tvOS 16.0, *)
[12/62] Compiling SFSafeSymbols SFSymbol+3.3.swift
/host/spi-builder-workspace/.build/checkouts/SFSafeSymbols/Sources/SFSafeSymbols/Initializers/AppIntents/DisplayRepresentationImage+SFSymbol.swift:1:8: error: no such module 'AppIntents'
 1 | import AppIntents
   |        `- error: no such module 'AppIntents'
 2 |
 3 | @available(macOS 13.0, iOS 16.0, watchOS 9.0, tvOS 16.0, *)
[13/62] Compiling SFSafeSymbols SFSymbol+4.0.swift
/host/spi-builder-workspace/.build/checkouts/SFSafeSymbols/Sources/SFSafeSymbols/Initializers/AppIntents/DisplayRepresentationImage+SFSymbol.swift:1:8: error: no such module 'AppIntents'
 1 | import AppIntents
   |        `- error: no such module 'AppIntents'
 2 |
 3 | @available(macOS 13.0, iOS 16.0, watchOS 9.0, tvOS 16.0, *)
[14/62] Compiling SFSafeSymbols SFSymbol+4.1.swift
/host/spi-builder-workspace/.build/checkouts/SFSafeSymbols/Sources/SFSafeSymbols/Initializers/AppIntents/DisplayRepresentationImage+SFSymbol.swift:1:8: error: no such module 'AppIntents'
 1 | import AppIntents
   |        `- error: no such module 'AppIntents'
 2 |
 3 | @available(macOS 13.0, iOS 16.0, watchOS 9.0, tvOS 16.0, *)
[15/62] Compiling SFSafeSymbols SFSymbol+4.2.swift
/host/spi-builder-workspace/.build/checkouts/SFSafeSymbols/Sources/SFSafeSymbols/Initializers/AppIntents/DisplayRepresentationImage+SFSymbol.swift:1:8: error: no such module 'AppIntents'
 1 | import AppIntents
   |        `- error: no such module 'AppIntents'
 2 |
 3 | @available(macOS 13.0, iOS 16.0, watchOS 9.0, tvOS 16.0, *)
[16/62] Compiling SFSafeSymbols SFSymbol+5.0.swift
/host/spi-builder-workspace/.build/checkouts/SFSafeSymbols/Sources/SFSafeSymbols/Initializers/AppIntents/DisplayRepresentationImage+SFSymbol.swift:1:8: error: no such module 'AppIntents'
 1 | import AppIntents
   |        `- error: no such module 'AppIntents'
 2 |
 3 | @available(macOS 13.0, iOS 16.0, watchOS 9.0, tvOS 16.0, *)
[17/62] Compiling SFSafeSymbols SFSymbol+5.1.swift
/host/spi-builder-workspace/.build/checkouts/SFSafeSymbols/Sources/SFSafeSymbols/Initializers/AppIntents/DisplayRepresentationImage+SFSymbol.swift:1:8: error: no such module 'AppIntents'
 1 | import AppIntents
   |        `- error: no such module 'AppIntents'
 2 |
 3 | @available(macOS 13.0, iOS 16.0, watchOS 9.0, tvOS 16.0, *)
[18/62] Compiling SFSafeSymbols SFSymbol+AllSymbols+6.3.swift
/host/spi-builder-workspace/.build/checkouts/SFSafeSymbols/Sources/SFSafeSymbols/Initializers/AppIntents/DisplayRepresentationImage+SFSymbol.swift:1:8: error: no such module 'AppIntents'
 1 | import AppIntents
   |        `- error: no such module 'AppIntents'
 2 |
 3 | @available(macOS 13.0, iOS 16.0, watchOS 9.0, tvOS 16.0, *)
[19/62] Compiling SFSafeSymbols SFSymbol+AllSymbols+6.4.swift
/host/spi-builder-workspace/.build/checkouts/SFSafeSymbols/Sources/SFSafeSymbols/Initializers/AppIntents/DisplayRepresentationImage+SFSymbol.swift:1:8: error: no such module 'AppIntents'
 1 | import AppIntents
   |        `- error: no such module 'AppIntents'
 2 |
 3 | @available(macOS 13.0, iOS 16.0, watchOS 9.0, tvOS 16.0, *)
[20/62] Compiling SFSafeSymbols SFSymbol+AllSymbols+7.0.swift
/host/spi-builder-workspace/.build/checkouts/SFSafeSymbols/Sources/SFSafeSymbols/Initializers/AppIntents/DisplayRepresentationImage+SFSymbol.swift:1:8: error: no such module 'AppIntents'
 1 | import AppIntents
   |        `- error: no such module 'AppIntents'
 2 |
 3 | @available(macOS 13.0, iOS 16.0, watchOS 9.0, tvOS 16.0, *)
[21/62] Compiling SFSafeSymbols SFSymbol+AllSymbols.swift
/host/spi-builder-workspace/.build/checkouts/SFSafeSymbols/Sources/SFSafeSymbols/Initializers/AppIntents/DisplayRepresentationImage+SFSymbol.swift:1:8: error: no such module 'AppIntents'
 1 | import AppIntents
   |        `- error: no such module 'AppIntents'
 2 |
 3 | @available(macOS 13.0, iOS 16.0, watchOS 9.0, tvOS 16.0, *)
[22/62] Compiling SFSafeSymbols SFSymbol.swift
/host/spi-builder-workspace/.build/checkouts/SFSafeSymbols/Sources/SFSafeSymbols/Initializers/AppIntents/DisplayRepresentationImage+SFSymbol.swift:1:8: error: no such module 'AppIntents'
 1 | import AppIntents
   |        `- error: no such module 'AppIntents'
 2 |
 3 | @available(macOS 13.0, iOS 16.0, watchOS 9.0, tvOS 16.0, *)
[23/62] Compiling SFSafeSymbols SymbolLocalizations.swift
/host/spi-builder-workspace/.build/checkouts/SFSafeSymbols/Sources/SFSafeSymbols/Initializers/AppIntents/DisplayRepresentationImage+SFSymbol.swift:1:8: error: no such module 'AppIntents'
 1 | import AppIntents
   |        `- error: no such module 'AppIntents'
 2 |
 3 | @available(macOS 13.0, iOS 16.0, watchOS 9.0, tvOS 16.0, *)
[24/62] Compiling SFSafeSymbols SymbolWithLocalizations.swift
/host/spi-builder-workspace/.build/checkouts/SFSafeSymbols/Sources/SFSafeSymbols/Initializers/AppIntents/DisplayRepresentationImage+SFSymbol.swift:1:8: error: no such module 'AppIntents'
 1 | import AppIntents
   |        `- error: no such module 'AppIntents'
 2 |
 3 | @available(macOS 13.0, iOS 16.0, watchOS 9.0, tvOS 16.0, *)
[25/62] Compiling SFSafeSymbols UIApplicationShortcutIcon+SFSymbol.swift
/host/spi-builder-workspace/.build/checkouts/SFSafeSymbols/Sources/SFSafeSymbols/Initializers/AppIntents/DisplayRepresentationImage+SFSymbol.swift:1:8: error: no such module 'AppIntents'
 1 | import AppIntents
   |        `- error: no such module 'AppIntents'
 2 |
 3 | @available(macOS 13.0, iOS 16.0, watchOS 9.0, tvOS 16.0, *)
[26/62] Compiling SFSafeSymbols UIImage+SFSymbol.swift
/host/spi-builder-workspace/.build/checkouts/SFSafeSymbols/Sources/SFSafeSymbols/Initializers/AppIntents/DisplayRepresentationImage+SFSymbol.swift:1:8: error: no such module 'AppIntents'
 1 | import AppIntents
   |        `- error: no such module 'AppIntents'
 2 |
 3 | @available(macOS 13.0, iOS 16.0, watchOS 9.0, tvOS 16.0, *)
[27/62] Compiling SFSafeSymbols SFSymbol+1.0.swift
/host/spi-builder-workspace/.build/checkouts/SFSafeSymbols/Sources/SFSafeSymbols/Initializers/AppIntents/DisplayRepresentationImage+SFSymbol.swift:1:8: error: no such module 'AppIntents'
 1 | import AppIntents
   |        `- error: no such module 'AppIntents'
 2 |
 3 | @available(macOS 13.0, iOS 16.0, watchOS 9.0, tvOS 16.0, *)
[28/62] Compiling SFSafeSymbols SFSymbol+1.1.swift
/host/spi-builder-workspace/.build/checkouts/SFSafeSymbols/Sources/SFSafeSymbols/Initializers/AppIntents/DisplayRepresentationImage+SFSymbol.swift:1:8: error: no such module 'AppIntents'
 1 | import AppIntents
   |        `- error: no such module 'AppIntents'
 2 |
 3 | @available(macOS 13.0, iOS 16.0, watchOS 9.0, tvOS 16.0, *)
[29/62] Compiling SFSafeSymbols SFSymbol+2.0.swift
/host/spi-builder-workspace/.build/checkouts/SFSafeSymbols/Sources/SFSafeSymbols/Initializers/AppIntents/DisplayRepresentationImage+SFSymbol.swift:1:8: error: no such module 'AppIntents'
 1 | import AppIntents
   |        `- error: no such module 'AppIntents'
 2 |
 3 | @available(macOS 13.0, iOS 16.0, watchOS 9.0, tvOS 16.0, *)
[30/62] Compiling SFSafeSymbols SFSymbol+2.1.swift
/host/spi-builder-workspace/.build/checkouts/SFSafeSymbols/Sources/SFSafeSymbols/Initializers/AppIntents/DisplayRepresentationImage+SFSymbol.swift:1:8: error: no such module 'AppIntents'
 1 | import AppIntents
   |        `- error: no such module 'AppIntents'
 2 |
 3 | @available(macOS 13.0, iOS 16.0, watchOS 9.0, tvOS 16.0, *)
[31/62] Compiling SFSafeSymbols SFSymbol+2.2.swift
/host/spi-builder-workspace/.build/checkouts/SFSafeSymbols/Sources/SFSafeSymbols/Initializers/AppIntents/DisplayRepresentationImage+SFSymbol.swift:1:8: error: no such module 'AppIntents'
 1 | import AppIntents
   |        `- error: no such module 'AppIntents'
 2 |
 3 | @available(macOS 13.0, iOS 16.0, watchOS 9.0, tvOS 16.0, *)
[32/62] Compiling SFSafeSymbols SFSymbol+3.0.swift
/host/spi-builder-workspace/.build/checkouts/SFSafeSymbols/Sources/SFSafeSymbols/Initializers/AppIntents/DisplayRepresentationImage+SFSymbol.swift:1:8: error: no such module 'AppIntents'
 1 | import AppIntents
   |        `- error: no such module 'AppIntents'
 2 |
 3 | @available(macOS 13.0, iOS 16.0, watchOS 9.0, tvOS 16.0, *)
error: emit-module command failed with exit code 1 (use -v to see invocation)
[33/62] Emitting module SFSafeSymbols
/host/spi-builder-workspace/.build/checkouts/SFSafeSymbols/Sources/SFSafeSymbols/Initializers/AppIntents/DisplayRepresentationImage+SFSymbol.swift:1:8: error: no such module 'AppIntents'
 1 | import AppIntents
   |        `- error: no such module 'AppIntents'
 2 |
 3 | @available(macOS 13.0, iOS 16.0, watchOS 9.0, tvOS 16.0, *)
[34/62] Compiling SFSafeSymbols SFSymbol+AllSymbols+3.1.swift
/host/spi-builder-workspace/.build/checkouts/SFSafeSymbols/Sources/SFSafeSymbols/Initializers/AppIntents/DisplayRepresentationImage+SFSymbol.swift:1:8: error: no such module 'AppIntents'
 1 | import AppIntents
   |        `- error: no such module 'AppIntents'
 2 |
 3 | @available(macOS 13.0, iOS 16.0, watchOS 9.0, tvOS 16.0, *)
[35/62] Compiling SFSafeSymbols SFSymbol+AllSymbols+3.2.swift
/host/spi-builder-workspace/.build/checkouts/SFSafeSymbols/Sources/SFSafeSymbols/Initializers/AppIntents/DisplayRepresentationImage+SFSymbol.swift:1:8: error: no such module 'AppIntents'
 1 | import AppIntents
   |        `- error: no such module 'AppIntents'
 2 |
 3 | @available(macOS 13.0, iOS 16.0, watchOS 9.0, tvOS 16.0, *)
[36/62] Compiling SFSafeSymbols SFSymbol+AllSymbols+3.3.swift
/host/spi-builder-workspace/.build/checkouts/SFSafeSymbols/Sources/SFSafeSymbols/Initializers/AppIntents/DisplayRepresentationImage+SFSymbol.swift:1:8: error: no such module 'AppIntents'
 1 | import AppIntents
   |        `- error: no such module 'AppIntents'
 2 |
 3 | @available(macOS 13.0, iOS 16.0, watchOS 9.0, tvOS 16.0, *)
[37/62] Compiling SFSafeSymbols SFSymbol+AllSymbols+4.0.swift
/host/spi-builder-workspace/.build/checkouts/SFSafeSymbols/Sources/SFSafeSymbols/Initializers/AppIntents/DisplayRepresentationImage+SFSymbol.swift:1:8: error: no such module 'AppIntents'
 1 | import AppIntents
   |        `- error: no such module 'AppIntents'
 2 |
 3 | @available(macOS 13.0, iOS 16.0, watchOS 9.0, tvOS 16.0, *)
[38/62] Compiling SFSafeSymbols SFSymbol+AllSymbols+4.1.swift
/host/spi-builder-workspace/.build/checkouts/SFSafeSymbols/Sources/SFSafeSymbols/Initializers/AppIntents/DisplayRepresentationImage+SFSymbol.swift:1:8: error: no such module 'AppIntents'
 1 | import AppIntents
   |        `- error: no such module 'AppIntents'
 2 |
 3 | @available(macOS 13.0, iOS 16.0, watchOS 9.0, tvOS 16.0, *)
[39/62] Compiling SFSafeSymbols SFSymbol+AllSymbols+4.2.swift
/host/spi-builder-workspace/.build/checkouts/SFSafeSymbols/Sources/SFSafeSymbols/Initializers/AppIntents/DisplayRepresentationImage+SFSymbol.swift:1:8: error: no such module 'AppIntents'
 1 | import AppIntents
   |        `- error: no such module 'AppIntents'
 2 |
 3 | @available(macOS 13.0, iOS 16.0, watchOS 9.0, tvOS 16.0, *)
[40/62] Compiling SFSafeSymbols SFSymbol+AllSymbols+5.0.swift
/host/spi-builder-workspace/.build/checkouts/SFSafeSymbols/Sources/SFSafeSymbols/Initializers/AppIntents/DisplayRepresentationImage+SFSymbol.swift:1:8: error: no such module 'AppIntents'
 1 | import AppIntents
   |        `- error: no such module 'AppIntents'
 2 |
 3 | @available(macOS 13.0, iOS 16.0, watchOS 9.0, tvOS 16.0, *)
[41/62] Compiling SFSafeSymbols SFSymbol+AllSymbols+5.1.swift
/host/spi-builder-workspace/.build/checkouts/SFSafeSymbols/Sources/SFSafeSymbols/Initializers/AppIntents/DisplayRepresentationImage+SFSymbol.swift:1:8: error: no such module 'AppIntents'
 1 | import AppIntents
   |        `- error: no such module 'AppIntents'
 2 |
 3 | @available(macOS 13.0, iOS 16.0, watchOS 9.0, tvOS 16.0, *)
[42/62] Compiling SFSafeSymbols SFSymbol+AllSymbols+5.2.swift
/host/spi-builder-workspace/.build/checkouts/SFSafeSymbols/Sources/SFSafeSymbols/Initializers/AppIntents/DisplayRepresentationImage+SFSymbol.swift:1:8: error: no such module 'AppIntents'
 1 | import AppIntents
   |        `- error: no such module 'AppIntents'
 2 |
 3 | @available(macOS 13.0, iOS 16.0, watchOS 9.0, tvOS 16.0, *)
[43/62] Compiling SFSafeSymbols SFSymbol+AllSymbols+5.3.swift
/host/spi-builder-workspace/.build/checkouts/SFSafeSymbols/Sources/SFSafeSymbols/Initializers/AppIntents/DisplayRepresentationImage+SFSymbol.swift:1:8: error: no such module 'AppIntents'
 1 | import AppIntents
   |        `- error: no such module 'AppIntents'
 2 |
 3 | @available(macOS 13.0, iOS 16.0, watchOS 9.0, tvOS 16.0, *)
[44/62] Compiling SFSafeSymbols SFSymbol+AllSymbols+5.4.swift
/host/spi-builder-workspace/.build/checkouts/SFSafeSymbols/Sources/SFSafeSymbols/Initializers/AppIntents/DisplayRepresentationImage+SFSymbol.swift:1:8: error: no such module 'AppIntents'
 1 | import AppIntents
   |        `- error: no such module 'AppIntents'
 2 |
 3 | @available(macOS 13.0, iOS 16.0, watchOS 9.0, tvOS 16.0, *)
[45/62] Compiling SFSafeSymbols SFSymbol+AllSymbols+6.0.swift
/host/spi-builder-workspace/.build/checkouts/SFSafeSymbols/Sources/SFSafeSymbols/Initializers/AppIntents/DisplayRepresentationImage+SFSymbol.swift:1:8: error: no such module 'AppIntents'
 1 | import AppIntents
   |        `- error: no such module 'AppIntents'
 2 |
 3 | @available(macOS 13.0, iOS 16.0, watchOS 9.0, tvOS 16.0, *)
[46/62] Compiling SFSafeSymbols SFSymbol+AllSymbols+6.1.swift
/host/spi-builder-workspace/.build/checkouts/SFSafeSymbols/Sources/SFSafeSymbols/Initializers/AppIntents/DisplayRepresentationImage+SFSymbol.swift:1:8: error: no such module 'AppIntents'
 1 | import AppIntents
   |        `- error: no such module 'AppIntents'
 2 |
 3 | @available(macOS 13.0, iOS 16.0, watchOS 9.0, tvOS 16.0, *)
[47/62] Compiling SFSafeSymbols SFSymbol+AllSymbols+6.2.swift
/host/spi-builder-workspace/.build/checkouts/SFSafeSymbols/Sources/SFSafeSymbols/Initializers/AppIntents/DisplayRepresentationImage+SFSymbol.swift:1:8: error: no such module 'AppIntents'
 1 | import AppIntents
   |        `- error: no such module 'AppIntents'
 2 |
 3 | @available(macOS 13.0, iOS 16.0, watchOS 9.0, tvOS 16.0, *)
[48/62] Compiling SFSafeSymbols SFSymbol+5.2.swift
/host/spi-builder-workspace/.build/checkouts/SFSafeSymbols/Sources/SFSafeSymbols/Initializers/AppIntents/DisplayRepresentationImage+SFSymbol.swift:1:8: error: no such module 'AppIntents'
 1 | import AppIntents
   |        `- error: no such module 'AppIntents'
 2 |
 3 | @available(macOS 13.0, iOS 16.0, watchOS 9.0, tvOS 16.0, *)
[49/62] Compiling SFSafeSymbols SFSymbol+5.3.swift
/host/spi-builder-workspace/.build/checkouts/SFSafeSymbols/Sources/SFSafeSymbols/Initializers/AppIntents/DisplayRepresentationImage+SFSymbol.swift:1:8: error: no such module 'AppIntents'
 1 | import AppIntents
   |        `- error: no such module 'AppIntents'
 2 |
 3 | @available(macOS 13.0, iOS 16.0, watchOS 9.0, tvOS 16.0, *)
[50/62] Compiling SFSafeSymbols SFSymbol+5.4.swift
/host/spi-builder-workspace/.build/checkouts/SFSafeSymbols/Sources/SFSafeSymbols/Initializers/AppIntents/DisplayRepresentationImage+SFSymbol.swift:1:8: error: no such module 'AppIntents'
 1 | import AppIntents
   |        `- error: no such module 'AppIntents'
 2 |
 3 | @available(macOS 13.0, iOS 16.0, watchOS 9.0, tvOS 16.0, *)
[51/62] Compiling SFSafeSymbols SFSymbol+6.0.swift
/host/spi-builder-workspace/.build/checkouts/SFSafeSymbols/Sources/SFSafeSymbols/Initializers/AppIntents/DisplayRepresentationImage+SFSymbol.swift:1:8: error: no such module 'AppIntents'
 1 | import AppIntents
   |        `- error: no such module 'AppIntents'
 2 |
 3 | @available(macOS 13.0, iOS 16.0, watchOS 9.0, tvOS 16.0, *)
[52/62] Compiling SFSafeSymbols SFSymbol+6.1.swift
/host/spi-builder-workspace/.build/checkouts/SFSafeSymbols/Sources/SFSafeSymbols/Initializers/AppIntents/DisplayRepresentationImage+SFSymbol.swift:1:8: error: no such module 'AppIntents'
 1 | import AppIntents
   |        `- error: no such module 'AppIntents'
 2 |
 3 | @available(macOS 13.0, iOS 16.0, watchOS 9.0, tvOS 16.0, *)
[53/62] Compiling SFSafeSymbols SFSymbol+6.2.swift
/host/spi-builder-workspace/.build/checkouts/SFSafeSymbols/Sources/SFSafeSymbols/Initializers/AppIntents/DisplayRepresentationImage+SFSymbol.swift:1:8: error: no such module 'AppIntents'
 1 | import AppIntents
   |        `- error: no such module 'AppIntents'
 2 |
 3 | @available(macOS 13.0, iOS 16.0, watchOS 9.0, tvOS 16.0, *)
[54/62] Compiling SFSafeSymbols SFSymbol+6.3.swift
/host/spi-builder-workspace/.build/checkouts/SFSafeSymbols/Sources/SFSafeSymbols/Initializers/AppIntents/DisplayRepresentationImage+SFSymbol.swift:1:8: error: no such module 'AppIntents'
 1 | import AppIntents
   |        `- error: no such module 'AppIntents'
 2 |
 3 | @available(macOS 13.0, iOS 16.0, watchOS 9.0, tvOS 16.0, *)
[55/62] Compiling SFSafeSymbols SFSymbol+6.4.swift
/host/spi-builder-workspace/.build/checkouts/SFSafeSymbols/Sources/SFSafeSymbols/Initializers/AppIntents/DisplayRepresentationImage+SFSymbol.swift:1:8: error: no such module 'AppIntents'
 1 | import AppIntents
   |        `- error: no such module 'AppIntents'
 2 |
 3 | @available(macOS 13.0, iOS 16.0, watchOS 9.0, tvOS 16.0, *)
[56/62] Compiling SFSafeSymbols SFSymbol+7.0.swift
/host/spi-builder-workspace/.build/checkouts/SFSafeSymbols/Sources/SFSafeSymbols/Initializers/AppIntents/DisplayRepresentationImage+SFSymbol.swift:1:8: error: no such module 'AppIntents'
 1 | import AppIntents
   |        `- error: no such module 'AppIntents'
 2 |
 3 | @available(macOS 13.0, iOS 16.0, watchOS 9.0, tvOS 16.0, *)
[57/62] Compiling SFSafeSymbols SFSymbol+AllSymbols+1.0.swift
/host/spi-builder-workspace/.build/checkouts/SFSafeSymbols/Sources/SFSafeSymbols/Initializers/AppIntents/DisplayRepresentationImage+SFSymbol.swift:1:8: error: no such module 'AppIntents'
 1 | import AppIntents
   |        `- error: no such module 'AppIntents'
 2 |
 3 | @available(macOS 13.0, iOS 16.0, watchOS 9.0, tvOS 16.0, *)
[58/62] Compiling SFSafeSymbols SFSymbol+AllSymbols+1.1.swift
/host/spi-builder-workspace/.build/checkouts/SFSafeSymbols/Sources/SFSafeSymbols/Initializers/AppIntents/DisplayRepresentationImage+SFSymbol.swift:1:8: error: no such module 'AppIntents'
 1 | import AppIntents
   |        `- error: no such module 'AppIntents'
 2 |
 3 | @available(macOS 13.0, iOS 16.0, watchOS 9.0, tvOS 16.0, *)
[59/62] Compiling SFSafeSymbols SFSymbol+AllSymbols+2.0.swift
/host/spi-builder-workspace/.build/checkouts/SFSafeSymbols/Sources/SFSafeSymbols/Initializers/AppIntents/DisplayRepresentationImage+SFSymbol.swift:1:8: error: no such module 'AppIntents'
 1 | import AppIntents
   |        `- error: no such module 'AppIntents'
 2 |
 3 | @available(macOS 13.0, iOS 16.0, watchOS 9.0, tvOS 16.0, *)
[60/62] Compiling SFSafeSymbols SFSymbol+AllSymbols+2.1.swift
/host/spi-builder-workspace/.build/checkouts/SFSafeSymbols/Sources/SFSafeSymbols/Initializers/AppIntents/DisplayRepresentationImage+SFSymbol.swift:1:8: error: no such module 'AppIntents'
 1 | import AppIntents
   |        `- error: no such module 'AppIntents'
 2 |
 3 | @available(macOS 13.0, iOS 16.0, watchOS 9.0, tvOS 16.0, *)
[61/62] Compiling SFSafeSymbols SFSymbol+AllSymbols+2.2.swift
/host/spi-builder-workspace/.build/checkouts/SFSafeSymbols/Sources/SFSafeSymbols/Initializers/AppIntents/DisplayRepresentationImage+SFSymbol.swift:1:8: error: no such module 'AppIntents'
 1 | import AppIntents
   |        `- error: no such module 'AppIntents'
 2 |
 3 | @available(macOS 13.0, iOS 16.0, watchOS 9.0, tvOS 16.0, *)
[62/62] Compiling SFSafeSymbols SFSymbol+AllSymbols+3.0.swift
/host/spi-builder-workspace/.build/checkouts/SFSafeSymbols/Sources/SFSafeSymbols/Initializers/AppIntents/DisplayRepresentationImage+SFSymbol.swift:1:8: error: no such module 'AppIntents'
 1 | import AppIntents
   |        `- error: no such module 'AppIntents'
 2 |
 3 | @available(macOS 13.0, iOS 16.0, watchOS 9.0, tvOS 16.0, *)
BUILD FAILURE 6.1 wasm