Build Information
Failed to build MomXML, reference 2.0.0 (a26236), with Swift 6.4 for watchOS using Xcode 27.0 on 22 Sep 2026 09:30:43 UTC.
Build Command
env DEVELOPER_DIR=/Applications/Xcode-27.0.0-Release.Candidate.app xcrun xcodebuild -IDEClonedSourcePackagesDirPathOverride=$PWD/.dependencies -skipMacroValidation -skipPackagePluginValidation -derivedDataPath $PWD/.derivedData build -scheme MomXML -destination generic/platform=watchOSBuild Log
SwiftExplicitDependencyGeneratePcm arm64_32 /Users/admin/builder/spi-builder-workspace/.derivedData/SDKExplicitPrecompiledModules/ptrcheck-EAZ3I917ZFA9H6ZCL6PGLG4TR.pcm
SwiftExplicitDependencyGeneratePcm arm64_32 /Users/admin/builder/spi-builder-workspace/.derivedData/SDKExplicitPrecompiledModules/SwiftShims-D9VBB138U50XYYGW2C2V21N3L.pcm
SwiftExplicitDependencyGeneratePcm arm64_32 /Users/admin/builder/spi-builder-workspace/.derivedData/SDKExplicitPrecompiledModules/_Builtin_stdarg-EYJP6DFYQL9GJLH1TJ84A8MHV.pcm
SwiftExplicitDependencyGeneratePcm arm64_32 /Users/admin/builder/spi-builder-workspace/.derivedData/SDKExplicitPrecompiledModules/_Builtin_stdbool-84ZA1VDW90AGWZ2LF5KOCM8DZ.pcm
SwiftExplicitDependencyGeneratePcm arm64 /Users/admin/builder/spi-builder-workspace/.derivedData/SDKExplicitPrecompiledModules/_Builtin_stdarg-3X4KLXUYEI0UGBILP4X7D0CYW.pcm
SwiftExplicitDependencyGeneratePcm arm64_32 /Users/admin/builder/spi-builder-workspace/.derivedData/SDKExplicitPrecompiledModules/_Builtin_stddef-2F9BFIPBQ5EWNSK5G7G7V4EKL.pcm
SwiftExplicitDependencyGeneratePcm arm64_32 /Users/admin/builder/spi-builder-workspace/.derivedData/SDKExplicitPrecompiledModules/_AvailabilityInternal-22ZP1ILSQW16KHXZS5GBZHOCS.pcm
SwiftExplicitDependencyGeneratePcm arm64 /Users/admin/builder/spi-builder-workspace/.derivedData/SDKExplicitPrecompiledModules/_AvailabilityInternal-42EVAC8Q6P1ZT6G3A168N97G4.pcm
SwiftExplicitDependencyGeneratePcm arm64 /Users/admin/builder/spi-builder-workspace/.derivedData/SDKExplicitPrecompiledModules/SwiftShims-AJ4AZYHQNC33R5RLN7AGEIOMP.pcm
SwiftExplicitDependencyGeneratePcm arm64_32 /Users/admin/builder/spi-builder-workspace/.derivedData/SDKExplicitPrecompiledModules/_Builtin_float-372PLGDQ1U3B6Z5EA5DJMDORJ.pcm
SwiftExplicitDependencyGeneratePcm arm64 /Users/admin/builder/spi-builder-workspace/.derivedData/SDKExplicitPrecompiledModules/ptrcheck-8K07997SIHO7YGY7UQ3LOQ3TJ.pcm
SwiftExplicitDependencyGeneratePcm arm64 /Users/admin/builder/spi-builder-workspace/.derivedData/SDKExplicitPrecompiledModules/_Builtin_stddef-5OH846KKUPSJJT7GCX9XU1TKG.pcm
SwiftExplicitDependencyGeneratePcm arm64 /Users/admin/builder/spi-builder-workspace/.derivedData/SDKExplicitPrecompiledModules/ptrauth-C7VQASAJ967Q4Q6SRD4I3CFWZ.pcm
SwiftExplicitDependencyGeneratePcm arm64_32 /Users/admin/builder/spi-builder-workspace/.derivedData/SDKExplicitPrecompiledModules/ptrauth-EW7YZZ7LEZE1QZF2T8148IPSA.pcm
SwiftExplicitDependencyGeneratePcm arm64 /Users/admin/builder/spi-builder-workspace/.derivedData/SDKExplicitPrecompiledModules/_Builtin_float-E4M4A8689VXF1T7P7BV56IKBT.pcm
SwiftExplicitDependencyGeneratePcm arm64_32 /Users/admin/builder/spi-builder-workspace/.derivedData/SDKExplicitPrecompiledModules/_SwiftConcurrencyShims-58G4ISYSYDV3AT1DDGEE0QCUF.pcm
SwiftExplicitDependencyGeneratePcm arm64 /Users/admin/builder/spi-builder-workspace/.derivedData/SDKExplicitPrecompiledModules/_Builtin_stdbool-B692L2PMR118794VVYBG37897.pcm
SwiftExplicitDependencyGeneratePcm arm64 /Users/admin/builder/spi-builder-workspace/.derivedData/SDKExplicitPrecompiledModules/_SwiftConcurrencyShims-CTPSFSTDCBVSSQFHL6I305U72.pcm
SwiftExplicitDependencyGeneratePcm arm64_32 /Users/admin/builder/spi-builder-workspace/.derivedData/SDKExplicitPrecompiledModules/_DarwinFoundation1-5SNIO0SFHX9KJZTLQGIPAPXUZ.pcm
SwiftExplicitDependencyGeneratePcm arm64 /Users/admin/builder/spi-builder-workspace/.derivedData/SDKExplicitPrecompiledModules/_DarwinFoundation1-7YQ9TVI7XTOGQU9OADRXP33D1.pcm
SwiftExplicitDependencyGeneratePcm arm64_32 /Users/admin/builder/spi-builder-workspace/.derivedData/SDKExplicitPrecompiledModules/_DarwinFoundation2-FP2Q8F1Q2HR151SBYKTU6Q8B.pcm
SwiftExplicitDependencyGeneratePcm arm64_32 /Users/admin/builder/spi-builder-workspace/.derivedData/SDKExplicitPrecompiledModules/_Builtin_limits-AQMEC9CLG0FZQN6TLGDQ6WF78.pcm
SwiftExplicitDependencyGeneratePcm arm64 /Users/admin/builder/spi-builder-workspace/.derivedData/SDKExplicitPrecompiledModules/_Builtin_limits-75TRA1C7IHYOFCG3KJXQVTHJ4.pcm
SwiftExplicitDependencyGeneratePcm arm64 /Users/admin/builder/spi-builder-workspace/.derivedData/SDKExplicitPrecompiledModules/_DarwinFoundation2-CUPL4FH2SA95GMALQP4M6O8UA.pcm
SwiftExplicitDependencyGeneratePcm arm64_32 /Users/admin/builder/spi-builder-workspace/.derivedData/SDKExplicitPrecompiledModules/sys_types-65NN51P1G7GN2GUAUPC53JJ7N.pcm
SwiftExplicitDependencyGeneratePcm arm64_32 /Users/admin/builder/spi-builder-workspace/.derivedData/SDKExplicitPrecompiledModules/_Builtin_stdint-6IWJLTRH2WB6RCG4THPA65RDS.pcm
SwiftExplicitDependencyGeneratePcm arm64_32 /Users/admin/builder/spi-builder-workspace/.derivedData/SDKExplicitPrecompiledModules/string_h-8QY7P4ZQXQAF14WVDITTM4R70.pcm
SwiftExplicitDependencyGeneratePcm arm64 /Users/admin/builder/spi-builder-workspace/.derivedData/SDKExplicitPrecompiledModules/_Builtin_stdint-6TUACK4YPMARFT56PLIO388SJ.pcm
SwiftExplicitDependencyGeneratePcm arm64 /Users/admin/builder/spi-builder-workspace/.derivedData/SDKExplicitPrecompiledModules/string_h-4N9Z22C0HUO8GV7GFPCLZRZA2.pcm
SwiftExplicitDependencyGeneratePcm arm64 /Users/admin/builder/spi-builder-workspace/.derivedData/SDKExplicitPrecompiledModules/sys_types-9KPVYINL86WUSHF45TU8PWZZ1.pcm
SwiftExplicitDependencyGeneratePcm arm64_32 /Users/admin/builder/spi-builder-workspace/.derivedData/SDKExplicitPrecompiledModules/_DarwinFoundation3-3YOBOPIW2MF1LRNQH7JBUBY4G.pcm
SwiftExplicitDependencyGeneratePcm arm64 /Users/admin/builder/spi-builder-workspace/.derivedData/SDKExplicitPrecompiledModules/_DarwinFoundation3-EJXZKD8LN9EYM9OWP9VLJ49PK.pcm
SwiftExplicitDependencyGeneratePcm arm64_32 /Users/admin/builder/spi-builder-workspace/.derivedData/SDKExplicitPrecompiledModules/_Builtin_inttypes-BPZJ68HW1IMYWSHROAZ0IMUJP.pcm
SwiftExplicitDependencyGeneratePcm arm64 /Users/admin/builder/spi-builder-workspace/.derivedData/SDKExplicitPrecompiledModules/_Builtin_inttypes-86YTNV5YADPJXFMJ82N3R4GWQ.pcm
SwiftExplicitDependencyGeneratePcm arm64_32 /Users/admin/builder/spi-builder-workspace/.derivedData/SDKExplicitPrecompiledModules/Darwin-10D35ZJWCWG7LJAF579U7I5V7.pcm
SwiftExplicitDependencyGeneratePcm arm64 /Users/admin/builder/spi-builder-workspace/.derivedData/SDKExplicitPrecompiledModules/Darwin-CSB8C43KELVSFIQVR0803IZPN.pcm
SwiftExplicitDependencyGeneratePcm arm64_32 /Users/admin/builder/spi-builder-workspace/.derivedData/SDKExplicitPrecompiledModules/ObjectiveC-71AGZNHLBMR2QK817EJNUN54E.pcm
SwiftExplicitDependencyGeneratePcm arm64 /Users/admin/builder/spi-builder-workspace/.derivedData/SDKExplicitPrecompiledModules/ObjectiveC-22CZPC4WYQC9G8T393WT2KKLW.pcm
SwiftExplicitDependencyGeneratePcm arm64_32 /Users/admin/builder/spi-builder-workspace/.derivedData/SDKExplicitPrecompiledModules/os_object-CTXVQBCWDOH6JHUXIFDUOWFRL.pcm
SwiftExplicitDependencyGeneratePcm arm64 /Users/admin/builder/spi-builder-workspace/.derivedData/SDKExplicitPrecompiledModules/os_object-6KYGGZ4DPVZ3BBAZ6QICZN8LI.pcm
SwiftExplicitDependencyGeneratePcm arm64_32 /Users/admin/builder/spi-builder-workspace/.derivedData/SDKExplicitPrecompiledModules/os_workgroup-9L9R05BT5LTFRZ2NM68BZTVV2.pcm
SwiftExplicitDependencyGeneratePcm arm64 /Users/admin/builder/spi-builder-workspace/.derivedData/SDKExplicitPrecompiledModules/os_workgroup-AHE7ULDQBKER38CYPIKDTZF4M.pcm
SwiftExplicitDependencyGeneratePcm arm64_32 /Users/admin/builder/spi-builder-workspace/.derivedData/SDKExplicitPrecompiledModules/Dispatch-CGIMI9KQKHNRQHR2IECIPRG14.pcm
SwiftExplicitDependencyGeneratePcm arm64 /Users/admin/builder/spi-builder-workspace/.derivedData/SDKExplicitPrecompiledModules/Dispatch-39VR0G01IUJ09PQKMFGOHXZ4L.pcm
SwiftExplicitDependencyGeneratePcm arm64_32 /Users/admin/builder/spi-builder-workspace/.derivedData/SDKExplicitPrecompiledModules/CoreFoundation-76B9WJP9MDYT33HZQVSNNZQZD.pcm
SwiftExplicitDependencyGeneratePcm arm64_32 /Users/admin/builder/spi-builder-workspace/.derivedData/SDKExplicitPrecompiledModules/XPC-7SLKI45KYLKXH9QET2WYS3UZ4.pcm
SwiftExplicitDependencyGeneratePcm arm64 /Users/admin/builder/spi-builder-workspace/.derivedData/SDKExplicitPrecompiledModules/XPC-650JAZBTM6I0OMHYO6CKM0CWJ.pcm
SwiftExplicitDependencyGeneratePcm arm64 /Users/admin/builder/spi-builder-workspace/.derivedData/SDKExplicitPrecompiledModules/CoreFoundation-59XKO8YNRGGYNC5U5LK8B4EM.pcm
SwiftExplicitDependencyGeneratePcm arm64_32 /Users/admin/builder/spi-builder-workspace/.derivedData/SDKExplicitPrecompiledModules/Security-1W411BS4UH2UNMNII2341429S.pcm
SwiftExplicitDependencyGeneratePcm arm64 /Users/admin/builder/spi-builder-workspace/.derivedData/SDKExplicitPrecompiledModules/Security-69WNGEAVQP55EDBQHP3BLE8QU.pcm
SwiftExplicitDependencyGeneratePcm arm64_32 /Users/admin/builder/spi-builder-workspace/.derivedData/SDKExplicitPrecompiledModules/Foundation-AIQ30TCDC2B0LBUU6FPQZ0HWI.pcm
SwiftExplicitDependencyGeneratePcm arm64 /Users/admin/builder/spi-builder-workspace/.derivedData/SDKExplicitPrecompiledModules/Foundation-B3IXODHI7VO4VRX2RWRXLVJZT.pcm
SwiftCompile normal arm64_32 Compiling\ XMLHash.swift,\ XMLHashOptions.swift /Users/admin/builder/spi-builder-workspace/.dependencies/checkouts/SWXMLHash/Source/XMLHash.swift /Users/admin/builder/spi-builder-workspace/.dependencies/checkouts/SWXMLHash/Source/XMLHashOptions.swift (in target 'SWXMLHash' from project 'SWXMLHash')
SwiftCompile normal arm64_32 /Users/admin/builder/spi-builder-workspace/.dependencies/checkouts/SWXMLHash/Source/XMLHash.swift (in target 'SWXMLHash' from project 'SWXMLHash')
cd /Users/admin/builder/spi-builder-workspace/.swiftpm/xcode
builtin-SwiftPerFileCompile XMLHash.swift
SwiftCompile normal arm64_32 /Users/admin/builder/spi-builder-workspace/.dependencies/checkouts/SWXMLHash/Source/XMLHashOptions.swift (in target 'SWXMLHash' from project 'SWXMLHash')
cd /Users/admin/builder/spi-builder-workspace/.swiftpm/xcode
builtin-SwiftPerFileCompile XMLHashOptions.swift
SwiftCompile normal arm64_32 Compiling\ XMLContent.swift,\ XMLElement.swift /Users/admin/builder/spi-builder-workspace/.dependencies/checkouts/SWXMLHash/Source/XMLContent.swift /Users/admin/builder/spi-builder-workspace/.dependencies/checkouts/SWXMLHash/Source/XMLElement.swift (in target 'SWXMLHash' from project 'SWXMLHash')
SwiftCompile normal arm64_32 /Users/admin/builder/spi-builder-workspace/.dependencies/checkouts/SWXMLHash/Source/XMLContent.swift (in target 'SWXMLHash' from project 'SWXMLHash')
cd /Users/admin/builder/spi-builder-workspace/.swiftpm/xcode
builtin-SwiftPerFileCompile XMLContent.swift
SwiftCompile normal arm64_32 /Users/admin/builder/spi-builder-workspace/.dependencies/checkouts/SWXMLHash/Source/XMLElement.swift (in target 'SWXMLHash' from project 'SWXMLHash')
cd /Users/admin/builder/spi-builder-workspace/.swiftpm/xcode
builtin-SwiftPerFileCompile XMLElement.swift
SwiftCompile normal arm64_32 Compiling\ TextElement.swift,\ XMLAttribute.swift /Users/admin/builder/spi-builder-workspace/.dependencies/checkouts/SWXMLHash/Source/TextElement.swift /Users/admin/builder/spi-builder-workspace/.dependencies/checkouts/SWXMLHash/Source/XMLAttribute.swift (in target 'SWXMLHash' from project 'SWXMLHash')
SwiftCompile normal arm64_32 /Users/admin/builder/spi-builder-workspace/.dependencies/checkouts/SWXMLHash/Source/TextElement.swift (in target 'SWXMLHash' from project 'SWXMLHash')
cd /Users/admin/builder/spi-builder-workspace/.swiftpm/xcode
builtin-SwiftPerFileCompile TextElement.swift
SwiftCompile normal arm64_32 /Users/admin/builder/spi-builder-workspace/.dependencies/checkouts/SWXMLHash/Source/XMLAttribute.swift (in target 'SWXMLHash' from project 'SWXMLHash')
cd /Users/admin/builder/spi-builder-workspace/.swiftpm/xcode
builtin-SwiftPerFileCompile XMLAttribute.swift
SwiftCompile normal arm64_32 Compiling\ LazyXMLParser.swift,\ Stack.swift,\ String+Extensions.swift /Users/admin/builder/spi-builder-workspace/.dependencies/checkouts/SWXMLHash/Source/LazyXMLParser.swift /Users/admin/builder/spi-builder-workspace/.dependencies/checkouts/SWXMLHash/Source/Stack.swift /Users/admin/builder/spi-builder-workspace/.dependencies/checkouts/SWXMLHash/Source/String+Extensions.swift (in target 'SWXMLHash' from project 'SWXMLHash')
SwiftCompile normal arm64_32 /Users/admin/builder/spi-builder-workspace/.dependencies/checkouts/SWXMLHash/Source/LazyXMLParser.swift (in target 'SWXMLHash' from project 'SWXMLHash')
cd /Users/admin/builder/spi-builder-workspace/.swiftpm/xcode
builtin-SwiftPerFileCompile LazyXMLParser.swift
SwiftCompile normal arm64_32 /Users/admin/builder/spi-builder-workspace/.dependencies/checkouts/SWXMLHash/Source/Stack.swift (in target 'SWXMLHash' from project 'SWXMLHash')
cd /Users/admin/builder/spi-builder-workspace/.swiftpm/xcode
builtin-SwiftPerFileCompile Stack.swift
SwiftCompile normal arm64_32 /Users/admin/builder/spi-builder-workspace/.dependencies/checkouts/SWXMLHash/Source/String+Extensions.swift (in target 'SWXMLHash' from project 'SWXMLHash')
cd /Users/admin/builder/spi-builder-workspace/.swiftpm/xcode
builtin-SwiftPerFileCompile String+Extensions.swift
SwiftEmitModule normal arm64_32 Emitting\ module\ for\ SWXMLHash (in target 'SWXMLHash' from project 'SWXMLHash')
SwiftCompile normal arm64_32 (in target 'SWXMLHash' from project 'SWXMLHash')
cd /Users/admin/builder/spi-builder-workspace/.swiftpm/xcode
SwiftCompile normal arm64_32 Compiling\ XMLDeserializationError.swift,\ FullXMLParser.swift,\ IndexOp.swift /Users/admin/builder/spi-builder-workspace/.dependencies/checkouts/SWXMLHash/Source/Errors/XMLDeserializationError.swift /Users/admin/builder/spi-builder-workspace/.dependencies/checkouts/SWXMLHash/Source/FullXMLParser.swift /Users/admin/builder/spi-builder-workspace/.dependencies/checkouts/SWXMLHash/Source/IndexOp.swift (in target 'SWXMLHash' from project 'SWXMLHash')
SwiftCompile normal arm64_32 /Users/admin/builder/spi-builder-workspace/.dependencies/checkouts/SWXMLHash/Source/Errors/XMLDeserializationError.swift (in target 'SWXMLHash' from project 'SWXMLHash')
cd /Users/admin/builder/spi-builder-workspace/.swiftpm/xcode
builtin-SwiftPerFileCompile XMLDeserializationError.swift
SwiftCompile normal arm64_32 /Users/admin/builder/spi-builder-workspace/.dependencies/checkouts/SWXMLHash/Source/FullXMLParser.swift (in target 'SWXMLHash' from project 'SWXMLHash')
cd /Users/admin/builder/spi-builder-workspace/.swiftpm/xcode
builtin-SwiftPerFileCompile FullXMLParser.swift
SwiftCompile normal arm64_32 /Users/admin/builder/spi-builder-workspace/.dependencies/checkouts/SWXMLHash/Source/IndexOp.swift (in target 'SWXMLHash' from project 'SWXMLHash')
cd /Users/admin/builder/spi-builder-workspace/.swiftpm/xcode
builtin-SwiftPerFileCompile IndexOp.swift
SwiftCompile normal arm64_32 Compiling\ Double+XMLDeserialization.swift,\ Float+XMLDeserialization.swift,\ Int+XMLDeserialization.swift /Users/admin/builder/spi-builder-workspace/.dependencies/checkouts/SWXMLHash/Source/DeserializationTypes/Double+XMLDeserialization.swift /Users/admin/builder/spi-builder-workspace/.dependencies/checkouts/SWXMLHash/Source/DeserializationTypes/Float+XMLDeserialization.swift /Users/admin/builder/spi-builder-workspace/.dependencies/checkouts/SWXMLHash/Source/DeserializationTypes/Int+XMLDeserialization.swift (in target 'SWXMLHash' from project 'SWXMLHash')
SwiftCompile normal arm64_32 /Users/admin/builder/spi-builder-workspace/.dependencies/checkouts/SWXMLHash/Source/DeserializationTypes/Double+XMLDeserialization.swift (in target 'SWXMLHash' from project 'SWXMLHash')
cd /Users/admin/builder/spi-builder-workspace/.swiftpm/xcode
builtin-SwiftPerFileCompile Double+XMLDeserialization.swift
SwiftCompile normal arm64_32 /Users/admin/builder/spi-builder-workspace/.dependencies/checkouts/SWXMLHash/Source/DeserializationTypes/Float+XMLDeserialization.swift (in target 'SWXMLHash' from project 'SWXMLHash')
cd /Users/admin/builder/spi-builder-workspace/.swiftpm/xcode
builtin-SwiftPerFileCompile Float+XMLDeserialization.swift
SwiftCompile normal arm64_32 /Users/admin/builder/spi-builder-workspace/.dependencies/checkouts/SWXMLHash/Source/DeserializationTypes/Int+XMLDeserialization.swift (in target 'SWXMLHash' from project 'SWXMLHash')
cd /Users/admin/builder/spi-builder-workspace/.swiftpm/xcode
builtin-SwiftPerFileCompile Int+XMLDeserialization.swift
SwiftCompile normal arm64_32 Compiling\ XMLIndexer.swift,\ shim.swift /Users/admin/builder/spi-builder-workspace/.dependencies/checkouts/SWXMLHash/Source/XMLIndexer.swift /Users/admin/builder/spi-builder-workspace/.dependencies/checkouts/SWXMLHash/Source/shim.swift (in target 'SWXMLHash' from project 'SWXMLHash')
SwiftCompile normal arm64_32 /Users/admin/builder/spi-builder-workspace/.dependencies/checkouts/SWXMLHash/Source/XMLIndexer.swift (in target 'SWXMLHash' from project 'SWXMLHash')
cd /Users/admin/builder/spi-builder-workspace/.swiftpm/xcode
builtin-SwiftPerFileCompile XMLIndexer.swift
SwiftCompile normal arm64_32 /Users/admin/builder/spi-builder-workspace/.dependencies/checkouts/SWXMLHash/Source/shim.swift (in target 'SWXMLHash' from project 'SWXMLHash')
cd /Users/admin/builder/spi-builder-workspace/.swiftpm/xcode
builtin-SwiftPerFileCompile shim.swift
SwiftCompile normal arm64_32 Compiling\ String+XMLDeserialization.swift,\ IndexingError.swift,\ ParsingError.swift /Users/admin/builder/spi-builder-workspace/.dependencies/checkouts/SWXMLHash/Source/DeserializationTypes/String+XMLDeserialization.swift /Users/admin/builder/spi-builder-workspace/.dependencies/checkouts/SWXMLHash/Source/Errors/IndexingError.swift /Users/admin/builder/spi-builder-workspace/.dependencies/checkouts/SWXMLHash/Source/Errors/ParsingError.swift (in target 'SWXMLHash' from project 'SWXMLHash')
SwiftCompile normal arm64_32 /Users/admin/builder/spi-builder-workspace/.dependencies/checkouts/SWXMLHash/Source/DeserializationTypes/String+XMLDeserialization.swift (in target 'SWXMLHash' from project 'SWXMLHash')
cd /Users/admin/builder/spi-builder-workspace/.swiftpm/xcode
builtin-SwiftPerFileCompile String+XMLDeserialization.swift
SwiftCompile normal arm64_32 /Users/admin/builder/spi-builder-workspace/.dependencies/checkouts/SWXMLHash/Source/Errors/IndexingError.swift (in target 'SWXMLHash' from project 'SWXMLHash')
cd /Users/admin/builder/spi-builder-workspace/.swiftpm/xcode
builtin-SwiftPerFileCompile IndexingError.swift
SwiftCompile normal arm64_32 /Users/admin/builder/spi-builder-workspace/.dependencies/checkouts/SWXMLHash/Source/Errors/ParsingError.swift (in target 'SWXMLHash' from project 'SWXMLHash')
cd /Users/admin/builder/spi-builder-workspace/.swiftpm/xcode
builtin-SwiftPerFileCompile ParsingError.swift
SwiftCompile normal arm64_32 Compiling\ XMLObjectDeserialization.swift,\ XMLValueDeserialization.swift,\ Bool+XMLDeserialization.swift /Users/admin/builder/spi-builder-workspace/.dependencies/checkouts/SWXMLHash/Source/Deserialization/XMLObjectDeserialization.swift /Users/admin/builder/spi-builder-workspace/.dependencies/checkouts/SWXMLHash/Source/Deserialization/XMLValueDeserialization.swift /Users/admin/builder/spi-builder-workspace/.dependencies/checkouts/SWXMLHash/Source/DeserializationTypes/Bool+XMLDeserialization.swift (in target 'SWXMLHash' from project 'SWXMLHash')
SwiftCompile normal arm64_32 /Users/admin/builder/spi-builder-workspace/.dependencies/checkouts/SWXMLHash/Source/Deserialization/XMLObjectDeserialization.swift (in target 'SWXMLHash' from project 'SWXMLHash')
cd /Users/admin/builder/spi-builder-workspace/.swiftpm/xcode
builtin-SwiftPerFileCompile XMLObjectDeserialization.swift
SwiftCompile normal arm64_32 /Users/admin/builder/spi-builder-workspace/.dependencies/checkouts/SWXMLHash/Source/Deserialization/XMLValueDeserialization.swift (in target 'SWXMLHash' from project 'SWXMLHash')
cd /Users/admin/builder/spi-builder-workspace/.swiftpm/xcode
builtin-SwiftPerFileCompile XMLValueDeserialization.swift
SwiftCompile normal arm64_32 /Users/admin/builder/spi-builder-workspace/.dependencies/checkouts/SWXMLHash/Source/DeserializationTypes/Bool+XMLDeserialization.swift (in target 'SWXMLHash' from project 'SWXMLHash')
cd /Users/admin/builder/spi-builder-workspace/.swiftpm/xcode
builtin-SwiftPerFileCompile Bool+XMLDeserialization.swift
SwiftEmitModule normal arm64 Emitting\ module\ for\ SWXMLHash (in target 'SWXMLHash' from project 'SWXMLHash')
SwiftCompile normal arm64 (in target 'SWXMLHash' from project 'SWXMLHash')
cd /Users/admin/builder/spi-builder-workspace/.swiftpm/xcode
SwiftDriverJobDiscovery normal arm64_32 Emitting module for SWXMLHash (in target 'SWXMLHash' from project 'SWXMLHash')
SwiftDriver\ Compilation\ Requirements SWXMLHash normal arm64_32 com.apple.xcode.tools.swift.compiler (in target 'SWXMLHash' from project 'SWXMLHash')
cd /Users/admin/builder/spi-builder-workspace/.swiftpm/xcode
builtin-Swift-Compilation-Requirements -- /Applications/Xcode-27.0.0-Release.Candidate.app/Contents/Developer/Toolchains/XcodeDefault.xctoolchain/usr/bin/swiftc -parse-as-library -module-name SWXMLHash -Onone @/Users/admin/builder/spi-builder-workspace/.derivedData/Build/Intermediates.noindex/SWXMLHash.build/Debug-watchos/SWXMLHash-t.build/Objects-normal/arm64_32/SWXMLHash.SwiftFileList -DSWIFT_PACKAGE -DDEBUG -DSWIFT_MODULE_RESOURCE_BUNDLE_UNAVAILABLE -DXcode -plugin-path /Applications/Xcode-27.0.0-Release.Candidate.app/Contents/Developer/Toolchains/XcodeDefault.xctoolchain/usr/lib/swift/host/plugins/testing -enable-experimental-feature DebugDescriptionMacro -sdk /Applications/Xcode-27.0.0-Release.Candidate.app/Contents/Developer/Platforms/WatchOS.platform/Developer/SDKs/WatchOS27.0.sdk -target arm64_32-apple-watchos9.0 -g -module-cache-path /Users/admin/builder/spi-builder-workspace/.derivedData/ModuleCache.noindex -Xfrontend -serialize-debugging-options -profile-coverage-mapping -profile-generate -enable-testing -suppress-warnings -index-store-path /Users/admin/builder/spi-builder-workspace/.derivedData/Index.noindex/DataStore -Xcc -D_LIBCPP_HARDENING_MODE\=_LIBCPP_HARDENING_MODE_DEBUG -swift-version 6 -I /Users/admin/builder/spi-builder-workspace/.derivedData/Build/Products/Debug-watchos -Isystem /Applications/Xcode-27.0.0-Release.Candidate.app/Contents/Developer/Platforms/WatchOS.platform/Developer/usr/lib -F /Users/admin/builder/spi-builder-workspace/.derivedData/Build/Products/Debug-watchos -F /Applications/Xcode-27.0.0-Release.Candidate.app/Contents/Developer/Platforms/WatchOS.platform/Developer/Library/Frameworks -F /Applications/Xcode-27.0.0-Release.Candidate.app/Contents/Developer/Platforms/WatchOS.platform/Developer/SDKs/WatchOS27.0.sdk/Developer/Library/Frameworks -c -j10 -enable-batch-mode -incremental -Xcc -ivfsstatcache -Xcc /Users/admin/builder/spi-builder-workspace/.derivedData/SDKStatCaches.noindex/watchos27.0-24R360-e829b21a6f8c9b70876ba0858053c04477534ef55a1706bf4c1112bbb242f0a2.sdkstatcache -output-file-map /Users/admin/builder/spi-builder-workspace/.derivedData/Build/Intermediates.noindex/SWXMLHash.build/Debug-watchos/SWXMLHash-t.build/Objects-normal/arm64_32/SWXMLHash-OutputFileMap.json -save-temps -no-color-diagnostics -explicit-module-build -module-cache-path /Users/admin/builder/spi-builder-workspace/.derivedData/Build/Intermediates.noindex/SwiftExplicitPrecompiledModules -clang-scanner-module-cache-path /Users/admin/builder/spi-builder-workspace/.derivedData/ModuleCache.noindex -sdk-module-cache-path /Users/admin/builder/spi-builder-workspace/.derivedData/SDKExplicitPrecompiledModules -emit-dependencies -emit-module -emit-module-path /Users/admin/builder/spi-builder-workspace/.derivedData/Build/Intermediates.noindex/SWXMLHash.build/Debug-watchos/SWXMLHash-t.build/Objects-normal/arm64_32/SWXMLHash.swiftmodule -serialize-diagnostics -dependency-scan-serialize-diagnostics-path /Users/admin/builder/spi-builder-workspace/.derivedData/Build/Intermediates.noindex/SWXMLHash.build/Debug-watchos/SWXMLHash-t.build/Objects-normal/arm64_32/SWXMLHash-dependency-scan.dia -user-module-version 8.1.1 -validate-clang-modules-once -clang-build-session-file /Users/admin/builder/spi-builder-workspace/.derivedData/ModuleCache.noindex/Session.modulevalidation -Xcc -fmodules-prune-interval\=86400 -Xcc -fmodules-prune-after\=345600 -package-name swxmlhash -emit-const-values -const-gather-protocols-list /Users/admin/builder/spi-builder-workspace/.derivedData/Build/Intermediates.noindex/SWXMLHash.build/Debug-watchos/SWXMLHash-t.build/Objects-normal/arm64_32/SWXMLHash_const_extract_protocols.json -Xcc -I/Users/admin/builder/spi-builder-workspace/.derivedData/Build/Products/Debug-watchos/include -Xcc -I/Users/admin/builder/spi-builder-workspace/.derivedData/Build/Intermediates.noindex/SWXMLHash.build/Debug-watchos/SWXMLHash-t.build/DerivedSources-normal/arm64_32 -Xcc -I/Users/admin/builder/spi-builder-workspace/.derivedData/Build/Intermediates.noindex/SWXMLHash.build/Debug-watchos/SWXMLHash-t.build/DerivedSources/arm64_32 -Xcc -I/Users/admin/builder/spi-builder-workspace/.derivedData/Build/Intermediates.noindex/SWXMLHash.build/Debug-watchos/SWXMLHash-t.build/DerivedSources -Xcc -DSWIFT_PACKAGE -Xcc -DDEBUG\=1 -emit-objc-header -emit-objc-header-path /Users/admin/builder/spi-builder-workspace/.derivedData/Build/Intermediates.noindex/SWXMLHash.build/Debug-watchos/SWXMLHash-t.build/Objects-normal/arm64_32/SWXMLHash-Swift.h -working-directory /Users/admin/builder/spi-builder-workspace/.swiftpm/xcode -experimental-emit-module-separately -disable-cmo
SwiftDriverJobDiscovery normal arm64 Emitting module for SWXMLHash (in target 'SWXMLHash' from project 'SWXMLHash')
SwiftCompile normal arm64 Compiling\ LazyXMLParser.swift,\ Stack.swift,\ String+Extensions.swift /Users/admin/builder/spi-builder-workspace/.dependencies/checkouts/SWXMLHash/Source/LazyXMLParser.swift /Users/admin/builder/spi-builder-workspace/.dependencies/checkouts/SWXMLHash/Source/Stack.swift /Users/admin/builder/spi-builder-workspace/.dependencies/checkouts/SWXMLHash/Source/String+Extensions.swift (in target 'SWXMLHash' from project 'SWXMLHash')
SwiftCompile normal arm64 /Users/admin/builder/spi-builder-workspace/.dependencies/checkouts/SWXMLHash/Source/LazyXMLParser.swift (in target 'SWXMLHash' from project 'SWXMLHash')
cd /Users/admin/builder/spi-builder-workspace/.swiftpm/xcode
builtin-SwiftPerFileCompile LazyXMLParser.swift
SwiftCompile normal arm64 /Users/admin/builder/spi-builder-workspace/.dependencies/checkouts/SWXMLHash/Source/Stack.swift (in target 'SWXMLHash' from project 'SWXMLHash')
cd /Users/admin/builder/spi-builder-workspace/.swiftpm/xcode
builtin-SwiftPerFileCompile Stack.swift
SwiftCompile normal arm64 /Users/admin/builder/spi-builder-workspace/.dependencies/checkouts/SWXMLHash/Source/String+Extensions.swift (in target 'SWXMLHash' from project 'SWXMLHash')
cd /Users/admin/builder/spi-builder-workspace/.swiftpm/xcode
builtin-SwiftPerFileCompile String+Extensions.swift
SwiftDriver\ Compilation\ Requirements SWXMLHash normal arm64 com.apple.xcode.tools.swift.compiler (in target 'SWXMLHash' from project 'SWXMLHash')
cd /Users/admin/builder/spi-builder-workspace/.swiftpm/xcode
builtin-Swift-Compilation-Requirements -- /Applications/Xcode-27.0.0-Release.Candidate.app/Contents/Developer/Toolchains/XcodeDefault.xctoolchain/usr/bin/swiftc -parse-as-library -module-name SWXMLHash -Onone @/Users/admin/builder/spi-builder-workspace/.derivedData/Build/Intermediates.noindex/SWXMLHash.build/Debug-watchos/SWXMLHash-t.build/Objects-normal/arm64/SWXMLHash.SwiftFileList -DSWIFT_PACKAGE -DDEBUG -DSWIFT_MODULE_RESOURCE_BUNDLE_UNAVAILABLE -DXcode -plugin-path /Applications/Xcode-27.0.0-Release.Candidate.app/Contents/Developer/Toolchains/XcodeDefault.xctoolchain/usr/lib/swift/host/plugins/testing -enable-experimental-feature DebugDescriptionMacro -sdk /Applications/Xcode-27.0.0-Release.Candidate.app/Contents/Developer/Platforms/WatchOS.platform/Developer/SDKs/WatchOS27.0.sdk -target arm64-apple-watchos9.0 -g -module-cache-path /Users/admin/builder/spi-builder-workspace/.derivedData/ModuleCache.noindex -Xfrontend -serialize-debugging-options -profile-coverage-mapping -profile-generate -enable-testing -suppress-warnings -index-store-path /Users/admin/builder/spi-builder-workspace/.derivedData/Index.noindex/DataStore -Xcc -D_LIBCPP_HARDENING_MODE\=_LIBCPP_HARDENING_MODE_DEBUG -swift-version 6 -I /Users/admin/builder/spi-builder-workspace/.derivedData/Build/Products/Debug-watchos -Isystem /Applications/Xcode-27.0.0-Release.Candidate.app/Contents/Developer/Platforms/WatchOS.platform/Developer/usr/lib -F /Users/admin/builder/spi-builder-workspace/.derivedData/Build/Products/Debug-watchos -F /Applications/Xcode-27.0.0-Release.Candidate.app/Contents/Developer/Platforms/WatchOS.platform/Developer/Library/Frameworks -F /Applications/Xcode-27.0.0-Release.Candidate.app/Contents/Developer/Platforms/WatchOS.platform/Developer/SDKs/WatchOS27.0.sdk/Developer/Library/Frameworks -c -j10 -enable-batch-mode -incremental -Xcc -ivfsstatcache -Xcc /Users/admin/builder/spi-builder-workspace/.derivedData/SDKStatCaches.noindex/watchos27.0-24R360-e829b21a6f8c9b70876ba0858053c04477534ef55a1706bf4c1112bbb242f0a2.sdkstatcache -output-file-map /Users/admin/builder/spi-builder-workspace/.derivedData/Build/Intermediates.noindex/SWXMLHash.build/Debug-watchos/SWXMLHash-t.build/Objects-normal/arm64/SWXMLHash-OutputFileMap.json -save-temps -no-color-diagnostics -explicit-module-build -module-cache-path /Users/admin/builder/spi-builder-workspace/.derivedData/Build/Intermediates.noindex/SwiftExplicitPrecompiledModules -clang-scanner-module-cache-path /Users/admin/builder/spi-builder-workspace/.derivedData/ModuleCache.noindex -sdk-module-cache-path /Users/admin/builder/spi-builder-workspace/.derivedData/SDKExplicitPrecompiledModules -emit-dependencies -emit-module -emit-module-path /Users/admin/builder/spi-builder-workspace/.derivedData/Build/Intermediates.noindex/SWXMLHash.build/Debug-watchos/SWXMLHash-t.build/Objects-normal/arm64/SWXMLHash.swiftmodule -serialize-diagnostics -dependency-scan-serialize-diagnostics-path /Users/admin/builder/spi-builder-workspace/.derivedData/Build/Intermediates.noindex/SWXMLHash.build/Debug-watchos/SWXMLHash-t.build/Objects-normal/arm64/SWXMLHash-dependency-scan.dia -user-module-version 8.1.1 -validate-clang-modules-once -clang-build-session-file /Users/admin/builder/spi-builder-workspace/.derivedData/ModuleCache.noindex/Session.modulevalidation -Xcc -fmodules-prune-interval\=86400 -Xcc -fmodules-prune-after\=345600 -package-name swxmlhash -emit-const-values -const-gather-protocols-list /Users/admin/builder/spi-builder-workspace/.derivedData/Build/Intermediates.noindex/SWXMLHash.build/Debug-watchos/SWXMLHash-t.build/Objects-normal/arm64/SWXMLHash_const_extract_protocols.json -Xcc -I/Users/admin/builder/spi-builder-workspace/.derivedData/Build/Products/Debug-watchos/include -Xcc -I/Users/admin/builder/spi-builder-workspace/.derivedData/Build/Intermediates.noindex/SWXMLHash.build/Debug-watchos/SWXMLHash-t.build/DerivedSources-normal/arm64 -Xcc -I/Users/admin/builder/spi-builder-workspace/.derivedData/Build/Intermediates.noindex/SWXMLHash.build/Debug-watchos/SWXMLHash-t.build/DerivedSources/arm64 -Xcc -I/Users/admin/builder/spi-builder-workspace/.derivedData/Build/Intermediates.noindex/SWXMLHash.build/Debug-watchos/SWXMLHash-t.build/DerivedSources -Xcc -DSWIFT_PACKAGE -Xcc -DDEBUG\=1 -emit-objc-header -emit-objc-header-path /Users/admin/builder/spi-builder-workspace/.derivedData/Build/Intermediates.noindex/SWXMLHash.build/Debug-watchos/SWXMLHash-t.build/Objects-normal/arm64/SWXMLHash-Swift.h -working-directory /Users/admin/builder/spi-builder-workspace/.swiftpm/xcode -experimental-emit-module-separately -disable-cmo
SwiftDriverJobDiscovery normal arm64_32 Compiling XMLHash.swift, XMLHashOptions.swift (in target 'SWXMLHash' from project 'SWXMLHash')
Copy /Users/admin/builder/spi-builder-workspace/.derivedData/Build/Products/Debug-watchos/SWXMLHash.swiftmodule/arm64_32-apple-watchos.swiftmodule /Users/admin/builder/spi-builder-workspace/.derivedData/Build/Intermediates.noindex/SWXMLHash.build/Debug-watchos/SWXMLHash-t.build/Objects-normal/arm64_32/SWXMLHash.swiftmodule (in target 'SWXMLHash' from project 'SWXMLHash')
cd /Users/admin/builder/spi-builder-workspace/.dependencies/checkouts/SWXMLHash
builtin-copy -exclude .DS_Store -exclude CVS -exclude .svn -exclude .git -exclude .hg -resolve-src-symlinks -rename /Users/admin/builder/spi-builder-workspace/.derivedData/Build/Intermediates.noindex/SWXMLHash.build/Debug-watchos/SWXMLHash-t.build/Objects-normal/arm64_32/SWXMLHash.swiftmodule /Users/admin/builder/spi-builder-workspace/.derivedData/Build/Products/Debug-watchos/SWXMLHash.swiftmodule/arm64_32-apple-watchos.swiftmodule
Copy /Users/admin/builder/spi-builder-workspace/.derivedData/Build/Products/Debug-watchos/SWXMLHash.swiftmodule/arm64_32-apple-watchos.swiftdoc /Users/admin/builder/spi-builder-workspace/.derivedData/Build/Intermediates.noindex/SWXMLHash.build/Debug-watchos/SWXMLHash-t.build/Objects-normal/arm64_32/SWXMLHash.swiftdoc (in target 'SWXMLHash' from project 'SWXMLHash')
cd /Users/admin/builder/spi-builder-workspace/.dependencies/checkouts/SWXMLHash
builtin-copy -exclude .DS_Store -exclude CVS -exclude .svn -exclude .git -exclude .hg -resolve-src-symlinks -rename /Users/admin/builder/spi-builder-workspace/.derivedData/Build/Intermediates.noindex/SWXMLHash.build/Debug-watchos/SWXMLHash-t.build/Objects-normal/arm64_32/SWXMLHash.swiftdoc /Users/admin/builder/spi-builder-workspace/.derivedData/Build/Products/Debug-watchos/SWXMLHash.swiftmodule/arm64_32-apple-watchos.swiftdoc
SwiftDriverJobDiscovery normal arm64_32 Compiling XMLContent.swift, XMLElement.swift (in target 'SWXMLHash' from project 'SWXMLHash')
Copy /Users/admin/builder/spi-builder-workspace/.derivedData/Build/Products/Debug-watchos/SWXMLHash.swiftmodule/arm64_32-apple-watchos.abi.json /Users/admin/builder/spi-builder-workspace/.derivedData/Build/Intermediates.noindex/SWXMLHash.build/Debug-watchos/SWXMLHash-t.build/Objects-normal/arm64_32/SWXMLHash.abi.json (in target 'SWXMLHash' from project 'SWXMLHash')
cd /Users/admin/builder/spi-builder-workspace/.dependencies/checkouts/SWXMLHash
builtin-copy -exclude .DS_Store -exclude CVS -exclude .svn -exclude .git -exclude .hg -resolve-src-symlinks -rename /Users/admin/builder/spi-builder-workspace/.derivedData/Build/Intermediates.noindex/SWXMLHash.build/Debug-watchos/SWXMLHash-t.build/Objects-normal/arm64_32/SWXMLHash.abi.json /Users/admin/builder/spi-builder-workspace/.derivedData/Build/Products/Debug-watchos/SWXMLHash.swiftmodule/arm64_32-apple-watchos.abi.json
Copy /Users/admin/builder/spi-builder-workspace/.derivedData/Build/Products/Debug-watchos/SWXMLHash.swiftmodule/Project/arm64_32-apple-watchos.swiftsourceinfo /Users/admin/builder/spi-builder-workspace/.derivedData/Build/Intermediates.noindex/SWXMLHash.build/Debug-watchos/SWXMLHash-t.build/Objects-normal/arm64_32/SWXMLHash.swiftsourceinfo (in target 'SWXMLHash' from project 'SWXMLHash')
cd /Users/admin/builder/spi-builder-workspace/.dependencies/checkouts/SWXMLHash
builtin-copy -exclude .DS_Store -exclude CVS -exclude .svn -exclude .git -exclude .hg -resolve-src-symlinks -rename /Users/admin/builder/spi-builder-workspace/.derivedData/Build/Intermediates.noindex/SWXMLHash.build/Debug-watchos/SWXMLHash-t.build/Objects-normal/arm64_32/SWXMLHash.swiftsourceinfo /Users/admin/builder/spi-builder-workspace/.derivedData/Build/Products/Debug-watchos/SWXMLHash.swiftmodule/Project/arm64_32-apple-watchos.swiftsourceinfo
SwiftCompile normal arm64 Compiling\ Double+XMLDeserialization.swift,\ Float+XMLDeserialization.swift,\ Int+XMLDeserialization.swift /Users/admin/builder/spi-builder-workspace/.dependencies/checkouts/SWXMLHash/Source/DeserializationTypes/Double+XMLDeserialization.swift /Users/admin/builder/spi-builder-workspace/.dependencies/checkouts/SWXMLHash/Source/DeserializationTypes/Float+XMLDeserialization.swift /Users/admin/builder/spi-builder-workspace/.dependencies/checkouts/SWXMLHash/Source/DeserializationTypes/Int+XMLDeserialization.swift (in target 'SWXMLHash' from project 'SWXMLHash')
SwiftCompile normal arm64 /Users/admin/builder/spi-builder-workspace/.dependencies/checkouts/SWXMLHash/Source/DeserializationTypes/Double+XMLDeserialization.swift (in target 'SWXMLHash' from project 'SWXMLHash')
cd /Users/admin/builder/spi-builder-workspace/.swiftpm/xcode
builtin-SwiftPerFileCompile Double+XMLDeserialization.swift
SwiftCompile normal arm64 /Users/admin/builder/spi-builder-workspace/.dependencies/checkouts/SWXMLHash/Source/DeserializationTypes/Float+XMLDeserialization.swift (in target 'SWXMLHash' from project 'SWXMLHash')
cd /Users/admin/builder/spi-builder-workspace/.swiftpm/xcode
builtin-SwiftPerFileCompile Float+XMLDeserialization.swift
SwiftCompile normal arm64 /Users/admin/builder/spi-builder-workspace/.dependencies/checkouts/SWXMLHash/Source/DeserializationTypes/Int+XMLDeserialization.swift (in target 'SWXMLHash' from project 'SWXMLHash')
cd /Users/admin/builder/spi-builder-workspace/.swiftpm/xcode
builtin-SwiftPerFileCompile Int+XMLDeserialization.swift
SwiftCompile normal arm64 Compiling\ XMLIndexer.swift,\ shim.swift /Users/admin/builder/spi-builder-workspace/.dependencies/checkouts/SWXMLHash/Source/XMLIndexer.swift /Users/admin/builder/spi-builder-workspace/.dependencies/checkouts/SWXMLHash/Source/shim.swift (in target 'SWXMLHash' from project 'SWXMLHash')
SwiftCompile normal arm64 /Users/admin/builder/spi-builder-workspace/.dependencies/checkouts/SWXMLHash/Source/XMLIndexer.swift (in target 'SWXMLHash' from project 'SWXMLHash')
cd /Users/admin/builder/spi-builder-workspace/.swiftpm/xcode
builtin-SwiftPerFileCompile XMLIndexer.swift
SwiftCompile normal arm64 /Users/admin/builder/spi-builder-workspace/.dependencies/checkouts/SWXMLHash/Source/shim.swift (in target 'SWXMLHash' from project 'SWXMLHash')
cd /Users/admin/builder/spi-builder-workspace/.swiftpm/xcode
builtin-SwiftPerFileCompile shim.swift
SwiftMergeGeneratedHeaders /Users/admin/builder/spi-builder-workspace/.derivedData/Build/Intermediates.noindex/GeneratedModuleMaps-watchos/SWXMLHash-Swift.h /Users/admin/builder/spi-builder-workspace/.derivedData/Build/Intermediates.noindex/SWXMLHash.build/Debug-watchos/SWXMLHash-t.build/Objects-normal/arm64/SWXMLHash-Swift.h /Users/admin/builder/spi-builder-workspace/.derivedData/Build/Intermediates.noindex/SWXMLHash.build/Debug-watchos/SWXMLHash-t.build/Objects-normal/arm64_32/SWXMLHash-Swift.h (in target 'SWXMLHash' from project 'SWXMLHash')
cd /Users/admin/builder/spi-builder-workspace/.dependencies/checkouts/SWXMLHash
builtin-swiftHeaderTool -arch arm64 /Users/admin/builder/spi-builder-workspace/.derivedData/Build/Intermediates.noindex/SWXMLHash.build/Debug-watchos/SWXMLHash-t.build/Objects-normal/arm64/SWXMLHash-Swift.h -arch arm64_32 /Users/admin/builder/spi-builder-workspace/.derivedData/Build/Intermediates.noindex/SWXMLHash.build/Debug-watchos/SWXMLHash-t.build/Objects-normal/arm64_32/SWXMLHash-Swift.h -o /Users/admin/builder/spi-builder-workspace/.derivedData/Build/Intermediates.noindex/GeneratedModuleMaps-watchos/SWXMLHash-Swift.h
SwiftDriverJobDiscovery normal arm64_32 Compiling TextElement.swift, XMLAttribute.swift (in target 'SWXMLHash' from project 'SWXMLHash')
SwiftCompile normal arm64 Compiling\ XMLAttributeDeserializable.swift,\ XMLElementDeserializable.swift,\ XMLIndexer+XMLDeserialization.swift /Users/admin/builder/spi-builder-workspace/.dependencies/checkouts/SWXMLHash/Source/Deserialization/XMLAttributeDeserializable.swift /Users/admin/builder/spi-builder-workspace/.dependencies/checkouts/SWXMLHash/Source/Deserialization/XMLElementDeserializable.swift /Users/admin/builder/spi-builder-workspace/.dependencies/checkouts/SWXMLHash/Source/Deserialization/XMLIndexer+XMLDeserialization.swift (in target 'SWXMLHash' from project 'SWXMLHash')
SwiftCompile normal arm64 /Users/admin/builder/spi-builder-workspace/.dependencies/checkouts/SWXMLHash/Source/Deserialization/XMLAttributeDeserializable.swift (in target 'SWXMLHash' from project 'SWXMLHash')
cd /Users/admin/builder/spi-builder-workspace/.swiftpm/xcode
builtin-SwiftPerFileCompile XMLAttributeDeserializable.swift
SwiftCompile normal arm64 /Users/admin/builder/spi-builder-workspace/.dependencies/checkouts/SWXMLHash/Source/Deserialization/XMLElementDeserializable.swift (in target 'SWXMLHash' from project 'SWXMLHash')
cd /Users/admin/builder/spi-builder-workspace/.swiftpm/xcode
builtin-SwiftPerFileCompile XMLElementDeserializable.swift
SwiftCompile normal arm64 /Users/admin/builder/spi-builder-workspace/.dependencies/checkouts/SWXMLHash/Source/Deserialization/XMLIndexer+XMLDeserialization.swift (in target 'SWXMLHash' from project 'SWXMLHash')
cd /Users/admin/builder/spi-builder-workspace/.swiftpm/xcode
builtin-SwiftPerFileCompile XMLIndexer+XMLDeserialization.swift
SwiftCompile normal arm64 Compiling\ XMLObjectDeserialization.swift,\ XMLValueDeserialization.swift,\ Bool+XMLDeserialization.swift /Users/admin/builder/spi-builder-workspace/.dependencies/checkouts/SWXMLHash/Source/Deserialization/XMLObjectDeserialization.swift /Users/admin/builder/spi-builder-workspace/.dependencies/checkouts/SWXMLHash/Source/Deserialization/XMLValueDeserialization.swift /Users/admin/builder/spi-builder-workspace/.dependencies/checkouts/SWXMLHash/Source/DeserializationTypes/Bool+XMLDeserialization.swift (in target 'SWXMLHash' from project 'SWXMLHash')
SwiftCompile normal arm64 /Users/admin/builder/spi-builder-workspace/.dependencies/checkouts/SWXMLHash/Source/Deserialization/XMLObjectDeserialization.swift (in target 'SWXMLHash' from project 'SWXMLHash')
cd /Users/admin/builder/spi-builder-workspace/.swiftpm/xcode
builtin-SwiftPerFileCompile XMLObjectDeserialization.swift
SwiftCompile normal arm64 /Users/admin/builder/spi-builder-workspace/.dependencies/checkouts/SWXMLHash/Source/Deserialization/XMLValueDeserialization.swift (in target 'SWXMLHash' from project 'SWXMLHash')
cd /Users/admin/builder/spi-builder-workspace/.swiftpm/xcode
builtin-SwiftPerFileCompile XMLValueDeserialization.swift
SwiftCompile normal arm64 /Users/admin/builder/spi-builder-workspace/.dependencies/checkouts/SWXMLHash/Source/DeserializationTypes/Bool+XMLDeserialization.swift (in target 'SWXMLHash' from project 'SWXMLHash')
cd /Users/admin/builder/spi-builder-workspace/.swiftpm/xcode
builtin-SwiftPerFileCompile Bool+XMLDeserialization.swift
SwiftCompile normal arm64 Compiling\ String+XMLDeserialization.swift,\ IndexingError.swift,\ ParsingError.swift /Users/admin/builder/spi-builder-workspace/.dependencies/checkouts/SWXMLHash/Source/DeserializationTypes/String+XMLDeserialization.swift /Users/admin/builder/spi-builder-workspace/.dependencies/checkouts/SWXMLHash/Source/Errors/IndexingError.swift /Users/admin/builder/spi-builder-workspace/.dependencies/checkouts/SWXMLHash/Source/Errors/ParsingError.swift (in target 'SWXMLHash' from project 'SWXMLHash')
SwiftCompile normal arm64 /Users/admin/builder/spi-builder-workspace/.dependencies/checkouts/SWXMLHash/Source/DeserializationTypes/String+XMLDeserialization.swift (in target 'SWXMLHash' from project 'SWXMLHash')
cd /Users/admin/builder/spi-builder-workspace/.swiftpm/xcode
builtin-SwiftPerFileCompile String+XMLDeserialization.swift
SwiftCompile normal arm64 /Users/admin/builder/spi-builder-workspace/.dependencies/checkouts/SWXMLHash/Source/Errors/IndexingError.swift (in target 'SWXMLHash' from project 'SWXMLHash')
cd /Users/admin/builder/spi-builder-workspace/.swiftpm/xcode
builtin-SwiftPerFileCompile IndexingError.swift
SwiftCompile normal arm64 /Users/admin/builder/spi-builder-workspace/.dependencies/checkouts/SWXMLHash/Source/Errors/ParsingError.swift (in target 'SWXMLHash' from project 'SWXMLHash')
cd /Users/admin/builder/spi-builder-workspace/.swiftpm/xcode
builtin-SwiftPerFileCompile ParsingError.swift
SwiftCompile normal arm64 Compiling\ XMLContent.swift,\ XMLElement.swift /Users/admin/builder/spi-builder-workspace/.dependencies/checkouts/SWXMLHash/Source/XMLContent.swift /Users/admin/builder/spi-builder-workspace/.dependencies/checkouts/SWXMLHash/Source/XMLElement.swift (in target 'SWXMLHash' from project 'SWXMLHash')
SwiftCompile normal arm64 /Users/admin/builder/spi-builder-workspace/.dependencies/checkouts/SWXMLHash/Source/XMLContent.swift (in target 'SWXMLHash' from project 'SWXMLHash')
cd /Users/admin/builder/spi-builder-workspace/.swiftpm/xcode
builtin-SwiftPerFileCompile XMLContent.swift
SwiftCompile normal arm64 /Users/admin/builder/spi-builder-workspace/.dependencies/checkouts/SWXMLHash/Source/XMLElement.swift (in target 'SWXMLHash' from project 'SWXMLHash')
cd /Users/admin/builder/spi-builder-workspace/.swiftpm/xcode
builtin-SwiftPerFileCompile XMLElement.swift
SwiftCompile normal arm64_32 Compiling\ XMLAttributeDeserializable.swift,\ XMLElementDeserializable.swift,\ XMLIndexer+XMLDeserialization.swift /Users/admin/builder/spi-builder-workspace/.dependencies/checkouts/SWXMLHash/Source/Deserialization/XMLAttributeDeserializable.swift /Users/admin/builder/spi-builder-workspace/.dependencies/checkouts/SWXMLHash/Source/Deserialization/XMLElementDeserializable.swift /Users/admin/builder/spi-builder-workspace/.dependencies/checkouts/SWXMLHash/Source/Deserialization/XMLIndexer+XMLDeserialization.swift (in target 'SWXMLHash' from project 'SWXMLHash')
SwiftCompile normal arm64_32 /Users/admin/builder/spi-builder-workspace/.dependencies/checkouts/SWXMLHash/Source/Deserialization/XMLAttributeDeserializable.swift (in target 'SWXMLHash' from project 'SWXMLHash')
cd /Users/admin/builder/spi-builder-workspace/.swiftpm/xcode
builtin-SwiftPerFileCompile XMLAttributeDeserializable.swift
SwiftCompile normal arm64_32 /Users/admin/builder/spi-builder-workspace/.dependencies/checkouts/SWXMLHash/Source/Deserialization/XMLElementDeserializable.swift (in target 'SWXMLHash' from project 'SWXMLHash')
cd /Users/admin/builder/spi-builder-workspace/.swiftpm/xcode
builtin-SwiftPerFileCompile XMLElementDeserializable.swift
SwiftCompile normal arm64_32 /Users/admin/builder/spi-builder-workspace/.dependencies/checkouts/SWXMLHash/Source/Deserialization/XMLIndexer+XMLDeserialization.swift (in target 'SWXMLHash' from project 'SWXMLHash')
cd /Users/admin/builder/spi-builder-workspace/.swiftpm/xcode
builtin-SwiftPerFileCompile XMLIndexer+XMLDeserialization.swift
SwiftCompile normal arm64 Compiling\ XMLHash.swift,\ XMLHashOptions.swift /Users/admin/builder/spi-builder-workspace/.dependencies/checkouts/SWXMLHash/Source/XMLHash.swift /Users/admin/builder/spi-builder-workspace/.dependencies/checkouts/SWXMLHash/Source/XMLHashOptions.swift (in target 'SWXMLHash' from project 'SWXMLHash')
SwiftCompile normal arm64 /Users/admin/builder/spi-builder-workspace/.dependencies/checkouts/SWXMLHash/Source/XMLHash.swift (in target 'SWXMLHash' from project 'SWXMLHash')
cd /Users/admin/builder/spi-builder-workspace/.swiftpm/xcode
builtin-SwiftPerFileCompile XMLHash.swift
SwiftCompile normal arm64 /Users/admin/builder/spi-builder-workspace/.dependencies/checkouts/SWXMLHash/Source/XMLHashOptions.swift (in target 'SWXMLHash' from project 'SWXMLHash')
cd /Users/admin/builder/spi-builder-workspace/.swiftpm/xcode
builtin-SwiftPerFileCompile XMLHashOptions.swift
SwiftDriverJobDiscovery normal arm64_32 Compiling LazyXMLParser.swift, Stack.swift, String+Extensions.swift (in target 'SWXMLHash' from project 'SWXMLHash')
SwiftCompile normal arm64 Compiling\ XMLDeserializationError.swift,\ FullXMLParser.swift,\ IndexOp.swift /Users/admin/builder/spi-builder-workspace/.dependencies/checkouts/SWXMLHash/Source/Errors/XMLDeserializationError.swift /Users/admin/builder/spi-builder-workspace/.dependencies/checkouts/SWXMLHash/Source/FullXMLParser.swift /Users/admin/builder/spi-builder-workspace/.dependencies/checkouts/SWXMLHash/Source/IndexOp.swift (in target 'SWXMLHash' from project 'SWXMLHash')
SwiftCompile normal arm64 /Users/admin/builder/spi-builder-workspace/.dependencies/checkouts/SWXMLHash/Source/Errors/XMLDeserializationError.swift (in target 'SWXMLHash' from project 'SWXMLHash')
cd /Users/admin/builder/spi-builder-workspace/.swiftpm/xcode
builtin-SwiftPerFileCompile XMLDeserializationError.swift
SwiftCompile normal arm64 /Users/admin/builder/spi-builder-workspace/.dependencies/checkouts/SWXMLHash/Source/FullXMLParser.swift (in target 'SWXMLHash' from project 'SWXMLHash')
cd /Users/admin/builder/spi-builder-workspace/.swiftpm/xcode
builtin-SwiftPerFileCompile FullXMLParser.swift
SwiftCompile normal arm64 /Users/admin/builder/spi-builder-workspace/.dependencies/checkouts/SWXMLHash/Source/IndexOp.swift (in target 'SWXMLHash' from project 'SWXMLHash')
cd /Users/admin/builder/spi-builder-workspace/.swiftpm/xcode
builtin-SwiftPerFileCompile IndexOp.swift
SwiftCompile normal arm64 Compiling\ TextElement.swift,\ XMLAttribute.swift /Users/admin/builder/spi-builder-workspace/.dependencies/checkouts/SWXMLHash/Source/TextElement.swift /Users/admin/builder/spi-builder-workspace/.dependencies/checkouts/SWXMLHash/Source/XMLAttribute.swift (in target 'SWXMLHash' from project 'SWXMLHash')
SwiftCompile normal arm64 /Users/admin/builder/spi-builder-workspace/.dependencies/checkouts/SWXMLHash/Source/TextElement.swift (in target 'SWXMLHash' from project 'SWXMLHash')
cd /Users/admin/builder/spi-builder-workspace/.swiftpm/xcode
builtin-SwiftPerFileCompile TextElement.swift
SwiftCompile normal arm64 /Users/admin/builder/spi-builder-workspace/.dependencies/checkouts/SWXMLHash/Source/XMLAttribute.swift (in target 'SWXMLHash' from project 'SWXMLHash')
cd /Users/admin/builder/spi-builder-workspace/.swiftpm/xcode
builtin-SwiftPerFileCompile XMLAttribute.swift
SwiftDriverJobDiscovery normal arm64_32 Compiling Double+XMLDeserialization.swift, Float+XMLDeserialization.swift, Int+XMLDeserialization.swift (in target 'SWXMLHash' from project 'SWXMLHash')
SwiftDriverJobDiscovery normal arm64_32 Compiling XMLObjectDeserialization.swift, XMLValueDeserialization.swift, Bool+XMLDeserialization.swift (in target 'SWXMLHash' from project 'SWXMLHash')
SwiftDriverJobDiscovery normal arm64_32 Compiling XMLIndexer.swift, shim.swift (in target 'SWXMLHash' from project 'SWXMLHash')
SwiftDriverJobDiscovery normal arm64 Compiling LazyXMLParser.swift, Stack.swift, String+Extensions.swift (in target 'SWXMLHash' from project 'SWXMLHash')
SwiftDriverJobDiscovery normal arm64_32 Compiling XMLDeserializationError.swift, FullXMLParser.swift, IndexOp.swift (in target 'SWXMLHash' from project 'SWXMLHash')
SwiftDriverJobDiscovery normal arm64_32 Compiling String+XMLDeserialization.swift, IndexingError.swift, ParsingError.swift (in target 'SWXMLHash' from project 'SWXMLHash')
Copy /Users/admin/builder/spi-builder-workspace/.derivedData/Build/Products/Debug-watchos/SWXMLHash.swiftmodule/arm64-apple-watchos.swiftmodule /Users/admin/builder/spi-builder-workspace/.derivedData/Build/Intermediates.noindex/SWXMLHash.build/Debug-watchos/SWXMLHash-t.build/Objects-normal/arm64/SWXMLHash.swiftmodule (in target 'SWXMLHash' from project 'SWXMLHash')
cd /Users/admin/builder/spi-builder-workspace/.dependencies/checkouts/SWXMLHash
builtin-copy -exclude .DS_Store -exclude CVS -exclude .svn -exclude .git -exclude .hg -resolve-src-symlinks -rename /Users/admin/builder/spi-builder-workspace/.derivedData/Build/Intermediates.noindex/SWXMLHash.build/Debug-watchos/SWXMLHash-t.build/Objects-normal/arm64/SWXMLHash.swiftmodule /Users/admin/builder/spi-builder-workspace/.derivedData/Build/Products/Debug-watchos/SWXMLHash.swiftmodule/arm64-apple-watchos.swiftmodule
SwiftDriverJobDiscovery normal arm64 Compiling TextElement.swift, XMLAttribute.swift (in target 'SWXMLHash' from project 'SWXMLHash')
Copy /Users/admin/builder/spi-builder-workspace/.derivedData/Build/Products/Debug-watchos/SWXMLHash.swiftmodule/arm64-apple-watchos.swiftdoc /Users/admin/builder/spi-builder-workspace/.derivedData/Build/Intermediates.noindex/SWXMLHash.build/Debug-watchos/SWXMLHash-t.build/Objects-normal/arm64/SWXMLHash.swiftdoc (in target 'SWXMLHash' from project 'SWXMLHash')
cd /Users/admin/builder/spi-builder-workspace/.dependencies/checkouts/SWXMLHash
builtin-copy -exclude .DS_Store -exclude CVS -exclude .svn -exclude .git -exclude .hg -resolve-src-symlinks -rename /Users/admin/builder/spi-builder-workspace/.derivedData/Build/Intermediates.noindex/SWXMLHash.build/Debug-watchos/SWXMLHash-t.build/Objects-normal/arm64/SWXMLHash.swiftdoc /Users/admin/builder/spi-builder-workspace/.derivedData/Build/Products/Debug-watchos/SWXMLHash.swiftmodule/arm64-apple-watchos.swiftdoc
Copy /Users/admin/builder/spi-builder-workspace/.derivedData/Build/Products/Debug-watchos/SWXMLHash.swiftmodule/arm64-apple-watchos.abi.json /Users/admin/builder/spi-builder-workspace/.derivedData/Build/Intermediates.noindex/SWXMLHash.build/Debug-watchos/SWXMLHash-t.build/Objects-normal/arm64/SWXMLHash.abi.json (in target 'SWXMLHash' from project 'SWXMLHash')
cd /Users/admin/builder/spi-builder-workspace/.dependencies/checkouts/SWXMLHash
builtin-copy -exclude .DS_Store -exclude CVS -exclude .svn -exclude .git -exclude .hg -resolve-src-symlinks -rename /Users/admin/builder/spi-builder-workspace/.derivedData/Build/Intermediates.noindex/SWXMLHash.build/Debug-watchos/SWXMLHash-t.build/Objects-normal/arm64/SWXMLHash.abi.json /Users/admin/builder/spi-builder-workspace/.derivedData/Build/Products/Debug-watchos/SWXMLHash.swiftmodule/arm64-apple-watchos.abi.json
SwiftDriverJobDiscovery normal arm64 Compiling XMLObjectDeserialization.swift, XMLValueDeserialization.swift, Bool+XMLDeserialization.swift (in target 'SWXMLHash' from project 'SWXMLHash')
Copy /Users/admin/builder/spi-builder-workspace/.derivedData/Build/Products/Debug-watchos/SWXMLHash.swiftmodule/Project/arm64-apple-watchos.swiftsourceinfo /Users/admin/builder/spi-builder-workspace/.derivedData/Build/Intermediates.noindex/SWXMLHash.build/Debug-watchos/SWXMLHash-t.build/Objects-normal/arm64/SWXMLHash.swiftsourceinfo (in target 'SWXMLHash' from project 'SWXMLHash')
cd /Users/admin/builder/spi-builder-workspace/.dependencies/checkouts/SWXMLHash
builtin-copy -exclude .DS_Store -exclude CVS -exclude .svn -exclude .git -exclude .hg -resolve-src-symlinks -rename /Users/admin/builder/spi-builder-workspace/.derivedData/Build/Intermediates.noindex/SWXMLHash.build/Debug-watchos/SWXMLHash-t.build/Objects-normal/arm64/SWXMLHash.swiftsourceinfo /Users/admin/builder/spi-builder-workspace/.derivedData/Build/Products/Debug-watchos/SWXMLHash.swiftmodule/Project/arm64-apple-watchos.swiftsourceinfo
SwiftDriver MomXML normal arm64_32 com.apple.xcode.tools.swift.compiler (in target 'MomXML' from project 'MomXML')
cd /Users/admin/builder/spi-builder-workspace/.swiftpm/xcode
builtin-SwiftDriver -- /Applications/Xcode-27.0.0-Release.Candidate.app/Contents/Developer/Toolchains/XcodeDefault.xctoolchain/usr/bin/swiftc -parse-as-library -module-name MomXML -Onone @/Users/admin/builder/spi-builder-workspace/.derivedData/Build/Intermediates.noindex/MomXML.build/Debug-watchos/MomXML-t.build/Objects-normal/arm64_32/MomXML.SwiftFileList -DSWIFT_PACKAGE -DDEBUG -DSWIFT_MODULE_RESOURCE_BUNDLE_UNAVAILABLE -DXcode -plugin-path /Applications/Xcode-27.0.0-Release.Candidate.app/Contents/Developer/Toolchains/XcodeDefault.xctoolchain/usr/lib/swift/host/plugins/testing -enable-experimental-feature DebugDescriptionMacro -sdk /Applications/Xcode-27.0.0-Release.Candidate.app/Contents/Developer/Platforms/WatchOS.platform/Developer/SDKs/WatchOS27.0.sdk -target arm64_32-apple-watchos9.0 -g -module-cache-path /Users/admin/builder/spi-builder-workspace/.derivedData/ModuleCache.noindex -Xfrontend -serialize-debugging-options -profile-coverage-mapping -profile-generate -enable-testing -index-store-path /Users/admin/builder/spi-builder-workspace/.derivedData/Index.noindex/DataStore -Xcc -D_LIBCPP_HARDENING_MODE\=_LIBCPP_HARDENING_MODE_DEBUG -swift-version 6 -I /Users/admin/builder/spi-builder-workspace/.derivedData/Build/Products/Debug-watchos -Isystem /Applications/Xcode-27.0.0-Release.Candidate.app/Contents/Developer/Platforms/WatchOS.platform/Developer/usr/lib -F /Users/admin/builder/spi-builder-workspace/.derivedData/Build/Products/Debug-watchos/PackageFrameworks -F /Users/admin/builder/spi-builder-workspace/.derivedData/Build/Products/Debug-watchos -F /Applications/Xcode-27.0.0-Release.Candidate.app/Contents/Developer/Platforms/WatchOS.platform/Developer/Library/Frameworks -F /Applications/Xcode-27.0.0-Release.Candidate.app/Contents/Developer/Platforms/WatchOS.platform/Developer/SDKs/WatchOS27.0.sdk/Developer/Library/Frameworks -c -j10 -enable-batch-mode -incremental -Xcc -ivfsstatcache -Xcc /Users/admin/builder/spi-builder-workspace/.derivedData/SDKStatCaches.noindex/watchos27.0-24R360-e829b21a6f8c9b70876ba0858053c04477534ef55a1706bf4c1112bbb242f0a2.sdkstatcache -output-file-map /Users/admin/builder/spi-builder-workspace/.derivedData/Build/Intermediates.noindex/MomXML.build/Debug-watchos/MomXML-t.build/Objects-normal/arm64_32/MomXML-OutputFileMap.json -save-temps -no-color-diagnostics -explicit-module-build -module-cache-path /Users/admin/builder/spi-builder-workspace/.derivedData/Build/Intermediates.noindex/SwiftExplicitPrecompiledModules -clang-scanner-module-cache-path /Users/admin/builder/spi-builder-workspace/.derivedData/ModuleCache.noindex -sdk-module-cache-path /Users/admin/builder/spi-builder-workspace/.derivedData/SDKExplicitPrecompiledModules -emit-dependencies -emit-module -emit-module-path /Users/admin/builder/spi-builder-workspace/.derivedData/Build/Intermediates.noindex/MomXML.build/Debug-watchos/MomXML-t.build/Objects-normal/arm64_32/MomXML.swiftmodule -serialize-diagnostics -dependency-scan-serialize-diagnostics-path /Users/admin/builder/spi-builder-workspace/.derivedData/Build/Intermediates.noindex/MomXML.build/Debug-watchos/MomXML-t.build/Objects-normal/arm64_32/MomXML-dependency-scan.dia -validate-clang-modules-once -clang-build-session-file /Users/admin/builder/spi-builder-workspace/.derivedData/ModuleCache.noindex/Session.modulevalidation -Xcc -fmodules-prune-interval\=86400 -Xcc -fmodules-prune-after\=345600 -package-name spi_builder_workspace -emit-const-values -const-gather-protocols-list /Users/admin/builder/spi-builder-workspace/.derivedData/Build/Intermediates.noindex/MomXML.build/Debug-watchos/MomXML-t.build/Objects-normal/arm64_32/MomXML_const_extract_protocols.json -Xcc -I/Users/admin/builder/spi-builder-workspace/.derivedData/Build/Products/Debug-watchos/include -Xcc -I/Users/admin/builder/spi-builder-workspace/.derivedData/Build/Intermediates.noindex/MomXML.build/Debug-watchos/MomXML-t.build/DerivedSources-normal/arm64_32 -Xcc -I/Users/admin/builder/spi-builder-workspace/.derivedData/Build/Intermediates.noindex/MomXML.build/Debug-watchos/MomXML-t.build/DerivedSources/arm64_32 -Xcc -I/Users/admin/builder/spi-builder-workspace/.derivedData/Build/Intermediates.noindex/MomXML.build/Debug-watchos/MomXML-t.build/DerivedSources -Xcc -DSWIFT_PACKAGE -Xcc -DDEBUG\=1 -emit-objc-header -emit-objc-header-path /Users/admin/builder/spi-builder-workspace/.derivedData/Build/Intermediates.noindex/MomXML.build/Debug-watchos/MomXML-t.build/Objects-normal/arm64_32/MomXML-Swift.h -working-directory /Users/admin/builder/spi-builder-workspace/.swiftpm/xcode -experimental-emit-module-separately -disable-cmo
SwiftDriver MomXML normal arm64 com.apple.xcode.tools.swift.compiler (in target 'MomXML' from project 'MomXML')
cd /Users/admin/builder/spi-builder-workspace/.swiftpm/xcode
builtin-SwiftDriver -- /Applications/Xcode-27.0.0-Release.Candidate.app/Contents/Developer/Toolchains/XcodeDefault.xctoolchain/usr/bin/swiftc -parse-as-library -module-name MomXML -Onone @/Users/admin/builder/spi-builder-workspace/.derivedData/Build/Intermediates.noindex/MomXML.build/Debug-watchos/MomXML-t.build/Objects-normal/arm64/MomXML.SwiftFileList -DSWIFT_PACKAGE -DDEBUG -DSWIFT_MODULE_RESOURCE_BUNDLE_UNAVAILABLE -DXcode -plugin-path /Applications/Xcode-27.0.0-Release.Candidate.app/Contents/Developer/Toolchains/XcodeDefault.xctoolchain/usr/lib/swift/host/plugins/testing -enable-experimental-feature DebugDescriptionMacro -sdk /Applications/Xcode-27.0.0-Release.Candidate.app/Contents/Developer/Platforms/WatchOS.platform/Developer/SDKs/WatchOS27.0.sdk -target arm64-apple-watchos9.0 -g -module-cache-path /Users/admin/builder/spi-builder-workspace/.derivedData/ModuleCache.noindex -Xfrontend -serialize-debugging-options -profile-coverage-mapping -profile-generate -enable-testing -index-store-path /Users/admin/builder/spi-builder-workspace/.derivedData/Index.noindex/DataStore -Xcc -D_LIBCPP_HARDENING_MODE\=_LIBCPP_HARDENING_MODE_DEBUG -swift-version 6 -I /Users/admin/builder/spi-builder-workspace/.derivedData/Build/Products/Debug-watchos -Isystem /Applications/Xcode-27.0.0-Release.Candidate.app/Contents/Developer/Platforms/WatchOS.platform/Developer/usr/lib -F /Users/admin/builder/spi-builder-workspace/.derivedData/Build/Products/Debug-watchos/PackageFrameworks -F /Users/admin/builder/spi-builder-workspace/.derivedData/Build/Products/Debug-watchos -F /Applications/Xcode-27.0.0-Release.Candidate.app/Contents/Developer/Platforms/WatchOS.platform/Developer/Library/Frameworks -F /Applications/Xcode-27.0.0-Release.Candidate.app/Contents/Developer/Platforms/WatchOS.platform/Developer/SDKs/WatchOS27.0.sdk/Developer/Library/Frameworks -c -j10 -enable-batch-mode -incremental -Xcc -ivfsstatcache -Xcc /Users/admin/builder/spi-builder-workspace/.derivedData/SDKStatCaches.noindex/watchos27.0-24R360-e829b21a6f8c9b70876ba0858053c04477534ef55a1706bf4c1112bbb242f0a2.sdkstatcache -output-file-map /Users/admin/builder/spi-builder-workspace/.derivedData/Build/Intermediates.noindex/MomXML.build/Debug-watchos/MomXML-t.build/Objects-normal/arm64/MomXML-OutputFileMap.json -save-temps -no-color-diagnostics -explicit-module-build -module-cache-path /Users/admin/builder/spi-builder-workspace/.derivedData/Build/Intermediates.noindex/SwiftExplicitPrecompiledModules -clang-scanner-module-cache-path /Users/admin/builder/spi-builder-workspace/.derivedData/ModuleCache.noindex -sdk-module-cache-path /Users/admin/builder/spi-builder-workspace/.derivedData/SDKExplicitPrecompiledModules -emit-dependencies -emit-module -emit-module-path /Users/admin/builder/spi-builder-workspace/.derivedData/Build/Intermediates.noindex/MomXML.build/Debug-watchos/MomXML-t.build/Objects-normal/arm64/MomXML.swiftmodule -serialize-diagnostics -dependency-scan-serialize-diagnostics-path /Users/admin/builder/spi-builder-workspace/.derivedData/Build/Intermediates.noindex/MomXML.build/Debug-watchos/MomXML-t.build/Objects-normal/arm64/MomXML-dependency-scan.dia -validate-clang-modules-once -clang-build-session-file /Users/admin/builder/spi-builder-workspace/.derivedData/ModuleCache.noindex/Session.modulevalidation -Xcc -fmodules-prune-interval\=86400 -Xcc -fmodules-prune-after\=345600 -package-name spi_builder_workspace -emit-const-values -const-gather-protocols-list /Users/admin/builder/spi-builder-workspace/.derivedData/Build/Intermediates.noindex/MomXML.build/Debug-watchos/MomXML-t.build/Objects-normal/arm64/MomXML_const_extract_protocols.json -Xcc -I/Users/admin/builder/spi-builder-workspace/.derivedData/Build/Products/Debug-watchos/include -Xcc -I/Users/admin/builder/spi-builder-workspace/.derivedData/Build/Intermediates.noindex/MomXML.build/Debug-watchos/MomXML-t.build/DerivedSources-normal/arm64 -Xcc -I/Users/admin/builder/spi-builder-workspace/.derivedData/Build/Intermediates.noindex/MomXML.build/Debug-watchos/MomXML-t.build/DerivedSources/arm64 -Xcc -I/Users/admin/builder/spi-builder-workspace/.derivedData/Build/Intermediates.noindex/MomXML.build/Debug-watchos/MomXML-t.build/DerivedSources -Xcc -DSWIFT_PACKAGE -Xcc -DDEBUG\=1 -emit-objc-header -emit-objc-header-path /Users/admin/builder/spi-builder-workspace/.derivedData/Build/Intermediates.noindex/MomXML.build/Debug-watchos/MomXML-t.build/Objects-normal/arm64/MomXML-Swift.h -working-directory /Users/admin/builder/spi-builder-workspace/.swiftpm/xcode -experimental-emit-module-separately -disable-cmo
SwiftDriverJobDiscovery normal arm64 Compiling Double+XMLDeserialization.swift, Float+XMLDeserialization.swift, Int+XMLDeserialization.swift (in target 'SWXMLHash' from project 'SWXMLHash')
SwiftDriverJobDiscovery normal arm64 Compiling XMLHash.swift, XMLHashOptions.swift (in target 'SWXMLHash' from project 'SWXMLHash')
SwiftDriverJobDiscovery normal arm64 Compiling String+XMLDeserialization.swift, IndexingError.swift, ParsingError.swift (in target 'SWXMLHash' from project 'SWXMLHash')
SwiftDriverJobDiscovery normal arm64 Compiling XMLContent.swift, XMLElement.swift (in target 'SWXMLHash' from project 'SWXMLHash')
SwiftDriverJobDiscovery normal arm64 Compiling XMLAttributeDeserializable.swift, XMLElementDeserializable.swift, XMLIndexer+XMLDeserialization.swift (in target 'SWXMLHash' from project 'SWXMLHash')
SwiftDriverJobDiscovery normal arm64 Compiling XMLIndexer.swift, shim.swift (in target 'SWXMLHash' from project 'SWXMLHash')
SwiftDriverJobDiscovery normal arm64_32 Compiling XMLAttributeDeserializable.swift, XMLElementDeserializable.swift, XMLIndexer+XMLDeserialization.swift (in target 'SWXMLHash' from project 'SWXMLHash')
SwiftDriver\ Compilation SWXMLHash normal arm64_32 com.apple.xcode.tools.swift.compiler (in target 'SWXMLHash' from project 'SWXMLHash')
cd /Users/admin/builder/spi-builder-workspace/.swiftpm/xcode
builtin-Swift-Compilation -- /Applications/Xcode-27.0.0-Release.Candidate.app/Contents/Developer/Toolchains/XcodeDefault.xctoolchain/usr/bin/swiftc -parse-as-library -module-name SWXMLHash -Onone @/Users/admin/builder/spi-builder-workspace/.derivedData/Build/Intermediates.noindex/SWXMLHash.build/Debug-watchos/SWXMLHash-t.build/Objects-normal/arm64_32/SWXMLHash.SwiftFileList -DSWIFT_PACKAGE -DDEBUG -DSWIFT_MODULE_RESOURCE_BUNDLE_UNAVAILABLE -DXcode -plugin-path /Applications/Xcode-27.0.0-Release.Candidate.app/Contents/Developer/Toolchains/XcodeDefault.xctoolchain/usr/lib/swift/host/plugins/testing -enable-experimental-feature DebugDescriptionMacro -sdk /Applications/Xcode-27.0.0-Release.Candidate.app/Contents/Developer/Platforms/WatchOS.platform/Developer/SDKs/WatchOS27.0.sdk -target arm64_32-apple-watchos9.0 -g -module-cache-path /Users/admin/builder/spi-builder-workspace/.derivedData/ModuleCache.noindex -Xfrontend -serialize-debugging-options -profile-coverage-mapping -profile-generate -enable-testing -suppress-warnings -index-store-path /Users/admin/builder/spi-builder-workspace/.derivedData/Index.noindex/DataStore -Xcc -D_LIBCPP_HARDENING_MODE\=_LIBCPP_HARDENING_MODE_DEBUG -swift-version 6 -I /Users/admin/builder/spi-builder-workspace/.derivedData/Build/Products/Debug-watchos -Isystem /Applications/Xcode-27.0.0-Release.Candidate.app/Contents/Developer/Platforms/WatchOS.platform/Developer/usr/lib -F /Users/admin/builder/spi-builder-workspace/.derivedData/Build/Products/Debug-watchos -F /Applications/Xcode-27.0.0-Release.Candidate.app/Contents/Developer/Platforms/WatchOS.platform/Developer/Library/Frameworks -F /Applications/Xcode-27.0.0-Release.Candidate.app/Contents/Developer/Platforms/WatchOS.platform/Developer/SDKs/WatchOS27.0.sdk/Developer/Library/Frameworks -c -j10 -enable-batch-mode -incremental -Xcc -ivfsstatcache -Xcc /Users/admin/builder/spi-builder-workspace/.derivedData/SDKStatCaches.noindex/watchos27.0-24R360-e829b21a6f8c9b70876ba0858053c04477534ef55a1706bf4c1112bbb242f0a2.sdkstatcache -output-file-map /Users/admin/builder/spi-builder-workspace/.derivedData/Build/Intermediates.noindex/SWXMLHash.build/Debug-watchos/SWXMLHash-t.build/Objects-normal/arm64_32/SWXMLHash-OutputFileMap.json -save-temps -no-color-diagnostics -explicit-module-build -module-cache-path /Users/admin/builder/spi-builder-workspace/.derivedData/Build/Intermediates.noindex/SwiftExplicitPrecompiledModules -clang-scanner-module-cache-path /Users/admin/builder/spi-builder-workspace/.derivedData/ModuleCache.noindex -sdk-module-cache-path /Users/admin/builder/spi-builder-workspace/.derivedData/SDKExplicitPrecompiledModules -emit-dependencies -emit-module -emit-module-path /Users/admin/builder/spi-builder-workspace/.derivedData/Build/Intermediates.noindex/SWXMLHash.build/Debug-watchos/SWXMLHash-t.build/Objects-normal/arm64_32/SWXMLHash.swiftmodule -serialize-diagnostics -dependency-scan-serialize-diagnostics-path /Users/admin/builder/spi-builder-workspace/.derivedData/Build/Intermediates.noindex/SWXMLHash.build/Debug-watchos/SWXMLHash-t.build/Objects-normal/arm64_32/SWXMLHash-dependency-scan.dia -user-module-version 8.1.1 -validate-clang-modules-once -clang-build-session-file /Users/admin/builder/spi-builder-workspace/.derivedData/ModuleCache.noindex/Session.modulevalidation -Xcc -fmodules-prune-interval\=86400 -Xcc -fmodules-prune-after\=345600 -package-name swxmlhash -emit-const-values -const-gather-protocols-list /Users/admin/builder/spi-builder-workspace/.derivedData/Build/Intermediates.noindex/SWXMLHash.build/Debug-watchos/SWXMLHash-t.build/Objects-normal/arm64_32/SWXMLHash_const_extract_protocols.json -Xcc -I/Users/admin/builder/spi-builder-workspace/.derivedData/Build/Products/Debug-watchos/include -Xcc -I/Users/admin/builder/spi-builder-workspace/.derivedData/Build/Intermediates.noindex/SWXMLHash.build/Debug-watchos/SWXMLHash-t.build/DerivedSources-normal/arm64_32 -Xcc -I/Users/admin/builder/spi-builder-workspace/.derivedData/Build/Intermediates.noindex/SWXMLHash.build/Debug-watchos/SWXMLHash-t.build/DerivedSources/arm64_32 -Xcc -I/Users/admin/builder/spi-builder-workspace/.derivedData/Build/Intermediates.noindex/SWXMLHash.build/Debug-watchos/SWXMLHash-t.build/DerivedSources -Xcc -DSWIFT_PACKAGE -Xcc -DDEBUG\=1 -emit-objc-header -emit-objc-header-path /Users/admin/builder/spi-builder-workspace/.derivedData/Build/Intermediates.noindex/SWXMLHash.build/Debug-watchos/SWXMLHash-t.build/Objects-normal/arm64_32/SWXMLHash-Swift.h -working-directory /Users/admin/builder/spi-builder-workspace/.swiftpm/xcode -experimental-emit-module-separately -disable-cmo
Ld /Users/admin/builder/spi-builder-workspace/.derivedData/Build/Intermediates.noindex/SWXMLHash.build/Debug-watchos/SWXMLHash-t.build/Objects-normal/arm64_32/Binary/SWXMLHash.o normal arm64_32 (in target 'SWXMLHash' from project 'SWXMLHash')
cd /Users/admin/builder/spi-builder-workspace/.dependencies/checkouts/SWXMLHash
/Applications/Xcode-27.0.0-Release.Candidate.app/Contents/Developer/Toolchains/XcodeDefault.xctoolchain/usr/bin/clang -Xlinker -reproducible -target arm64_32-apple-watchos9.0 -r -isysroot /Applications/Xcode-27.0.0-Release.Candidate.app/Contents/Developer/Platforms/WatchOS.platform/Developer/SDKs/WatchOS27.0.sdk -O0 -w -Xlinker -no_warn_duplicate_libraries -F/Users/admin/builder/spi-builder-workspace/.derivedData/Build/Intermediates.noindex/EagerLinkingTBDs/Debug-watchos -F/Users/admin/builder/spi-builder-workspace/.derivedData/Build/Products/Debug-watchos -iframework /Applications/Xcode-27.0.0-Release.Candidate.app/Contents/Developer/Platforms/WatchOS.platform/Developer/Library/Frameworks -iframework /Applications/Xcode-27.0.0-Release.Candidate.app/Contents/Developer/Platforms/WatchOS.platform/Developer/SDKs/WatchOS27.0.sdk/Developer/Library/Frameworks -filelist /Users/admin/builder/spi-builder-workspace/.derivedData/Build/Intermediates.noindex/SWXMLHash.build/Debug-watchos/SWXMLHash-t.build/Objects-normal/arm64_32/SWXMLHash.LinkFileList -nostdlib -Xlinker -object_path_lto -Xlinker /Users/admin/builder/spi-builder-workspace/.derivedData/Build/Intermediates.noindex/SWXMLHash.build/Debug-watchos/SWXMLHash-t.build/Objects-normal/arm64_32/SWXMLHash_lto.o -Xlinker -no_deduplicate -Xlinker -debug_variant -Xlinker -dependency_info -Xlinker /Users/admin/builder/spi-builder-workspace/.derivedData/Build/Intermediates.noindex/SWXMLHash.build/Debug-watchos/SWXMLHash-t.build/Objects-normal/arm64_32/SWXMLHash_dependency_info.dat -fobjc-link-runtime -L/Applications/Xcode-27.0.0-Release.Candidate.app/Contents/Developer/Toolchains/XcodeDefault.xctoolchain/usr/lib/swift/watchos -L/usr/lib/swift -Xlinker -add_ast_path -Xlinker /Users/admin/builder/spi-builder-workspace/.derivedData/Build/Intermediates.noindex/SWXMLHash.build/Debug-watchos/SWXMLHash-t.build/Objects-normal/arm64_32/SWXMLHash.swiftmodule -o /Users/admin/builder/spi-builder-workspace/.derivedData/Build/Intermediates.noindex/SWXMLHash.build/Debug-watchos/SWXMLHash-t.build/Objects-normal/arm64_32/Binary/SWXMLHash.o
SwiftDriverJobDiscovery normal arm64 Compiling XMLDeserializationError.swift, FullXMLParser.swift, IndexOp.swift (in target 'SWXMLHash' from project 'SWXMLHash')
SwiftDriver\ Compilation SWXMLHash normal arm64 com.apple.xcode.tools.swift.compiler (in target 'SWXMLHash' from project 'SWXMLHash')
cd /Users/admin/builder/spi-builder-workspace/.swiftpm/xcode
builtin-Swift-Compilation -- /Applications/Xcode-27.0.0-Release.Candidate.app/Contents/Developer/Toolchains/XcodeDefault.xctoolchain/usr/bin/swiftc -parse-as-library -module-name SWXMLHash -Onone @/Users/admin/builder/spi-builder-workspace/.derivedData/Build/Intermediates.noindex/SWXMLHash.build/Debug-watchos/SWXMLHash-t.build/Objects-normal/arm64/SWXMLHash.SwiftFileList -DSWIFT_PACKAGE -DDEBUG -DSWIFT_MODULE_RESOURCE_BUNDLE_UNAVAILABLE -DXcode -plugin-path /Applications/Xcode-27.0.0-Release.Candidate.app/Contents/Developer/Toolchains/XcodeDefault.xctoolchain/usr/lib/swift/host/plugins/testing -enable-experimental-feature DebugDescriptionMacro -sdk /Applications/Xcode-27.0.0-Release.Candidate.app/Contents/Developer/Platforms/WatchOS.platform/Developer/SDKs/WatchOS27.0.sdk -target arm64-apple-watchos9.0 -g -module-cache-path /Users/admin/builder/spi-builder-workspace/.derivedData/ModuleCache.noindex -Xfrontend -serialize-debugging-options -profile-coverage-mapping -profile-generate -enable-testing -suppress-warnings -index-store-path /Users/admin/builder/spi-builder-workspace/.derivedData/Index.noindex/DataStore -Xcc -D_LIBCPP_HARDENING_MODE\=_LIBCPP_HARDENING_MODE_DEBUG -swift-version 6 -I /Users/admin/builder/spi-builder-workspace/.derivedData/Build/Products/Debug-watchos -Isystem /Applications/Xcode-27.0.0-Release.Candidate.app/Contents/Developer/Platforms/WatchOS.platform/Developer/usr/lib -F /Users/admin/builder/spi-builder-workspace/.derivedData/Build/Products/Debug-watchos -F /Applications/Xcode-27.0.0-Release.Candidate.app/Contents/Developer/Platforms/WatchOS.platform/Developer/Library/Frameworks -F /Applications/Xcode-27.0.0-Release.Candidate.app/Contents/Developer/Platforms/WatchOS.platform/Developer/SDKs/WatchOS27.0.sdk/Developer/Library/Frameworks -c -j10 -enable-batch-mode -incremental -Xcc -ivfsstatcache -Xcc /Users/admin/builder/spi-builder-workspace/.derivedData/SDKStatCaches.noindex/watchos27.0-24R360-e829b21a6f8c9b70876ba0858053c04477534ef55a1706bf4c1112bbb242f0a2.sdkstatcache -output-file-map /Users/admin/builder/spi-builder-workspace/.derivedData/Build/Intermediates.noindex/SWXMLHash.build/Debug-watchos/SWXMLHash-t.build/Objects-normal/arm64/SWXMLHash-OutputFileMap.json -save-temps -no-color-diagnostics -explicit-module-build -module-cache-path /Users/admin/builder/spi-builder-workspace/.derivedData/Build/Intermediates.noindex/SwiftExplicitPrecompiledModules -clang-scanner-module-cache-path /Users/admin/builder/spi-builder-workspace/.derivedData/ModuleCache.noindex -sdk-module-cache-path /Users/admin/builder/spi-builder-workspace/.derivedData/SDKExplicitPrecompiledModules -emit-dependencies -emit-module -emit-module-path /Users/admin/builder/spi-builder-workspace/.derivedData/Build/Intermediates.noindex/SWXMLHash.build/Debug-watchos/SWXMLHash-t.build/Objects-normal/arm64/SWXMLHash.swiftmodule -serialize-diagnostics -dependency-scan-serialize-diagnostics-path /Users/admin/builder/spi-builder-workspace/.derivedData/Build/Intermediates.noindex/SWXMLHash.build/Debug-watchos/SWXMLHash-t.build/Objects-normal/arm64/SWXMLHash-dependency-scan.dia -user-module-version 8.1.1 -validate-clang-modules-once -clang-build-session-file /Users/admin/builder/spi-builder-workspace/.derivedData/ModuleCache.noindex/Session.modulevalidation -Xcc -fmodules-prune-interval\=86400 -Xcc -fmodules-prune-after\=345600 -package-name swxmlhash -emit-const-values -const-gather-protocols-list /Users/admin/builder/spi-builder-workspace/.derivedData/Build/Intermediates.noindex/SWXMLHash.build/Debug-watchos/SWXMLHash-t.build/Objects-normal/arm64/SWXMLHash_const_extract_protocols.json -Xcc -I/Users/admin/builder/spi-builder-workspace/.derivedData/Build/Products/Debug-watchos/include -Xcc -I/Users/admin/builder/spi-builder-workspace/.derivedData/Build/Intermediates.noindex/SWXMLHash.build/Debug-watchos/SWXMLHash-t.build/DerivedSources-normal/arm64 -Xcc -I/Users/admin/builder/spi-builder-workspace/.derivedData/Build/Intermediates.noindex/SWXMLHash.build/Debug-watchos/SWXMLHash-t.build/DerivedSources/arm64 -Xcc -I/Users/admin/builder/spi-builder-workspace/.derivedData/Build/Intermediates.noindex/SWXMLHash.build/Debug-watchos/SWXMLHash-t.build/DerivedSources -Xcc -DSWIFT_PACKAGE -Xcc -DDEBUG\=1 -emit-objc-header -emit-objc-header-path /Users/admin/builder/spi-builder-workspace/.derivedData/Build/Intermediates.noindex/SWXMLHash.build/Debug-watchos/SWXMLHash-t.build/Objects-normal/arm64/SWXMLHash-Swift.h -working-directory /Users/admin/builder/spi-builder-workspace/.swiftpm/xcode -experimental-emit-module-separately -disable-cmo
Ld /Users/admin/builder/spi-builder-workspace/.derivedData/Build/Intermediates.noindex/SWXMLHash.build/Debug-watchos/SWXMLHash-t.build/Objects-normal/arm64/Binary/SWXMLHash.o normal arm64 (in target 'SWXMLHash' from project 'SWXMLHash')
cd /Users/admin/builder/spi-builder-workspace/.dependencies/checkouts/SWXMLHash
/Applications/Xcode-27.0.0-Release.Candidate.app/Contents/Developer/Toolchains/XcodeDefault.xctoolchain/usr/bin/clang -Xlinker -reproducible -target arm64-apple-watchos9.0 -r -isysroot /Applications/Xcode-27.0.0-Release.Candidate.app/Contents/Developer/Platforms/WatchOS.platform/Developer/SDKs/WatchOS27.0.sdk -O0 -w -Xlinker -no_warn_duplicate_libraries -F/Users/admin/builder/spi-builder-workspace/.derivedData/Build/Intermediates.noindex/EagerLinkingTBDs/Debug-watchos -F/Users/admin/builder/spi-builder-workspace/.derivedData/Build/Products/Debug-watchos -iframework /Applications/Xcode-27.0.0-Release.Candidate.app/Contents/Developer/Platforms/WatchOS.platform/Developer/Library/Frameworks -iframework /Applications/Xcode-27.0.0-Release.Candidate.app/Contents/Developer/Platforms/WatchOS.platform/Developer/SDKs/WatchOS27.0.sdk/Developer/Library/Frameworks -filelist /Users/admin/builder/spi-builder-workspace/.derivedData/Build/Intermediates.noindex/SWXMLHash.build/Debug-watchos/SWXMLHash-t.build/Objects-normal/arm64/SWXMLHash.LinkFileList -nostdlib -Xlinker -object_path_lto -Xlinker /Users/admin/builder/spi-builder-workspace/.derivedData/Build/Intermediates.noindex/SWXMLHash.build/Debug-watchos/SWXMLHash-t.build/Objects-normal/arm64/SWXMLHash_lto.o -Xlinker -no_deduplicate -Xlinker -debug_variant -Xlinker -dependency_info -Xlinker /Users/admin/builder/spi-builder-workspace/.derivedData/Build/Intermediates.noindex/SWXMLHash.build/Debug-watchos/SWXMLHash-t.build/Objects-normal/arm64/SWXMLHash_dependency_info.dat -fobjc-link-runtime -L/Applications/Xcode-27.0.0-Release.Candidate.app/Contents/Developer/Toolchains/XcodeDefault.xctoolchain/usr/lib/swift/watchos -L/usr/lib/swift -Xlinker -add_ast_path -Xlinker /Users/admin/builder/spi-builder-workspace/.derivedData/Build/Intermediates.noindex/SWXMLHash.build/Debug-watchos/SWXMLHash-t.build/Objects-normal/arm64/SWXMLHash.swiftmodule -o /Users/admin/builder/spi-builder-workspace/.derivedData/Build/Intermediates.noindex/SWXMLHash.build/Debug-watchos/SWXMLHash-t.build/Objects-normal/arm64/Binary/SWXMLHash.o
CreateUniversalBinary /Users/admin/builder/spi-builder-workspace/.derivedData/Build/Products/Debug-watchos/SWXMLHash.o normal arm64\ arm64_32 (in target 'SWXMLHash' from project 'SWXMLHash')
cd /Users/admin/builder/spi-builder-workspace/.dependencies/checkouts/SWXMLHash
/Applications/Xcode-27.0.0-Release.Candidate.app/Contents/Developer/Toolchains/XcodeDefault.xctoolchain/usr/bin/lipo -create /Users/admin/builder/spi-builder-workspace/.derivedData/Build/Intermediates.noindex/SWXMLHash.build/Debug-watchos/SWXMLHash-t.build/Objects-normal/arm64/Binary/SWXMLHash.o /Users/admin/builder/spi-builder-workspace/.derivedData/Build/Intermediates.noindex/SWXMLHash.build/Debug-watchos/SWXMLHash-t.build/Objects-normal/arm64_32/Binary/SWXMLHash.o -output /Users/admin/builder/spi-builder-workspace/.derivedData/Build/Products/Debug-watchos/SWXMLHash.o
ExtractAppIntentsMetadata (in target 'SWXMLHash' from project 'SWXMLHash')
cd /Users/admin/builder/spi-builder-workspace/.dependencies/checkouts/SWXMLHash
/Applications/Xcode-27.0.0-Release.Candidate.app/Contents/Developer/Toolchains/XcodeDefault.xctoolchain/usr/bin/appintentsmetadataprocessor --toolchain-dir /var/run/com.apple.security.cryptexd/mnt/com.apple.MobileAsset.MetalToolchain-v27.1.266.1.JOrrar/Metal.xctoolchain --module-name SWXMLHash --sdk-root /Applications/Xcode-27.0.0-Release.Candidate.app/Contents/Developer/Platforms/WatchOS.platform/Developer/SDKs/WatchOS27.0.sdk --xcode-version 27A266a --platform-family watchOS --deployment-target 9.0 --bundle-identifier swxmlhash.SWXMLHash --output /Users/admin/builder/spi-builder-workspace/.derivedData/Build/Products/Debug-watchos/SWXMLHash.appintents --target-triple arm64-apple-watchos9.0 --target-triple arm64_32-apple-watchos9.0 --binary-file /Users/admin/builder/spi-builder-workspace/.derivedData/Build/Products/Debug-watchos/SWXMLHash.o --dependency-file /Users/admin/builder/spi-builder-workspace/.derivedData/Build/Intermediates.noindex/SWXMLHash.build/Debug-watchos/SWXMLHash-t.build/Objects-normal/arm64/SWXMLHash_dependency_info.dat --dependency-file /Users/admin/builder/spi-builder-workspace/.derivedData/Build/Intermediates.noindex/SWXMLHash.build/Debug-watchos/SWXMLHash-t.build/Objects-normal/arm64_32/SWXMLHash_dependency_info.dat --stringsdata-file /Users/admin/builder/spi-builder-workspace/.derivedData/Build/Intermediates.noindex/SWXMLHash.build/Debug-watchos/SWXMLHash-t.build/Objects-normal/arm64/ExtractedAppShortcutsMetadata.stringsdata --stringsdata-file /Users/admin/builder/spi-builder-workspace/.derivedData/Build/Intermediates.noindex/SWXMLHash.build/Debug-watchos/SWXMLHash-t.build/Objects-normal/arm64_32/ExtractedAppShortcutsMetadata.stringsdata --source-file-list /Users/admin/builder/spi-builder-workspace/.derivedData/Build/Intermediates.noindex/SWXMLHash.build/Debug-watchos/SWXMLHash-t.build/Objects-normal/arm64/SWXMLHash.SwiftFileList --source-file-list /Users/admin/builder/spi-builder-workspace/.derivedData/Build/Intermediates.noindex/SWXMLHash.build/Debug-watchos/SWXMLHash-t.build/Objects-normal/arm64_32/SWXMLHash.SwiftFileList --metadata-file-list /Users/admin/builder/spi-builder-workspace/.derivedData/Build/Intermediates.noindex/SWXMLHash.build/Debug-watchos/SWXMLHash-t.build/SWXMLHash.DependencyMetadataFileList --static-metadata-file-list /Users/admin/builder/spi-builder-workspace/.derivedData/Build/Intermediates.noindex/SWXMLHash.build/Debug-watchos/SWXMLHash-t.build/SWXMLHash.DependencyStaticMetadataFileList --swift-const-vals-list /Users/admin/builder/spi-builder-workspace/.derivedData/Build/Intermediates.noindex/SWXMLHash.build/Debug-watchos/SWXMLHash-t.build/Objects-normal/arm64/SWXMLHash.SwiftConstValuesFileList --swift-const-vals-list /Users/admin/builder/spi-builder-workspace/.derivedData/Build/Intermediates.noindex/SWXMLHash.build/Debug-watchos/SWXMLHash-t.build/Objects-normal/arm64_32/SWXMLHash.SwiftConstValuesFileList --force --compile-time-extraction --deployment-aware-processing --no-app-shortcuts-localization
2026-09-22 05:30:38.552 appintentsmetadataprocessor[793:4900] Starting appintentsmetadataprocessor export
2026-09-22 05:30:38.643 appintentsmetadataprocessor[793:4900] Extracted no relevant App Intents symbols, skipping writing output
SwiftExplicitDependencyGeneratePcm arm64 /Users/admin/builder/spi-builder-workspace/.derivedData/SDKExplicitPrecompiledModules/_Builtin_stdatomic-25T9UW3XDYID74302F31PX0RP.pcm
SwiftExplicitDependencyGeneratePcm arm64 /Users/admin/builder/spi-builder-workspace/.derivedData/SDKExplicitPrecompiledModules/MachO-4RYXFVY68ZDEUZYFMVL57WEKU.pcm
SwiftExplicitDependencyGeneratePcm arm64_32 /Users/admin/builder/spi-builder-workspace/.derivedData/SDKExplicitPrecompiledModules/CoreData-6STZ9DXY0E1K8LHUUEU1F4SE.pcm
SwiftExplicitDependencyGeneratePcm arm64_32 /Users/admin/builder/spi-builder-workspace/.derivedData/SDKExplicitPrecompiledModules/_Builtin_stdatomic-D2FE5M7JS5NQA5JDADVERWJM4.pcm
SwiftExplicitDependencyGeneratePcm arm64 /Users/admin/builder/spi-builder-workspace/.derivedData/SDKExplicitPrecompiledModules/CoreData-DAEI6Z48P97TYC3SMMGLERAJ5.pcm
SwiftExplicitDependencyGeneratePcm arm64_32 /Users/admin/builder/spi-builder-workspace/.derivedData/SDKExplicitPrecompiledModules/MachO-F47JQRYVH1SLPOQSJD8RK9MSX.pcm
SwiftExplicitDependencyGeneratePcm arm64 /Users/admin/builder/spi-builder-workspace/.derivedData/SDKExplicitPrecompiledModules/os-6BCTB8I5DCBBKFJ0Y0G4WQDDJ.pcm
SwiftExplicitDependencyGeneratePcm arm64_32 /Users/admin/builder/spi-builder-workspace/.derivedData/SDKExplicitPrecompiledModules/os-D9NWGT7PQGY2OD43XMA2KGLJK.pcm
SwiftEmitModule normal arm64 Emitting\ module\ for\ MomXML (in target 'MomXML' from project 'MomXML')
/Users/admin/builder/spi-builder-workspace/Sources/FromCoreData/NSCompositeAttributeDescription+MomXML.swift:13:11: error: 'NSCompositeAttributeDescription' is only available in watchOS 10.0 or newer
11 | @available(iOS 17.0, *)
12 | @available(macOS 14.0, *)
13 | extension NSCompositeAttributeDescription {
| | `- error: 'NSCompositeAttributeDescription' is only available in watchOS 10.0 or newer
| `- note: add '@available' attribute to enclosing extension
14 |
15 | public var momComposite: MomCompositeAttribute {
Failed frontend command:
SwiftCompile normal arm64 (in target 'MomXML' from project 'MomXML')
cd /Users/admin/builder/spi-builder-workspace/.swiftpm/xcode
/Applications/Xcode-27.0.0-Release.Candidate.app/Contents/Developer/Toolchains/XcodeDefault.xctoolchain/usr/bin/swift-frontend -frontend -emit-module -experimental-skip-non-inlinable-function-bodies-without-types /Users/admin/builder/spi-builder-workspace/Sources/Equatable/MomAttribute+Equatable.swift /Users/admin/builder/spi-builder-workspace/Sources/Equatable/MomCompositeAttribute+Equatable.swift /Users/admin/builder/spi-builder-workspace/Sources/Equatable/MomConfiguration+Equatable.swift /Users/admin/builder/spi-builder-workspace/Sources/Equatable/MomElement+Equatable.swift /Users/admin/builder/spi-builder-workspace/Sources/Equatable/MomEntity+Equatable.swift /Users/admin/builder/spi-builder-workspace/Sources/Equatable/MomFetchIndex+Equatable.swift /Users/admin/builder/spi-builder-workspace/Sources/Equatable/MomFetchedProperty+Equatable.swift /Users/admin/builder/spi-builder-workspace/Sources/Equatable/MomModel+Equatable.swift /Users/admin/builder/spi-builder-workspace/Sources/Equatable/MomRelationship+Equatable.swift /Users/admin/builder/spi-builder-workspace/Sources/Equatable/MomUniquenessConstraints+Equatable.swift /Users/admin/builder/spi-builder-workspace/Sources/Equatable/MomUserInfo+Equatable.swift /Users/admin/builder/spi-builder-workspace/Sources/Equatable/MomXML+Equatable.swift /Users/admin/builder/spi-builder-workspace/Sources/FromCoreData/NSAttributeDescription+MomXML.swift /Users/admin/builder/spi-builder-workspace/Sources/FromCoreData/NSCompositeAttributeDescription+MomXML.swift /Users/admin/builder/spi-builder-workspace/Sources/FromCoreData/NSEntityDescription+MomXML.swift /Users/admin/builder/spi-builder-workspace/Sources/FromCoreData/NSFetchIndexPropertyDescription+MomXML.swift /Users/admin/builder/spi-builder-workspace/Sources/FromCoreData/NSFetchedPropertyDescription+MomXML.swift /Users/admin/builder/spi-builder-workspace/Sources/FromCoreData/NSManagedObjectModel+MomXML.swift /Users/admin/builder/spi-builder-workspace/Sources/FromCoreData/NSRelationshipDescription+MomXML.swift /Users/admin/builder/spi-builder-workspace/Sources/FromXML/MomAttribute+XMLObject.swift /Users/admin/builder/spi-builder-workspace/Sources/FromXML/MomCompositeAttribute+XMLObject.swift /Users/admin/builder/spi-builder-workspace/Sources/FromXML/MomConfiguration+XMLObject.swift /Users/admin/builder/spi-builder-workspace/Sources/FromXML/MomElement+XMLObject.swift /Users/admin/builder/spi-builder-workspace/Sources/FromXML/MomEntity+XMLObject.swift /Users/admin/builder/spi-builder-workspace/Sources/FromXML/MomFetchIndex+XMLObject.swift /Users/admin/builder/spi-builder-workspace/Sources/FromXML/MomFetchedProperty+XMLObject.swift /Users/admin/builder/spi-builder-workspace/Sources/FromXML/MomModel+XMLObject.swift /Users/admin/builder/spi-builder-workspace/Sources/FromXML/MomRelationship+XMLObject.swift /Users/admin/builder/spi-builder-workspace/Sources/FromXML/MomUniquenessConstraints+XML.swift /Users/admin/builder/spi-builder-workspace/Sources/FromXML/MomUserInfo+XMLObject.swift /Users/admin/builder/spi-builder-workspace/Sources/FromXML/MomXML+XMLObject.swift /Users/admin/builder/spi-builder-workspace/Sources/FromXML/XMLObject.swift /Users/admin/builder/spi-builder-workspace/Sources/Model/MomAttribute.swift /Users/admin/builder/spi-builder-workspace/Sources/Model/MomCompositeAttribute.swift /Users/admin/builder/spi-builder-workspace/Sources/Model/MomConfiguration.swift /Users/admin/builder/spi-builder-workspace/Sources/Model/MomElement.swift /Users/admin/builder/spi-builder-workspace/Sources/Model/MomEntity.swift /Users/admin/builder/spi-builder-workspace/Sources/Model/MomFetchIndex.swift /Users/admin/builder/spi-builder-workspace/Sources/Model/MomFetchedProperty.swift /Users/admin/builder/spi-builder-workspace/Sources/Model/MomModel.swift /Users/admin/builder/spi-builder-workspace/Sources/Model/MomRelationship.swift /Users/admin/builder/spi-builder-workspace/Sources/Model/MomUniquenessConstraints.swift /Users/admin/builder/spi-builder-workspace/Sources/Model/MomUserInfo.swift /Users/admin/builder/spi-builder-workspace/Sources/Model/MomXML.swift /Users/admin/builder/spi-builder-workspace/Sources/ToCoreData/MomAttribute+CoreData.swift /Users/admin/builder/spi-builder-workspace/Sources/ToCoreData/MomCompositeAttribute+CoreData.swift /Users/admin/builder/spi-builder-workspace/Sources/ToCoreData/MomEntity+CoreData.swift /Users/admin/builder/spi-builder-workspace/Sources/ToCoreData/MomFetchIndex+CoreData.swift /Users/admin/builder/spi-builder-workspace/Sources/ToCoreData/MomFetchedProperty+CoreData.swift /Users/admin/builder/spi-builder-workspace/Sources/ToCoreData/MomModel+CoreData.swift /Users/admin/builder/spi-builder-workspace/Sources/ToCoreData/MomRelationship+CoreData.swift /Users/admin/builder/spi-builder-workspace/Sources/ToCoreData/MomUniquenessConstraints+CoreData.swift /Users/admin/builder/spi-builder-workspace/Sources/ToCoreData/MomUserInfo+CoreData.swift /Users/admin/builder/spi-builder-workspace/Sources/ToCoreData/MomXml+CoreData.swift /Users/admin/builder/spi-builder-workspace/Sources/ToXML/MomAttribute+XMLConvertible.swift /Users/admin/builder/spi-builder-workspace/Sources/ToXML/MomConfiguration+XMLConvertible.swift /Users/admin/builder/spi-builder-workspace/Sources/ToXML/MomElement+XMLConvertible.swift /Users/admin/builder/spi-builder-workspace/Sources/ToXML/MomEntity+XMLConvertible.swift /Users/admin/builder/spi-builder-workspace/Sources/ToXML/MomFetchIndex+XMLConvertible.swift /Users/admin/builder/spi-builder-workspace/Sources/ToXML/MomFetchedProperty+XMLConvertible.swift /Users/admin/builder/spi-builder-workspace/Sources/ToXML/MomModel+XMLConvertible.swift /Users/admin/builder/spi-builder-workspace/Sources/ToXML/MomRelationship+XMLConvertible.swift /Users/admin/builder/spi-builder-workspace/Sources/ToXML/MomUniquenessConstraints+XMLConvertible.swift /Users/admin/builder/spi-builder-workspace/Sources/ToXML/MomUserInfo+XMLConvertible.swift /Users/admin/builder/spi-builder-workspace/Sources/ToXML/MomXML+XMLConvertible.swift /Users/admin/builder/spi-builder-workspace/Sources/ToXML/XMLConvertible.swift -target arm64-apple-watchos9.0 -disable-cross-import-overlay-search -swift-module-cross-import CoreData /Applications/Xcode-27.0.0-Release.Candidate.app/Contents/Developer/Platforms/WatchOS.platform/Developer/SDKs/WatchOS.sdk/System/Library/Frameworks/CoreData.framework/Modules/CoreData.swiftcrossimport/CloudKit.swiftoverlay -swift-module-cross-import CoreData /Applications/Xcode-27.0.0-Release.Candidate.app/Contents/Developer/Platforms/WatchOS.platform/Developer/SDKs/WatchOS27.0.sdk/System/Library/Frameworks/CoreData.framework/Modules/CoreData.swiftcrossimport/CloudKit.swiftoverlay -load-resolved-plugin /Applications/Xcode-27.0.0-Release.Candidate.app/Contents/Developer/Platforms/WatchOS.platform/Developer/usr/lib/swift/host/plugins/libFoundationMacros.dylib\#/Applications/Xcode-27.0.0-Release.Candidate.app/Contents/Developer/Platforms/WatchOS.platform/Developer/usr/bin/swift-plugin-server\#FoundationMacros -load-resolved-plugin /Applications/Xcode-27.0.0-Release.Candidate.app/Contents/Developer/Platforms/WatchOS.platform/Developer/usr/lib/swift/host/plugins/libObservationMacros.dylib\#/Applications/Xcode-27.0.0-Release.Candidate.app/Contents/Developer/Platforms/WatchOS.platform/Developer/usr/bin/swift-plugin-server\#ObservationMacros -load-resolved-plugin /Applications/Xcode-27.0.0-Release.Candidate.app/Contents/Developer/Platforms/WatchOS.platform/Developer/usr/lib/swift/host/plugins/libSwiftMacros.dylib\#/Applications/Xcode-27.0.0-Release.Candidate.app/Contents/Developer/Platforms/WatchOS.platform/Developer/usr/bin/swift-plugin-server\#SwiftMacros -disable-implicit-swift-modules -Xcc -fno-implicit-modules -Xcc -fno-implicit-module-maps -explicit-swift-module-map-file /Users/admin/builder/spi-builder-workspace/.derivedData/Build/Intermediates.noindex/MomXML.build/Debug-watchos/MomXML-t.build/Objects-normal/arm64/MomXML-dependencies-1.json -Xllvm -aarch64-use-tbi -enable-objc-interop -stack-check -sdk /Applications/Xcode-27.0.0-Release.Candidate.app/Contents/Developer/Platforms/WatchOS.platform/Developer/SDKs/WatchOS27.0.sdk -I /Users/admin/builder/spi-builder-workspace/.derivedData/Build/Products/Debug-watchos -Isystem /Applications/Xcode-27.0.0-Release.Candidate.app/Contents/Developer/Platforms/WatchOS.platform/Developer/usr/lib -F /Users/admin/builder/spi-builder-workspace/.derivedData/Build/Products/Debug-watchos/PackageFrameworks -F /Users/admin/builder/spi-builder-workspace/.derivedData/Build/Products/Debug-watchos -F /Applications/Xcode-27.0.0-Release.Candidate.app/Contents/Developer/Platforms/WatchOS.platform/Developer/Library/Frameworks -F /Applications/Xcode-27.0.0-Release.Candidate.app/Contents/Developer/Platforms/WatchOS.platform/Developer/SDKs/WatchOS27.0.sdk/Developer/Library/Frameworks -module-cache-path /Users/admin/builder/spi-builder-workspace/.derivedData/Build/Intermediates.noindex/SwiftExplicitPrecompiledModules -no-color-diagnostics -Xcc -fno-color-diagnostics -enable-testing -g -debug-info-format\=dwarf -dwarf-version\=4 -profile-generate -profile-coverage-mapping -swift-version 6 -Onone -D SWIFT_PACKAGE -D DEBUG -D SWIFT_MODULE_RESOURCE_BUNDLE_UNAVAILABLE -D Xcode -serialize-debugging-options -enable-experimental-feature DebugDescriptionMacro -empty-abi-descriptor -validate-clang-modules-once -clang-build-session-file /Users/admin/builder/spi-builder-workspace/.derivedData/ModuleCache.noindex/Session.modulevalidation -Xcc -working-directory -Xcc /Users/admin/builder/spi-builder-workspace/.swiftpm/xcode -enable-anonymous-context-mangled-names -file-compilation-dir /Users/admin/builder/spi-builder-workspace/.swiftpm/xcode -Xcc -D_LIBCPP_HARDENING_MODE\=_LIBCPP_HARDENING_MODE_DEBUG -Xcc -ivfsstatcache -Xcc /Users/admin/builder/spi-builder-workspace/.derivedData/SDKStatCaches.noindex/watchos27.0-24R360-e829b21a6f8c9b70876ba0858053c04477534ef55a1706bf4c1112bbb242f0a2.sdkstatcache -Xcc -fmodules-prune-interval\=86400 -Xcc -fmodules-prune-after\=345600 -Xcc -I/Users/admin/builder/spi-builder-workspace/.derivedData/Build/Products/Debug-watchos/include -Xcc -I/Users/admin/builder/spi-builder-workspace/.derivedData/Build/Intermediates.noindex/MomXML.build/Debug-watchos/MomXML-t.build/DerivedSources-normal/arm64 -Xcc -I/Users/admin/builder/spi-builder-workspace/.derivedData/Build/Intermediates.noindex/MomXML.build/Debug-watchos/MomXML-t.build/DerivedSources/arm64 -Xcc -I/Users/admin/builder/spi-builder-workspace/.derivedData/Build/Intermediates.noindex/MomXML.build/Debug-watchos/MomXML-t.build/DerivedSources -Xcc -DSWIFT_PACKAGE -Xcc -DDEBUG\=1 -no-auto-bridging-header-chaining -module-name MomXML -package-name spi_builder_workspace -const-gather-protocols-file /Users/admin/builder/spi-builder-workspace/.derivedData/Build/Intermediates.noindex/MomXML.build/Debug-watchos/MomXML-t.build/Objects-normal/arm64/MomXML_const_extract_protocols.json -disable-clang-spi -clang-target arm64-apple-watchos27.0 -target-sdk-version 27.0 -target-sdk-name watchos27.0 -in-process-plugin-server-path /Applications/Xcode-27.0.0-Release.Candidate.app/Contents/Developer/Toolchains/XcodeDefault.xctoolchain/usr/lib/swift/host/libSwiftInProcPluginServer.dylib -emit-module-doc-path /Users/admin/builder/spi-builder-workspace/.derivedData/Build/Intermediates.noindex/MomXML.build/Debug-watchos/MomXML-t.build/Objects-normal/arm64/MomXML.swiftdoc -emit-module-source-info-path /Users/admin/builder/spi-builder-workspace/.derivedData/Build/Intermediates.noindex/MomXML.build/Debug-watchos/MomXML-t.build/Objects-normal/arm64/MomXML.swiftsourceinfo -emit-objc-header-path /Users/admin/builder/spi-builder-workspace/.derivedData/Build/Intermediates.noindex/MomXML.build/Debug-watchos/MomXML-t.build/Objects-normal/arm64/MomXML-Swift.h -serialize-diagnostics-path /Users/admin/builder/spi-builder-workspace/.derivedData/Build/Intermediates.noindex/MomXML.build/Debug-watchos/MomXML-t.build/Objects-normal/arm64/MomXML-primary-emit-module.dia -emit-dependencies-path /Users/admin/builder/spi-builder-workspace/.derivedData/Build/Intermediates.noindex/MomXML.build/Debug-watchos/MomXML-t.build/Objects-normal/arm64/MomXML-primary-emit-module.d -parse-as-library -o /Users/admin/builder/spi-builder-workspace/.derivedData/Build/Intermediates.noindex/MomXML.build/Debug-watchos/MomXML-t.build/Objects-normal/arm64/MomXML.swiftmodule -emit-abi-descriptor-path /Users/admin/builder/spi-builder-workspace/.derivedData/Build/Intermediates.noindex/MomXML.build/Debug-watchos/MomXML-t.build/Objects-normal/arm64/MomXML.abi.json
SwiftCompile normal arm64 Compiling\ MomAttribute+XMLConvertible.swift,\ MomConfiguration+XMLConvertible.swift,\ MomElement+XMLConvertible.swift,\ MomEntity+XMLConvertible.swift,\ MomFetchIndex+XMLConvertible.swift,\ MomFetchedProperty+XMLConvertible.swift /Users/admin/builder/spi-builder-workspace/Sources/ToXML/MomAttribute+XMLConvertible.swift /Users/admin/builder/spi-builder-workspace/Sources/ToXML/MomConfiguration+XMLConvertible.swift /Users/admin/builder/spi-builder-workspace/Sources/ToXML/MomElement+XMLConvertible.swift /Users/admin/builder/spi-builder-workspace/Sources/ToXML/MomEntity+XMLConvertible.swift /Users/admin/builder/spi-builder-workspace/Sources/ToXML/MomFetchIndex+XMLConvertible.swift /Users/admin/builder/spi-builder-workspace/Sources/ToXML/MomFetchedProperty+XMLConvertible.swift (in target 'MomXML' from project 'MomXML')
SwiftCompile normal arm64 /Users/admin/builder/spi-builder-workspace/Sources/ToXML/MomAttribute+XMLConvertible.swift (in target 'MomXML' from project 'MomXML')
cd /Users/admin/builder/spi-builder-workspace/.swiftpm/xcode
builtin-SwiftPerFileCompile MomAttribute+XMLConvertible.swift
SwiftCompile normal arm64 /Users/admin/builder/spi-builder-workspace/Sources/ToXML/MomConfiguration+XMLConvertible.swift (in target 'MomXML' from project 'MomXML')
cd /Users/admin/builder/spi-builder-workspace/.swiftpm/xcode
builtin-SwiftPerFileCompile MomConfiguration+XMLConvertible.swift
SwiftCompile normal arm64 /Users/admin/builder/spi-builder-workspace/Sources/ToXML/MomElement+XMLConvertible.swift (in target 'MomXML' from project 'MomXML')
cd /Users/admin/builder/spi-builder-workspace/.swiftpm/xcode
builtin-SwiftPerFileCompile MomElement+XMLConvertible.swift
SwiftCompile normal arm64 /Users/admin/builder/spi-builder-workspace/Sources/ToXML/MomEntity+XMLConvertible.swift (in target 'MomXML' from project 'MomXML')
cd /Users/admin/builder/spi-builder-workspace/.swiftpm/xcode
builtin-SwiftPerFileCompile MomEntity+XMLConvertible.swift
SwiftCompile normal arm64 /Users/admin/builder/spi-builder-workspace/Sources/ToXML/MomFetchIndex+XMLConvertible.swift (in target 'MomXML' from project 'MomXML')
cd /Users/admin/builder/spi-builder-workspace/.swiftpm/xcode
builtin-SwiftPerFileCompile MomFetchIndex+XMLConvertible.swift
SwiftCompile normal arm64 /Users/admin/builder/spi-builder-workspace/Sources/ToXML/MomFetchedProperty+XMLConvertible.swift (in target 'MomXML' from project 'MomXML')
cd /Users/admin/builder/spi-builder-workspace/.swiftpm/xcode
builtin-SwiftPerFileCompile MomFetchedProperty+XMLConvertible.swift
SwiftCompile normal arm64 Compiling\ MomUserInfo.swift,\ MomXML.swift,\ MomAttribute+CoreData.swift,\ MomCompositeAttribute+CoreData.swift,\ MomEntity+CoreData.swift,\ MomFetchIndex+CoreData.swift /Users/admin/builder/spi-builder-workspace/Sources/Model/MomUserInfo.swift /Users/admin/builder/spi-builder-workspace/Sources/Model/MomXML.swift /Users/admin/builder/spi-builder-workspace/Sources/ToCoreData/MomAttribute+CoreData.swift /Users/admin/builder/spi-builder-workspace/Sources/ToCoreData/MomCompositeAttribute+CoreData.swift /Users/admin/builder/spi-builder-workspace/Sources/ToCoreData/MomEntity+CoreData.swift /Users/admin/builder/spi-builder-workspace/Sources/ToCoreData/MomFetchIndex+CoreData.swift (in target 'MomXML' from project 'MomXML')
SwiftCompile normal arm64 /Users/admin/builder/spi-builder-workspace/Sources/Model/MomUserInfo.swift (in target 'MomXML' from project 'MomXML')
cd /Users/admin/builder/spi-builder-workspace/.swiftpm/xcode
builtin-SwiftPerFileCompile MomUserInfo.swift
SwiftCompile normal arm64 /Users/admin/builder/spi-builder-workspace/Sources/Model/MomXML.swift (in target 'MomXML' from project 'MomXML')
cd /Users/admin/builder/spi-builder-workspace/.swiftpm/xcode
builtin-SwiftPerFileCompile MomXML.swift
SwiftCompile normal arm64 /Users/admin/builder/spi-builder-workspace/Sources/ToCoreData/MomAttribute+CoreData.swift (in target 'MomXML' from project 'MomXML')
cd /Users/admin/builder/spi-builder-workspace/.swiftpm/xcode
builtin-SwiftPerFileCompile MomAttribute+CoreData.swift
SwiftCompile normal arm64 /Users/admin/builder/spi-builder-workspace/Sources/ToCoreData/MomCompositeAttribute+CoreData.swift (in target 'MomXML' from project 'MomXML')
cd /Users/admin/builder/spi-builder-workspace/.swiftpm/xcode
builtin-SwiftPerFileCompile MomCompositeAttribute+CoreData.swift
SwiftCompile normal arm64 /Users/admin/builder/spi-builder-workspace/Sources/ToCoreData/MomEntity+CoreData.swift (in target 'MomXML' from project 'MomXML')
cd /Users/admin/builder/spi-builder-workspace/.swiftpm/xcode
builtin-SwiftPerFileCompile MomEntity+CoreData.swift
SwiftCompile normal arm64 /Users/admin/builder/spi-builder-workspace/Sources/ToCoreData/MomFetchIndex+CoreData.swift (in target 'MomXML' from project 'MomXML')
cd /Users/admin/builder/spi-builder-workspace/.swiftpm/xcode
builtin-SwiftPerFileCompile MomFetchIndex+CoreData.swift
SwiftCompile normal arm64 Compiling\ MomFetchedProperty+CoreData.swift,\ MomModel+CoreData.swift,\ MomRelationship+CoreData.swift,\ MomUniquenessConstraints+CoreData.swift,\ MomUserInfo+CoreData.swift,\ MomXml+CoreData.swift /Users/admin/builder/spi-builder-workspace/Sources/ToCoreData/MomFetchedProperty+CoreData.swift /Users/admin/builder/spi-builder-workspace/Sources/ToCoreData/MomModel+CoreData.swift /Users/admin/builder/spi-builder-workspace/Sources/ToCoreData/MomRelationship+CoreData.swift /Users/admin/builder/spi-builder-workspace/Sources/ToCoreData/MomUniquenessConstraints+CoreData.swift /Users/admin/builder/spi-builder-workspace/Sources/ToCoreData/MomUserInfo+CoreData.swift /Users/admin/builder/spi-builder-workspace/Sources/ToCoreData/MomXml+CoreData.swift (in target 'MomXML' from project 'MomXML')
SwiftCompile normal arm64 /Users/admin/builder/spi-builder-workspace/Sources/ToCoreData/MomFetchedProperty+CoreData.swift (in target 'MomXML' from project 'MomXML')
cd /Users/admin/builder/spi-builder-workspace/.swiftpm/xcode
builtin-SwiftPerFileCompile MomFetchedProperty+CoreData.swift
SwiftCompile normal arm64 /Users/admin/builder/spi-builder-workspace/Sources/ToCoreData/MomModel+CoreData.swift (in target 'MomXML' from project 'MomXML')
cd /Users/admin/builder/spi-builder-workspace/.swiftpm/xcode
builtin-SwiftPerFileCompile MomModel+CoreData.swift
SwiftCompile normal arm64 /Users/admin/builder/spi-builder-workspace/Sources/ToCoreData/MomRelationship+CoreData.swift (in target 'MomXML' from project 'MomXML')
cd /Users/admin/builder/spi-builder-workspace/.swiftpm/xcode
builtin-SwiftPerFileCompile MomRelationship+CoreData.swift
SwiftCompile normal arm64 /Users/admin/builder/spi-builder-workspace/Sources/ToCoreData/MomUniquenessConstraints+CoreData.swift (in target 'MomXML' from project 'MomXML')
cd /Users/admin/builder/spi-builder-workspace/.swiftpm/xcode
builtin-SwiftPerFileCompile MomUniquenessConstraints+CoreData.swift
SwiftCompile normal arm64 /Users/admin/builder/spi-builder-workspace/Sources/ToCoreData/MomUserInfo+CoreData.swift (in target 'MomXML' from project 'MomXML')
cd /Users/admin/builder/spi-builder-workspace/.swiftpm/xcode
builtin-SwiftPerFileCompile MomUserInfo+CoreData.swift
SwiftCompile normal arm64 /Users/admin/builder/spi-builder-workspace/Sources/ToCoreData/MomXml+CoreData.swift (in target 'MomXML' from project 'MomXML')
cd /Users/admin/builder/spi-builder-workspace/.swiftpm/xcode
builtin-SwiftPerFileCompile MomXml+CoreData.swift
SwiftCompile normal arm64 Compiling\ NSEntityDescription+MomXML.swift,\ NSFetchIndexPropertyDescription+MomXML.swift,\ NSFetchedPropertyDescription+MomXML.swift,\ NSManagedObjectModel+MomXML.swift,\ NSRelationshipDescription+MomXML.swift,\ MomAttribute+XMLObject.swift,\ MomCompositeAttribute+XMLObject.swift /Users/admin/builder/spi-builder-workspace/Sources/FromCoreData/NSEntityDescription+MomXML.swift /Users/admin/builder/spi-builder-workspace/Sources/FromCoreData/NSFetchIndexPropertyDescription+MomXML.swift /Users/admin/builder/spi-builder-workspace/Sources/FromCoreData/NSFetchedPropertyDescription+MomXML.swift /Users/admin/builder/spi-builder-workspace/Sources/FromCoreData/NSManagedObjectModel+MomXML.swift /Users/admin/builder/spi-builder-workspace/Sources/FromCoreData/NSRelationshipDescription+MomXML.swift /Users/admin/builder/spi-builder-workspace/Sources/FromXML/MomAttribute+XMLObject.swift /Users/admin/builder/spi-builder-workspace/Sources/FromXML/MomCompositeAttribute+XMLObject.swift (in target 'MomXML' from project 'MomXML')
SwiftCompile normal arm64 /Users/admin/builder/spi-builder-workspace/Sources/FromCoreData/NSEntityDescription+MomXML.swift (in target 'MomXML' from project 'MomXML')
cd /Users/admin/builder/spi-builder-workspace/.swiftpm/xcode
builtin-SwiftPerFileCompile NSEntityDescription+MomXML.swift
SwiftCompile normal arm64 /Users/admin/builder/spi-builder-workspace/Sources/FromCoreData/NSFetchIndexPropertyDescription+MomXML.swift (in target 'MomXML' from project 'MomXML')
cd /Users/admin/builder/spi-builder-workspace/.swiftpm/xcode
builtin-SwiftPerFileCompile NSFetchIndexPropertyDescription+MomXML.swift
SwiftCompile normal arm64 /Users/admin/builder/spi-builder-workspace/Sources/FromCoreData/NSFetchedPropertyDescription+MomXML.swift (in target 'MomXML' from project 'MomXML')
cd /Users/admin/builder/spi-builder-workspace/.swiftpm/xcode
builtin-SwiftPerFileCompile NSFetchedPropertyDescription+MomXML.swift
SwiftCompile normal arm64 /Users/admin/builder/spi-builder-workspace/Sources/FromCoreData/NSManagedObjectModel+MomXML.swift (in target 'MomXML' from project 'MomXML')
cd /Users/admin/builder/spi-builder-workspace/.swiftpm/xcode
builtin-SwiftPerFileCompile NSManagedObjectModel+MomXML.swift
SwiftCompile normal arm64 /Users/admin/builder/spi-builder-workspace/Sources/FromCoreData/NSRelationshipDescription+MomXML.swift (in target 'MomXML' from project 'MomXML')
cd /Users/admin/builder/spi-builder-workspace/.swiftpm/xcode
builtin-SwiftPerFileCompile NSRelationshipDescription+MomXML.swift
SwiftCompile normal arm64 /Users/admin/builder/spi-builder-workspace/Sources/FromXML/MomAttribute+XMLObject.swift (in target 'MomXML' from project 'MomXML')
cd /Users/admin/builder/spi-builder-workspace/.swiftpm/xcode
builtin-SwiftPerFileCompile MomAttribute+XMLObject.swift
SwiftCompile normal arm64 /Users/admin/builder/spi-builder-workspace/Sources/FromXML/MomCompositeAttribute+XMLObject.swift (in target 'MomXML' from project 'MomXML')
cd /Users/admin/builder/spi-builder-workspace/.swiftpm/xcode
builtin-SwiftPerFileCompile MomCompositeAttribute+XMLObject.swift
SwiftCompile normal arm64 Compiling\ MomModel+XMLConvertible.swift,\ MomRelationship+XMLConvertible.swift,\ MomUniquenessConstraints+XMLConvertible.swift,\ MomUserInfo+XMLConvertible.swift,\ MomXML+XMLConvertible.swift,\ XMLConvertible.swift /Users/admin/builder/spi-builder-workspace/Sources/ToXML/MomModel+XMLConvertible.swift /Users/admin/builder/spi-builder-workspace/Sources/ToXML/MomRelationship+XMLConvertible.swift /Users/admin/builder/spi-builder-workspace/Sources/ToXML/MomUniquenessConstraints+XMLConvertible.swift /Users/admin/builder/spi-builder-workspace/Sources/ToXML/MomUserInfo+XMLConvertible.swift /Users/admin/builder/spi-builder-workspace/Sources/ToXML/MomXML+XMLConvertible.swift /Users/admin/builder/spi-builder-workspace/Sources/ToXML/XMLConvertible.swift (in target 'MomXML' from project 'MomXML')
SwiftCompile normal arm64 /Users/admin/builder/spi-builder-workspace/Sources/ToXML/MomModel+XMLConvertible.swift (in target 'MomXML' from project 'MomXML')
cd /Users/admin/builder/spi-builder-workspace/.swiftpm/xcode
builtin-SwiftPerFileCompile MomModel+XMLConvertible.swift
SwiftCompile normal arm64 /Users/admin/builder/spi-builder-workspace/Sources/ToXML/MomRelationship+XMLConvertible.swift (in target 'MomXML' from project 'MomXML')
cd /Users/admin/builder/spi-builder-workspace/.swiftpm/xcode
builtin-SwiftPerFileCompile MomRelationship+XMLConvertible.swift
SwiftCompile normal arm64 /Users/admin/builder/spi-builder-workspace/Sources/ToXML/MomUniquenessConstraints+XMLConvertible.swift (in target 'MomXML' from project 'MomXML')
cd /Users/admin/builder/spi-builder-workspace/.swiftpm/xcode
builtin-SwiftPerFileCompile MomUniquenessConstraints+XMLConvertible.swift
SwiftCompile normal arm64 /Users/admin/builder/spi-builder-workspace/Sources/ToXML/MomUserInfo+XMLConvertible.swift (in target 'MomXML' from project 'MomXML')
cd /Users/admin/builder/spi-builder-workspace/.swiftpm/xcode
builtin-SwiftPerFileCompile MomUserInfo+XMLConvertible.swift
SwiftCompile normal arm64 /Users/admin/builder/spi-builder-workspace/Sources/ToXML/MomXML+XMLConvertible.swift (in target 'MomXML' from project 'MomXML')
cd /Users/admin/builder/spi-builder-workspace/.swiftpm/xcode
builtin-SwiftPerFileCompile MomXML+XMLConvertible.swift
SwiftCompile normal arm64 /Users/admin/builder/spi-builder-workspace/Sources/ToXML/XMLConvertible.swift (in target 'MomXML' from project 'MomXML')
cd /Users/admin/builder/spi-builder-workspace/.swiftpm/xcode
builtin-SwiftPerFileCompile XMLConvertible.swift
SwiftCompile normal arm64 Compiling\ MomAttribute+Equatable.swift,\ MomCompositeAttribute+Equatable.swift,\ MomConfiguration+Equatable.swift,\ MomElement+Equatable.swift,\ MomEntity+Equatable.swift,\ MomFetchIndex+Equatable.swift,\ MomFetchedProperty+Equatable.swift /Users/admin/builder/spi-builder-workspace/Sources/Equatable/MomAttribute+Equatable.swift /Users/admin/builder/spi-builder-workspace/Sources/Equatable/MomCompositeAttribute+Equatable.swift /Users/admin/builder/spi-builder-workspace/Sources/Equatable/MomConfiguration+Equatable.swift /Users/admin/builder/spi-builder-workspace/Sources/Equatable/MomElement+Equatable.swift /Users/admin/builder/spi-builder-workspace/Sources/Equatable/MomEntity+Equatable.swift /Users/admin/builder/spi-builder-workspace/Sources/Equatable/MomFetchIndex+Equatable.swift /Users/admin/builder/spi-builder-workspace/Sources/Equatable/MomFetchedProperty+Equatable.swift (in target 'MomXML' from project 'MomXML')
SwiftCompile normal arm64 /Users/admin/builder/spi-builder-workspace/Sources/Equatable/MomAttribute+Equatable.swift (in target 'MomXML' from project 'MomXML')
cd /Users/admin/builder/spi-builder-workspace/.swiftpm/xcode
builtin-SwiftPerFileCompile MomAttribute+Equatable.swift
SwiftCompile normal arm64 /Users/admin/builder/spi-builder-workspace/Sources/Equatable/MomCompositeAttribute+Equatable.swift (in target 'MomXML' from project 'MomXML')
cd /Users/admin/builder/spi-builder-workspace/.swiftpm/xcode
builtin-SwiftPerFileCompile MomCompositeAttribute+Equatable.swift
SwiftCompile normal arm64 /Users/admin/builder/spi-builder-workspace/Sources/Equatable/MomConfiguration+Equatable.swift (in target 'MomXML' from project 'MomXML')
cd /Users/admin/builder/spi-builder-workspace/.swiftpm/xcode
builtin-SwiftPerFileCompile MomConfiguration+Equatable.swift
SwiftCompile normal arm64 /Users/admin/builder/spi-builder-workspace/Sources/Equatable/MomElement+Equatable.swift (in target 'MomXML' from project 'MomXML')
cd /Users/admin/builder/spi-builder-workspace/.swiftpm/xcode
builtin-SwiftPerFileCompile MomElement+Equatable.swift
SwiftCompile normal arm64 /Users/admin/builder/spi-builder-workspace/Sources/Equatable/MomEntity+Equatable.swift (in target 'MomXML' from project 'MomXML')
cd /Users/admin/builder/spi-builder-workspace/.swiftpm/xcode
builtin-SwiftPerFileCompile MomEntity+Equatable.swift
SwiftCompile normal arm64 /Users/admin/builder/spi-builder-workspace/Sources/Equatable/MomFetchIndex+Equatable.swift (in target 'MomXML' from project 'MomXML')
cd /Users/admin/builder/spi-builder-workspace/.swiftpm/xcode
builtin-SwiftPerFileCompile MomFetchIndex+Equatable.swift
SwiftCompile normal arm64 /Users/admin/builder/spi-builder-workspace/Sources/Equatable/MomFetchedProperty+Equatable.swift (in target 'MomXML' from project 'MomXML')
cd /Users/admin/builder/spi-builder-workspace/.swiftpm/xcode
builtin-SwiftPerFileCompile MomFetchedProperty+Equatable.swift
SwiftCompile normal arm64 Compiling\ MomUniquenessConstraints+XML.swift,\ MomUserInfo+XMLObject.swift,\ MomXML+XMLObject.swift,\ XMLObject.swift,\ MomAttribute.swift,\ MomCompositeAttribute.swift,\ MomConfiguration.swift /Users/admin/builder/spi-builder-workspace/Sources/FromXML/MomUniquenessConstraints+XML.swift /Users/admin/builder/spi-builder-workspace/Sources/FromXML/MomUserInfo+XMLObject.swift /Users/admin/builder/spi-builder-workspace/Sources/FromXML/MomXML+XMLObject.swift /Users/admin/builder/spi-builder-workspace/Sources/FromXML/XMLObject.swift /Users/admin/builder/spi-builder-workspace/Sources/Model/MomAttribute.swift /Users/admin/builder/spi-builder-workspace/Sources/Model/MomCompositeAttribute.swift /Users/admin/builder/spi-builder-workspace/Sources/Model/MomConfiguration.swift (in target 'MomXML' from project 'MomXML')
SwiftCompile normal arm64 /Users/admin/builder/spi-builder-workspace/Sources/FromXML/MomUniquenessConstraints+XML.swift (in target 'MomXML' from project 'MomXML')
cd /Users/admin/builder/spi-builder-workspace/.swiftpm/xcode
builtin-SwiftPerFileCompile MomUniquenessConstraints+XML.swift
SwiftCompile normal arm64 /Users/admin/builder/spi-builder-workspace/Sources/FromXML/MomUserInfo+XMLObject.swift (in target 'MomXML' from project 'MomXML')
cd /Users/admin/builder/spi-builder-workspace/.swiftpm/xcode
builtin-SwiftPerFileCompile MomUserInfo+XMLObject.swift
SwiftCompile normal arm64 /Users/admin/builder/spi-builder-workspace/Sources/FromXML/MomXML+XMLObject.swift (in target 'MomXML' from project 'MomXML')
cd /Users/admin/builder/spi-builder-workspace/.swiftpm/xcode
builtin-SwiftPerFileCompile MomXML+XMLObject.swift
SwiftCompile normal arm64 /Users/admin/builder/spi-builder-workspace/Sources/FromXML/XMLObject.swift (in target 'MomXML' from project 'MomXML')
cd /Users/admin/builder/spi-builder-workspace/.swiftpm/xcode
builtin-SwiftPerFileCompile XMLObject.swift
SwiftCompile normal arm64 /Users/admin/builder/spi-builder-workspace/Sources/Model/MomAttribute.swift (in target 'MomXML' from project 'MomXML')
cd /Users/admin/builder/spi-builder-workspace/.swiftpm/xcode
builtin-SwiftPerFileCompile MomAttribute.swift
SwiftCompile normal arm64 /Users/admin/builder/spi-builder-workspace/Sources/Model/MomCompositeAttribute.swift (in target 'MomXML' from project 'MomXML')
cd /Users/admin/builder/spi-builder-workspace/.swiftpm/xcode
builtin-SwiftPerFileCompile MomCompositeAttribute.swift
SwiftCompile normal arm64 /Users/admin/builder/spi-builder-workspace/Sources/Model/MomConfiguration.swift (in target 'MomXML' from project 'MomXML')
cd /Users/admin/builder/spi-builder-workspace/.swiftpm/xcode
builtin-SwiftPerFileCompile MomConfiguration.swift
SwiftCompile normal arm64 Compiling\ MomElement.swift,\ MomEntity.swift,\ MomFetchIndex.swift,\ MomFetchedProperty.swift,\ MomModel.swift,\ MomRelationship.swift,\ MomUniquenessConstraints.swift /Users/admin/builder/spi-builder-workspace/Sources/Model/MomElement.swift /Users/admin/builder/spi-builder-workspace/Sources/Model/MomEntity.swift /Users/admin/builder/spi-builder-workspace/Sources/Model/MomFetchIndex.swift /Users/admin/builder/spi-builder-workspace/Sources/Model/MomFetchedProperty.swift /Users/admin/builder/spi-builder-workspace/Sources/Model/MomModel.swift /Users/admin/builder/spi-builder-workspace/Sources/Model/MomRelationship.swift /Users/admin/builder/spi-builder-workspace/Sources/Model/MomUniquenessConstraints.swift (in target 'MomXML' from project 'MomXML')
SwiftCompile normal arm64 /Users/admin/builder/spi-builder-workspace/Sources/Model/MomElement.swift (in target 'MomXML' from project 'MomXML')
cd /Users/admin/builder/spi-builder-workspace/.swiftpm/xcode
builtin-SwiftPerFileCompile MomElement.swift
SwiftCompile normal arm64 /Users/admin/builder/spi-builder-workspace/Sources/Model/MomEntity.swift (in target 'MomXML' from project 'MomXML')
cd /Users/admin/builder/spi-builder-workspace/.swiftpm/xcode
builtin-SwiftPerFileCompile MomEntity.swift
SwiftCompile normal arm64 /Users/admin/builder/spi-builder-workspace/Sources/Model/MomFetchIndex.swift (in target 'MomXML' from project 'MomXML')
cd /Users/admin/builder/spi-builder-workspace/.swiftpm/xcode
builtin-SwiftPerFileCompile MomFetchIndex.swift
SwiftCompile normal arm64 /Users/admin/builder/spi-builder-workspace/Sources/Model/MomFetchedProperty.swift (in target 'MomXML' from project 'MomXML')
cd /Users/admin/builder/spi-builder-workspace/.swiftpm/xcode
builtin-SwiftPerFileCompile MomFetchedProperty.swift
SwiftCompile normal arm64 /Users/admin/builder/spi-builder-workspace/Sources/Model/MomModel.swift (in target 'MomXML' from project 'MomXML')
cd /Users/admin/builder/spi-builder-workspace/.swiftpm/xcode
builtin-SwiftPerFileCompile MomModel.swift
SwiftCompile normal arm64 /Users/admin/builder/spi-builder-workspace/Sources/Model/MomRelationship.swift (in target 'MomXML' from project 'MomXML')
cd /Users/admin/builder/spi-builder-workspace/.swiftpm/xcode
builtin-SwiftPerFileCompile MomRelationship.swift
SwiftCompile normal arm64 /Users/admin/builder/spi-builder-workspace/Sources/Model/MomUniquenessConstraints.swift (in target 'MomXML' from project 'MomXML')
cd /Users/admin/builder/spi-builder-workspace/.swiftpm/xcode
builtin-SwiftPerFileCompile MomUniquenessConstraints.swift
SwiftCompile normal arm64 Compiling\ MomModel+Equatable.swift,\ MomRelationship+Equatable.swift,\ MomUniquenessConstraints+Equatable.swift,\ MomUserInfo+Equatable.swift,\ MomXML+Equatable.swift,\ NSAttributeDescription+MomXML.swift,\ NSCompositeAttributeDescription+MomXML.swift /Users/admin/builder/spi-builder-workspace/Sources/Equatable/MomModel+Equatable.swift /Users/admin/builder/spi-builder-workspace/Sources/Equatable/MomRelationship+Equatable.swift /Users/admin/builder/spi-builder-workspace/Sources/Equatable/MomUniquenessConstraints+Equatable.swift /Users/admin/builder/spi-builder-workspace/Sources/Equatable/MomUserInfo+Equatable.swift /Users/admin/builder/spi-builder-workspace/Sources/Equatable/MomXML+Equatable.swift /Users/admin/builder/spi-builder-workspace/Sources/FromCoreData/NSAttributeDescription+MomXML.swift /Users/admin/builder/spi-builder-workspace/Sources/FromCoreData/NSCompositeAttributeDescription+MomXML.swift (in target 'MomXML' from project 'MomXML')
SwiftCompile normal arm64 /Users/admin/builder/spi-builder-workspace/Sources/Equatable/MomModel+Equatable.swift (in target 'MomXML' from project 'MomXML')
cd /Users/admin/builder/spi-builder-workspace/.swiftpm/xcode
builtin-SwiftPerFileCompile MomModel+Equatable.swift
SwiftCompile normal arm64 /Users/admin/builder/spi-builder-workspace/Sources/Equatable/MomRelationship+Equatable.swift (in target 'MomXML' from project 'MomXML')
cd /Users/admin/builder/spi-builder-workspace/.swiftpm/xcode
builtin-SwiftPerFileCompile MomRelationship+Equatable.swift
SwiftCompile normal arm64 /Users/admin/builder/spi-builder-workspace/Sources/Equatable/MomUniquenessConstraints+Equatable.swift (in target 'MomXML' from project 'MomXML')
cd /Users/admin/builder/spi-builder-workspace/.swiftpm/xcode
builtin-SwiftPerFileCompile MomUniquenessConstraints+Equatable.swift
SwiftCompile normal arm64 /Users/admin/builder/spi-builder-workspace/Sources/Equatable/MomUserInfo+Equatable.swift (in target 'MomXML' from project 'MomXML')
cd /Users/admin/builder/spi-builder-workspace/.swiftpm/xcode
builtin-SwiftPerFileCompile MomUserInfo+Equatable.swift
SwiftCompile normal arm64 /Users/admin/builder/spi-builder-workspace/Sources/Equatable/MomXML+Equatable.swift (in target 'MomXML' from project 'MomXML')
cd /Users/admin/builder/spi-builder-workspace/.swiftpm/xcode
builtin-SwiftPerFileCompile MomXML+Equatable.swift
SwiftCompile normal arm64 /Users/admin/builder/spi-builder-workspace/Sources/FromCoreData/NSAttributeDescription+MomXML.swift (in target 'MomXML' from project 'MomXML')
cd /Users/admin/builder/spi-builder-workspace/.swiftpm/xcode
builtin-SwiftPerFileCompile NSAttributeDescription+MomXML.swift
SwiftCompile normal arm64 /Users/admin/builder/spi-builder-workspace/Sources/FromCoreData/NSCompositeAttributeDescription+MomXML.swift (in target 'MomXML' from project 'MomXML')
cd /Users/admin/builder/spi-builder-workspace/.swiftpm/xcode
builtin-SwiftPerFileCompile NSCompositeAttributeDescription+MomXML.swift
SwiftEmitModule normal arm64_32 Emitting\ module\ for\ MomXML (in target 'MomXML' from project 'MomXML')
SwiftCompile normal arm64_32 (in target 'MomXML' from project 'MomXML')
cd /Users/admin/builder/spi-builder-workspace/.swiftpm/xcode
PruneExplicitPrecompiledModules /Users/admin/builder/spi-builder-workspace/.derivedData/Build/Intermediates.noindex/ExplicitPrecompiledModules
PruneExplicitPrecompiledModules /Users/admin/builder/spi-builder-workspace/.derivedData/Build/Intermediates.noindex/SwiftExplicitPrecompiledModules
PruneExplicitPrecompiledModules /Users/admin/builder/spi-builder-workspace/.derivedData/SDKExplicitPrecompiledModules
2026-09-22 05:30:32.511 xcodebuild[691:4370] [MT] IDERunDestination: Supported platforms for the buildables in the current scheme is empty.
** BUILD FAILED **
The following build commands failed:
SwiftCompile normal arm64 (in target 'MomXML' from project 'MomXML')
SwiftEmitModule normal arm64 Emitting\ module\ for\ MomXML (in target 'MomXML' from project 'MomXML')
Building workspace MomXML with scheme MomXML
(3 failures)
Command line invocation:
/Applications/Xcode-27.0.0-Release.Candidate.app/Contents/Developer/usr/bin/xcodebuild -IDEClonedSourcePackagesDirPathOverride=/Users/admin/builder/spi-builder-workspace/.dependencies -resolvePackageDependencies
Resolve Package Graph
Resolved source packages:
SWXMLHash: https://github.com/drmohundro/SWXMLHash.git @ 8.1.1
MomXML: /Users/admin/builder/spi-builder-workspace
resolved source packages: SWXMLHash, MomXML
2026-09-22 05:30:40.079 xcodebuild[812:4984] [MT] IDERunDestination: Supported platforms for the buildables in the current scheme is empty.
{
"dependencies" : [
{
"identity" : "swxmlhash",
"requirement" : {
"range" : [
{
"lower_bound" : "8.1.0",
"upper_bound" : "9.0.0"
}
]
},
"type" : "sourceControl",
"url" : "https://github.com/drmohundro/SWXMLHash.git"
}
],
"manifest_display_name" : "MomXML",
"name" : "MomXML",
"path" : "/Users/admin/builder/spi-builder-workspace",
"platforms" : [
],
"products" : [
{
"name" : "MomXML",
"targets" : [
"MomXML"
],
"type" : {
"library" : [
"automatic"
]
}
}
],
"swift_languages_versions" : [
"6"
],
"targets" : [
{
"c99name" : "MomXMLTests",
"module_type" : "SwiftTarget",
"name" : "MomXMLTests",
"path" : "Tests",
"resources" : [
{
"path" : "/Users/admin/builder/spi-builder-workspace/Tests/model.xml",
"rule" : {
"process" : {
}
}
},
{
"path" : "/Users/admin/builder/spi-builder-workspace/Tests/model2.xml",
"rule" : {
"process" : {
}
}
},
{
"path" : "/Users/admin/builder/spi-builder-workspace/Tests/modelJsonToXML.xml",
"rule" : {
"process" : {
}
}
}
],
"sources" : [
"MomXMLTests.swift"
],
"target_dependencies" : [
"MomXML"
],
"type" : "test"
},
{
"c99name" : "MomXML",
"module_type" : "SwiftTarget",
"name" : "MomXML",
"path" : "Sources",
"product_dependencies" : [
"SWXMLHash"
],
"product_memberships" : [
"MomXML"
],
"sources" : [
"Equatable/MomAttribute+Equatable.swift",
"Equatable/MomCompositeAttribute+Equatable.swift",
"Equatable/MomConfiguration+Equatable.swift",
"Equatable/MomElement+Equatable.swift",
"Equatable/MomEntity+Equatable.swift",
"Equatable/MomFetchIndex+Equatable.swift",
"Equatable/MomFetchedProperty+Equatable.swift",
"Equatable/MomModel+Equatable.swift",
"Equatable/MomRelationship+Equatable.swift",
"Equatable/MomUniquenessConstraints+Equatable.swift",
"Equatable/MomUserInfo+Equatable.swift",
"Equatable/MomXML+Equatable.swift",
"FromCoreData/NSAttributeDescription+MomXML.swift",
"FromCoreData/NSCompositeAttributeDescription+MomXML.swift",
"FromCoreData/NSEntityDescription+MomXML.swift",
"FromCoreData/NSFetchIndexPropertyDescription+MomXML.swift",
"FromCoreData/NSFetchedPropertyDescription+MomXML.swift",
"FromCoreData/NSManagedObjectModel+MomXML.swift",
"FromCoreData/NSRelationshipDescription+MomXML.swift",
"FromXML/MomAttribute+XMLObject.swift",
"FromXML/MomCompositeAttribute+XMLObject.swift",
"FromXML/MomConfiguration+XMLObject.swift",
"FromXML/MomElement+XMLObject.swift",
"FromXML/MomEntity+XMLObject.swift",
"FromXML/MomFetchIndex+XMLObject.swift",
"FromXML/MomFetchedProperty+XMLObject.swift",
"FromXML/MomModel+XMLObject.swift",
"FromXML/MomRelationship+XMLObject.swift",
"FromXML/MomUniquenessConstraints+XML.swift",
"FromXML/MomUserInfo+XMLObject.swift",
"FromXML/MomXML+XMLObject.swift",
"FromXML/XMLObject.swift",
"Model/MomAttribute.swift",
"Model/MomCompositeAttribute.swift",
"Model/MomConfiguration.swift",
"Model/MomElement.swift",
"Model/MomEntity.swift",
"Model/MomFetchIndex.swift",
"Model/MomFetchedProperty.swift",
"Model/MomModel.swift",
"Model/MomRelationship.swift",
"Model/MomUniquenessConstraints.swift",
"Model/MomUserInfo.swift",
"Model/MomXML.swift",
"ToCoreData/MomAttribute+CoreData.swift",
"ToCoreData/MomCompositeAttribute+CoreData.swift",
"ToCoreData/MomEntity+CoreData.swift",
"ToCoreData/MomFetchIndex+CoreData.swift",
"ToCoreData/MomFetchedProperty+CoreData.swift",
"ToCoreData/MomModel+CoreData.swift",
"ToCoreData/MomRelationship+CoreData.swift",
"ToCoreData/MomUniquenessConstraints+CoreData.swift",
"ToCoreData/MomUserInfo+CoreData.swift",
"ToCoreData/MomXml+CoreData.swift",
"ToXML/MomAttribute+XMLConvertible.swift",
"ToXML/MomConfiguration+XMLConvertible.swift",
"ToXML/MomElement+XMLConvertible.swift",
"ToXML/MomEntity+XMLConvertible.swift",
"ToXML/MomFetchIndex+XMLConvertible.swift",
"ToXML/MomFetchedProperty+XMLConvertible.swift",
"ToXML/MomModel+XMLConvertible.swift",
"ToXML/MomRelationship+XMLConvertible.swift",
"ToXML/MomUniquenessConstraints+XMLConvertible.swift",
"ToXML/MomUserInfo+XMLConvertible.swift",
"ToXML/MomXML+XMLConvertible.swift",
"ToXML/XMLConvertible.swift"
],
"type" : "library"
}
],
"tools_version" : "6.0"
}
{
"workspace" : {
"name" : "MomXML",
"schemes" : [
"MomXML"
]
}
}
2026-09-22 05:30:41.352 xcodebuild[820:5054] [MT] IDERunDestination: Supported platforms for the buildables in the current scheme is empty.
Running build ...
env DEVELOPER_DIR=/Applications/Xcode-27.0.0-Release.Candidate.app xcrun xcodebuild -IDEClonedSourcePackagesDirPathOverride=$PWD/.dependencies -skipMacroValidation -skipPackagePluginValidation -derivedDataPath $PWD/.derivedData build -scheme MomXML -destination generic/platform=watchOS
Command line invocation:
/Applications/Xcode-27.0.0-Release.Candidate.app/Contents/Developer/usr/bin/xcodebuild -IDEClonedSourcePackagesDirPathOverride=/Users/admin/builder/spi-builder-workspace/.dependencies -skipMacroValidation -skipPackagePluginValidation -derivedDataPath /Users/admin/builder/spi-builder-workspace/.derivedData build -scheme MomXML -destination generic/platform=watchOS
Resolve Package Graph
Resolved source packages:
MomXML: /Users/admin/builder/spi-builder-workspace
SWXMLHash: https://github.com/drmohundro/SWXMLHash.git @ 8.1.1
ComputePackagePrebuildTargetDependencyGraph
Prepare packages
CreateBuildRequest
SendProjectDescription
CreateBuildOperation
ComputeTargetDependencyGraph
note: Building targets in dependency order
note: Target dependency graph (4 targets)
Target 'MomXML-product' in project 'MomXML'
➜ Explicit dependency on target 'MomXML' in project 'MomXML'
➜ Explicit dependency on target 'SWXMLHash-product' in project 'SWXMLHash'
Target 'MomXML' in project 'MomXML'
➜ Explicit dependency on target 'SWXMLHash-product' in project 'SWXMLHash'
Target 'SWXMLHash-product' in project 'SWXMLHash'
➜ Explicit dependency on target 'SWXMLHash' in project 'SWXMLHash'
Target 'SWXMLHash' in project 'SWXMLHash' (no dependencies)
GatherProvisioningInputs
CreateBuildDescription
ClangStatCache /Applications/Xcode-27.0.0-Release.Candidate.app/Contents/Developer/Toolchains/XcodeDefault.xctoolchain/usr/bin/clang-stat-cache /Applications/Xcode-27.0.0-Release.Candidate.app/Contents/Developer/Platforms/WatchOS.platform/Developer/SDKs/WatchOS27.0.sdk /Users/admin/builder/spi-builder-workspace/.derivedData/SDKStatCaches.noindex/watchos27.0-24R360-e829b21a6f8c9b70876ba0858053c04477534ef55a1706bf4c1112bbb242f0a2.sdkstatcache
cd /Users/admin/builder/spi-builder-workspace/.swiftpm/xcode
/Applications/Xcode-27.0.0-Release.Candidate.app/Contents/Developer/Toolchains/XcodeDefault.xctoolchain/usr/bin/clang-stat-cache /Applications/Xcode-27.0.0-Release.Candidate.app/Contents/Developer/Platforms/WatchOS.platform/Developer/SDKs/WatchOS27.0.sdk -o /Users/admin/builder/spi-builder-workspace/.derivedData/SDKStatCaches.noindex/watchos27.0-24R360-e829b21a6f8c9b70876ba0858053c04477534ef55a1706bf4c1112bbb242f0a2.sdkstatcache
SwiftDriver MomXML normal arm64_32 com.apple.xcode.tools.swift.compiler (in target 'MomXML' from project 'MomXML')
cd /Users/admin/builder/spi-builder-workspace/.swiftpm/xcode
builtin-SwiftDriver -- /Applications/Xcode-27.0.0-Release.Candidate.app/Contents/Developer/Toolchains/XcodeDefault.xctoolchain/usr/bin/swiftc -parse-as-library -module-name MomXML -Onone @/Users/admin/builder/spi-builder-workspace/.derivedData/Build/Intermediates.noindex/MomXML.build/Debug-watchos/MomXML-t.build/Objects-normal/arm64_32/MomXML.SwiftFileList -DSWIFT_PACKAGE -DDEBUG -DSWIFT_MODULE_RESOURCE_BUNDLE_UNAVAILABLE -DXcode -plugin-path /Applications/Xcode-27.0.0-Release.Candidate.app/Contents/Developer/Toolchains/XcodeDefault.xctoolchain/usr/lib/swift/host/plugins/testing -enable-experimental-feature DebugDescriptionMacro -sdk /Applications/Xcode-27.0.0-Release.Candidate.app/Contents/Developer/Platforms/WatchOS.platform/Developer/SDKs/WatchOS27.0.sdk -target arm64_32-apple-watchos9.0 -g -module-cache-path /Users/admin/builder/spi-builder-workspace/.derivedData/ModuleCache.noindex -Xfrontend -serialize-debugging-options -profile-coverage-mapping -profile-generate -enable-testing -index-store-path /Users/admin/builder/spi-builder-workspace/.derivedData/Index.noindex/DataStore -Xcc -D_LIBCPP_HARDENING_MODE\=_LIBCPP_HARDENING_MODE_DEBUG -swift-version 6 -I /Users/admin/builder/spi-builder-workspace/.derivedData/Build/Products/Debug-watchos -Isystem /Applications/Xcode-27.0.0-Release.Candidate.app/Contents/Developer/Platforms/WatchOS.platform/Developer/usr/lib -F /Users/admin/builder/spi-builder-workspace/.derivedData/Build/Products/Debug-watchos/PackageFrameworks -F /Users/admin/builder/spi-builder-workspace/.derivedData/Build/Products/Debug-watchos -F /Applications/Xcode-27.0.0-Release.Candidate.app/Contents/Developer/Platforms/WatchOS.platform/Developer/Library/Frameworks -F /Applications/Xcode-27.0.0-Release.Candidate.app/Contents/Developer/Platforms/WatchOS.platform/Developer/SDKs/WatchOS27.0.sdk/Developer/Library/Frameworks -c -j10 -enable-batch-mode -incremental -Xcc -ivfsstatcache -Xcc /Users/admin/builder/spi-builder-workspace/.derivedData/SDKStatCaches.noindex/watchos27.0-24R360-e829b21a6f8c9b70876ba0858053c04477534ef55a1706bf4c1112bbb242f0a2.sdkstatcache -output-file-map /Users/admin/builder/spi-builder-workspace/.derivedData/Build/Intermediates.noindex/MomXML.build/Debug-watchos/MomXML-t.build/Objects-normal/arm64_32/MomXML-OutputFileMap.json -save-temps -no-color-diagnostics -explicit-module-build -module-cache-path /Users/admin/builder/spi-builder-workspace/.derivedData/Build/Intermediates.noindex/SwiftExplicitPrecompiledModules -clang-scanner-module-cache-path /Users/admin/builder/spi-builder-workspace/.derivedData/ModuleCache.noindex -sdk-module-cache-path /Users/admin/builder/spi-builder-workspace/.derivedData/SDKExplicitPrecompiledModules -emit-dependencies -emit-module -emit-module-path /Users/admin/builder/spi-builder-workspace/.derivedData/Build/Intermediates.noindex/MomXML.build/Debug-watchos/MomXML-t.build/Objects-normal/arm64_32/MomXML.swiftmodule -serialize-diagnostics -dependency-scan-serialize-diagnostics-path /Users/admin/builder/spi-builder-workspace/.derivedData/Build/Intermediates.noindex/MomXML.build/Debug-watchos/MomXML-t.build/Objects-normal/arm64_32/MomXML-dependency-scan.dia -validate-clang-modules-once -clang-build-session-file /Users/admin/builder/spi-builder-workspace/.derivedData/ModuleCache.noindex/Session.modulevalidation -Xcc -fmodules-prune-interval\=86400 -Xcc -fmodules-prune-after\=345600 -package-name spi_builder_workspace -emit-const-values -const-gather-protocols-list /Users/admin/builder/spi-builder-workspace/.derivedData/Build/Intermediates.noindex/MomXML.build/Debug-watchos/MomXML-t.build/Objects-normal/arm64_32/MomXML_const_extract_protocols.json -Xcc -I/Users/admin/builder/spi-builder-workspace/.derivedData/Build/Products/Debug-watchos/include -Xcc -I/Users/admin/builder/spi-builder-workspace/.derivedData/Build/Intermediates.noindex/MomXML.build/Debug-watchos/MomXML-t.build/DerivedSources-normal/arm64_32 -Xcc -I/Users/admin/builder/spi-builder-workspace/.derivedData/Build/Intermediates.noindex/MomXML.build/Debug-watchos/MomXML-t.build/DerivedSources/arm64_32 -Xcc -I/Users/admin/builder/spi-builder-workspace/.derivedData/Build/Intermediates.noindex/MomXML.build/Debug-watchos/MomXML-t.build/DerivedSources -Xcc -DSWIFT_PACKAGE -Xcc -DDEBUG\=1 -emit-objc-header -emit-objc-header-path /Users/admin/builder/spi-builder-workspace/.derivedData/Build/Intermediates.noindex/MomXML.build/Debug-watchos/MomXML-t.build/Objects-normal/arm64_32/MomXML-Swift.h -working-directory /Users/admin/builder/spi-builder-workspace/.swiftpm/xcode -experimental-emit-module-separately -disable-cmo
SwiftDriver MomXML normal arm64 com.apple.xcode.tools.swift.compiler (in target 'MomXML' from project 'MomXML')
cd /Users/admin/builder/spi-builder-workspace/.swiftpm/xcode
builtin-SwiftDriver -- /Applications/Xcode-27.0.0-Release.Candidate.app/Contents/Developer/Toolchains/XcodeDefault.xctoolchain/usr/bin/swiftc -parse-as-library -module-name MomXML -Onone @/Users/admin/builder/spi-builder-workspace/.derivedData/Build/Intermediates.noindex/MomXML.build/Debug-watchos/MomXML-t.build/Objects-normal/arm64/MomXML.SwiftFileList -DSWIFT_PACKAGE -DDEBUG -DSWIFT_MODULE_RESOURCE_BUNDLE_UNAVAILABLE -DXcode -plugin-path /Applications/Xcode-27.0.0-Release.Candidate.app/Contents/Developer/Toolchains/XcodeDefault.xctoolchain/usr/lib/swift/host/plugins/testing -enable-experimental-feature DebugDescriptionMacro -sdk /Applications/Xcode-27.0.0-Release.Candidate.app/Contents/Developer/Platforms/WatchOS.platform/Developer/SDKs/WatchOS27.0.sdk -target arm64-apple-watchos9.0 -g -module-cache-path /Users/admin/builder/spi-builder-workspace/.derivedData/ModuleCache.noindex -Xfrontend -serialize-debugging-options -profile-coverage-mapping -profile-generate -enable-testing -index-store-path /Users/admin/builder/spi-builder-workspace/.derivedData/Index.noindex/DataStore -Xcc -D_LIBCPP_HARDENING_MODE\=_LIBCPP_HARDENING_MODE_DEBUG -swift-version 6 -I /Users/admin/builder/spi-builder-workspace/.derivedData/Build/Products/Debug-watchos -Isystem /Applications/Xcode-27.0.0-Release.Candidate.app/Contents/Developer/Platforms/WatchOS.platform/Developer/usr/lib -F /Users/admin/builder/spi-builder-workspace/.derivedData/Build/Products/Debug-watchos/PackageFrameworks -F /Users/admin/builder/spi-builder-workspace/.derivedData/Build/Products/Debug-watchos -F /Applications/Xcode-27.0.0-Release.Candidate.app/Contents/Developer/Platforms/WatchOS.platform/Developer/Library/Frameworks -F /Applications/Xcode-27.0.0-Release.Candidate.app/Contents/Developer/Platforms/WatchOS.platform/Developer/SDKs/WatchOS27.0.sdk/Developer/Library/Frameworks -c -j10 -enable-batch-mode -incremental -Xcc -ivfsstatcache -Xcc /Users/admin/builder/spi-builder-workspace/.derivedData/SDKStatCaches.noindex/watchos27.0-24R360-e829b21a6f8c9b70876ba0858053c04477534ef55a1706bf4c1112bbb242f0a2.sdkstatcache -output-file-map /Users/admin/builder/spi-builder-workspace/.derivedData/Build/Intermediates.noindex/MomXML.build/Debug-watchos/MomXML-t.build/Objects-normal/arm64/MomXML-OutputFileMap.json -save-temps -no-color-diagnostics -explicit-module-build -module-cache-path /Users/admin/builder/spi-builder-workspace/.derivedData/Build/Intermediates.noindex/SwiftExplicitPrecompiledModules -clang-scanner-module-cache-path /Users/admin/builder/spi-builder-workspace/.derivedData/ModuleCache.noindex -sdk-module-cache-path /Users/admin/builder/spi-builder-workspace/.derivedData/SDKExplicitPrecompiledModules -emit-dependencies -emit-module -emit-module-path /Users/admin/builder/spi-builder-workspace/.derivedData/Build/Intermediates.noindex/MomXML.build/Debug-watchos/MomXML-t.build/Objects-normal/arm64/MomXML.swiftmodule -serialize-diagnostics -dependency-scan-serialize-diagnostics-path /Users/admin/builder/spi-builder-workspace/.derivedData/Build/Intermediates.noindex/MomXML.build/Debug-watchos/MomXML-t.build/Objects-normal/arm64/MomXML-dependency-scan.dia -validate-clang-modules-once -clang-build-session-file /Users/admin/builder/spi-builder-workspace/.derivedData/ModuleCache.noindex/Session.modulevalidation -Xcc -fmodules-prune-interval\=86400 -Xcc -fmodules-prune-after\=345600 -package-name spi_builder_workspace -emit-const-values -const-gather-protocols-list /Users/admin/builder/spi-builder-workspace/.derivedData/Build/Intermediates.noindex/MomXML.build/Debug-watchos/MomXML-t.build/Objects-normal/arm64/MomXML_const_extract_protocols.json -Xcc -I/Users/admin/builder/spi-builder-workspace/.derivedData/Build/Products/Debug-watchos/include -Xcc -I/Users/admin/builder/spi-builder-workspace/.derivedData/Build/Intermediates.noindex/MomXML.build/Debug-watchos/MomXML-t.build/DerivedSources-normal/arm64 -Xcc -I/Users/admin/builder/spi-builder-workspace/.derivedData/Build/Intermediates.noindex/MomXML.build/Debug-watchos/MomXML-t.build/DerivedSources/arm64 -Xcc -I/Users/admin/builder/spi-builder-workspace/.derivedData/Build/Intermediates.noindex/MomXML.build/Debug-watchos/MomXML-t.build/DerivedSources -Xcc -DSWIFT_PACKAGE -Xcc -DDEBUG\=1 -emit-objc-header -emit-objc-header-path /Users/admin/builder/spi-builder-workspace/.derivedData/Build/Intermediates.noindex/MomXML.build/Debug-watchos/MomXML-t.build/Objects-normal/arm64/MomXML-Swift.h -working-directory /Users/admin/builder/spi-builder-workspace/.swiftpm/xcode -experimental-emit-module-separately -disable-cmo
SwiftCompile normal arm64 Compiling\ MomModel+Equatable.swift,\ MomRelationship+Equatable.swift,\ MomUniquenessConstraints+Equatable.swift,\ MomUserInfo+Equatable.swift,\ MomXML+Equatable.swift,\ NSAttributeDescription+MomXML.swift,\ NSCompositeAttributeDescription+MomXML.swift /Users/admin/builder/spi-builder-workspace/Sources/Equatable/MomModel+Equatable.swift /Users/admin/builder/spi-builder-workspace/Sources/Equatable/MomRelationship+Equatable.swift /Users/admin/builder/spi-builder-workspace/Sources/Equatable/MomUniquenessConstraints+Equatable.swift /Users/admin/builder/spi-builder-workspace/Sources/Equatable/MomUserInfo+Equatable.swift /Users/admin/builder/spi-builder-workspace/Sources/Equatable/MomXML+Equatable.swift /Users/admin/builder/spi-builder-workspace/Sources/FromCoreData/NSAttributeDescription+MomXML.swift /Users/admin/builder/spi-builder-workspace/Sources/FromCoreData/NSCompositeAttributeDescription+MomXML.swift (in target 'MomXML' from project 'MomXML')
SwiftCompile normal arm64 /Users/admin/builder/spi-builder-workspace/Sources/Equatable/MomModel+Equatable.swift (in target 'MomXML' from project 'MomXML')
cd /Users/admin/builder/spi-builder-workspace/.swiftpm/xcode
builtin-SwiftPerFileCompile MomModel+Equatable.swift
SwiftCompile normal arm64 /Users/admin/builder/spi-builder-workspace/Sources/Equatable/MomRelationship+Equatable.swift (in target 'MomXML' from project 'MomXML')
cd /Users/admin/builder/spi-builder-workspace/.swiftpm/xcode
builtin-SwiftPerFileCompile MomRelationship+Equatable.swift
SwiftCompile normal arm64 /Users/admin/builder/spi-builder-workspace/Sources/Equatable/MomUniquenessConstraints+Equatable.swift (in target 'MomXML' from project 'MomXML')
cd /Users/admin/builder/spi-builder-workspace/.swiftpm/xcode
builtin-SwiftPerFileCompile MomUniquenessConstraints+Equatable.swift
SwiftCompile normal arm64 /Users/admin/builder/spi-builder-workspace/Sources/Equatable/MomUserInfo+Equatable.swift (in target 'MomXML' from project 'MomXML')
cd /Users/admin/builder/spi-builder-workspace/.swiftpm/xcode
builtin-SwiftPerFileCompile MomUserInfo+Equatable.swift
SwiftCompile normal arm64 /Users/admin/builder/spi-builder-workspace/Sources/Equatable/MomXML+Equatable.swift (in target 'MomXML' from project 'MomXML')
cd /Users/admin/builder/spi-builder-workspace/.swiftpm/xcode
builtin-SwiftPerFileCompile MomXML+Equatable.swift
SwiftCompile normal arm64 /Users/admin/builder/spi-builder-workspace/Sources/FromCoreData/NSAttributeDescription+MomXML.swift (in target 'MomXML' from project 'MomXML')
cd /Users/admin/builder/spi-builder-workspace/.swiftpm/xcode
builtin-SwiftPerFileCompile NSAttributeDescription+MomXML.swift
SwiftCompile normal arm64 /Users/admin/builder/spi-builder-workspace/Sources/FromCoreData/NSCompositeAttributeDescription+MomXML.swift (in target 'MomXML' from project 'MomXML')
cd /Users/admin/builder/spi-builder-workspace/.swiftpm/xcode
builtin-SwiftPerFileCompile NSCompositeAttributeDescription+MomXML.swift
/Users/admin/builder/spi-builder-workspace/Sources/FromCoreData/NSCompositeAttributeDescription+MomXML.swift:13:11: error: 'NSCompositeAttributeDescription' is only available in watchOS 10.0 or newer
11 | @available(iOS 17.0, *)
12 | @available(macOS 14.0, *)
13 | extension NSCompositeAttributeDescription {
| | `- error: 'NSCompositeAttributeDescription' is only available in watchOS 10.0 or newer
| `- note: add '@available' attribute to enclosing extension
14 |
15 | public var momComposite: MomCompositeAttribute {
SwiftCompile normal arm64 Compiling\ MomConfiguration+XMLObject.swift,\ MomElement+XMLObject.swift,\ MomEntity+XMLObject.swift,\ MomFetchIndex+XMLObject.swift,\ MomFetchedProperty+XMLObject.swift,\ MomModel+XMLObject.swift,\ MomRelationship+XMLObject.swift /Users/admin/builder/spi-builder-workspace/Sources/FromXML/MomConfiguration+XMLObject.swift /Users/admin/builder/spi-builder-workspace/Sources/FromXML/MomElement+XMLObject.swift /Users/admin/builder/spi-builder-workspace/Sources/FromXML/MomEntity+XMLObject.swift /Users/admin/builder/spi-builder-workspace/Sources/FromXML/MomFetchIndex+XMLObject.swift /Users/admin/builder/spi-builder-workspace/Sources/FromXML/MomFetchedProperty+XMLObject.swift /Users/admin/builder/spi-builder-workspace/Sources/FromXML/MomModel+XMLObject.swift /Users/admin/builder/spi-builder-workspace/Sources/FromXML/MomRelationship+XMLObject.swift (in target 'MomXML' from project 'MomXML')
SwiftCompile normal arm64 /Users/admin/builder/spi-builder-workspace/Sources/FromXML/MomConfiguration+XMLObject.swift (in target 'MomXML' from project 'MomXML')
cd /Users/admin/builder/spi-builder-workspace/.swiftpm/xcode
builtin-SwiftPerFileCompile MomConfiguration+XMLObject.swift
SwiftCompile normal arm64 /Users/admin/builder/spi-builder-workspace/Sources/FromXML/MomElement+XMLObject.swift (in target 'MomXML' from project 'MomXML')
cd /Users/admin/builder/spi-builder-workspace/.swiftpm/xcode
builtin-SwiftPerFileCompile MomElement+XMLObject.swift
SwiftCompile normal arm64 /Users/admin/builder/spi-builder-workspace/Sources/FromXML/MomEntity+XMLObject.swift (in target 'MomXML' from project 'MomXML')
cd /Users/admin/builder/spi-builder-workspace/.swiftpm/xcode
builtin-SwiftPerFileCompile MomEntity+XMLObject.swift
SwiftCompile normal arm64 /Users/admin/builder/spi-builder-workspace/Sources/FromXML/MomFetchIndex+XMLObject.swift (in target 'MomXML' from project 'MomXML')
cd /Users/admin/builder/spi-builder-workspace/.swiftpm/xcode
builtin-SwiftPerFileCompile MomFetchIndex+XMLObject.swift
SwiftCompile normal arm64 /Users/admin/builder/spi-builder-workspace/Sources/FromXML/MomFetchedProperty+XMLObject.swift (in target 'MomXML' from project 'MomXML')
cd /Users/admin/builder/spi-builder-workspace/.swiftpm/xcode
builtin-SwiftPerFileCompile MomFetchedProperty+XMLObject.swift
SwiftCompile normal arm64 /Users/admin/builder/spi-builder-workspace/Sources/FromXML/MomModel+XMLObject.swift (in target 'MomXML' from project 'MomXML')
cd /Users/admin/builder/spi-builder-workspace/.swiftpm/xcode
builtin-SwiftPerFileCompile MomModel+XMLObject.swift
SwiftCompile normal arm64 /Users/admin/builder/spi-builder-workspace/Sources/FromXML/MomRelationship+XMLObject.swift (in target 'MomXML' from project 'MomXML')
cd /Users/admin/builder/spi-builder-workspace/.swiftpm/xcode
builtin-SwiftPerFileCompile MomRelationship+XMLObject.swift
SwiftCompile normal arm64 Compiling\ MomUniquenessConstraints+XML.swift,\ MomUserInfo+XMLObject.swift,\ MomXML+XMLObject.swift,\ XMLObject.swift,\ MomAttribute.swift,\ MomCompositeAttribute.swift,\ MomConfiguration.swift /Users/admin/builder/spi-builder-workspace/Sources/FromXML/MomUniquenessConstraints+XML.swift /Users/admin/builder/spi-builder-workspace/Sources/FromXML/MomUserInfo+XMLObject.swift /Users/admin/builder/spi-builder-workspace/Sources/FromXML/MomXML+XMLObject.swift /Users/admin/builder/spi-builder-workspace/Sources/FromXML/XMLObject.swift /Users/admin/builder/spi-builder-workspace/Sources/Model/MomAttribute.swift /Users/admin/builder/spi-builder-workspace/Sources/Model/MomCompositeAttribute.swift /Users/admin/builder/spi-builder-workspace/Sources/Model/MomConfiguration.swift (in target 'MomXML' from project 'MomXML')
SwiftCompile normal arm64 /Users/admin/builder/spi-builder-workspace/Sources/FromXML/MomUniquenessConstraints+XML.swift (in target 'MomXML' from project 'MomXML')
cd /Users/admin/builder/spi-builder-workspace/.swiftpm/xcode
builtin-SwiftPerFileCompile MomUniquenessConstraints+XML.swift
SwiftCompile normal arm64 /Users/admin/builder/spi-builder-workspace/Sources/FromXML/MomUserInfo+XMLObject.swift (in target 'MomXML' from project 'MomXML')
cd /Users/admin/builder/spi-builder-workspace/.swiftpm/xcode
builtin-SwiftPerFileCompile MomUserInfo+XMLObject.swift
SwiftCompile normal arm64 /Users/admin/builder/spi-builder-workspace/Sources/FromXML/MomXML+XMLObject.swift (in target 'MomXML' from project 'MomXML')
cd /Users/admin/builder/spi-builder-workspace/.swiftpm/xcode
builtin-SwiftPerFileCompile MomXML+XMLObject.swift
SwiftCompile normal arm64 /Users/admin/builder/spi-builder-workspace/Sources/FromXML/XMLObject.swift (in target 'MomXML' from project 'MomXML')
cd /Users/admin/builder/spi-builder-workspace/.swiftpm/xcode
builtin-SwiftPerFileCompile XMLObject.swift
SwiftCompile normal arm64 /Users/admin/builder/spi-builder-workspace/Sources/Model/MomAttribute.swift (in target 'MomXML' from project 'MomXML')
cd /Users/admin/builder/spi-builder-workspace/.swiftpm/xcode
builtin-SwiftPerFileCompile MomAttribute.swift
SwiftCompile normal arm64 /Users/admin/builder/spi-builder-workspace/Sources/Model/MomCompositeAttribute.swift (in target 'MomXML' from project 'MomXML')
cd /Users/admin/builder/spi-builder-workspace/.swiftpm/xcode
builtin-SwiftPerFileCompile MomCompositeAttribute.swift
SwiftCompile normal arm64 /Users/admin/builder/spi-builder-workspace/Sources/Model/MomConfiguration.swift (in target 'MomXML' from project 'MomXML')
cd /Users/admin/builder/spi-builder-workspace/.swiftpm/xcode
builtin-SwiftPerFileCompile MomConfiguration.swift
SwiftCompile normal arm64 Compiling\ NSEntityDescription+MomXML.swift,\ NSFetchIndexPropertyDescription+MomXML.swift,\ NSFetchedPropertyDescription+MomXML.swift,\ NSManagedObjectModel+MomXML.swift,\ NSRelationshipDescription+MomXML.swift,\ MomAttribute+XMLObject.swift,\ MomCompositeAttribute+XMLObject.swift /Users/admin/builder/spi-builder-workspace/Sources/FromCoreData/NSEntityDescription+MomXML.swift /Users/admin/builder/spi-builder-workspace/Sources/FromCoreData/NSFetchIndexPropertyDescription+MomXML.swift /Users/admin/builder/spi-builder-workspace/Sources/FromCoreData/NSFetchedPropertyDescription+MomXML.swift /Users/admin/builder/spi-builder-workspace/Sources/FromCoreData/NSManagedObjectModel+MomXML.swift /Users/admin/builder/spi-builder-workspace/Sources/FromCoreData/NSRelationshipDescription+MomXML.swift /Users/admin/builder/spi-builder-workspace/Sources/FromXML/MomAttribute+XMLObject.swift /Users/admin/builder/spi-builder-workspace/Sources/FromXML/MomCompositeAttribute+XMLObject.swift (in target 'MomXML' from project 'MomXML')
SwiftCompile normal arm64 /Users/admin/builder/spi-builder-workspace/Sources/FromCoreData/NSEntityDescription+MomXML.swift (in target 'MomXML' from project 'MomXML')
cd /Users/admin/builder/spi-builder-workspace/.swiftpm/xcode
builtin-SwiftPerFileCompile NSEntityDescription+MomXML.swift
SwiftCompile normal arm64 /Users/admin/builder/spi-builder-workspace/Sources/FromCoreData/NSFetchIndexPropertyDescription+MomXML.swift (in target 'MomXML' from project 'MomXML')
cd /Users/admin/builder/spi-builder-workspace/.swiftpm/xcode
builtin-SwiftPerFileCompile NSFetchIndexPropertyDescription+MomXML.swift
SwiftCompile normal arm64 /Users/admin/builder/spi-builder-workspace/Sources/FromCoreData/NSFetchedPropertyDescription+MomXML.swift (in target 'MomXML' from project 'MomXML')
cd /Users/admin/builder/spi-builder-workspace/.swiftpm/xcode
builtin-SwiftPerFileCompile NSFetchedPropertyDescription+MomXML.swift
SwiftCompile normal arm64 /Users/admin/builder/spi-builder-workspace/Sources/FromCoreData/NSManagedObjectModel+MomXML.swift (in target 'MomXML' from project 'MomXML')
cd /Users/admin/builder/spi-builder-workspace/.swiftpm/xcode
builtin-SwiftPerFileCompile NSManagedObjectModel+MomXML.swift
SwiftCompile normal arm64 /Users/admin/builder/spi-builder-workspace/Sources/FromCoreData/NSRelationshipDescription+MomXML.swift (in target 'MomXML' from project 'MomXML')
cd /Users/admin/builder/spi-builder-workspace/.swiftpm/xcode
builtin-SwiftPerFileCompile NSRelationshipDescription+MomXML.swift
SwiftCompile normal arm64 /Users/admin/builder/spi-builder-workspace/Sources/FromXML/MomAttribute+XMLObject.swift (in target 'MomXML' from project 'MomXML')
cd /Users/admin/builder/spi-builder-workspace/.swiftpm/xcode
builtin-SwiftPerFileCompile MomAttribute+XMLObject.swift
SwiftCompile normal arm64 /Users/admin/builder/spi-builder-workspace/Sources/FromXML/MomCompositeAttribute+XMLObject.swift (in target 'MomXML' from project 'MomXML')
cd /Users/admin/builder/spi-builder-workspace/.swiftpm/xcode
builtin-SwiftPerFileCompile MomCompositeAttribute+XMLObject.swift
SwiftCompile normal arm64 Compiling\ MomAttribute+XMLConvertible.swift,\ MomConfiguration+XMLConvertible.swift,\ MomElement+XMLConvertible.swift,\ MomEntity+XMLConvertible.swift,\ MomFetchIndex+XMLConvertible.swift,\ MomFetchedProperty+XMLConvertible.swift /Users/admin/builder/spi-builder-workspace/Sources/ToXML/MomAttribute+XMLConvertible.swift /Users/admin/builder/spi-builder-workspace/Sources/ToXML/MomConfiguration+XMLConvertible.swift /Users/admin/builder/spi-builder-workspace/Sources/ToXML/MomElement+XMLConvertible.swift /Users/admin/builder/spi-builder-workspace/Sources/ToXML/MomEntity+XMLConvertible.swift /Users/admin/builder/spi-builder-workspace/Sources/ToXML/MomFetchIndex+XMLConvertible.swift /Users/admin/builder/spi-builder-workspace/Sources/ToXML/MomFetchedProperty+XMLConvertible.swift (in target 'MomXML' from project 'MomXML')
SwiftCompile normal arm64 /Users/admin/builder/spi-builder-workspace/Sources/ToXML/MomAttribute+XMLConvertible.swift (in target 'MomXML' from project 'MomXML')
cd /Users/admin/builder/spi-builder-workspace/.swiftpm/xcode
builtin-SwiftPerFileCompile MomAttribute+XMLConvertible.swift
SwiftCompile normal arm64 /Users/admin/builder/spi-builder-workspace/Sources/ToXML/MomConfiguration+XMLConvertible.swift (in target 'MomXML' from project 'MomXML')
cd /Users/admin/builder/spi-builder-workspace/.swiftpm/xcode
builtin-SwiftPerFileCompile MomConfiguration+XMLConvertible.swift
SwiftCompile normal arm64 /Users/admin/builder/spi-builder-workspace/Sources/ToXML/MomElement+XMLConvertible.swift (in target 'MomXML' from project 'MomXML')
cd /Users/admin/builder/spi-builder-workspace/.swiftpm/xcode
builtin-SwiftPerFileCompile MomElement+XMLConvertible.swift
SwiftCompile normal arm64 /Users/admin/builder/spi-builder-workspace/Sources/ToXML/MomEntity+XMLConvertible.swift (in target 'MomXML' from project 'MomXML')
cd /Users/admin/builder/spi-builder-workspace/.swiftpm/xcode
builtin-SwiftPerFileCompile MomEntity+XMLConvertible.swift
SwiftCompile normal arm64 /Users/admin/builder/spi-builder-workspace/Sources/ToXML/MomFetchIndex+XMLConvertible.swift (in target 'MomXML' from project 'MomXML')
cd /Users/admin/builder/spi-builder-workspace/.swiftpm/xcode
builtin-SwiftPerFileCompile MomFetchIndex+XMLConvertible.swift
SwiftCompile normal arm64 /Users/admin/builder/spi-builder-workspace/Sources/ToXML/MomFetchedProperty+XMLConvertible.swift (in target 'MomXML' from project 'MomXML')
cd /Users/admin/builder/spi-builder-workspace/.swiftpm/xcode
builtin-SwiftPerFileCompile MomFetchedProperty+XMLConvertible.swift
SwiftCompile normal arm64_32 Compiling\ MomUserInfo.swift,\ MomXML.swift,\ MomAttribute+CoreData.swift,\ MomCompositeAttribute+CoreData.swift,\ MomEntity+CoreData.swift,\ MomFetchIndex+CoreData.swift /Users/admin/builder/spi-builder-workspace/Sources/Model/MomUserInfo.swift /Users/admin/builder/spi-builder-workspace/Sources/Model/MomXML.swift /Users/admin/builder/spi-builder-workspace/Sources/ToCoreData/MomAttribute+CoreData.swift /Users/admin/builder/spi-builder-workspace/Sources/ToCoreData/MomCompositeAttribute+CoreData.swift /Users/admin/builder/spi-builder-workspace/Sources/ToCoreData/MomEntity+CoreData.swift /Users/admin/builder/spi-builder-workspace/Sources/ToCoreData/MomFetchIndex+CoreData.swift (in target 'MomXML' from project 'MomXML')
SwiftCompile normal arm64_32 /Users/admin/builder/spi-builder-workspace/Sources/Model/MomUserInfo.swift (in target 'MomXML' from project 'MomXML')
cd /Users/admin/builder/spi-builder-workspace/.swiftpm/xcode
builtin-SwiftPerFileCompile MomUserInfo.swift
SwiftCompile normal arm64_32 /Users/admin/builder/spi-builder-workspace/Sources/Model/MomXML.swift (in target 'MomXML' from project 'MomXML')
cd /Users/admin/builder/spi-builder-workspace/.swiftpm/xcode
builtin-SwiftPerFileCompile MomXML.swift
SwiftCompile normal arm64_32 /Users/admin/builder/spi-builder-workspace/Sources/ToCoreData/MomAttribute+CoreData.swift (in target 'MomXML' from project 'MomXML')
cd /Users/admin/builder/spi-builder-workspace/.swiftpm/xcode
builtin-SwiftPerFileCompile MomAttribute+CoreData.swift
SwiftCompile normal arm64_32 /Users/admin/builder/spi-builder-workspace/Sources/ToCoreData/MomCompositeAttribute+CoreData.swift (in target 'MomXML' from project 'MomXML')
cd /Users/admin/builder/spi-builder-workspace/.swiftpm/xcode
builtin-SwiftPerFileCompile MomCompositeAttribute+CoreData.swift
SwiftCompile normal arm64_32 /Users/admin/builder/spi-builder-workspace/Sources/ToCoreData/MomEntity+CoreData.swift (in target 'MomXML' from project 'MomXML')
cd /Users/admin/builder/spi-builder-workspace/.swiftpm/xcode
builtin-SwiftPerFileCompile MomEntity+CoreData.swift
SwiftCompile normal arm64_32 /Users/admin/builder/spi-builder-workspace/Sources/ToCoreData/MomFetchIndex+CoreData.swift (in target 'MomXML' from project 'MomXML')
cd /Users/admin/builder/spi-builder-workspace/.swiftpm/xcode
builtin-SwiftPerFileCompile MomFetchIndex+CoreData.swift
SwiftEmitModule normal arm64_32 Emitting\ module\ for\ MomXML (in target 'MomXML' from project 'MomXML')
/Users/admin/builder/spi-builder-workspace/Sources/FromCoreData/NSCompositeAttributeDescription+MomXML.swift:13:11: error: 'NSCompositeAttributeDescription' is only available in watchOS 10.0 or newer
11 | @available(iOS 17.0, *)
12 | @available(macOS 14.0, *)
13 | extension NSCompositeAttributeDescription {
| | `- error: 'NSCompositeAttributeDescription' is only available in watchOS 10.0 or newer
| `- note: add '@available' attribute to enclosing extension
14 |
15 | public var momComposite: MomCompositeAttribute {
Failed frontend command:
/Applications/Xcode-27.0.0-Release.Candidate.app/Contents/Developer/Toolchains/XcodeDefault.xctoolchain/usr/bin/swift-frontend -frontend -emit-module -experimental-skip-non-inlinable-function-bodies-without-types /Users/admin/builder/spi-builder-workspace/Sources/Equatable/MomAttribute+Equatable.swift /Users/admin/builder/spi-builder-workspace/Sources/Equatable/MomCompositeAttribute+Equatable.swift /Users/admin/builder/spi-builder-workspace/Sources/Equatable/MomConfiguration+Equatable.swift /Users/admin/builder/spi-builder-workspace/Sources/Equatable/MomElement+Equatable.swift /Users/admin/builder/spi-builder-workspace/Sources/Equatable/MomEntity+Equatable.swift /Users/admin/builder/spi-builder-workspace/Sources/Equatable/MomFetchIndex+Equatable.swift /Users/admin/builder/spi-builder-workspace/Sources/Equatable/MomFetchedProperty+Equatable.swift /Users/admin/builder/spi-builder-workspace/Sources/Equatable/MomModel+Equatable.swift /Users/admin/builder/spi-builder-workspace/Sources/Equatable/MomRelationship+Equatable.swift /Users/admin/builder/spi-builder-workspace/Sources/Equatable/MomUniquenessConstraints+Equatable.swift /Users/admin/builder/spi-builder-workspace/Sources/Equatable/MomUserInfo+Equatable.swift /Users/admin/builder/spi-builder-workspace/Sources/Equatable/MomXML+Equatable.swift /Users/admin/builder/spi-builder-workspace/Sources/FromCoreData/NSAttributeDescription+MomXML.swift /Users/admin/builder/spi-builder-workspace/Sources/FromCoreData/NSCompositeAttributeDescription+MomXML.swift /Users/admin/builder/spi-builder-workspace/Sources/FromCoreData/NSEntityDescription+MomXML.swift /Users/admin/builder/spi-builder-workspace/Sources/FromCoreData/NSFetchIndexPropertyDescription+MomXML.swift /Users/admin/builder/spi-builder-workspace/Sources/FromCoreData/NSFetchedPropertyDescription+MomXML.swift /Users/admin/builder/spi-builder-workspace/Sources/FromCoreData/NSManagedObjectModel+MomXML.swift /Users/admin/builder/spi-builder-workspace/Sources/FromCoreData/NSRelationshipDescription+MomXML.swift /Users/admin/builder/spi-builder-workspace/Sources/FromXML/MomAttribute+XMLObject.swift /Users/admin/builder/spi-builder-workspace/Sources/FromXML/MomCompositeAttribute+XMLObject.swift /Users/admin/builder/spi-builder-workspace/Sources/FromXML/MomConfiguration+XMLObject.swift /Users/admin/builder/spi-builder-workspace/Sources/FromXML/MomElement+XMLObject.swift /Users/admin/builder/spi-builder-workspace/Sources/FromXML/MomEntity+XMLObject.swift /Users/admin/builder/spi-builder-workspace/Sources/FromXML/MomFetchIndex+XMLObject.swift /Users/admin/builder/spi-builder-workspace/Sources/FromXML/MomFetchedProperty+XMLObject.swift /Users/admin/builder/spi-builder-workspace/Sources/FromXML/MomModel+XMLObject.swift /Users/admin/builder/spi-builder-workspace/Sources/FromXML/MomRelationship+XMLObject.swift /Users/admin/builder/spi-builder-workspace/Sources/FromXML/MomUniquenessConstraints+XML.swift /Users/admin/builder/spi-builder-workspace/Sources/FromXML/MomUserInfo+XMLObject.swift /Users/admin/builder/spi-builder-workspace/Sources/FromXML/MomXML+XMLObject.swift /Users/admin/builder/spi-builder-workspace/Sources/FromXML/XMLObject.swift /Users/admin/builder/spi-builder-workspace/Sources/Model/MomAttribute.swift /Users/admin/builder/spi-builder-workspace/Sources/Model/MomCompositeAttribute.swift /Users/admin/builder/spi-builder-workspace/Sources/Model/MomConfiguration.swift /Users/admin/builder/spi-builder-workspace/Sources/Model/MomElement.swift /Users/admin/builder/spi-builder-workspace/Sources/Model/MomEntity.swift /Users/admin/builder/spi-builder-workspace/Sources/Model/MomFetchIndex.swift /Users/admin/builder/spi-builder-workspace/Sources/Model/MomFetchedProperty.swift /Users/admin/builder/spi-builder-workspace/Sources/Model/MomModel.swift /Users/admin/builder/spi-builder-workspace/Sources/Model/MomRelationship.swift /Users/admin/builder/spi-builder-workspace/Sources/Model/MomUniquenessConstraints.swift /Users/admin/builder/spi-builder-workspace/Sources/Model/MomUserInfo.swift /Users/admin/builder/spi-builder-workspace/Sources/Model/MomXML.swift /Users/admin/builder/spi-builder-workspace/Sources/ToCoreData/MomAttribute+CoreData.swift /Users/admin/builder/spi-builder-workspace/Sources/ToCoreData/MomCompositeAttribute+CoreData.swift /Users/admin/builder/spi-builder-workspace/Sources/ToCoreData/MomEntity+CoreData.swift /Users/admin/builder/spi-builder-workspace/Sources/ToCoreData/MomFetchIndex+CoreData.swift /Users/admin/builder/spi-builder-workspace/Sources/ToCoreData/MomFetchedProperty+CoreData.swift /Users/admin/builder/spi-builder-workspace/Sources/ToCoreData/MomModel+CoreData.swift /Users/admin/builder/spi-builder-workspace/Sources/ToCoreData/MomRelationship+CoreData.swift /Users/admin/builder/spi-builder-workspace/Sources/ToCoreData/MomUniquenessConstraints+CoreData.swift /Users/admin/builder/spi-builder-workspace/Sources/ToCoreData/MomUserInfo+CoreData.swift /Users/admin/builder/spi-builder-workspace/Sources/ToCoreData/MomXml+CoreData.swift /Users/admin/builder/spi-builder-workspace/Sources/ToXML/MomAttribute+XMLConvertible.swift /Users/admin/builder/spi-builder-workspace/Sources/ToXML/MomConfiguration+XMLConvertible.swift /Users/admin/builder/spi-builder-workspace/Sources/ToXML/MomElement+XMLConvertible.swift /Users/admin/builder/spi-builder-workspace/Sources/ToXML/MomEntity+XMLConvertible.swift /Users/admin/builder/spi-builder-workspace/Sources/ToXML/MomFetchIndex+XMLConvertible.swift /Users/admin/builder/spi-builder-workspace/Sources/ToXML/MomFetchedProperty+XMLConvertible.swift /Users/admin/builder/spi-builder-workspace/Sources/ToXML/MomModel+XMLConvertible.swift /Users/admin/builder/spi-builder-workspace/Sources/ToXML/MomRelationship+XMLConvertible.swift /Users/admin/builder/spi-builder-workspace/Sources/ToXML/MomUniquenessConstraints+XMLConvertible.swift /Users/admin/builder/spi-builder-workspace/Sources/ToXML/MomUserInfo+XMLConvertible.swift /Users/admin/builder/spi-builder-workspace/Sources/ToXML/MomXML+XMLConvertible.swift /Users/admin/builder/spi-builder-workspace/Sources/ToXML/XMLConvertible.swift -target arm64_32-apple-watchos9.0 -disable-cross-import-overlay-search -swift-module-cross-import CoreData /Applications/Xcode-27.0.0-Release.Candidate.app/Contents/Developer/Platforms/WatchOS.platform/Developer/SDKs/WatchOS.sdk/System/Library/Frameworks/CoreData.framework/Modules/CoreData.swiftcrossimport/CloudKit.swiftoverlay -swift-module-cross-import CoreData /Applications/Xcode-27.0.0-Release.Candidate.app/Contents/Developer/Platforms/WatchOS.platform/Developer/SDKs/WatchOS27.0.sdk/System/Library/Frameworks/CoreData.framework/Modules/CoreData.swiftcrossimport/CloudKit.swiftoverlay -load-resolved-plugin /Applications/Xcode-27.0.0-Release.Candidate.app/Contents/Developer/Platforms/WatchOS.platform/Developer/usr/lib/swift/host/plugins/libFoundationMacros.dylib\#/Applications/Xcode-27.0.0-Release.Candidate.app/Contents/Developer/Platforms/WatchOS.platform/Developer/usr/bin/swift-plugin-server\#FoundationMacros -load-resolved-plugin /Applications/Xcode-27.0.0-Release.Candidate.app/Contents/Developer/Platforms/WatchOS.platform/Developer/usr/lib/swift/host/plugins/libObservationMacros.dylib\#/Applications/Xcode-27.0.0-Release.Candidate.app/Contents/Developer/Platforms/WatchOS.platform/Developer/usr/bin/swift-plugin-server\#ObservationMacros -load-resolved-plugin /Applications/Xcode-27.0.0-Release.Candidate.app/Contents/Developer/Platforms/WatchOS.platform/Developer/usr/lib/swift/host/plugins/libSwiftMacros.dylib\#/Applications/Xcode-27.0.0-Release.Candidate.app/Contents/Developer/Platforms/WatchOS.platform/Developer/usr/bin/swift-plugin-server\#SwiftMacros -disable-implicit-swift-modules -Xcc -fno-implicit-modules -Xcc -fno-implicit-module-maps -explicit-swift-module-map-file /Users/admin/builder/spi-builder-workspace/.derivedData/Build/Intermediates.noindex/MomXML.build/Debug-watchos/MomXML-t.build/Objects-normal/arm64_32/MomXML-dependencies-1.json -enable-objc-interop -sdk /Applications/Xcode-27.0.0-Release.Candidate.app/Contents/Developer/Platforms/WatchOS.platform/Developer/SDKs/WatchOS27.0.sdk -I /Users/admin/builder/spi-builder-workspace/.derivedData/Build/Products/Debug-watchos -Isystem /Applications/Xcode-27.0.0-Release.Candidate.app/Contents/Developer/Platforms/WatchOS.platform/Developer/usr/lib -F /Users/admin/builder/spi-builder-workspace/.derivedData/Build/Products/Debug-watchos/PackageFrameworks -F /Users/admin/builder/spi-builder-workspace/.derivedData/Build/Products/Debug-watchos -F /Applications/Xcode-27.0.0-Release.Candidate.app/Contents/Developer/Platforms/WatchOS.platform/Developer/Library/Frameworks -F /Applications/Xcode-27.0.0-Release.Candidate.app/Contents/Developer/Platforms/WatchOS.platform/Developer/SDKs/WatchOS27.0.sdk/Developer/Library/Frameworks -module-cache-path /Users/admin/builder/spi-builder-workspace/.derivedData/Build/Intermediates.noindex/SwiftExplicitPrecompiledModules -no-color-diagnostics -Xcc -fno-color-diagnostics -enable-testing -g -debug-info-format\=dwarf -dwarf-version\=4 -profile-generate -profile-coverage-mapping -swift-version 6 -Onone -D SWIFT_PACKAGE -D DEBUG -D SWIFT_MODULE_RESOURCE_BUNDLE_UNAVAILABLE -D Xcode -serialize-debugging-options -enable-experimental-feature DebugDescriptionMacro -empty-abi-descriptor -validate-clang-modules-once -clang-build-session-file /Users/admin/builder/spi-builder-workspace/.derivedData/ModuleCache.noindex/Session.modulevalidation -Xcc -working-directory -Xcc /Users/admin/builder/spi-builder-workspace/.swiftpm/xcode -enable-anonymous-context-mangled-names -file-compilation-dir /Users/admin/builder/spi-builder-workspace/.swiftpm/xcode -Xcc -D_LIBCPP_HARDENING_MODE\=_LIBCPP_HARDENING_MODE_DEBUG -Xcc -ivfsstatcache -Xcc /Users/admin/builder/spi-builder-workspace/.derivedData/SDKStatCaches.noindex/watchos27.0-24R360-e829b21a6f8c9b70876ba0858053c04477534ef55a1706bf4c1112bbb242f0a2.sdkstatcache -Xcc -fmodules-prune-interval\=86400 -Xcc -fmodules-prune-after\=345600 -Xcc -I/Users/admin/builder/spi-builder-workspace/.derivedData/Build/Products/Debug-watchos/include -Xcc -I/Users/admin/builder/spi-builder-workspace/.derivedData/Build/Intermediates.noindex/MomXML.build/Debug-watchos/MomXML-t.build/DerivedSources-normal/arm64_32 -Xcc -I/Users/admin/builder/spi-builder-workspace/.derivedData/Build/Intermediates.noindex/MomXML.build/Debug-watchos/MomXML-t.build/DerivedSources/arm64_32 -Xcc -I/Users/admin/builder/spi-builder-workspace/.derivedData/Build/Intermediates.noindex/MomXML.build/Debug-watchos/MomXML-t.build/DerivedSources -Xcc -DSWIFT_PACKAGE -Xcc -DDEBUG\=1 -no-auto-bridging-header-chaining -module-name MomXML -package-name spi_builder_workspace -const-gather-protocols-file /Users/admin/builder/spi-builder-workspace/.derivedData/Build/Intermediates.noindex/MomXML.build/Debug-watchos/MomXML-t.build/Objects-normal/arm64_32/MomXML_const_extract_protocols.json -disable-clang-spi -clang-target arm64_32-apple-watchos27.0 -target-sdk-version 27.0 -target-sdk-name watchos27.0 -in-process-plugin-server-path /Applications/Xcode-27.0.0-Release.Candidate.app/Contents/Developer/Toolchains/XcodeDefault.xctoolchain/usr/lib/swift/host/libSwiftInProcPluginServer.dylib -emit-module-doc-path /Users/admin/builder/spi-builder-workspace/.derivedData/Build/Intermediates.noindex/MomXML.build/Debug-watchos/MomXML-t.build/Objects-normal/arm64_32/MomXML.swiftdoc -emit-module-source-info-path /Users/admin/builder/spi-builder-workspace/.derivedData/Build/Intermediates.noindex/MomXML.build/Debug-watchos/MomXML-t.build/Objects-normal/arm64_32/MomXML.swiftsourceinfo -emit-objc-header-path /Users/admin/builder/spi-builder-workspace/.derivedData/Build/Intermediates.noindex/MomXML.build/Debug-watchos/MomXML-t.build/Objects-normal/arm64_32/MomXML-Swift.h -serialize-diagnostics-path /Users/admin/builder/spi-builder-workspace/.derivedData/Build/Intermediates.noindex/MomXML.build/Debug-watchos/MomXML-t.build/Objects-normal/arm64_32/MomXML-primary-emit-module.dia -emit-dependencies-path /Users/admin/builder/spi-builder-workspace/.derivedData/Build/Intermediates.noindex/MomXML.build/Debug-watchos/MomXML-t.build/Objects-normal/arm64_32/MomXML-primary-emit-module.d -parse-as-library -o /Users/admin/builder/spi-builder-workspace/.derivedData/Build/Intermediates.noindex/MomXML.build/Debug-watchos/MomXML-t.build/Objects-normal/arm64_32/MomXML.swiftmodule -emit-abi-descriptor-path /Users/admin/builder/spi-builder-workspace/.derivedData/Build/Intermediates.noindex/MomXML.build/Debug-watchos/MomXML-t.build/Objects-normal/arm64_32/MomXML.abi.json
SwiftCompile normal arm64_32 (in target 'MomXML' from project 'MomXML')
cd /Users/admin/builder/spi-builder-workspace/.swiftpm/xcode
SwiftEmitModule normal arm64 Emitting\ module\ for\ MomXML (in target 'MomXML' from project 'MomXML')
/Users/admin/builder/spi-builder-workspace/Sources/FromCoreData/NSCompositeAttributeDescription+MomXML.swift:13:11: error: 'NSCompositeAttributeDescription' is only available in watchOS 10.0 or newer
11 | @available(iOS 17.0, *)
12 | @available(macOS 14.0, *)
13 | extension NSCompositeAttributeDescription {
| | `- error: 'NSCompositeAttributeDescription' is only available in watchOS 10.0 or newer
| `- note: add '@available' attribute to enclosing extension
14 |
15 | public var momComposite: MomCompositeAttribute {
Failed frontend command:
/Applications/Xcode-27.0.0-Release.Candidate.app/Contents/Developer/Toolchains/XcodeDefault.xctoolchain/usr/bin/swift-frontend -frontend -emit-module -experimental-skip-non-inlinable-function-bodies-without-types /Users/admin/builder/spi-builder-workspace/Sources/Equatable/MomAttribute+Equatable.swift /Users/admin/builder/spi-builder-workspace/Sources/Equatable/MomCompositeAttribute+Equatable.swift /Users/admin/builder/spi-builder-workspace/Sources/Equatable/MomConfiguration+Equatable.swift /Users/admin/builder/spi-builder-workspace/Sources/Equatable/MomElement+Equatable.swift /Users/admin/builder/spi-builder-workspace/Sources/Equatable/MomEntity+Equatable.swift /Users/admin/builder/spi-builder-workspace/Sources/Equatable/MomFetchIndex+Equatable.swift /Users/admin/builder/spi-builder-workspace/Sources/Equatable/MomFetchedProperty+Equatable.swift /Users/admin/builder/spi-builder-workspace/Sources/Equatable/MomModel+Equatable.swift /Users/admin/builder/spi-builder-workspace/Sources/Equatable/MomRelationship+Equatable.swift /Users/admin/builder/spi-builder-workspace/Sources/Equatable/MomUniquenessConstraints+Equatable.swift /Users/admin/builder/spi-builder-workspace/Sources/Equatable/MomUserInfo+Equatable.swift /Users/admin/builder/spi-builder-workspace/Sources/Equatable/MomXML+Equatable.swift /Users/admin/builder/spi-builder-workspace/Sources/FromCoreData/NSAttributeDescription+MomXML.swift /Users/admin/builder/spi-builder-workspace/Sources/FromCoreData/NSCompositeAttributeDescription+MomXML.swift /Users/admin/builder/spi-builder-workspace/Sources/FromCoreData/NSEntityDescription+MomXML.swift /Users/admin/builder/spi-builder-workspace/Sources/FromCoreData/NSFetchIndexPropertyDescription+MomXML.swift /Users/admin/builder/spi-builder-workspace/Sources/FromCoreData/NSFetchedPropertyDescription+MomXML.swift /Users/admin/builder/spi-builder-workspace/Sources/FromCoreData/NSManagedObjectModel+MomXML.swift /Users/admin/builder/spi-builder-workspace/Sources/FromCoreData/NSRelationshipDescription+MomXML.swift /Users/admin/builder/spi-builder-workspace/Sources/FromXML/MomAttribute+XMLObject.swift /Users/admin/builder/spi-builder-workspace/Sources/FromXML/MomCompositeAttribute+XMLObject.swift /Users/admin/builder/spi-builder-workspace/Sources/FromXML/MomConfiguration+XMLObject.swift /Users/admin/builder/spi-builder-workspace/Sources/FromXML/MomElement+XMLObject.swift /Users/admin/builder/spi-builder-workspace/Sources/FromXML/MomEntity+XMLObject.swift /Users/admin/builder/spi-builder-workspace/Sources/FromXML/MomFetchIndex+XMLObject.swift /Users/admin/builder/spi-builder-workspace/Sources/FromXML/MomFetchedProperty+XMLObject.swift /Users/admin/builder/spi-builder-workspace/Sources/FromXML/MomModel+XMLObject.swift /Users/admin/builder/spi-builder-workspace/Sources/FromXML/MomRelationship+XMLObject.swift /Users/admin/builder/spi-builder-workspace/Sources/FromXML/MomUniquenessConstraints+XML.swift /Users/admin/builder/spi-builder-workspace/Sources/FromXML/MomUserInfo+XMLObject.swift /Users/admin/builder/spi-builder-workspace/Sources/FromXML/MomXML+XMLObject.swift /Users/admin/builder/spi-builder-workspace/Sources/FromXML/XMLObject.swift /Users/admin/builder/spi-builder-workspace/Sources/Model/MomAttribute.swift /Users/admin/builder/spi-builder-workspace/Sources/Model/MomCompositeAttribute.swift /Users/admin/builder/spi-builder-workspace/Sources/Model/MomConfiguration.swift /Users/admin/builder/spi-builder-workspace/Sources/Model/MomElement.swift /Users/admin/builder/spi-builder-workspace/Sources/Model/MomEntity.swift /Users/admin/builder/spi-builder-workspace/Sources/Model/MomFetchIndex.swift /Users/admin/builder/spi-builder-workspace/Sources/Model/MomFetchedProperty.swift /Users/admin/builder/spi-builder-workspace/Sources/Model/MomModel.swift /Users/admin/builder/spi-builder-workspace/Sources/Model/MomRelationship.swift /Users/admin/builder/spi-builder-workspace/Sources/Model/MomUniquenessConstraints.swift /Users/admin/builder/spi-builder-workspace/Sources/Model/MomUserInfo.swift /Users/admin/builder/spi-builder-workspace/Sources/Model/MomXML.swift /Users/admin/builder/spi-builder-workspace/Sources/ToCoreData/MomAttribute+CoreData.swift /Users/admin/builder/spi-builder-workspace/Sources/ToCoreData/MomCompositeAttribute+CoreData.swift /Users/admin/builder/spi-builder-workspace/Sources/ToCoreData/MomEntity+CoreData.swift /Users/admin/builder/spi-builder-workspace/Sources/ToCoreData/MomFetchIndex+CoreData.swift /Users/admin/builder/spi-builder-workspace/Sources/ToCoreData/MomFetchedProperty+CoreData.swift /Users/admin/builder/spi-builder-workspace/Sources/ToCoreData/MomModel+CoreData.swift /Users/admin/builder/spi-builder-workspace/Sources/ToCoreData/MomRelationship+CoreData.swift /Users/admin/builder/spi-builder-workspace/Sources/ToCoreData/MomUniquenessConstraints+CoreData.swift /Users/admin/builder/spi-builder-workspace/Sources/ToCoreData/MomUserInfo+CoreData.swift /Users/admin/builder/spi-builder-workspace/Sources/ToCoreData/MomXml+CoreData.swift /Users/admin/builder/spi-builder-workspace/Sources/ToXML/MomAttribute+XMLConvertible.swift /Users/admin/builder/spi-builder-workspace/Sources/ToXML/MomConfiguration+XMLConvertible.swift /Users/admin/builder/spi-builder-workspace/Sources/ToXML/MomElement+XMLConvertible.swift /Users/admin/builder/spi-builder-workspace/Sources/ToXML/MomEntity+XMLConvertible.swift /Users/admin/builder/spi-builder-workspace/Sources/ToXML/MomFetchIndex+XMLConvertible.swift /Users/admin/builder/spi-builder-workspace/Sources/ToXML/MomFetchedProperty+XMLConvertible.swift /Users/admin/builder/spi-builder-workspace/Sources/ToXML/MomModel+XMLConvertible.swift /Users/admin/builder/spi-builder-workspace/Sources/ToXML/MomRelationship+XMLConvertible.swift /Users/admin/builder/spi-builder-workspace/Sources/ToXML/MomUniquenessConstraints+XMLConvertible.swift /Users/admin/builder/spi-builder-workspace/Sources/ToXML/MomUserInfo+XMLConvertible.swift /Users/admin/builder/spi-builder-workspace/Sources/ToXML/MomXML+XMLConvertible.swift /Users/admin/builder/spi-builder-workspace/Sources/ToXML/XMLConvertible.swift -target arm64-apple-watchos9.0 -disable-cross-import-overlay-search -swift-module-cross-import CoreData /Applications/Xcode-27.0.0-Release.Candidate.app/Contents/Developer/Platforms/WatchOS.platform/Developer/SDKs/WatchOS.sdk/System/Library/Frameworks/CoreData.framework/Modules/CoreData.swiftcrossimport/CloudKit.swiftoverlay -swift-module-cross-import CoreData /Applications/Xcode-27.0.0-Release.Candidate.app/Contents/Developer/Platforms/WatchOS.platform/Developer/SDKs/WatchOS27.0.sdk/System/Library/Frameworks/CoreData.framework/Modules/CoreData.swiftcrossimport/CloudKit.swiftoverlay -load-resolved-plugin /Applications/Xcode-27.0.0-Release.Candidate.app/Contents/Developer/Platforms/WatchOS.platform/Developer/usr/lib/swift/host/plugins/libFoundationMacros.dylib\#/Applications/Xcode-27.0.0-Release.Candidate.app/Contents/Developer/Platforms/WatchOS.platform/Developer/usr/bin/swift-plugin-server\#FoundationMacros -load-resolved-plugin /Applications/Xcode-27.0.0-Release.Candidate.app/Contents/Developer/Platforms/WatchOS.platform/Developer/usr/lib/swift/host/plugins/libObservationMacros.dylib\#/Applications/Xcode-27.0.0-Release.Candidate.app/Contents/Developer/Platforms/WatchOS.platform/Developer/usr/bin/swift-plugin-server\#ObservationMacros -load-resolved-plugin /Applications/Xcode-27.0.0-Release.Candidate.app/Contents/Developer/Platforms/WatchOS.platform/Developer/usr/lib/swift/host/plugins/libSwiftMacros.dylib\#/Applications/Xcode-27.0.0-Release.Candidate.app/Contents/Developer/Platforms/WatchOS.platform/Developer/usr/bin/swift-plugin-server\#SwiftMacros -disable-implicit-swift-modules -Xcc -fno-implicit-modules -Xcc -fno-implicit-module-maps -explicit-swift-module-map-file /Users/admin/builder/spi-builder-workspace/.derivedData/Build/Intermediates.noindex/MomXML.build/Debug-watchos/MomXML-t.build/Objects-normal/arm64/MomXML-dependencies-2.json -Xllvm -aarch64-use-tbi -enable-objc-interop -stack-check -sdk /Applications/Xcode-27.0.0-Release.Candidate.app/Contents/Developer/Platforms/WatchOS.platform/Developer/SDKs/WatchOS27.0.sdk -I /Users/admin/builder/spi-builder-workspace/.derivedData/Build/Products/Debug-watchos -Isystem /Applications/Xcode-27.0.0-Release.Candidate.app/Contents/Developer/Platforms/WatchOS.platform/Developer/usr/lib -F /Users/admin/builder/spi-builder-workspace/.derivedData/Build/Products/Debug-watchos/PackageFrameworks -F /Users/admin/builder/spi-builder-workspace/.derivedData/Build/Products/Debug-watchos -F /Applications/Xcode-27.0.0-Release.Candidate.app/Contents/Developer/Platforms/WatchOS.platform/Developer/Library/Frameworks -F /Applications/Xcode-27.0.0-Release.Candidate.app/Contents/Developer/Platforms/WatchOS.platform/Developer/SDKs/WatchOS27.0.sdk/Developer/Library/Frameworks -module-cache-path /Users/admin/builder/spi-builder-workspace/.derivedData/Build/Intermediates.noindex/SwiftExplicitPrecompiledModules -no-color-diagnostics -Xcc -fno-color-diagnostics -enable-testing -g -debug-info-format\=dwarf -dwarf-version\=4 -profile-generate -profile-coverage-mapping -swift-version 6 -Onone -D SWIFT_PACKAGE -D DEBUG -D SWIFT_MODULE_RESOURCE_BUNDLE_UNAVAILABLE -D Xcode -serialize-debugging-options -enable-experimental-feature DebugDescriptionMacro -empty-abi-descriptor -validate-clang-modules-once -clang-build-session-file /Users/admin/builder/spi-builder-workspace/.derivedData/ModuleCache.noindex/Session.modulevalidation -Xcc -working-directory -Xcc /Users/admin/builder/spi-builder-workspace/.swiftpm/xcode -enable-anonymous-context-mangled-names -file-compilation-dir /Users/admin/builder/spi-builder-workspace/.swiftpm/xcode -Xcc -D_LIBCPP_HARDENING_MODE\=_LIBCPP_HARDENING_MODE_DEBUG -Xcc -ivfsstatcache -Xcc /Users/admin/builder/spi-builder-workspace/.derivedData/SDKStatCaches.noindex/watchos27.0-24R360-e829b21a6f8c9b70876ba0858053c04477534ef55a1706bf4c1112bbb242f0a2.sdkstatcache -Xcc -fmodules-prune-interval\=86400 -Xcc -fmodules-prune-after\=345600 -Xcc -I/Users/admin/builder/spi-builder-workspace/.derivedData/Build/Products/Debug-watchos/include -Xcc -I/Users/admin/builder/spi-builder-workspace/.derivedData/Build/Intermediates.noindex/MomXML.build/Debug-watchos/MomXML-t.build/DerivedSources-normal/arm64 -Xcc -I/Users/admin/builder/spi-builder-workspace/.derivedData/Build/Intermediates.noindex/MomXML.build/Debug-watchos/MomXML-t.build/DerivedSources/arm64 -Xcc -I/Users/admin/builder/spi-builder-workspace/.derivedData/Build/Intermediates.noindex/MomXML.build/Debug-watchos/MomXML-t.build/DerivedSources -Xcc -DSWIFT_PACKAGE -Xcc -DDEBUG\=1 -no-auto-bridging-header-chaining -module-name MomXML -package-name spi_builder_workspace -const-gather-protocols-file /Users/admin/builder/spi-builder-workspace/.derivedData/Build/Intermediates.noindex/MomXML.build/Debug-watchos/MomXML-t.build/Objects-normal/arm64/MomXML_const_extract_protocols.json -disable-clang-spi -clang-target arm64-apple-watchos27.0 -target-sdk-version 27.0 -target-sdk-name watchos27.0 -in-process-plugin-server-path /Applications/Xcode-27.0.0-Release.Candidate.app/Contents/Developer/Toolchains/XcodeDefault.xctoolchain/usr/lib/swift/host/libSwiftInProcPluginServer.dylib -emit-module-doc-path /Users/admin/builder/spi-builder-workspace/.derivedData/Build/Intermediates.noindex/MomXML.build/Debug-watchos/MomXML-t.build/Objects-normal/arm64/MomXML.swiftdoc -emit-module-source-info-path /Users/admin/builder/spi-builder-workspace/.derivedData/Build/Intermediates.noindex/MomXML.build/Debug-watchos/MomXML-t.build/Objects-normal/arm64/MomXML.swiftsourceinfo -emit-objc-header-path /Users/admin/builder/spi-builder-workspace/.derivedData/Build/Intermediates.noindex/MomXML.build/Debug-watchos/MomXML-t.build/Objects-normal/arm64/MomXML-Swift.h -serialize-diagnostics-path /Users/admin/builder/spi-builder-workspace/.derivedData/Build/Intermediates.noindex/MomXML.build/Debug-watchos/MomXML-t.build/Objects-normal/arm64/MomXML-primary-emit-module.dia -emit-dependencies-path /Users/admin/builder/spi-builder-workspace/.derivedData/Build/Intermediates.noindex/MomXML.build/Debug-watchos/MomXML-t.build/Objects-normal/arm64/MomXML-primary-emit-module.d -parse-as-library -o /Users/admin/builder/spi-builder-workspace/.derivedData/Build/Intermediates.noindex/MomXML.build/Debug-watchos/MomXML-t.build/Objects-normal/arm64/MomXML.swiftmodule -emit-abi-descriptor-path /Users/admin/builder/spi-builder-workspace/.derivedData/Build/Intermediates.noindex/MomXML.build/Debug-watchos/MomXML-t.build/Objects-normal/arm64/MomXML.abi.json
SwiftCompile normal arm64 (in target 'MomXML' from project 'MomXML')
cd /Users/admin/builder/spi-builder-workspace/.swiftpm/xcode
SwiftCompile normal arm64_32 Compiling\ MomFetchedProperty+CoreData.swift,\ MomModel+CoreData.swift,\ MomRelationship+CoreData.swift,\ MomUniquenessConstraints+CoreData.swift,\ MomUserInfo+CoreData.swift,\ MomXml+CoreData.swift /Users/admin/builder/spi-builder-workspace/Sources/ToCoreData/MomFetchedProperty+CoreData.swift /Users/admin/builder/spi-builder-workspace/Sources/ToCoreData/MomModel+CoreData.swift /Users/admin/builder/spi-builder-workspace/Sources/ToCoreData/MomRelationship+CoreData.swift /Users/admin/builder/spi-builder-workspace/Sources/ToCoreData/MomUniquenessConstraints+CoreData.swift /Users/admin/builder/spi-builder-workspace/Sources/ToCoreData/MomUserInfo+CoreData.swift /Users/admin/builder/spi-builder-workspace/Sources/ToCoreData/MomXml+CoreData.swift (in target 'MomXML' from project 'MomXML')
SwiftCompile normal arm64_32 /Users/admin/builder/spi-builder-workspace/Sources/ToCoreData/MomFetchedProperty+CoreData.swift (in target 'MomXML' from project 'MomXML')
cd /Users/admin/builder/spi-builder-workspace/.swiftpm/xcode
builtin-SwiftPerFileCompile MomFetchedProperty+CoreData.swift
SwiftCompile normal arm64_32 /Users/admin/builder/spi-builder-workspace/Sources/ToCoreData/MomModel+CoreData.swift (in target 'MomXML' from project 'MomXML')
cd /Users/admin/builder/spi-builder-workspace/.swiftpm/xcode
builtin-SwiftPerFileCompile MomModel+CoreData.swift
SwiftCompile normal arm64_32 /Users/admin/builder/spi-builder-workspace/Sources/ToCoreData/MomRelationship+CoreData.swift (in target 'MomXML' from project 'MomXML')
cd /Users/admin/builder/spi-builder-workspace/.swiftpm/xcode
builtin-SwiftPerFileCompile MomRelationship+CoreData.swift
SwiftCompile normal arm64_32 /Users/admin/builder/spi-builder-workspace/Sources/ToCoreData/MomUniquenessConstraints+CoreData.swift (in target 'MomXML' from project 'MomXML')
cd /Users/admin/builder/spi-builder-workspace/.swiftpm/xcode
builtin-SwiftPerFileCompile MomUniquenessConstraints+CoreData.swift
SwiftCompile normal arm64_32 /Users/admin/builder/spi-builder-workspace/Sources/ToCoreData/MomUserInfo+CoreData.swift (in target 'MomXML' from project 'MomXML')
cd /Users/admin/builder/spi-builder-workspace/.swiftpm/xcode
builtin-SwiftPerFileCompile MomUserInfo+CoreData.swift
SwiftCompile normal arm64_32 /Users/admin/builder/spi-builder-workspace/Sources/ToCoreData/MomXml+CoreData.swift (in target 'MomXML' from project 'MomXML')
cd /Users/admin/builder/spi-builder-workspace/.swiftpm/xcode
builtin-SwiftPerFileCompile MomXml+CoreData.swift
SwiftCompile normal arm64_32 Compiling\ MomModel+Equatable.swift,\ MomRelationship+Equatable.swift,\ MomUniquenessConstraints+Equatable.swift,\ MomUserInfo+Equatable.swift,\ MomXML+Equatable.swift,\ NSAttributeDescription+MomXML.swift,\ NSCompositeAttributeDescription+MomXML.swift /Users/admin/builder/spi-builder-workspace/Sources/Equatable/MomModel+Equatable.swift /Users/admin/builder/spi-builder-workspace/Sources/Equatable/MomRelationship+Equatable.swift /Users/admin/builder/spi-builder-workspace/Sources/Equatable/MomUniquenessConstraints+Equatable.swift /Users/admin/builder/spi-builder-workspace/Sources/Equatable/MomUserInfo+Equatable.swift /Users/admin/builder/spi-builder-workspace/Sources/Equatable/MomXML+Equatable.swift /Users/admin/builder/spi-builder-workspace/Sources/FromCoreData/NSAttributeDescription+MomXML.swift /Users/admin/builder/spi-builder-workspace/Sources/FromCoreData/NSCompositeAttributeDescription+MomXML.swift (in target 'MomXML' from project 'MomXML')
/Users/admin/builder/spi-builder-workspace/Sources/FromCoreData/NSCompositeAttributeDescription+MomXML.swift:13:11: error: 'NSCompositeAttributeDescription' is only available in watchOS 10.0 or newer
11 | @available(iOS 17.0, *)
12 | @available(macOS 14.0, *)
13 | extension NSCompositeAttributeDescription {
| | `- error: 'NSCompositeAttributeDescription' is only available in watchOS 10.0 or newer
| `- note: add '@available' attribute to enclosing extension
14 |
15 | public var momComposite: MomCompositeAttribute {
SwiftCompile normal arm64_32 /Users/admin/builder/spi-builder-workspace/Sources/Equatable/MomModel+Equatable.swift (in target 'MomXML' from project 'MomXML')
cd /Users/admin/builder/spi-builder-workspace/.swiftpm/xcode
builtin-SwiftPerFileCompile MomModel+Equatable.swift
SwiftCompile normal arm64_32 /Users/admin/builder/spi-builder-workspace/Sources/Equatable/MomRelationship+Equatable.swift (in target 'MomXML' from project 'MomXML')
cd /Users/admin/builder/spi-builder-workspace/.swiftpm/xcode
builtin-SwiftPerFileCompile MomRelationship+Equatable.swift
SwiftCompile normal arm64_32 /Users/admin/builder/spi-builder-workspace/Sources/Equatable/MomUniquenessConstraints+Equatable.swift (in target 'MomXML' from project 'MomXML')
cd /Users/admin/builder/spi-builder-workspace/.swiftpm/xcode
builtin-SwiftPerFileCompile MomUniquenessConstraints+Equatable.swift
SwiftCompile normal arm64_32 /Users/admin/builder/spi-builder-workspace/Sources/Equatable/MomUserInfo+Equatable.swift (in target 'MomXML' from project 'MomXML')
cd /Users/admin/builder/spi-builder-workspace/.swiftpm/xcode
builtin-SwiftPerFileCompile MomUserInfo+Equatable.swift
SwiftCompile normal arm64_32 /Users/admin/builder/spi-builder-workspace/Sources/Equatable/MomXML+Equatable.swift (in target 'MomXML' from project 'MomXML')
cd /Users/admin/builder/spi-builder-workspace/.swiftpm/xcode
builtin-SwiftPerFileCompile MomXML+Equatable.swift
SwiftCompile normal arm64_32 /Users/admin/builder/spi-builder-workspace/Sources/FromCoreData/NSAttributeDescription+MomXML.swift (in target 'MomXML' from project 'MomXML')
cd /Users/admin/builder/spi-builder-workspace/.swiftpm/xcode
builtin-SwiftPerFileCompile NSAttributeDescription+MomXML.swift
SwiftCompile normal arm64_32 /Users/admin/builder/spi-builder-workspace/Sources/FromCoreData/NSCompositeAttributeDescription+MomXML.swift (in target 'MomXML' from project 'MomXML')
cd /Users/admin/builder/spi-builder-workspace/.swiftpm/xcode
builtin-SwiftPerFileCompile NSCompositeAttributeDescription+MomXML.swift
SwiftCompile normal arm64_32 Compiling\ MomAttribute+Equatable.swift,\ MomCompositeAttribute+Equatable.swift,\ MomConfiguration+Equatable.swift,\ MomElement+Equatable.swift,\ MomEntity+Equatable.swift,\ MomFetchIndex+Equatable.swift,\ MomFetchedProperty+Equatable.swift /Users/admin/builder/spi-builder-workspace/Sources/Equatable/MomAttribute+Equatable.swift /Users/admin/builder/spi-builder-workspace/Sources/Equatable/MomCompositeAttribute+Equatable.swift /Users/admin/builder/spi-builder-workspace/Sources/Equatable/MomConfiguration+Equatable.swift /Users/admin/builder/spi-builder-workspace/Sources/Equatable/MomElement+Equatable.swift /Users/admin/builder/spi-builder-workspace/Sources/Equatable/MomEntity+Equatable.swift /Users/admin/builder/spi-builder-workspace/Sources/Equatable/MomFetchIndex+Equatable.swift /Users/admin/builder/spi-builder-workspace/Sources/Equatable/MomFetchedProperty+Equatable.swift (in target 'MomXML' from project 'MomXML')
SwiftCompile normal arm64_32 /Users/admin/builder/spi-builder-workspace/Sources/Equatable/MomAttribute+Equatable.swift (in target 'MomXML' from project 'MomXML')
cd /Users/admin/builder/spi-builder-workspace/.swiftpm/xcode
builtin-SwiftPerFileCompile MomAttribute+Equatable.swift
SwiftCompile normal arm64_32 /Users/admin/builder/spi-builder-workspace/Sources/Equatable/MomCompositeAttribute+Equatable.swift (in target 'MomXML' from project 'MomXML')
cd /Users/admin/builder/spi-builder-workspace/.swiftpm/xcode
builtin-SwiftPerFileCompile MomCompositeAttribute+Equatable.swift
SwiftCompile normal arm64_32 /Users/admin/builder/spi-builder-workspace/Sources/Equatable/MomConfiguration+Equatable.swift (in target 'MomXML' from project 'MomXML')
cd /Users/admin/builder/spi-builder-workspace/.swiftpm/xcode
builtin-SwiftPerFileCompile MomConfiguration+Equatable.swift
SwiftCompile normal arm64_32 /Users/admin/builder/spi-builder-workspace/Sources/Equatable/MomElement+Equatable.swift (in target 'MomXML' from project 'MomXML')
cd /Users/admin/builder/spi-builder-workspace/.swiftpm/xcode
builtin-SwiftPerFileCompile MomElement+Equatable.swift
SwiftCompile normal arm64_32 /Users/admin/builder/spi-builder-workspace/Sources/Equatable/MomEntity+Equatable.swift (in target 'MomXML' from project 'MomXML')
cd /Users/admin/builder/spi-builder-workspace/.swiftpm/xcode
builtin-SwiftPerFileCompile MomEntity+Equatable.swift
SwiftCompile normal arm64_32 /Users/admin/builder/spi-builder-workspace/Sources/Equatable/MomFetchIndex+Equatable.swift (in target 'MomXML' from project 'MomXML')
cd /Users/admin/builder/spi-builder-workspace/.swiftpm/xcode
builtin-SwiftPerFileCompile MomFetchIndex+Equatable.swift
SwiftCompile normal arm64_32 /Users/admin/builder/spi-builder-workspace/Sources/Equatable/MomFetchedProperty+Equatable.swift (in target 'MomXML' from project 'MomXML')
cd /Users/admin/builder/spi-builder-workspace/.swiftpm/xcode
builtin-SwiftPerFileCompile MomFetchedProperty+Equatable.swift
PruneExplicitPrecompiledModules /Users/admin/builder/spi-builder-workspace/.derivedData/Build/Intermediates.noindex/ExplicitPrecompiledModules
PruneExplicitPrecompiledModules /Users/admin/builder/spi-builder-workspace/.derivedData/SDKExplicitPrecompiledModules
PruneExplicitPrecompiledModules /Users/admin/builder/spi-builder-workspace/.derivedData/Build/Intermediates.noindex/SwiftExplicitPrecompiledModules
2026-09-22 05:30:42.363 xcodebuild[821:5084] [MT] IDERunDestination: Supported platforms for the buildables in the current scheme is empty.
** BUILD FAILED **
The following build commands failed:
SwiftEmitModule normal arm64_32 Emitting\ module\ for\ MomXML (in target 'MomXML' from project 'MomXML')
SwiftCompile normal arm64_32 (in target 'MomXML' from project 'MomXML')
SwiftEmitModule normal arm64 Emitting\ module\ for\ MomXML (in target 'MomXML' from project 'MomXML')
SwiftCompile normal arm64 (in target 'MomXML' from project 'MomXML')
Building workspace MomXML with scheme MomXML
(5 failures)
BUILD FAILURE 6.4 watchOS