Build Information
Failed to build RegexWithCharacterClasses, reference main (aa7590), with Swift 6.1 for watchOS using Xcode 16.3 on 12 Aug 2026 15:52:58 UTC.
Build Command
No build command. This typically means the build failed at an early stage where we determine the build command.Build Log
========================================
RunAll
========================================
Builder version: undefined version: run 'make version' to update
Interrupt handler set up.
========================================
Checkout
========================================
Clone URL: https://github.com/stefanspringer1/RegexWithCharacterClasses.git
Reference: main
Initialized empty Git repository in /Users/admin/builder/spi-builder-workspace/.git/
From https://github.com/stefanspringer1/RegexWithCharacterClasses
* branch main -> FETCH_HEAD
* [new branch] main -> origin/main
HEAD is now at aa75908 using SwiftUtilities 7.1.1
Cloned https://github.com/stefanspringer1/RegexWithCharacterClasses.git
Revision (git rev-parse @):
aa759085f6c2883380137a3e3991fd63246f5f3a
SUCCESS checkout https://github.com/stefanspringer1/RegexWithCharacterClasses.git at main
========================================
Build
========================================
Selected platform: watchOS
Swift version: 6.1
Building package at path: $PWD
https://github.com/stefanspringer1/RegexWithCharacterClasses.git
https://github.com/stefanspringer1/RegexWithCharacterClasses.git
{
"dependencies" : [
{
"identity" : "swift-syntax",
"requirement" : {
"range" : [
{
"lower_bound" : "509.0.0",
"upper_bound" : "510.0.0"
}
]
},
"type" : "sourceControl",
"url" : "https://github.com/apple/swift-syntax.git"
},
{
"identity" : "swiftutilities",
"requirement" : {
"range" : [
{
"lower_bound" : "7.1.1",
"upper_bound" : "8.0.0"
}
]
},
"type" : "sourceControl",
"url" : "https://github.com/stefanspringer1/SwiftUtilities.git"
}
],
"manifest_display_name" : "RegexWithCharacterClasses",
"name" : "RegexWithCharacterClasses",
"path" : "/Users/admin/builder/spi-builder-workspace",
"platforms" : [
{
"name" : "macos",
"version" : "13.0"
},
{
"name" : "ios",
"version" : "13.0"
},
{
"name" : "tvos",
"version" : "13.0"
},
{
"name" : "watchos",
"version" : "6.0"
},
{
"name" : "maccatalyst",
"version" : "13.0"
}
],
"products" : [
{
"name" : "RegexWithCharacterClasses",
"targets" : [
"RegexWithCharacterClasses"
],
"type" : {
"library" : [
"automatic"
]
}
},
{
"name" : "RegexWithCharacterClassesMacros",
"targets" : [
"RegexWithCharacterClassesMacros"
],
"type" : {
"macro" : null
}
}
],
"targets" : [
{
"c99name" : "RegexWithCharacterClassesMacros",
"module_type" : "SwiftTarget",
"name" : "RegexWithCharacterClassesMacros",
"path" : "Sources/RegexWithCharacterClassesMacros",
"product_dependencies" : [
"SwiftSyntaxMacros",
"SwiftCompilerPlugin",
"Utilities"
],
"product_memberships" : [
"RegexWithCharacterClasses",
"RegexWithCharacterClassesMacros"
],
"sources" : [
"MacroPlugin.swift",
"RegexWithCharacterClasses.swift"
],
"type" : "macro"
},
{
"c99name" : "RegexWithCharacterClasses",
"module_type" : "SwiftTarget",
"name" : "RegexWithCharacterClasses",
"path" : "Sources/RegexWithCharacterClasses",
"product_memberships" : [
"RegexWithCharacterClasses"
],
"sources" : [
"RegexWithCharacterClasses.swift"
],
"target_dependencies" : [
"RegexWithCharacterClassesMacros"
],
"type" : "library"
},
{
"c99name" : "MacroTests",
"module_type" : "SwiftTarget",
"name" : "MacroTests",
"path" : "Tests/MacroTests",
"product_dependencies" : [
"SwiftSyntaxMacrosTestSupport"
],
"sources" : [
"RegexWithCharacterClassesTests.swift",
"TestRegexForAllClasses.swift"
],
"target_dependencies" : [
"RegexWithCharacterClassesMacros"
],
"type" : "test"
}
],
"tools_version" : "5.9"
}
Command line invocation:
/Applications/Xcode-16.3.0.app/Contents/Developer/usr/bin/xcodebuild -IDEClonedSourcePackagesDirPathOverride=/Users/admin/builder/spi-builder-workspace/.dependencies -resolvePackageDependencies
Resolve Package Graph
Fetching from https://github.com/stefanspringer1/SwiftUtilities.git
Fetching from https://github.com/apple/swift-syntax.git
Resolve Package Graph
Updating from https://github.com/apple/swift-syntax.git
Updating from https://github.com/stefanspringer1/SwiftUtilities.git
Resolve Package Graph
Updating from https://github.com/stefanspringer1/SwiftUtilities.git
Updating from https://github.com/apple/swift-syntax.git
Resolved source packages:
spi-builder-workspace: (null)
2026-08-12 08:52:56.337 xcodebuild[527:2967] Writing error result bundle to /var/folders/5k/5yc19ymj0jqd5v0zvgfqz0xw0000gn/T/ResultBundle_2026-12-08_08-52-0056.xcresult
xcodebuild: error: Could not resolve package dependencies:
Failed to resolve dependencies Dependencies could not be resolved because 'swiftutilities' >= 6.3.0 contains incompatible tools version (6.2.0) and root depends on 'swiftutilities' 7.1.1..<8.0.0.
Command line invocation:
/Applications/Xcode-16.3.0.app/Contents/Developer/usr/bin/xcodebuild -IDEClonedSourcePackagesDirPathOverride=/Users/admin/builder/spi-builder-workspace/.dependencies -resolvePackageDependencies
Resolve Package Graph
Updating from https://github.com/apple/swift-syntax.git
Updating from https://github.com/stefanspringer1/SwiftUtilities.git
Resolved source packages:
spi-builder-workspace: (null)
2026-08-12 08:52:58.096 xcodebuild[748:4150] Writing error result bundle to /var/folders/5k/5yc19ymj0jqd5v0zvgfqz0xw0000gn/T/ResultBundle_2026-12-08_08-52-0058.xcresult
xcodebuild: error: Could not resolve package dependencies:
Failed to resolve dependencies Dependencies could not be resolved because 'swiftutilities' >= 6.3.0 contains incompatible tools version (6.2.0) and root depends on 'swiftutilities' 7.1.1..<8.0.0.
BUILD FAILURE 6.1 watchOS