The Swift Package Index logo.Swift Package Index

Build Information

Failed to build GitHubRestAPISwiftOpenAPI, reference main (e8de75), with Swift 6.2 for watchOS using Xcode 26.3 on 18 Oct 2026 10:14:55 UTC.

Build Command

env DEVELOPER_DIR=/Applications/Xcode-26.3.0.app xcrun xcodebuild -IDEClonedSourcePackagesDirPathOverride=$PWD/.dependencies -skipMacroValidation -skipPackagePluginValidation -derivedDataPath $PWD/.derivedData build -scheme GitHubRestAPISwiftOpenAPI-Package -destination generic/platform=watchOS

Build Log

  swift-openapi-urlsession: https://github.com/apple/swift-openapi-urlsession @ 1.3.2
  swift-http-types: https://github.com/apple/swift-http-types @ 1.8.0
  SymbolKit: https://github.com/swiftlang/swift-docc-symbolkit @ 1.0.0
ComputePackagePrebuildTargetDependencyGraph
Prepare packages
CreateBuildRequest
SendProjectDescription
CreateBuildOperation
ComputeTargetDependencyGraph
note: Building targets in dependency order
note: Target dependency graph (110 targets)
    Target 'GitHubRestAPIUsers' in project 'GitHubRestAPISwiftOpenAPI'
        ➜ Explicit dependency on target 'GitHubRestAPIUsers' in project 'GitHubRestAPISwiftOpenAPI'
        ➜ Explicit dependency on target 'OpenAPIRuntime' in project 'swift-openapi-runtime'
        ➜ Explicit dependency on target 'OpenAPIURLSession' in project 'swift-openapi-urlsession'
    Target 'GitHubRestAPIUsers' in project 'GitHubRestAPISwiftOpenAPI'
        ➜ Explicit dependency on target 'OpenAPIRuntime' in project 'swift-openapi-runtime'
        ➜ Explicit dependency on target 'OpenAPIURLSession' in project 'swift-openapi-urlsession'
    Target 'GitHubRestAPITeams' in project 'GitHubRestAPISwiftOpenAPI'
        ➜ Explicit dependency on target 'GitHubRestAPITeams' in project 'GitHubRestAPISwiftOpenAPI'
        ➜ Explicit dependency on target 'OpenAPIRuntime' in project 'swift-openapi-runtime'
        ➜ Explicit dependency on target 'OpenAPIURLSession' in project 'swift-openapi-urlsession'
    Target 'GitHubRestAPITeams' in project 'GitHubRestAPISwiftOpenAPI'
        ➜ Explicit dependency on target 'OpenAPIRuntime' in project 'swift-openapi-runtime'
        ➜ Explicit dependency on target 'OpenAPIURLSession' in project 'swift-openapi-urlsession'
    Target 'GitHubRestAPISecurityAdvisories' in project 'GitHubRestAPISwiftOpenAPI'
        ➜ Explicit dependency on target 'GitHubRestAPISecurityAdvisories' in project 'GitHubRestAPISwiftOpenAPI'
        ➜ Explicit dependency on target 'OpenAPIRuntime' in project 'swift-openapi-runtime'
        ➜ Explicit dependency on target 'OpenAPIURLSession' in project 'swift-openapi-urlsession'
    Target 'GitHubRestAPISecurityAdvisories' in project 'GitHubRestAPISwiftOpenAPI'
        ➜ Explicit dependency on target 'OpenAPIRuntime' in project 'swift-openapi-runtime'
        ➜ Explicit dependency on target 'OpenAPIURLSession' in project 'swift-openapi-urlsession'
    Target 'GitHubRestAPISecretScanning' in project 'GitHubRestAPISwiftOpenAPI'
        ➜ Explicit dependency on target 'GitHubRestAPISecretScanning' in project 'GitHubRestAPISwiftOpenAPI'
        ➜ Explicit dependency on target 'OpenAPIRuntime' in project 'swift-openapi-runtime'
        ➜ Explicit dependency on target 'OpenAPIURLSession' in project 'swift-openapi-urlsession'
    Target 'GitHubRestAPISecretScanning' in project 'GitHubRestAPISwiftOpenAPI'
        ➜ Explicit dependency on target 'OpenAPIRuntime' in project 'swift-openapi-runtime'
        ➜ Explicit dependency on target 'OpenAPIURLSession' in project 'swift-openapi-urlsession'
    Target 'GitHubRestAPISearch' in project 'GitHubRestAPISwiftOpenAPI'
        ➜ Explicit dependency on target 'GitHubRestAPISearch' in project 'GitHubRestAPISwiftOpenAPI'
        ➜ Explicit dependency on target 'OpenAPIRuntime' in project 'swift-openapi-runtime'
        ➜ Explicit dependency on target 'OpenAPIURLSession' in project 'swift-openapi-urlsession'
    Target 'GitHubRestAPISearch' in project 'GitHubRestAPISwiftOpenAPI'
        ➜ Explicit dependency on target 'OpenAPIRuntime' in project 'swift-openapi-runtime'
        ➜ Explicit dependency on target 'OpenAPIURLSession' in project 'swift-openapi-urlsession'
    Target 'GitHubRestAPIRepos' in project 'GitHubRestAPISwiftOpenAPI'
        ➜ Explicit dependency on target 'GitHubRestAPIRepos' in project 'GitHubRestAPISwiftOpenAPI'
        ➜ Explicit dependency on target 'OpenAPIRuntime' in project 'swift-openapi-runtime'
        ➜ Explicit dependency on target 'OpenAPIURLSession' in project 'swift-openapi-urlsession'
    Target 'GitHubRestAPIRepos' in project 'GitHubRestAPISwiftOpenAPI'
        ➜ Explicit dependency on target 'OpenAPIRuntime' in project 'swift-openapi-runtime'
        ➜ Explicit dependency on target 'OpenAPIURLSession' in project 'swift-openapi-urlsession'
    Target 'GitHubRestAPIReactions' in project 'GitHubRestAPISwiftOpenAPI'
        ➜ Explicit dependency on target 'GitHubRestAPIReactions' in project 'GitHubRestAPISwiftOpenAPI'
        ➜ Explicit dependency on target 'OpenAPIRuntime' in project 'swift-openapi-runtime'
        ➜ Explicit dependency on target 'OpenAPIURLSession' in project 'swift-openapi-urlsession'
    Target 'GitHubRestAPIReactions' in project 'GitHubRestAPISwiftOpenAPI'
        ➜ Explicit dependency on target 'OpenAPIRuntime' in project 'swift-openapi-runtime'
        ➜ Explicit dependency on target 'OpenAPIURLSession' in project 'swift-openapi-urlsession'
    Target 'GitHubRestAPIRateLimit' in project 'GitHubRestAPISwiftOpenAPI'
        ➜ Explicit dependency on target 'GitHubRestAPIRateLimit' in project 'GitHubRestAPISwiftOpenAPI'
        ➜ Explicit dependency on target 'OpenAPIRuntime' in project 'swift-openapi-runtime'
        ➜ Explicit dependency on target 'OpenAPIURLSession' in project 'swift-openapi-urlsession'
    Target 'GitHubRestAPIRateLimit' in project 'GitHubRestAPISwiftOpenAPI'
        ➜ Explicit dependency on target 'OpenAPIRuntime' in project 'swift-openapi-runtime'
        ➜ Explicit dependency on target 'OpenAPIURLSession' in project 'swift-openapi-urlsession'
    Target 'GitHubRestAPIPulls' in project 'GitHubRestAPISwiftOpenAPI'
        ➜ Explicit dependency on target 'GitHubRestAPIPulls' in project 'GitHubRestAPISwiftOpenAPI'
        ➜ Explicit dependency on target 'OpenAPIRuntime' in project 'swift-openapi-runtime'
        ➜ Explicit dependency on target 'OpenAPIURLSession' in project 'swift-openapi-urlsession'
    Target 'GitHubRestAPIPulls' in project 'GitHubRestAPISwiftOpenAPI'
        ➜ Explicit dependency on target 'OpenAPIRuntime' in project 'swift-openapi-runtime'
        ➜ Explicit dependency on target 'OpenAPIURLSession' in project 'swift-openapi-urlsession'
    Target 'GitHubRestAPIProjectsClassic' in project 'GitHubRestAPISwiftOpenAPI'
        ➜ Explicit dependency on target 'GitHubRestAPIProjectsClassic' in project 'GitHubRestAPISwiftOpenAPI'
        ➜ Explicit dependency on target 'OpenAPIRuntime' in project 'swift-openapi-runtime'
        ➜ Explicit dependency on target 'OpenAPIURLSession' in project 'swift-openapi-urlsession'
    Target 'GitHubRestAPIProjectsClassic' in project 'GitHubRestAPISwiftOpenAPI'
        ➜ Explicit dependency on target 'OpenAPIRuntime' in project 'swift-openapi-runtime'
        ➜ Explicit dependency on target 'OpenAPIURLSession' in project 'swift-openapi-urlsession'
    Target 'GitHubRestAPIProjects' in project 'GitHubRestAPISwiftOpenAPI'
        ➜ Explicit dependency on target 'GitHubRestAPIProjects' in project 'GitHubRestAPISwiftOpenAPI'
        ➜ Explicit dependency on target 'OpenAPIRuntime' in project 'swift-openapi-runtime'
        ➜ Explicit dependency on target 'OpenAPIURLSession' in project 'swift-openapi-urlsession'
    Target 'GitHubRestAPIProjects' in project 'GitHubRestAPISwiftOpenAPI'
        ➜ Explicit dependency on target 'OpenAPIRuntime' in project 'swift-openapi-runtime'
        ➜ Explicit dependency on target 'OpenAPIURLSession' in project 'swift-openapi-urlsession'
    Target 'GitHubRestAPIPrivateRegistries' in project 'GitHubRestAPISwiftOpenAPI'
        ➜ Explicit dependency on target 'GitHubRestAPIPrivateRegistries' in project 'GitHubRestAPISwiftOpenAPI'
        ➜ Explicit dependency on target 'OpenAPIRuntime' in project 'swift-openapi-runtime'
        ➜ Explicit dependency on target 'OpenAPIURLSession' in project 'swift-openapi-urlsession'
    Target 'GitHubRestAPIPrivateRegistries' in project 'GitHubRestAPISwiftOpenAPI'
        ➜ Explicit dependency on target 'OpenAPIRuntime' in project 'swift-openapi-runtime'
        ➜ Explicit dependency on target 'OpenAPIURLSession' in project 'swift-openapi-urlsession'
    Target 'GitHubRestAPIPackages' in project 'GitHubRestAPISwiftOpenAPI'
        ➜ Explicit dependency on target 'GitHubRestAPIPackages' in project 'GitHubRestAPISwiftOpenAPI'
        ➜ Explicit dependency on target 'OpenAPIRuntime' in project 'swift-openapi-runtime'
        ➜ Explicit dependency on target 'OpenAPIURLSession' in project 'swift-openapi-urlsession'
    Target 'GitHubRestAPIPackages' in project 'GitHubRestAPISwiftOpenAPI'
        ➜ Explicit dependency on target 'OpenAPIRuntime' in project 'swift-openapi-runtime'
        ➜ Explicit dependency on target 'OpenAPIURLSession' in project 'swift-openapi-urlsession'
    Target 'GitHubRestAPIOrgs' in project 'GitHubRestAPISwiftOpenAPI'
        ➜ Explicit dependency on target 'GitHubRestAPIOrgs' in project 'GitHubRestAPISwiftOpenAPI'
        ➜ Explicit dependency on target 'OpenAPIRuntime' in project 'swift-openapi-runtime'
        ➜ Explicit dependency on target 'OpenAPIURLSession' in project 'swift-openapi-urlsession'
    Target 'GitHubRestAPIOrgs' in project 'GitHubRestAPISwiftOpenAPI'
        ➜ Explicit dependency on target 'OpenAPIRuntime' in project 'swift-openapi-runtime'
        ➜ Explicit dependency on target 'OpenAPIURLSession' in project 'swift-openapi-urlsession'
    Target 'GitHubRestAPIOidc' in project 'GitHubRestAPISwiftOpenAPI'
        ➜ Explicit dependency on target 'GitHubRestAPIOidc' in project 'GitHubRestAPISwiftOpenAPI'
        ➜ Explicit dependency on target 'OpenAPIRuntime' in project 'swift-openapi-runtime'
        ➜ Explicit dependency on target 'OpenAPIURLSession' in project 'swift-openapi-urlsession'
    Target 'GitHubRestAPIOidc' in project 'GitHubRestAPISwiftOpenAPI'
        ➜ Explicit dependency on target 'OpenAPIRuntime' in project 'swift-openapi-runtime'
        ➜ Explicit dependency on target 'OpenAPIURLSession' in project 'swift-openapi-urlsession'
    Target 'GitHubRestAPIMigrations' in project 'GitHubRestAPISwiftOpenAPI'
        ➜ Explicit dependency on target 'GitHubRestAPIMigrations' in project 'GitHubRestAPISwiftOpenAPI'
        ➜ Explicit dependency on target 'OpenAPIRuntime' in project 'swift-openapi-runtime'
        ➜ Explicit dependency on target 'OpenAPIURLSession' in project 'swift-openapi-urlsession'
    Target 'GitHubRestAPIMigrations' in project 'GitHubRestAPISwiftOpenAPI'
        ➜ Explicit dependency on target 'OpenAPIRuntime' in project 'swift-openapi-runtime'
        ➜ Explicit dependency on target 'OpenAPIURLSession' in project 'swift-openapi-urlsession'
    Target 'GitHubRestAPIMeta' in project 'GitHubRestAPISwiftOpenAPI'
        ➜ Explicit dependency on target 'GitHubRestAPIMeta' in project 'GitHubRestAPISwiftOpenAPI'
        ➜ Explicit dependency on target 'OpenAPIRuntime' in project 'swift-openapi-runtime'
        ➜ Explicit dependency on target 'OpenAPIURLSession' in project 'swift-openapi-urlsession'
    Target 'GitHubRestAPIMeta' in project 'GitHubRestAPISwiftOpenAPI'
        ➜ Explicit dependency on target 'OpenAPIRuntime' in project 'swift-openapi-runtime'
        ➜ Explicit dependency on target 'OpenAPIURLSession' in project 'swift-openapi-urlsession'
    Target 'GitHubRestAPIMergeQueue' in project 'GitHubRestAPISwiftOpenAPI'
        ➜ Explicit dependency on target 'GitHubRestAPIMergeQueue' in project 'GitHubRestAPISwiftOpenAPI'
        ➜ Explicit dependency on target 'OpenAPIRuntime' in project 'swift-openapi-runtime'
        ➜ Explicit dependency on target 'OpenAPIURLSession' in project 'swift-openapi-urlsession'
    Target 'GitHubRestAPIMergeQueue' in project 'GitHubRestAPISwiftOpenAPI'
        ➜ Explicit dependency on target 'OpenAPIRuntime' in project 'swift-openapi-runtime'
        ➜ Explicit dependency on target 'OpenAPIURLSession' in project 'swift-openapi-urlsession'
    Target 'GitHubRestAPIMarkdown' in project 'GitHubRestAPISwiftOpenAPI'
        ➜ Explicit dependency on target 'GitHubRestAPIMarkdown' in project 'GitHubRestAPISwiftOpenAPI'
        ➜ Explicit dependency on target 'OpenAPIRuntime' in project 'swift-openapi-runtime'
        ➜ Explicit dependency on target 'OpenAPIURLSession' in project 'swift-openapi-urlsession'
    Target 'GitHubRestAPIMarkdown' in project 'GitHubRestAPISwiftOpenAPI'
        ➜ Explicit dependency on target 'OpenAPIRuntime' in project 'swift-openapi-runtime'
        ➜ Explicit dependency on target 'OpenAPIURLSession' in project 'swift-openapi-urlsession'
    Target 'GitHubRestAPILicenses' in project 'GitHubRestAPISwiftOpenAPI'
        ➜ Explicit dependency on target 'GitHubRestAPILicenses' in project 'GitHubRestAPISwiftOpenAPI'
        ➜ Explicit dependency on target 'OpenAPIRuntime' in project 'swift-openapi-runtime'
        ➜ Explicit dependency on target 'OpenAPIURLSession' in project 'swift-openapi-urlsession'
    Target 'GitHubRestAPILicenses' in project 'GitHubRestAPISwiftOpenAPI'
        ➜ Explicit dependency on target 'OpenAPIRuntime' in project 'swift-openapi-runtime'
        ➜ Explicit dependency on target 'OpenAPIURLSession' in project 'swift-openapi-urlsession'
    Target 'GitHubRestAPIIssues' in project 'GitHubRestAPISwiftOpenAPI'
        ➜ Explicit dependency on target 'GitHubRestAPIIssues' in project 'GitHubRestAPISwiftOpenAPI'
        ➜ Explicit dependency on target 'OpenAPIRuntime' in project 'swift-openapi-runtime'
        ➜ Explicit dependency on target 'OpenAPIURLSession' in project 'swift-openapi-urlsession'
    Target 'GitHubRestAPIIssues' in project 'GitHubRestAPISwiftOpenAPI'
        ➜ Explicit dependency on target 'OpenAPIRuntime' in project 'swift-openapi-runtime'
        ➜ Explicit dependency on target 'OpenAPIURLSession' in project 'swift-openapi-urlsession'
    Target 'GitHubRestAPIInteractions' in project 'GitHubRestAPISwiftOpenAPI'
        ➜ Explicit dependency on target 'GitHubRestAPIInteractions' in project 'GitHubRestAPISwiftOpenAPI'
        ➜ Explicit dependency on target 'OpenAPIRuntime' in project 'swift-openapi-runtime'
        ➜ Explicit dependency on target 'OpenAPIURLSession' in project 'swift-openapi-urlsession'
    Target 'GitHubRestAPIInteractions' in project 'GitHubRestAPISwiftOpenAPI'
        ➜ Explicit dependency on target 'OpenAPIRuntime' in project 'swift-openapi-runtime'
        ➜ Explicit dependency on target 'OpenAPIURLSession' in project 'swift-openapi-urlsession'
    Target 'GitHubRestAPIHostedCompute' in project 'GitHubRestAPISwiftOpenAPI'
        ➜ Explicit dependency on target 'GitHubRestAPIHostedCompute' in project 'GitHubRestAPISwiftOpenAPI'
        ➜ Explicit dependency on target 'OpenAPIRuntime' in project 'swift-openapi-runtime'
        ➜ Explicit dependency on target 'OpenAPIURLSession' in project 'swift-openapi-urlsession'
    Target 'GitHubRestAPIHostedCompute' in project 'GitHubRestAPISwiftOpenAPI'
        ➜ Explicit dependency on target 'OpenAPIRuntime' in project 'swift-openapi-runtime'
        ➜ Explicit dependency on target 'OpenAPIURLSession' in project 'swift-openapi-urlsession'
    Target 'GitHubRestAPIGitignore' in project 'GitHubRestAPISwiftOpenAPI'
        ➜ Explicit dependency on target 'GitHubRestAPIGitignore' in project 'GitHubRestAPISwiftOpenAPI'
        ➜ Explicit dependency on target 'OpenAPIRuntime' in project 'swift-openapi-runtime'
        ➜ Explicit dependency on target 'OpenAPIURLSession' in project 'swift-openapi-urlsession'
    Target 'GitHubRestAPIGitignore' in project 'GitHubRestAPISwiftOpenAPI'
        ➜ Explicit dependency on target 'OpenAPIRuntime' in project 'swift-openapi-runtime'
        ➜ Explicit dependency on target 'OpenAPIURLSession' in project 'swift-openapi-urlsession'
    Target 'GitHubRestAPIGit' in project 'GitHubRestAPISwiftOpenAPI'
        ➜ Explicit dependency on target 'GitHubRestAPIGit' in project 'GitHubRestAPISwiftOpenAPI'
        ➜ Explicit dependency on target 'OpenAPIRuntime' in project 'swift-openapi-runtime'
        ➜ Explicit dependency on target 'OpenAPIURLSession' in project 'swift-openapi-urlsession'
    Target 'GitHubRestAPIGit' in project 'GitHubRestAPISwiftOpenAPI'
        ➜ Explicit dependency on target 'OpenAPIRuntime' in project 'swift-openapi-runtime'
        ➜ Explicit dependency on target 'OpenAPIURLSession' in project 'swift-openapi-urlsession'
    Target 'GitHubRestAPIGists' in project 'GitHubRestAPISwiftOpenAPI'
        ➜ Explicit dependency on target 'GitHubRestAPIGists' in project 'GitHubRestAPISwiftOpenAPI'
        ➜ Explicit dependency on target 'OpenAPIRuntime' in project 'swift-openapi-runtime'
        ➜ Explicit dependency on target 'OpenAPIURLSession' in project 'swift-openapi-urlsession'
    Target 'GitHubRestAPIGists' in project 'GitHubRestAPISwiftOpenAPI'
        ➜ Explicit dependency on target 'OpenAPIRuntime' in project 'swift-openapi-runtime'
        ➜ Explicit dependency on target 'OpenAPIURLSession' in project 'swift-openapi-urlsession'
    Target 'GitHubRestAPIEnterpriseTeams' in project 'GitHubRestAPISwiftOpenAPI'
        ➜ Explicit dependency on target 'GitHubRestAPIEnterpriseTeams' in project 'GitHubRestAPISwiftOpenAPI'
        ➜ Explicit dependency on target 'OpenAPIRuntime' in project 'swift-openapi-runtime'
        ➜ Explicit dependency on target 'OpenAPIURLSession' in project 'swift-openapi-urlsession'
    Target 'GitHubRestAPIEnterpriseTeams' in project 'GitHubRestAPISwiftOpenAPI'
        ➜ Explicit dependency on target 'OpenAPIRuntime' in project 'swift-openapi-runtime'
        ➜ Explicit dependency on target 'OpenAPIURLSession' in project 'swift-openapi-urlsession'
    Target 'GitHubRestAPIEnterpriseTeamOrganizations' in project 'GitHubRestAPISwiftOpenAPI'
        ➜ Explicit dependency on target 'GitHubRestAPIEnterpriseTeamOrganizations' in project 'GitHubRestAPISwiftOpenAPI'
        ➜ Explicit dependency on target 'OpenAPIRuntime' in project 'swift-openapi-runtime'
        ➜ Explicit dependency on target 'OpenAPIURLSession' in project 'swift-openapi-urlsession'
    Target 'GitHubRestAPIEnterpriseTeamOrganizations' in project 'GitHubRestAPISwiftOpenAPI'
        ➜ Explicit dependency on target 'OpenAPIRuntime' in project 'swift-openapi-runtime'
        ➜ Explicit dependency on target 'OpenAPIURLSession' in project 'swift-openapi-urlsession'
    Target 'GitHubRestAPIEnterpriseTeamMemberships' in project 'GitHubRestAPISwiftOpenAPI'
        ➜ Explicit dependency on target 'GitHubRestAPIEnterpriseTeamMemberships' in project 'GitHubRestAPISwiftOpenAPI'
        ➜ Explicit dependency on target 'OpenAPIRuntime' in project 'swift-openapi-runtime'
        ➜ Explicit dependency on target 'OpenAPIURLSession' in project 'swift-openapi-urlsession'
    Target 'GitHubRestAPIEnterpriseTeamMemberships' in project 'GitHubRestAPISwiftOpenAPI'
        ➜ Explicit dependency on target 'OpenAPIRuntime' in project 'swift-openapi-runtime'
        ➜ Explicit dependency on target 'OpenAPIURLSession' in project 'swift-openapi-urlsession'
    Target 'GitHubRestAPIEmojis' in project 'GitHubRestAPISwiftOpenAPI'
        ➜ Explicit dependency on target 'GitHubRestAPIEmojis' in project 'GitHubRestAPISwiftOpenAPI'
        ➜ Explicit dependency on target 'OpenAPIRuntime' in project 'swift-openapi-runtime'
        ➜ Explicit dependency on target 'OpenAPIURLSession' in project 'swift-openapi-urlsession'
    Target 'GitHubRestAPIEmojis' in project 'GitHubRestAPISwiftOpenAPI'
        ➜ Explicit dependency on target 'OpenAPIRuntime' in project 'swift-openapi-runtime'
        ➜ Explicit dependency on target 'OpenAPIURLSession' in project 'swift-openapi-urlsession'
    Target 'GitHubRestAPIDesktop' in project 'GitHubRestAPISwiftOpenAPI'
        ➜ Explicit dependency on target 'GitHubRestAPIDesktop' in project 'GitHubRestAPISwiftOpenAPI'
        ➜ Explicit dependency on target 'OpenAPIRuntime' in project 'swift-openapi-runtime'
        ➜ Explicit dependency on target 'OpenAPIURLSession' in project 'swift-openapi-urlsession'
    Target 'GitHubRestAPIDesktop' in project 'GitHubRestAPISwiftOpenAPI'
        ➜ Explicit dependency on target 'OpenAPIRuntime' in project 'swift-openapi-runtime'
        ➜ Explicit dependency on target 'OpenAPIURLSession' in project 'swift-openapi-urlsession'
    Target 'GitHubRestAPIDependencyGraph' in project 'GitHubRestAPISwiftOpenAPI'
        ➜ Explicit dependency on target 'GitHubRestAPIDependencyGraph' in project 'GitHubRestAPISwiftOpenAPI'
        ➜ Explicit dependency on target 'OpenAPIRuntime' in project 'swift-openapi-runtime'
        ➜ Explicit dependency on target 'OpenAPIURLSession' in project 'swift-openapi-urlsession'
    Target 'GitHubRestAPIDependencyGraph' in project 'GitHubRestAPISwiftOpenAPI'
        ➜ Explicit dependency on target 'OpenAPIRuntime' in project 'swift-openapi-runtime'
        ➜ Explicit dependency on target 'OpenAPIURLSession' in project 'swift-openapi-urlsession'
    Target 'GitHubRestAPIDependabot' in project 'GitHubRestAPISwiftOpenAPI'
        ➜ Explicit dependency on target 'GitHubRestAPIDependabot' in project 'GitHubRestAPISwiftOpenAPI'
        ➜ Explicit dependency on target 'OpenAPIRuntime' in project 'swift-openapi-runtime'
        ➜ Explicit dependency on target 'OpenAPIURLSession' in project 'swift-openapi-urlsession'
    Target 'GitHubRestAPIDependabot' in project 'GitHubRestAPISwiftOpenAPI'
        ➜ Explicit dependency on target 'OpenAPIRuntime' in project 'swift-openapi-runtime'
        ➜ Explicit dependency on target 'OpenAPIURLSession' in project 'swift-openapi-urlsession'
    Target 'GitHubRestAPICredentials' in project 'GitHubRestAPISwiftOpenAPI'
        ➜ Explicit dependency on target 'GitHubRestAPICredentials' in project 'GitHubRestAPISwiftOpenAPI'
        ➜ Explicit dependency on target 'OpenAPIRuntime' in project 'swift-openapi-runtime'
        ➜ Explicit dependency on target 'OpenAPIURLSession' in project 'swift-openapi-urlsession'
    Target 'GitHubRestAPICredentials' in project 'GitHubRestAPISwiftOpenAPI'
        ➜ Explicit dependency on target 'OpenAPIRuntime' in project 'swift-openapi-runtime'
        ➜ Explicit dependency on target 'OpenAPIURLSession' in project 'swift-openapi-urlsession'
    Target 'GitHubRestAPICopilotSpaces' in project 'GitHubRestAPISwiftOpenAPI'
        ➜ Explicit dependency on target 'GitHubRestAPICopilotSpaces' in project 'GitHubRestAPISwiftOpenAPI'
        ➜ Explicit dependency on target 'OpenAPIRuntime' in project 'swift-openapi-runtime'
        ➜ Explicit dependency on target 'OpenAPIURLSession' in project 'swift-openapi-urlsession'
    Target 'GitHubRestAPICopilotSpaces' in project 'GitHubRestAPISwiftOpenAPI'
        ➜ Explicit dependency on target 'OpenAPIRuntime' in project 'swift-openapi-runtime'
        ➜ Explicit dependency on target 'OpenAPIURLSession' in project 'swift-openapi-urlsession'
    Target 'GitHubRestAPICopilot' in project 'GitHubRestAPISwiftOpenAPI'
        ➜ Explicit dependency on target 'GitHubRestAPICopilot' in project 'GitHubRestAPISwiftOpenAPI'
        ➜ Explicit dependency on target 'OpenAPIRuntime' in project 'swift-openapi-runtime'
        ➜ Explicit dependency on target 'OpenAPIURLSession' in project 'swift-openapi-urlsession'
    Target 'GitHubRestAPICopilot' in project 'GitHubRestAPISwiftOpenAPI'
        ➜ Explicit dependency on target 'OpenAPIRuntime' in project 'swift-openapi-runtime'
        ➜ Explicit dependency on target 'OpenAPIURLSession' in project 'swift-openapi-urlsession'
    Target 'GitHubRestAPICodespaces' in project 'GitHubRestAPISwiftOpenAPI'
        ➜ Explicit dependency on target 'GitHubRestAPICodespaces' in project 'GitHubRestAPISwiftOpenAPI'
        ➜ Explicit dependency on target 'OpenAPIRuntime' in project 'swift-openapi-runtime'
        ➜ Explicit dependency on target 'OpenAPIURLSession' in project 'swift-openapi-urlsession'
    Target 'GitHubRestAPICodespaces' in project 'GitHubRestAPISwiftOpenAPI'
        ➜ Explicit dependency on target 'OpenAPIRuntime' in project 'swift-openapi-runtime'
        ➜ Explicit dependency on target 'OpenAPIURLSession' in project 'swift-openapi-urlsession'
    Target 'GitHubRestAPICodesOfConduct' in project 'GitHubRestAPISwiftOpenAPI'
        ➜ Explicit dependency on target 'GitHubRestAPICodesOfConduct' in project 'GitHubRestAPISwiftOpenAPI'
        ➜ Explicit dependency on target 'OpenAPIRuntime' in project 'swift-openapi-runtime'
        ➜ Explicit dependency on target 'OpenAPIURLSession' in project 'swift-openapi-urlsession'
    Target 'GitHubRestAPICodesOfConduct' in project 'GitHubRestAPISwiftOpenAPI'
        ➜ Explicit dependency on target 'OpenAPIRuntime' in project 'swift-openapi-runtime'
        ➜ Explicit dependency on target 'OpenAPIURLSession' in project 'swift-openapi-urlsession'
    Target 'GitHubRestAPICodeSecurity' in project 'GitHubRestAPISwiftOpenAPI'
        ➜ Explicit dependency on target 'GitHubRestAPICodeSecurity' in project 'GitHubRestAPISwiftOpenAPI'
        ➜ Explicit dependency on target 'OpenAPIRuntime' in project 'swift-openapi-runtime'
        ➜ Explicit dependency on target 'OpenAPIURLSession' in project 'swift-openapi-urlsession'
    Target 'GitHubRestAPICodeSecurity' in project 'GitHubRestAPISwiftOpenAPI'
        ➜ Explicit dependency on target 'OpenAPIRuntime' in project 'swift-openapi-runtime'
        ➜ Explicit dependency on target 'OpenAPIURLSession' in project 'swift-openapi-urlsession'
    Target 'GitHubRestAPICodeScanning' in project 'GitHubRestAPISwiftOpenAPI'
        ➜ Explicit dependency on target 'GitHubRestAPICodeScanning' in project 'GitHubRestAPISwiftOpenAPI'
        ➜ Explicit dependency on target 'OpenAPIRuntime' in project 'swift-openapi-runtime'
        ➜ Explicit dependency on target 'OpenAPIURLSession' in project 'swift-openapi-urlsession'
    Target 'GitHubRestAPICodeScanning' in project 'GitHubRestAPISwiftOpenAPI'
        ➜ Explicit dependency on target 'OpenAPIRuntime' in project 'swift-openapi-runtime'
        ➜ Explicit dependency on target 'OpenAPIURLSession' in project 'swift-openapi-urlsession'
    Target 'GitHubRestAPICodeQuality' in project 'GitHubRestAPISwiftOpenAPI'
        ➜ Explicit dependency on target 'GitHubRestAPICodeQuality' in project 'GitHubRestAPISwiftOpenAPI'
        ➜ Explicit dependency on target 'OpenAPIRuntime' in project 'swift-openapi-runtime'
        ➜ Explicit dependency on target 'OpenAPIURLSession' in project 'swift-openapi-urlsession'
    Target 'GitHubRestAPICodeQuality' in project 'GitHubRestAPISwiftOpenAPI'
        ➜ Explicit dependency on target 'OpenAPIRuntime' in project 'swift-openapi-runtime'
        ➜ Explicit dependency on target 'OpenAPIURLSession' in project 'swift-openapi-urlsession'
    Target 'GitHubRestAPIClassroom' in project 'GitHubRestAPISwiftOpenAPI'
        ➜ Explicit dependency on target 'GitHubRestAPIClassroom' in project 'GitHubRestAPISwiftOpenAPI'
        ➜ Explicit dependency on target 'OpenAPIRuntime' in project 'swift-openapi-runtime'
        ➜ Explicit dependency on target 'OpenAPIURLSession' in project 'swift-openapi-urlsession'
    Target 'GitHubRestAPIClassroom' in project 'GitHubRestAPISwiftOpenAPI'
        ➜ Explicit dependency on target 'OpenAPIRuntime' in project 'swift-openapi-runtime'
        ➜ Explicit dependency on target 'OpenAPIURLSession' in project 'swift-openapi-urlsession'
    Target 'GitHubRestAPIChecks' in project 'GitHubRestAPISwiftOpenAPI'
        ➜ Explicit dependency on target 'GitHubRestAPIChecks' in project 'GitHubRestAPISwiftOpenAPI'
        ➜ Explicit dependency on target 'OpenAPIRuntime' in project 'swift-openapi-runtime'
        ➜ Explicit dependency on target 'OpenAPIURLSession' in project 'swift-openapi-urlsession'
    Target 'GitHubRestAPIChecks' in project 'GitHubRestAPISwiftOpenAPI'
        ➜ Explicit dependency on target 'OpenAPIRuntime' in project 'swift-openapi-runtime'
        ➜ Explicit dependency on target 'OpenAPIURLSession' in project 'swift-openapi-urlsession'
    Target 'GitHubRestAPICampaigns' in project 'GitHubRestAPISwiftOpenAPI'
        ➜ Explicit dependency on target 'GitHubRestAPICampaigns' in project 'GitHubRestAPISwiftOpenAPI'
        ➜ Explicit dependency on target 'OpenAPIRuntime' in project 'swift-openapi-runtime'
        ➜ Explicit dependency on target 'OpenAPIURLSession' in project 'swift-openapi-urlsession'
    Target 'GitHubRestAPICampaigns' in project 'GitHubRestAPISwiftOpenAPI'
        ➜ Explicit dependency on target 'OpenAPIRuntime' in project 'swift-openapi-runtime'
        ➜ Explicit dependency on target 'OpenAPIURLSession' in project 'swift-openapi-urlsession'
    Target 'GitHubRestAPIBilling' in project 'GitHubRestAPISwiftOpenAPI'
        ➜ Explicit dependency on target 'GitHubRestAPIBilling' in project 'GitHubRestAPISwiftOpenAPI'
        ➜ Explicit dependency on target 'OpenAPIRuntime' in project 'swift-openapi-runtime'
        ➜ Explicit dependency on target 'OpenAPIURLSession' in project 'swift-openapi-urlsession'
    Target 'GitHubRestAPIBilling' in project 'GitHubRestAPISwiftOpenAPI'
        ➜ Explicit dependency on target 'OpenAPIRuntime' in project 'swift-openapi-runtime'
        ➜ Explicit dependency on target 'OpenAPIURLSession' in project 'swift-openapi-urlsession'
    Target 'GitHubRestAPIApps' in project 'GitHubRestAPISwiftOpenAPI'
        ➜ Explicit dependency on target 'GitHubRestAPIApps' in project 'GitHubRestAPISwiftOpenAPI'
        ➜ Explicit dependency on target 'OpenAPIRuntime' in project 'swift-openapi-runtime'
        ➜ Explicit dependency on target 'OpenAPIURLSession' in project 'swift-openapi-urlsession'
    Target 'GitHubRestAPIApps' in project 'GitHubRestAPISwiftOpenAPI'
        ➜ Explicit dependency on target 'OpenAPIRuntime' in project 'swift-openapi-runtime'
        ➜ Explicit dependency on target 'OpenAPIURLSession' in project 'swift-openapi-urlsession'
    Target 'GitHubRestAPIAgents' in project 'GitHubRestAPISwiftOpenAPI'
        ➜ Explicit dependency on target 'GitHubRestAPIAgents' in project 'GitHubRestAPISwiftOpenAPI'
        ➜ Explicit dependency on target 'OpenAPIRuntime' in project 'swift-openapi-runtime'
        ➜ Explicit dependency on target 'OpenAPIURLSession' in project 'swift-openapi-urlsession'
    Target 'GitHubRestAPIAgents' in project 'GitHubRestAPISwiftOpenAPI'
        ➜ Explicit dependency on target 'OpenAPIRuntime' in project 'swift-openapi-runtime'
        ➜ Explicit dependency on target 'OpenAPIURLSession' in project 'swift-openapi-urlsession'
    Target 'GitHubRestAPIAgentTasks' in project 'GitHubRestAPISwiftOpenAPI'
        ➜ Explicit dependency on target 'GitHubRestAPIAgentTasks' in project 'GitHubRestAPISwiftOpenAPI'
        ➜ Explicit dependency on target 'OpenAPIRuntime' in project 'swift-openapi-runtime'
        ➜ Explicit dependency on target 'OpenAPIURLSession' in project 'swift-openapi-urlsession'
    Target 'GitHubRestAPIAgentTasks' in project 'GitHubRestAPISwiftOpenAPI'
        ➜ Explicit dependency on target 'OpenAPIRuntime' in project 'swift-openapi-runtime'
        ➜ Explicit dependency on target 'OpenAPIURLSession' in project 'swift-openapi-urlsession'
    Target 'GitHubRestAPIActivity' in project 'GitHubRestAPISwiftOpenAPI'
        ➜ Explicit dependency on target 'GitHubRestAPIActivity' in project 'GitHubRestAPISwiftOpenAPI'
        ➜ Explicit dependency on target 'OpenAPIRuntime' in project 'swift-openapi-runtime'
        ➜ Explicit dependency on target 'OpenAPIURLSession' in project 'swift-openapi-urlsession'
    Target 'GitHubRestAPIActivity' in project 'GitHubRestAPISwiftOpenAPI'
        ➜ Explicit dependency on target 'OpenAPIRuntime' in project 'swift-openapi-runtime'
        ➜ Explicit dependency on target 'OpenAPIURLSession' in project 'swift-openapi-urlsession'
    Target 'GitHubRestAPIActions' in project 'GitHubRestAPISwiftOpenAPI'
        ➜ Explicit dependency on target 'GitHubRestAPIActions' in project 'GitHubRestAPISwiftOpenAPI'
        ➜ Explicit dependency on target 'OpenAPIRuntime' in project 'swift-openapi-runtime'
        ➜ Explicit dependency on target 'OpenAPIURLSession' in project 'swift-openapi-urlsession'
    Target 'GitHubRestAPIActions' in project 'GitHubRestAPISwiftOpenAPI'
        ➜ Explicit dependency on target 'OpenAPIRuntime' in project 'swift-openapi-runtime'
        ➜ Explicit dependency on target 'OpenAPIURLSession' in project 'swift-openapi-urlsession'
    Target 'OpenAPIURLSession' in project 'swift-openapi-urlsession'
        ➜ Explicit dependency on target 'OpenAPIURLSession' in project 'swift-openapi-urlsession'
        ➜ Explicit dependency on target 'DequeModule' in project 'swift-collections'
        ➜ Explicit dependency on target 'OpenAPIRuntime' in project 'swift-openapi-runtime'
        ➜ Explicit dependency on target 'HTTPTypes' in project 'swift-http-types'
    Target 'OpenAPIURLSession' in project 'swift-openapi-urlsession'
        ➜ Explicit dependency on target 'DequeModule' in project 'swift-collections'
        ➜ Explicit dependency on target 'OpenAPIRuntime' in project 'swift-openapi-runtime'
        ➜ Explicit dependency on target 'HTTPTypes' in project 'swift-http-types'
    Target 'DequeModule' in project 'swift-collections'
        ➜ Explicit dependency on target 'DequeModule' in project 'swift-collections'
        ➜ Explicit dependency on target 'InternalCollectionsUtilities' in project 'swift-collections'
        ➜ Explicit dependency on target 'SpanPreview' in project 'swift-collections'
    Target 'DequeModule' in project 'swift-collections'
        ➜ Explicit dependency on target 'InternalCollectionsUtilities' in project 'swift-collections'
        ➜ Explicit dependency on target 'SpanPreview' in project 'swift-collections'
    Target 'SpanPreview' in project 'swift-collections'
        ➜ Explicit dependency on target 'InternalCollectionsUtilities' in project 'swift-collections'
    Target 'InternalCollectionsUtilities' in project 'swift-collections' (no dependencies)
    Target 'OpenAPIRuntime' in project 'swift-openapi-runtime'
        ➜ Explicit dependency on target 'OpenAPIRuntime' in project 'swift-openapi-runtime'
        ➜ Explicit dependency on target 'HTTPTypes' in project 'swift-http-types'
    Target 'OpenAPIRuntime' in project 'swift-openapi-runtime'
        ➜ Explicit dependency on target 'HTTPTypes' in project 'swift-http-types'
    Target 'HTTPTypes' in project 'swift-http-types'
        ➜ Explicit dependency on target 'HTTPTypes' in project 'swift-http-types'
    Target 'HTTPTypes' in project 'swift-http-types' (no dependencies)
GatherProvisioningInputs
CreateBuildDescription
ClangStatCache /Applications/Xcode-26.3.0.app/Contents/Developer/Toolchains/XcodeDefault.xctoolchain/usr/bin/clang-stat-cache /Applications/Xcode-26.3.0.app/Contents/Developer/Platforms/WatchOS.platform/Developer/SDKs/WatchOS26.2.sdk /Users/admin/builder/spi-builder-workspace/.derivedData/SDKStatCaches.noindex/watchos26.2-23S303-dc75598d0054f22ec865fa860f139d721753b489057de6bda919edfa1c59a62b.sdkstatcache
    cd /Users/admin/builder/spi-builder-workspace/.swiftpm/xcode
    /Applications/Xcode-26.3.0.app/Contents/Developer/Toolchains/XcodeDefault.xctoolchain/usr/bin/clang-stat-cache /Applications/Xcode-26.3.0.app/Contents/Developer/Platforms/WatchOS.platform/Developer/SDKs/WatchOS26.2.sdk -o /Users/admin/builder/spi-builder-workspace/.derivedData/SDKStatCaches.noindex/watchos26.2-23S303-dc75598d0054f22ec865fa860f139d721753b489057de6bda919edfa1c59a62b.sdkstatcache
Ld /Users/admin/builder/spi-builder-workspace/.derivedData/Build/Intermediates.noindex/GitHubRestAPISwiftOpenAPI.build/Debug-watchos/GitHubRestAPIRepos.build/Objects-normal/armv7k/Binary/GitHubRestAPIRepos.o normal armv7k (in target 'GitHubRestAPIRepos' from project 'GitHubRestAPISwiftOpenAPI')
    cd /Users/admin/builder/spi-builder-workspace
    /Applications/Xcode-26.3.0.app/Contents/Developer/Toolchains/XcodeDefault.xctoolchain/usr/bin/clang -Xlinker -reproducible -target armv7k-apple-watchos6.0 -r -isysroot /Applications/Xcode-26.3.0.app/Contents/Developer/Platforms/WatchOS.platform/Developer/SDKs/WatchOS26.2.sdk -O0 -L/Users/admin/builder/spi-builder-workspace/.derivedData/Build/Intermediates.noindex/EagerLinkingTBDs/Debug-watchos -L/Users/admin/builder/spi-builder-workspace/.derivedData/Build/Products/Debug-watchos -L/Applications/Xcode-26.3.0.app/Contents/Developer/Platforms/WatchOS.platform/Developer/usr/lib -F/Users/admin/builder/spi-builder-workspace/.derivedData/Build/Intermediates.noindex/EagerLinkingTBDs/Debug-watchos -F/Users/admin/builder/spi-builder-workspace/.derivedData/Build/Products/Debug-watchos/PackageFrameworks -F/Users/admin/builder/spi-builder-workspace/.derivedData/Build/Products/Debug-watchos/PackageFrameworks -F/Users/admin/builder/spi-builder-workspace/.derivedData/Build/Products/Debug-watchos/PackageFrameworks -F/Users/admin/builder/spi-builder-workspace/.derivedData/Build/Products/Debug-watchos/PackageFrameworks -F/Users/admin/builder/spi-builder-workspace/.derivedData/Build/Products/Debug-watchos/PackageFrameworks -F/Users/admin/builder/spi-builder-workspace/.derivedData/Build/Products/Debug-watchos/PackageFrameworks -F/Users/admin/builder/spi-builder-workspace/.derivedData/Build/Products/Debug-watchos -iframework /Applications/Xcode-26.3.0.app/Contents/Developer/Platforms/WatchOS.platform/Developer/Library/Frameworks -iframework /Applications/Xcode-26.3.0.app/Contents/Developer/Platforms/WatchOS.platform/Developer/SDKs/WatchOS26.2.sdk/Developer/Library/Frameworks -filelist /Users/admin/builder/spi-builder-workspace/.derivedData/Build/Intermediates.noindex/GitHubRestAPISwiftOpenAPI.build/Debug-watchos/GitHubRestAPIRepos.build/Objects-normal/armv7k/GitHubRestAPIRepos.LinkFileList -nostdlib -Xlinker -object_path_lto -Xlinker /Users/admin/builder/spi-builder-workspace/.derivedData/Build/Intermediates.noindex/GitHubRestAPISwiftOpenAPI.build/Debug-watchos/GitHubRestAPIRepos.build/Objects-normal/armv7k/GitHubRestAPIRepos_lto.o -rdynamic -Xlinker -no_deduplicate -Xlinker -debug_variant -Xlinker -dependency_info -Xlinker /Users/admin/builder/spi-builder-workspace/.derivedData/Build/Intermediates.noindex/GitHubRestAPISwiftOpenAPI.build/Debug-watchos/GitHubRestAPIRepos.build/Objects-normal/armv7k/GitHubRestAPIRepos_dependency_info.dat -fobjc-link-runtime -L/Applications/Xcode-26.3.0.app/Contents/Developer/Toolchains/XcodeDefault.xctoolchain/usr/lib/swift/watchos -L/usr/lib/swift -Xlinker -add_ast_path -Xlinker /Users/admin/builder/spi-builder-workspace/.derivedData/Build/Intermediates.noindex/GitHubRestAPISwiftOpenAPI.build/Debug-watchos/GitHubRestAPIRepos.build/Objects-normal/armv7k/GitHubRestAPIRepos.swiftmodule @/Users/admin/builder/spi-builder-workspace/.derivedData/Build/Intermediates.noindex/GitHubRestAPISwiftOpenAPI.build/Debug-watchos/GitHubRestAPIRepos.build/Objects-normal/armv7k/GitHubRestAPIRepos-linker-args.resp -o /Users/admin/builder/spi-builder-workspace/.derivedData/Build/Intermediates.noindex/GitHubRestAPISwiftOpenAPI.build/Debug-watchos/GitHubRestAPIRepos.build/Objects-normal/armv7k/Binary/GitHubRestAPIRepos.o
ld: scattered reloc r_address too large for architecture armv7k
clang: error: linker command failed with exit code 1 (use -v to see invocation)
Ld /Users/admin/builder/spi-builder-workspace/.derivedData/Build/Intermediates.noindex/GitHubRestAPISwiftOpenAPI.build/Debug-watchos/GitHubRestAPIRepos.build/Objects-normal/arm64_32/Binary/GitHubRestAPIRepos.o normal arm64_32 (in target 'GitHubRestAPIRepos' from project 'GitHubRestAPISwiftOpenAPI')
    cd /Users/admin/builder/spi-builder-workspace
    /Applications/Xcode-26.3.0.app/Contents/Developer/Toolchains/XcodeDefault.xctoolchain/usr/bin/clang -Xlinker -reproducible -target arm64_32-apple-watchos6.0 -r -isysroot /Applications/Xcode-26.3.0.app/Contents/Developer/Platforms/WatchOS.platform/Developer/SDKs/WatchOS26.2.sdk -O0 -L/Users/admin/builder/spi-builder-workspace/.derivedData/Build/Intermediates.noindex/EagerLinkingTBDs/Debug-watchos -L/Users/admin/builder/spi-builder-workspace/.derivedData/Build/Products/Debug-watchos -L/Applications/Xcode-26.3.0.app/Contents/Developer/Platforms/WatchOS.platform/Developer/usr/lib -F/Users/admin/builder/spi-builder-workspace/.derivedData/Build/Intermediates.noindex/EagerLinkingTBDs/Debug-watchos -F/Users/admin/builder/spi-builder-workspace/.derivedData/Build/Products/Debug-watchos/PackageFrameworks -F/Users/admin/builder/spi-builder-workspace/.derivedData/Build/Products/Debug-watchos/PackageFrameworks -F/Users/admin/builder/spi-builder-workspace/.derivedData/Build/Products/Debug-watchos/PackageFrameworks -F/Users/admin/builder/spi-builder-workspace/.derivedData/Build/Products/Debug-watchos/PackageFrameworks -F/Users/admin/builder/spi-builder-workspace/.derivedData/Build/Products/Debug-watchos/PackageFrameworks -F/Users/admin/builder/spi-builder-workspace/.derivedData/Build/Products/Debug-watchos/PackageFrameworks -F/Users/admin/builder/spi-builder-workspace/.derivedData/Build/Products/Debug-watchos -iframework /Applications/Xcode-26.3.0.app/Contents/Developer/Platforms/WatchOS.platform/Developer/Library/Frameworks -iframework /Applications/Xcode-26.3.0.app/Contents/Developer/Platforms/WatchOS.platform/Developer/SDKs/WatchOS26.2.sdk/Developer/Library/Frameworks -filelist /Users/admin/builder/spi-builder-workspace/.derivedData/Build/Intermediates.noindex/GitHubRestAPISwiftOpenAPI.build/Debug-watchos/GitHubRestAPIRepos.build/Objects-normal/arm64_32/GitHubRestAPIRepos.LinkFileList -nostdlib -Xlinker -object_path_lto -Xlinker /Users/admin/builder/spi-builder-workspace/.derivedData/Build/Intermediates.noindex/GitHubRestAPISwiftOpenAPI.build/Debug-watchos/GitHubRestAPIRepos.build/Objects-normal/arm64_32/GitHubRestAPIRepos_lto.o -rdynamic -Xlinker -no_deduplicate -Xlinker -debug_variant -Xlinker -dependency_info -Xlinker /Users/admin/builder/spi-builder-workspace/.derivedData/Build/Intermediates.noindex/GitHubRestAPISwiftOpenAPI.build/Debug-watchos/GitHubRestAPIRepos.build/Objects-normal/arm64_32/GitHubRestAPIRepos_dependency_info.dat -fobjc-link-runtime -L/Applications/Xcode-26.3.0.app/Contents/Developer/Toolchains/XcodeDefault.xctoolchain/usr/lib/swift/watchos -L/usr/lib/swift -Xlinker -add_ast_path -Xlinker /Users/admin/builder/spi-builder-workspace/.derivedData/Build/Intermediates.noindex/GitHubRestAPISwiftOpenAPI.build/Debug-watchos/GitHubRestAPIRepos.build/Objects-normal/arm64_32/GitHubRestAPIRepos.swiftmodule @/Users/admin/builder/spi-builder-workspace/.derivedData/Build/Intermediates.noindex/GitHubRestAPISwiftOpenAPI.build/Debug-watchos/GitHubRestAPIRepos.build/Objects-normal/arm64_32/GitHubRestAPIRepos-linker-args.resp -o /Users/admin/builder/spi-builder-workspace/.derivedData/Build/Intermediates.noindex/GitHubRestAPISwiftOpenAPI.build/Debug-watchos/GitHubRestAPIRepos.build/Objects-normal/arm64_32/Binary/GitHubRestAPIRepos.o
Ld /Users/admin/builder/spi-builder-workspace/.derivedData/Build/Intermediates.noindex/GitHubRestAPISwiftOpenAPI.build/Debug-watchos/GitHubRestAPIRepos.build/Objects-normal/arm64/Binary/GitHubRestAPIRepos.o normal arm64 (in target 'GitHubRestAPIRepos' from project 'GitHubRestAPISwiftOpenAPI')
    cd /Users/admin/builder/spi-builder-workspace
    /Applications/Xcode-26.3.0.app/Contents/Developer/Toolchains/XcodeDefault.xctoolchain/usr/bin/clang -Xlinker -reproducible -target arm64-apple-watchos6.0 -r -isysroot /Applications/Xcode-26.3.0.app/Contents/Developer/Platforms/WatchOS.platform/Developer/SDKs/WatchOS26.2.sdk -O0 -L/Users/admin/builder/spi-builder-workspace/.derivedData/Build/Intermediates.noindex/EagerLinkingTBDs/Debug-watchos -L/Users/admin/builder/spi-builder-workspace/.derivedData/Build/Products/Debug-watchos -L/Applications/Xcode-26.3.0.app/Contents/Developer/Platforms/WatchOS.platform/Developer/usr/lib -F/Users/admin/builder/spi-builder-workspace/.derivedData/Build/Intermediates.noindex/EagerLinkingTBDs/Debug-watchos -F/Users/admin/builder/spi-builder-workspace/.derivedData/Build/Products/Debug-watchos/PackageFrameworks -F/Users/admin/builder/spi-builder-workspace/.derivedData/Build/Products/Debug-watchos/PackageFrameworks -F/Users/admin/builder/spi-builder-workspace/.derivedData/Build/Products/Debug-watchos/PackageFrameworks -F/Users/admin/builder/spi-builder-workspace/.derivedData/Build/Products/Debug-watchos/PackageFrameworks -F/Users/admin/builder/spi-builder-workspace/.derivedData/Build/Products/Debug-watchos/PackageFrameworks -F/Users/admin/builder/spi-builder-workspace/.derivedData/Build/Products/Debug-watchos/PackageFrameworks -F/Users/admin/builder/spi-builder-workspace/.derivedData/Build/Products/Debug-watchos -iframework /Applications/Xcode-26.3.0.app/Contents/Developer/Platforms/WatchOS.platform/Developer/Library/Frameworks -iframework /Applications/Xcode-26.3.0.app/Contents/Developer/Platforms/WatchOS.platform/Developer/SDKs/WatchOS26.2.sdk/Developer/Library/Frameworks -filelist /Users/admin/builder/spi-builder-workspace/.derivedData/Build/Intermediates.noindex/GitHubRestAPISwiftOpenAPI.build/Debug-watchos/GitHubRestAPIRepos.build/Objects-normal/arm64/GitHubRestAPIRepos.LinkFileList -nostdlib -Xlinker -object_path_lto -Xlinker /Users/admin/builder/spi-builder-workspace/.derivedData/Build/Intermediates.noindex/GitHubRestAPISwiftOpenAPI.build/Debug-watchos/GitHubRestAPIRepos.build/Objects-normal/arm64/GitHubRestAPIRepos_lto.o -rdynamic -Xlinker -no_deduplicate -Xlinker -debug_variant -Xlinker -dependency_info -Xlinker /Users/admin/builder/spi-builder-workspace/.derivedData/Build/Intermediates.noindex/GitHubRestAPISwiftOpenAPI.build/Debug-watchos/GitHubRestAPIRepos.build/Objects-normal/arm64/GitHubRestAPIRepos_dependency_info.dat -fobjc-link-runtime -L/Applications/Xcode-26.3.0.app/Contents/Developer/Toolchains/XcodeDefault.xctoolchain/usr/lib/swift/watchos -L/usr/lib/swift -Xlinker -add_ast_path -Xlinker /Users/admin/builder/spi-builder-workspace/.derivedData/Build/Intermediates.noindex/GitHubRestAPISwiftOpenAPI.build/Debug-watchos/GitHubRestAPIRepos.build/Objects-normal/arm64/GitHubRestAPIRepos.swiftmodule @/Users/admin/builder/spi-builder-workspace/.derivedData/Build/Intermediates.noindex/GitHubRestAPISwiftOpenAPI.build/Debug-watchos/GitHubRestAPIRepos.build/Objects-normal/arm64/GitHubRestAPIRepos-linker-args.resp -o /Users/admin/builder/spi-builder-workspace/.derivedData/Build/Intermediates.noindex/GitHubRestAPISwiftOpenAPI.build/Debug-watchos/GitHubRestAPIRepos.build/Objects-normal/arm64/Binary/GitHubRestAPIRepos.o
Ld /Users/admin/builder/spi-builder-workspace/.derivedData/Build/Intermediates.noindex/GitHubRestAPISwiftOpenAPI.build/Debug-watchos/GitHubRestAPIReactions.build/Objects-normal/armv7k/Binary/GitHubRestAPIReactions.o normal armv7k (in target 'GitHubRestAPIReactions' from project 'GitHubRestAPISwiftOpenAPI')
    cd /Users/admin/builder/spi-builder-workspace
    /Applications/Xcode-26.3.0.app/Contents/Developer/Toolchains/XcodeDefault.xctoolchain/usr/bin/clang -Xlinker -reproducible -target armv7k-apple-watchos6.0 -r -isysroot /Applications/Xcode-26.3.0.app/Contents/Developer/Platforms/WatchOS.platform/Developer/SDKs/WatchOS26.2.sdk -O0 -L/Users/admin/builder/spi-builder-workspace/.derivedData/Build/Intermediates.noindex/EagerLinkingTBDs/Debug-watchos -L/Users/admin/builder/spi-builder-workspace/.derivedData/Build/Products/Debug-watchos -L/Applications/Xcode-26.3.0.app/Contents/Developer/Platforms/WatchOS.platform/Developer/usr/lib -F/Users/admin/builder/spi-builder-workspace/.derivedData/Build/Intermediates.noindex/EagerLinkingTBDs/Debug-watchos -F/Users/admin/builder/spi-builder-workspace/.derivedData/Build/Products/Debug-watchos/PackageFrameworks -F/Users/admin/builder/spi-builder-workspace/.derivedData/Build/Products/Debug-watchos/PackageFrameworks -F/Users/admin/builder/spi-builder-workspace/.derivedData/Build/Products/Debug-watchos/PackageFrameworks -F/Users/admin/builder/spi-builder-workspace/.derivedData/Build/Products/Debug-watchos/PackageFrameworks -F/Users/admin/builder/spi-builder-workspace/.derivedData/Build/Products/Debug-watchos/PackageFrameworks -F/Users/admin/builder/spi-builder-workspace/.derivedData/Build/Products/Debug-watchos/PackageFrameworks -F/Users/admin/builder/spi-builder-workspace/.derivedData/Build/Products/Debug-watchos -iframework /Applications/Xcode-26.3.0.app/Contents/Developer/Platforms/WatchOS.platform/Developer/Library/Frameworks -iframework /Applications/Xcode-26.3.0.app/Contents/Developer/Platforms/WatchOS.platform/Developer/SDKs/WatchOS26.2.sdk/Developer/Library/Frameworks -filelist /Users/admin/builder/spi-builder-workspace/.derivedData/Build/Intermediates.noindex/GitHubRestAPISwiftOpenAPI.build/Debug-watchos/GitHubRestAPIReactions.build/Objects-normal/armv7k/GitHubRestAPIReactions.LinkFileList -nostdlib -Xlinker -object_path_lto -Xlinker /Users/admin/builder/spi-builder-workspace/.derivedData/Build/Intermediates.noindex/GitHubRestAPISwiftOpenAPI.build/Debug-watchos/GitHubRestAPIReactions.build/Objects-normal/armv7k/GitHubRestAPIReactions_lto.o -rdynamic -Xlinker -no_deduplicate -Xlinker -debug_variant -Xlinker -dependency_info -Xlinker /Users/admin/builder/spi-builder-workspace/.derivedData/Build/Intermediates.noindex/GitHubRestAPISwiftOpenAPI.build/Debug-watchos/GitHubRestAPIReactions.build/Objects-normal/armv7k/GitHubRestAPIReactions_dependency_info.dat -fobjc-link-runtime -L/Applications/Xcode-26.3.0.app/Contents/Developer/Toolchains/XcodeDefault.xctoolchain/usr/lib/swift/watchos -L/usr/lib/swift -Xlinker -add_ast_path -Xlinker /Users/admin/builder/spi-builder-workspace/.derivedData/Build/Intermediates.noindex/GitHubRestAPISwiftOpenAPI.build/Debug-watchos/GitHubRestAPIReactions.build/Objects-normal/armv7k/GitHubRestAPIReactions.swiftmodule @/Users/admin/builder/spi-builder-workspace/.derivedData/Build/Intermediates.noindex/GitHubRestAPISwiftOpenAPI.build/Debug-watchos/GitHubRestAPIReactions.build/Objects-normal/armv7k/GitHubRestAPIReactions-linker-args.resp -o /Users/admin/builder/spi-builder-workspace/.derivedData/Build/Intermediates.noindex/GitHubRestAPISwiftOpenAPI.build/Debug-watchos/GitHubRestAPIReactions.build/Objects-normal/armv7k/Binary/GitHubRestAPIReactions.o
Ld /Users/admin/builder/spi-builder-workspace/.derivedData/Build/Intermediates.noindex/GitHubRestAPISwiftOpenAPI.build/Debug-watchos/GitHubRestAPIReactions.build/Objects-normal/arm64_32/Binary/GitHubRestAPIReactions.o normal arm64_32 (in target 'GitHubRestAPIReactions' from project 'GitHubRestAPISwiftOpenAPI')
    cd /Users/admin/builder/spi-builder-workspace
    /Applications/Xcode-26.3.0.app/Contents/Developer/Toolchains/XcodeDefault.xctoolchain/usr/bin/clang -Xlinker -reproducible -target arm64_32-apple-watchos6.0 -r -isysroot /Applications/Xcode-26.3.0.app/Contents/Developer/Platforms/WatchOS.platform/Developer/SDKs/WatchOS26.2.sdk -O0 -L/Users/admin/builder/spi-builder-workspace/.derivedData/Build/Intermediates.noindex/EagerLinkingTBDs/Debug-watchos -L/Users/admin/builder/spi-builder-workspace/.derivedData/Build/Products/Debug-watchos -L/Applications/Xcode-26.3.0.app/Contents/Developer/Platforms/WatchOS.platform/Developer/usr/lib -F/Users/admin/builder/spi-builder-workspace/.derivedData/Build/Intermediates.noindex/EagerLinkingTBDs/Debug-watchos -F/Users/admin/builder/spi-builder-workspace/.derivedData/Build/Products/Debug-watchos/PackageFrameworks -F/Users/admin/builder/spi-builder-workspace/.derivedData/Build/Products/Debug-watchos/PackageFrameworks -F/Users/admin/builder/spi-builder-workspace/.derivedData/Build/Products/Debug-watchos/PackageFrameworks -F/Users/admin/builder/spi-builder-workspace/.derivedData/Build/Products/Debug-watchos/PackageFrameworks -F/Users/admin/builder/spi-builder-workspace/.derivedData/Build/Products/Debug-watchos/PackageFrameworks -F/Users/admin/builder/spi-builder-workspace/.derivedData/Build/Products/Debug-watchos/PackageFrameworks -F/Users/admin/builder/spi-builder-workspace/.derivedData/Build/Products/Debug-watchos -iframework /Applications/Xcode-26.3.0.app/Contents/Developer/Platforms/WatchOS.platform/Developer/Library/Frameworks -iframework /Applications/Xcode-26.3.0.app/Contents/Developer/Platforms/WatchOS.platform/Developer/SDKs/WatchOS26.2.sdk/Developer/Library/Frameworks -filelist /Users/admin/builder/spi-builder-workspace/.derivedData/Build/Intermediates.noindex/GitHubRestAPISwiftOpenAPI.build/Debug-watchos/GitHubRestAPIReactions.build/Objects-normal/arm64_32/GitHubRestAPIReactions.LinkFileList -nostdlib -Xlinker -object_path_lto -Xlinker /Users/admin/builder/spi-builder-workspace/.derivedData/Build/Intermediates.noindex/GitHubRestAPISwiftOpenAPI.build/Debug-watchos/GitHubRestAPIReactions.build/Objects-normal/arm64_32/GitHubRestAPIReactions_lto.o -rdynamic -Xlinker -no_deduplicate -Xlinker -debug_variant -Xlinker -dependency_info -Xlinker /Users/admin/builder/spi-builder-workspace/.derivedData/Build/Intermediates.noindex/GitHubRestAPISwiftOpenAPI.build/Debug-watchos/GitHubRestAPIReactions.build/Objects-normal/arm64_32/GitHubRestAPIReactions_dependency_info.dat -fobjc-link-runtime -L/Applications/Xcode-26.3.0.app/Contents/Developer/Toolchains/XcodeDefault.xctoolchain/usr/lib/swift/watchos -L/usr/lib/swift -Xlinker -add_ast_path -Xlinker /Users/admin/builder/spi-builder-workspace/.derivedData/Build/Intermediates.noindex/GitHubRestAPISwiftOpenAPI.build/Debug-watchos/GitHubRestAPIReactions.build/Objects-normal/arm64_32/GitHubRestAPIReactions.swiftmodule @/Users/admin/builder/spi-builder-workspace/.derivedData/Build/Intermediates.noindex/GitHubRestAPISwiftOpenAPI.build/Debug-watchos/GitHubRestAPIReactions.build/Objects-normal/arm64_32/GitHubRestAPIReactions-linker-args.resp -o /Users/admin/builder/spi-builder-workspace/.derivedData/Build/Intermediates.noindex/GitHubRestAPISwiftOpenAPI.build/Debug-watchos/GitHubRestAPIReactions.build/Objects-normal/arm64_32/Binary/GitHubRestAPIReactions.o
Ld /Users/admin/builder/spi-builder-workspace/.derivedData/Build/Intermediates.noindex/GitHubRestAPISwiftOpenAPI.build/Debug-watchos/GitHubRestAPIReactions.build/Objects-normal/arm64/Binary/GitHubRestAPIReactions.o normal arm64 (in target 'GitHubRestAPIReactions' from project 'GitHubRestAPISwiftOpenAPI')
    cd /Users/admin/builder/spi-builder-workspace
    /Applications/Xcode-26.3.0.app/Contents/Developer/Toolchains/XcodeDefault.xctoolchain/usr/bin/clang -Xlinker -reproducible -target arm64-apple-watchos6.0 -r -isysroot /Applications/Xcode-26.3.0.app/Contents/Developer/Platforms/WatchOS.platform/Developer/SDKs/WatchOS26.2.sdk -O0 -L/Users/admin/builder/spi-builder-workspace/.derivedData/Build/Intermediates.noindex/EagerLinkingTBDs/Debug-watchos -L/Users/admin/builder/spi-builder-workspace/.derivedData/Build/Products/Debug-watchos -L/Applications/Xcode-26.3.0.app/Contents/Developer/Platforms/WatchOS.platform/Developer/usr/lib -F/Users/admin/builder/spi-builder-workspace/.derivedData/Build/Intermediates.noindex/EagerLinkingTBDs/Debug-watchos -F/Users/admin/builder/spi-builder-workspace/.derivedData/Build/Products/Debug-watchos/PackageFrameworks -F/Users/admin/builder/spi-builder-workspace/.derivedData/Build/Products/Debug-watchos/PackageFrameworks -F/Users/admin/builder/spi-builder-workspace/.derivedData/Build/Products/Debug-watchos/PackageFrameworks -F/Users/admin/builder/spi-builder-workspace/.derivedData/Build/Products/Debug-watchos/PackageFrameworks -F/Users/admin/builder/spi-builder-workspace/.derivedData/Build/Products/Debug-watchos/PackageFrameworks -F/Users/admin/builder/spi-builder-workspace/.derivedData/Build/Products/Debug-watchos/PackageFrameworks -F/Users/admin/builder/spi-builder-workspace/.derivedData/Build/Products/Debug-watchos -iframework /Applications/Xcode-26.3.0.app/Contents/Developer/Platforms/WatchOS.platform/Developer/Library/Frameworks -iframework /Applications/Xcode-26.3.0.app/Contents/Developer/Platforms/WatchOS.platform/Developer/SDKs/WatchOS26.2.sdk/Developer/Library/Frameworks -filelist /Users/admin/builder/spi-builder-workspace/.derivedData/Build/Intermediates.noindex/GitHubRestAPISwiftOpenAPI.build/Debug-watchos/GitHubRestAPIReactions.build/Objects-normal/arm64/GitHubRestAPIReactions.LinkFileList -nostdlib -Xlinker -object_path_lto -Xlinker /Users/admin/builder/spi-builder-workspace/.derivedData/Build/Intermediates.noindex/GitHubRestAPISwiftOpenAPI.build/Debug-watchos/GitHubRestAPIReactions.build/Objects-normal/arm64/GitHubRestAPIReactions_lto.o -rdynamic -Xlinker -no_deduplicate -Xlinker -debug_variant -Xlinker -dependency_info -Xlinker /Users/admin/builder/spi-builder-workspace/.derivedData/Build/Intermediates.noindex/GitHubRestAPISwiftOpenAPI.build/Debug-watchos/GitHubRestAPIReactions.build/Objects-normal/arm64/GitHubRestAPIReactions_dependency_info.dat -fobjc-link-runtime -L/Applications/Xcode-26.3.0.app/Contents/Developer/Toolchains/XcodeDefault.xctoolchain/usr/lib/swift/watchos -L/usr/lib/swift -Xlinker -add_ast_path -Xlinker /Users/admin/builder/spi-builder-workspace/.derivedData/Build/Intermediates.noindex/GitHubRestAPISwiftOpenAPI.build/Debug-watchos/GitHubRestAPIReactions.build/Objects-normal/arm64/GitHubRestAPIReactions.swiftmodule @/Users/admin/builder/spi-builder-workspace/.derivedData/Build/Intermediates.noindex/GitHubRestAPISwiftOpenAPI.build/Debug-watchos/GitHubRestAPIReactions.build/Objects-normal/arm64/GitHubRestAPIReactions-linker-args.resp -o /Users/admin/builder/spi-builder-workspace/.derivedData/Build/Intermediates.noindex/GitHubRestAPISwiftOpenAPI.build/Debug-watchos/GitHubRestAPIReactions.build/Objects-normal/arm64/Binary/GitHubRestAPIReactions.o
Ld /Users/admin/builder/spi-builder-workspace/.derivedData/Build/Intermediates.noindex/GitHubRestAPISwiftOpenAPI.build/Debug-watchos/GitHubRestAPIRateLimit.build/Objects-normal/armv7k/Binary/GitHubRestAPIRateLimit.o normal armv7k (in target 'GitHubRestAPIRateLimit' from project 'GitHubRestAPISwiftOpenAPI')
    cd /Users/admin/builder/spi-builder-workspace
    /Applications/Xcode-26.3.0.app/Contents/Developer/Toolchains/XcodeDefault.xctoolchain/usr/bin/clang -Xlinker -reproducible -target armv7k-apple-watchos6.0 -r -isysroot /Applications/Xcode-26.3.0.app/Contents/Developer/Platforms/WatchOS.platform/Developer/SDKs/WatchOS26.2.sdk -O0 -L/Users/admin/builder/spi-builder-workspace/.derivedData/Build/Intermediates.noindex/EagerLinkingTBDs/Debug-watchos -L/Users/admin/builder/spi-builder-workspace/.derivedData/Build/Products/Debug-watchos -L/Applications/Xcode-26.3.0.app/Contents/Developer/Platforms/WatchOS.platform/Developer/usr/lib -F/Users/admin/builder/spi-builder-workspace/.derivedData/Build/Intermediates.noindex/EagerLinkingTBDs/Debug-watchos -F/Users/admin/builder/spi-builder-workspace/.derivedData/Build/Products/Debug-watchos/PackageFrameworks -F/Users/admin/builder/spi-builder-workspace/.derivedData/Build/Products/Debug-watchos/PackageFrameworks -F/Users/admin/builder/spi-builder-workspace/.derivedData/Build/Products/Debug-watchos/PackageFrameworks -F/Users/admin/builder/spi-builder-workspace/.derivedData/Build/Products/Debug-watchos/PackageFrameworks -F/Users/admin/builder/spi-builder-workspace/.derivedData/Build/Products/Debug-watchos/PackageFrameworks -F/Users/admin/builder/spi-builder-workspace/.derivedData/Build/Products/Debug-watchos/PackageFrameworks -F/Users/admin/builder/spi-builder-workspace/.derivedData/Build/Products/Debug-watchos -iframework /Applications/Xcode-26.3.0.app/Contents/Developer/Platforms/WatchOS.platform/Developer/Library/Frameworks -iframework /Applications/Xcode-26.3.0.app/Contents/Developer/Platforms/WatchOS.platform/Developer/SDKs/WatchOS26.2.sdk/Developer/Library/Frameworks -filelist /Users/admin/builder/spi-builder-workspace/.derivedData/Build/Intermediates.noindex/GitHubRestAPISwiftOpenAPI.build/Debug-watchos/GitHubRestAPIRateLimit.build/Objects-normal/armv7k/GitHubRestAPIRateLimit.LinkFileList -nostdlib -Xlinker -object_path_lto -Xlinker /Users/admin/builder/spi-builder-workspace/.derivedData/Build/Intermediates.noindex/GitHubRestAPISwiftOpenAPI.build/Debug-watchos/GitHubRestAPIRateLimit.build/Objects-normal/armv7k/GitHubRestAPIRateLimit_lto.o -rdynamic -Xlinker -no_deduplicate -Xlinker -debug_variant -Xlinker -dependency_info -Xlinker /Users/admin/builder/spi-builder-workspace/.derivedData/Build/Intermediates.noindex/GitHubRestAPISwiftOpenAPI.build/Debug-watchos/GitHubRestAPIRateLimit.build/Objects-normal/armv7k/GitHubRestAPIRateLimit_dependency_info.dat -fobjc-link-runtime -L/Applications/Xcode-26.3.0.app/Contents/Developer/Toolchains/XcodeDefault.xctoolchain/usr/lib/swift/watchos -L/usr/lib/swift -Xlinker -add_ast_path -Xlinker /Users/admin/builder/spi-builder-workspace/.derivedData/Build/Intermediates.noindex/GitHubRestAPISwiftOpenAPI.build/Debug-watchos/GitHubRestAPIRateLimit.build/Objects-normal/armv7k/GitHubRestAPIRateLimit.swiftmodule @/Users/admin/builder/spi-builder-workspace/.derivedData/Build/Intermediates.noindex/GitHubRestAPISwiftOpenAPI.build/Debug-watchos/GitHubRestAPIRateLimit.build/Objects-normal/armv7k/GitHubRestAPIRateLimit-linker-args.resp -o /Users/admin/builder/spi-builder-workspace/.derivedData/Build/Intermediates.noindex/GitHubRestAPISwiftOpenAPI.build/Debug-watchos/GitHubRestAPIRateLimit.build/Objects-normal/armv7k/Binary/GitHubRestAPIRateLimit.o
Ld /Users/admin/builder/spi-builder-workspace/.derivedData/Build/Intermediates.noindex/GitHubRestAPISwiftOpenAPI.build/Debug-watchos/GitHubRestAPIRateLimit.build/Objects-normal/arm64_32/Binary/GitHubRestAPIRateLimit.o normal arm64_32 (in target 'GitHubRestAPIRateLimit' from project 'GitHubRestAPISwiftOpenAPI')
    cd /Users/admin/builder/spi-builder-workspace
    /Applications/Xcode-26.3.0.app/Contents/Developer/Toolchains/XcodeDefault.xctoolchain/usr/bin/clang -Xlinker -reproducible -target arm64_32-apple-watchos6.0 -r -isysroot /Applications/Xcode-26.3.0.app/Contents/Developer/Platforms/WatchOS.platform/Developer/SDKs/WatchOS26.2.sdk -O0 -L/Users/admin/builder/spi-builder-workspace/.derivedData/Build/Intermediates.noindex/EagerLinkingTBDs/Debug-watchos -L/Users/admin/builder/spi-builder-workspace/.derivedData/Build/Products/Debug-watchos -L/Applications/Xcode-26.3.0.app/Contents/Developer/Platforms/WatchOS.platform/Developer/usr/lib -F/Users/admin/builder/spi-builder-workspace/.derivedData/Build/Intermediates.noindex/EagerLinkingTBDs/Debug-watchos -F/Users/admin/builder/spi-builder-workspace/.derivedData/Build/Products/Debug-watchos/PackageFrameworks -F/Users/admin/builder/spi-builder-workspace/.derivedData/Build/Products/Debug-watchos/PackageFrameworks -F/Users/admin/builder/spi-builder-workspace/.derivedData/Build/Products/Debug-watchos/PackageFrameworks -F/Users/admin/builder/spi-builder-workspace/.derivedData/Build/Products/Debug-watchos/PackageFrameworks -F/Users/admin/builder/spi-builder-workspace/.derivedData/Build/Products/Debug-watchos/PackageFrameworks -F/Users/admin/builder/spi-builder-workspace/.derivedData/Build/Products/Debug-watchos/PackageFrameworks -F/Users/admin/builder/spi-builder-workspace/.derivedData/Build/Products/Debug-watchos -iframework /Applications/Xcode-26.3.0.app/Contents/Developer/Platforms/WatchOS.platform/Developer/Library/Frameworks -iframework /Applications/Xcode-26.3.0.app/Contents/Developer/Platforms/WatchOS.platform/Developer/SDKs/WatchOS26.2.sdk/Developer/Library/Frameworks -filelist /Users/admin/builder/spi-builder-workspace/.derivedData/Build/Intermediates.noindex/GitHubRestAPISwiftOpenAPI.build/Debug-watchos/GitHubRestAPIRateLimit.build/Objects-normal/arm64_32/GitHubRestAPIRateLimit.LinkFileList -nostdlib -Xlinker -object_path_lto -Xlinker /Users/admin/builder/spi-builder-workspace/.derivedData/Build/Intermediates.noindex/GitHubRestAPISwiftOpenAPI.build/Debug-watchos/GitHubRestAPIRateLimit.build/Objects-normal/arm64_32/GitHubRestAPIRateLimit_lto.o -rdynamic -Xlinker -no_deduplicate -Xlinker -debug_variant -Xlinker -dependency_info -Xlinker /Users/admin/builder/spi-builder-workspace/.derivedData/Build/Intermediates.noindex/GitHubRestAPISwiftOpenAPI.build/Debug-watchos/GitHubRestAPIRateLimit.build/Objects-normal/arm64_32/GitHubRestAPIRateLimit_dependency_info.dat -fobjc-link-runtime -L/Applications/Xcode-26.3.0.app/Contents/Developer/Toolchains/XcodeDefault.xctoolchain/usr/lib/swift/watchos -L/usr/lib/swift -Xlinker -add_ast_path -Xlinker /Users/admin/builder/spi-builder-workspace/.derivedData/Build/Intermediates.noindex/GitHubRestAPISwiftOpenAPI.build/Debug-watchos/GitHubRestAPIRateLimit.build/Objects-normal/arm64_32/GitHubRestAPIRateLimit.swiftmodule @/Users/admin/builder/spi-builder-workspace/.derivedData/Build/Intermediates.noindex/GitHubRestAPISwiftOpenAPI.build/Debug-watchos/GitHubRestAPIRateLimit.build/Objects-normal/arm64_32/GitHubRestAPIRateLimit-linker-args.resp -o /Users/admin/builder/spi-builder-workspace/.derivedData/Build/Intermediates.noindex/GitHubRestAPISwiftOpenAPI.build/Debug-watchos/GitHubRestAPIRateLimit.build/Objects-normal/arm64_32/Binary/GitHubRestAPIRateLimit.o
Ld /Users/admin/builder/spi-builder-workspace/.derivedData/Build/Intermediates.noindex/GitHubRestAPISwiftOpenAPI.build/Debug-watchos/GitHubRestAPIRateLimit.build/Objects-normal/arm64/Binary/GitHubRestAPIRateLimit.o normal arm64 (in target 'GitHubRestAPIRateLimit' from project 'GitHubRestAPISwiftOpenAPI')
    cd /Users/admin/builder/spi-builder-workspace
    /Applications/Xcode-26.3.0.app/Contents/Developer/Toolchains/XcodeDefault.xctoolchain/usr/bin/clang -Xlinker -reproducible -target arm64-apple-watchos6.0 -r -isysroot /Applications/Xcode-26.3.0.app/Contents/Developer/Platforms/WatchOS.platform/Developer/SDKs/WatchOS26.2.sdk -O0 -L/Users/admin/builder/spi-builder-workspace/.derivedData/Build/Intermediates.noindex/EagerLinkingTBDs/Debug-watchos -L/Users/admin/builder/spi-builder-workspace/.derivedData/Build/Products/Debug-watchos -L/Applications/Xcode-26.3.0.app/Contents/Developer/Platforms/WatchOS.platform/Developer/usr/lib -F/Users/admin/builder/spi-builder-workspace/.derivedData/Build/Intermediates.noindex/EagerLinkingTBDs/Debug-watchos -F/Users/admin/builder/spi-builder-workspace/.derivedData/Build/Products/Debug-watchos/PackageFrameworks -F/Users/admin/builder/spi-builder-workspace/.derivedData/Build/Products/Debug-watchos/PackageFrameworks -F/Users/admin/builder/spi-builder-workspace/.derivedData/Build/Products/Debug-watchos/PackageFrameworks -F/Users/admin/builder/spi-builder-workspace/.derivedData/Build/Products/Debug-watchos/PackageFrameworks -F/Users/admin/builder/spi-builder-workspace/.derivedData/Build/Products/Debug-watchos/PackageFrameworks -F/Users/admin/builder/spi-builder-workspace/.derivedData/Build/Products/Debug-watchos/PackageFrameworks -F/Users/admin/builder/spi-builder-workspace/.derivedData/Build/Products/Debug-watchos -iframework /Applications/Xcode-26.3.0.app/Contents/Developer/Platforms/WatchOS.platform/Developer/Library/Frameworks -iframework /Applications/Xcode-26.3.0.app/Contents/Developer/Platforms/WatchOS.platform/Developer/SDKs/WatchOS26.2.sdk/Developer/Library/Frameworks -filelist /Users/admin/builder/spi-builder-workspace/.derivedData/Build/Intermediates.noindex/GitHubRestAPISwiftOpenAPI.build/Debug-watchos/GitHubRestAPIRateLimit.build/Objects-normal/arm64/GitHubRestAPIRateLimit.LinkFileList -nostdlib -Xlinker -object_path_lto -Xlinker /Users/admin/builder/spi-builder-workspace/.derivedData/Build/Intermediates.noindex/GitHubRestAPISwiftOpenAPI.build/Debug-watchos/GitHubRestAPIRateLimit.build/Objects-normal/arm64/GitHubRestAPIRateLimit_lto.o -rdynamic -Xlinker -no_deduplicate -Xlinker -debug_variant -Xlinker -dependency_info -Xlinker /Users/admin/builder/spi-builder-workspace/.derivedData/Build/Intermediates.noindex/GitHubRestAPISwiftOpenAPI.build/Debug-watchos/GitHubRestAPIRateLimit.build/Objects-normal/arm64/GitHubRestAPIRateLimit_dependency_info.dat -fobjc-link-runtime -L/Applications/Xcode-26.3.0.app/Contents/Developer/Toolchains/XcodeDefault.xctoolchain/usr/lib/swift/watchos -L/usr/lib/swift -Xlinker -add_ast_path -Xlinker /Users/admin/builder/spi-builder-workspace/.derivedData/Build/Intermediates.noindex/GitHubRestAPISwiftOpenAPI.build/Debug-watchos/GitHubRestAPIRateLimit.build/Objects-normal/arm64/GitHubRestAPIRateLimit.swiftmodule @/Users/admin/builder/spi-builder-workspace/.derivedData/Build/Intermediates.noindex/GitHubRestAPISwiftOpenAPI.build/Debug-watchos/GitHubRestAPIRateLimit.build/Objects-normal/arm64/GitHubRestAPIRateLimit-linker-args.resp -o /Users/admin/builder/spi-builder-workspace/.derivedData/Build/Intermediates.noindex/GitHubRestAPISwiftOpenAPI.build/Debug-watchos/GitHubRestAPIRateLimit.build/Objects-normal/arm64/Binary/GitHubRestAPIRateLimit.o
Ld /Users/admin/builder/spi-builder-workspace/.derivedData/Build/Intermediates.noindex/GitHubRestAPISwiftOpenAPI.build/Debug-watchos/GitHubRestAPIPulls.build/Objects-normal/armv7k/Binary/GitHubRestAPIPulls.o normal armv7k (in target 'GitHubRestAPIPulls' from project 'GitHubRestAPISwiftOpenAPI')
    cd /Users/admin/builder/spi-builder-workspace
    /Applications/Xcode-26.3.0.app/Contents/Developer/Toolchains/XcodeDefault.xctoolchain/usr/bin/clang -Xlinker -reproducible -target armv7k-apple-watchos6.0 -r -isysroot /Applications/Xcode-26.3.0.app/Contents/Developer/Platforms/WatchOS.platform/Developer/SDKs/WatchOS26.2.sdk -O0 -L/Users/admin/builder/spi-builder-workspace/.derivedData/Build/Intermediates.noindex/EagerLinkingTBDs/Debug-watchos -L/Users/admin/builder/spi-builder-workspace/.derivedData/Build/Products/Debug-watchos -L/Applications/Xcode-26.3.0.app/Contents/Developer/Platforms/WatchOS.platform/Developer/usr/lib -F/Users/admin/builder/spi-builder-workspace/.derivedData/Build/Intermediates.noindex/EagerLinkingTBDs/Debug-watchos -F/Users/admin/builder/spi-builder-workspace/.derivedData/Build/Products/Debug-watchos/PackageFrameworks -F/Users/admin/builder/spi-builder-workspace/.derivedData/Build/Products/Debug-watchos/PackageFrameworks -F/Users/admin/builder/spi-builder-workspace/.derivedData/Build/Products/Debug-watchos/PackageFrameworks -F/Users/admin/builder/spi-builder-workspace/.derivedData/Build/Products/Debug-watchos/PackageFrameworks -F/Users/admin/builder/spi-builder-workspace/.derivedData/Build/Products/Debug-watchos/PackageFrameworks -F/Users/admin/builder/spi-builder-workspace/.derivedData/Build/Products/Debug-watchos/PackageFrameworks -F/Users/admin/builder/spi-builder-workspace/.derivedData/Build/Products/Debug-watchos -iframework /Applications/Xcode-26.3.0.app/Contents/Developer/Platforms/WatchOS.platform/Developer/Library/Frameworks -iframework /Applications/Xcode-26.3.0.app/Contents/Developer/Platforms/WatchOS.platform/Developer/SDKs/WatchOS26.2.sdk/Developer/Library/Frameworks -filelist /Users/admin/builder/spi-builder-workspace/.derivedData/Build/Intermediates.noindex/GitHubRestAPISwiftOpenAPI.build/Debug-watchos/GitHubRestAPIPulls.build/Objects-normal/armv7k/GitHubRestAPIPulls.LinkFileList -nostdlib -Xlinker -object_path_lto -Xlinker /Users/admin/builder/spi-builder-workspace/.derivedData/Build/Intermediates.noindex/GitHubRestAPISwiftOpenAPI.build/Debug-watchos/GitHubRestAPIPulls.build/Objects-normal/armv7k/GitHubRestAPIPulls_lto.o -rdynamic -Xlinker -no_deduplicate -Xlinker -debug_variant -Xlinker -dependency_info -Xlinker /Users/admin/builder/spi-builder-workspace/.derivedData/Build/Intermediates.noindex/GitHubRestAPISwiftOpenAPI.build/Debug-watchos/GitHubRestAPIPulls.build/Objects-normal/armv7k/GitHubRestAPIPulls_dependency_info.dat -fobjc-link-runtime -L/Applications/Xcode-26.3.0.app/Contents/Developer/Toolchains/XcodeDefault.xctoolchain/usr/lib/swift/watchos -L/usr/lib/swift -Xlinker -add_ast_path -Xlinker /Users/admin/builder/spi-builder-workspace/.derivedData/Build/Intermediates.noindex/GitHubRestAPISwiftOpenAPI.build/Debug-watchos/GitHubRestAPIPulls.build/Objects-normal/armv7k/GitHubRestAPIPulls.swiftmodule @/Users/admin/builder/spi-builder-workspace/.derivedData/Build/Intermediates.noindex/GitHubRestAPISwiftOpenAPI.build/Debug-watchos/GitHubRestAPIPulls.build/Objects-normal/armv7k/GitHubRestAPIPulls-linker-args.resp -o /Users/admin/builder/spi-builder-workspace/.derivedData/Build/Intermediates.noindex/GitHubRestAPISwiftOpenAPI.build/Debug-watchos/GitHubRestAPIPulls.build/Objects-normal/armv7k/Binary/GitHubRestAPIPulls.o
Ld /Users/admin/builder/spi-builder-workspace/.derivedData/Build/Intermediates.noindex/GitHubRestAPISwiftOpenAPI.build/Debug-watchos/GitHubRestAPIPulls.build/Objects-normal/arm64_32/Binary/GitHubRestAPIPulls.o normal arm64_32 (in target 'GitHubRestAPIPulls' from project 'GitHubRestAPISwiftOpenAPI')
    cd /Users/admin/builder/spi-builder-workspace
    /Applications/Xcode-26.3.0.app/Contents/Developer/Toolchains/XcodeDefault.xctoolchain/usr/bin/clang -Xlinker -reproducible -target arm64_32-apple-watchos6.0 -r -isysroot /Applications/Xcode-26.3.0.app/Contents/Developer/Platforms/WatchOS.platform/Developer/SDKs/WatchOS26.2.sdk -O0 -L/Users/admin/builder/spi-builder-workspace/.derivedData/Build/Intermediates.noindex/EagerLinkingTBDs/Debug-watchos -L/Users/admin/builder/spi-builder-workspace/.derivedData/Build/Products/Debug-watchos -L/Applications/Xcode-26.3.0.app/Contents/Developer/Platforms/WatchOS.platform/Developer/usr/lib -F/Users/admin/builder/spi-builder-workspace/.derivedData/Build/Intermediates.noindex/EagerLinkingTBDs/Debug-watchos -F/Users/admin/builder/spi-builder-workspace/.derivedData/Build/Products/Debug-watchos/PackageFrameworks -F/Users/admin/builder/spi-builder-workspace/.derivedData/Build/Products/Debug-watchos/PackageFrameworks -F/Users/admin/builder/spi-builder-workspace/.derivedData/Build/Products/Debug-watchos/PackageFrameworks -F/Users/admin/builder/spi-builder-workspace/.derivedData/Build/Products/Debug-watchos/PackageFrameworks -F/Users/admin/builder/spi-builder-workspace/.derivedData/Build/Products/Debug-watchos/PackageFrameworks -F/Users/admin/builder/spi-builder-workspace/.derivedData/Build/Products/Debug-watchos/PackageFrameworks -F/Users/admin/builder/spi-builder-workspace/.derivedData/Build/Products/Debug-watchos -iframework /Applications/Xcode-26.3.0.app/Contents/Developer/Platforms/WatchOS.platform/Developer/Library/Frameworks -iframework /Applications/Xcode-26.3.0.app/Contents/Developer/Platforms/WatchOS.platform/Developer/SDKs/WatchOS26.2.sdk/Developer/Library/Frameworks -filelist /Users/admin/builder/spi-builder-workspace/.derivedData/Build/Intermediates.noindex/GitHubRestAPISwiftOpenAPI.build/Debug-watchos/GitHubRestAPIPulls.build/Objects-normal/arm64_32/GitHubRestAPIPulls.LinkFileList -nostdlib -Xlinker -object_path_lto -Xlinker /Users/admin/builder/spi-builder-workspace/.derivedData/Build/Intermediates.noindex/GitHubRestAPISwiftOpenAPI.build/Debug-watchos/GitHubRestAPIPulls.build/Objects-normal/arm64_32/GitHubRestAPIPulls_lto.o -rdynamic -Xlinker -no_deduplicate -Xlinker -debug_variant -Xlinker -dependency_info -Xlinker /Users/admin/builder/spi-builder-workspace/.derivedData/Build/Intermediates.noindex/GitHubRestAPISwiftOpenAPI.build/Debug-watchos/GitHubRestAPIPulls.build/Objects-normal/arm64_32/GitHubRestAPIPulls_dependency_info.dat -fobjc-link-runtime -L/Applications/Xcode-26.3.0.app/Contents/Developer/Toolchains/XcodeDefault.xctoolchain/usr/lib/swift/watchos -L/usr/lib/swift -Xlinker -add_ast_path -Xlinker /Users/admin/builder/spi-builder-workspace/.derivedData/Build/Intermediates.noindex/GitHubRestAPISwiftOpenAPI.build/Debug-watchos/GitHubRestAPIPulls.build/Objects-normal/arm64_32/GitHubRestAPIPulls.swiftmodule @/Users/admin/builder/spi-builder-workspace/.derivedData/Build/Intermediates.noindex/GitHubRestAPISwiftOpenAPI.build/Debug-watchos/GitHubRestAPIPulls.build/Objects-normal/arm64_32/GitHubRestAPIPulls-linker-args.resp -o /Users/admin/builder/spi-builder-workspace/.derivedData/Build/Intermediates.noindex/GitHubRestAPISwiftOpenAPI.build/Debug-watchos/GitHubRestAPIPulls.build/Objects-normal/arm64_32/Binary/GitHubRestAPIPulls.o
Ld /Users/admin/builder/spi-builder-workspace/.derivedData/Build/Intermediates.noindex/GitHubRestAPISwiftOpenAPI.build/Debug-watchos/GitHubRestAPIPulls.build/Objects-normal/arm64/Binary/GitHubRestAPIPulls.o normal arm64 (in target 'GitHubRestAPIPulls' from project 'GitHubRestAPISwiftOpenAPI')
    cd /Users/admin/builder/spi-builder-workspace
    /Applications/Xcode-26.3.0.app/Contents/Developer/Toolchains/XcodeDefault.xctoolchain/usr/bin/clang -Xlinker -reproducible -target arm64-apple-watchos6.0 -r -isysroot /Applications/Xcode-26.3.0.app/Contents/Developer/Platforms/WatchOS.platform/Developer/SDKs/WatchOS26.2.sdk -O0 -L/Users/admin/builder/spi-builder-workspace/.derivedData/Build/Intermediates.noindex/EagerLinkingTBDs/Debug-watchos -L/Users/admin/builder/spi-builder-workspace/.derivedData/Build/Products/Debug-watchos -L/Applications/Xcode-26.3.0.app/Contents/Developer/Platforms/WatchOS.platform/Developer/usr/lib -F/Users/admin/builder/spi-builder-workspace/.derivedData/Build/Intermediates.noindex/EagerLinkingTBDs/Debug-watchos -F/Users/admin/builder/spi-builder-workspace/.derivedData/Build/Products/Debug-watchos/PackageFrameworks -F/Users/admin/builder/spi-builder-workspace/.derivedData/Build/Products/Debug-watchos/PackageFrameworks -F/Users/admin/builder/spi-builder-workspace/.derivedData/Build/Products/Debug-watchos/PackageFrameworks -F/Users/admin/builder/spi-builder-workspace/.derivedData/Build/Products/Debug-watchos/PackageFrameworks -F/Users/admin/builder/spi-builder-workspace/.derivedData/Build/Products/Debug-watchos/PackageFrameworks -F/Users/admin/builder/spi-builder-workspace/.derivedData/Build/Products/Debug-watchos/PackageFrameworks -F/Users/admin/builder/spi-builder-workspace/.derivedData/Build/Products/Debug-watchos -iframework /Applications/Xcode-26.3.0.app/Contents/Developer/Platforms/WatchOS.platform/Developer/Library/Frameworks -iframework /Applications/Xcode-26.3.0.app/Contents/Developer/Platforms/WatchOS.platform/Developer/SDKs/WatchOS26.2.sdk/Developer/Library/Frameworks -filelist /Users/admin/builder/spi-builder-workspace/.derivedData/Build/Intermediates.noindex/GitHubRestAPISwiftOpenAPI.build/Debug-watchos/GitHubRestAPIPulls.build/Objects-normal/arm64/GitHubRestAPIPulls.LinkFileList -nostdlib -Xlinker -object_path_lto -Xlinker /Users/admin/builder/spi-builder-workspace/.derivedData/Build/Intermediates.noindex/GitHubRestAPISwiftOpenAPI.build/Debug-watchos/GitHubRestAPIPulls.build/Objects-normal/arm64/GitHubRestAPIPulls_lto.o -rdynamic -Xlinker -no_deduplicate -Xlinker -debug_variant -Xlinker -dependency_info -Xlinker /Users/admin/builder/spi-builder-workspace/.derivedData/Build/Intermediates.noindex/GitHubRestAPISwiftOpenAPI.build/Debug-watchos/GitHubRestAPIPulls.build/Objects-normal/arm64/GitHubRestAPIPulls_dependency_info.dat -fobjc-link-runtime -L/Applications/Xcode-26.3.0.app/Contents/Developer/Toolchains/XcodeDefault.xctoolchain/usr/lib/swift/watchos -L/usr/lib/swift -Xlinker -add_ast_path -Xlinker /Users/admin/builder/spi-builder-workspace/.derivedData/Build/Intermediates.noindex/GitHubRestAPISwiftOpenAPI.build/Debug-watchos/GitHubRestAPIPulls.build/Objects-normal/arm64/GitHubRestAPIPulls.swiftmodule @/Users/admin/builder/spi-builder-workspace/.derivedData/Build/Intermediates.noindex/GitHubRestAPISwiftOpenAPI.build/Debug-watchos/GitHubRestAPIPulls.build/Objects-normal/arm64/GitHubRestAPIPulls-linker-args.resp -o /Users/admin/builder/spi-builder-workspace/.derivedData/Build/Intermediates.noindex/GitHubRestAPISwiftOpenAPI.build/Debug-watchos/GitHubRestAPIPulls.build/Objects-normal/arm64/Binary/GitHubRestAPIPulls.o
Ld /Users/admin/builder/spi-builder-workspace/.derivedData/Build/Intermediates.noindex/GitHubRestAPISwiftOpenAPI.build/Debug-watchos/GitHubRestAPIBilling.build/Objects-normal/armv7k/Binary/GitHubRestAPIBilling.o normal armv7k (in target 'GitHubRestAPIBilling' from project 'GitHubRestAPISwiftOpenAPI')
    cd /Users/admin/builder/spi-builder-workspace
    /Applications/Xcode-26.3.0.app/Contents/Developer/Toolchains/XcodeDefault.xctoolchain/usr/bin/clang -Xlinker -reproducible -target armv7k-apple-watchos6.0 -r -isysroot /Applications/Xcode-26.3.0.app/Contents/Developer/Platforms/WatchOS.platform/Developer/SDKs/WatchOS26.2.sdk -O0 -L/Users/admin/builder/spi-builder-workspace/.derivedData/Build/Intermediates.noindex/EagerLinkingTBDs/Debug-watchos -L/Users/admin/builder/spi-builder-workspace/.derivedData/Build/Products/Debug-watchos -L/Applications/Xcode-26.3.0.app/Contents/Developer/Platforms/WatchOS.platform/Developer/usr/lib -F/Users/admin/builder/spi-builder-workspace/.derivedData/Build/Intermediates.noindex/EagerLinkingTBDs/Debug-watchos -F/Users/admin/builder/spi-builder-workspace/.derivedData/Build/Products/Debug-watchos/PackageFrameworks -F/Users/admin/builder/spi-builder-workspace/.derivedData/Build/Products/Debug-watchos/PackageFrameworks -F/Users/admin/builder/spi-builder-workspace/.derivedData/Build/Products/Debug-watchos/PackageFrameworks -F/Users/admin/builder/spi-builder-workspace/.derivedData/Build/Products/Debug-watchos/PackageFrameworks -F/Users/admin/builder/spi-builder-workspace/.derivedData/Build/Products/Debug-watchos/PackageFrameworks -F/Users/admin/builder/spi-builder-workspace/.derivedData/Build/Products/Debug-watchos/PackageFrameworks -F/Users/admin/builder/spi-builder-workspace/.derivedData/Build/Products/Debug-watchos -iframework /Applications/Xcode-26.3.0.app/Contents/Developer/Platforms/WatchOS.platform/Developer/Library/Frameworks -iframework /Applications/Xcode-26.3.0.app/Contents/Developer/Platforms/WatchOS.platform/Developer/SDKs/WatchOS26.2.sdk/Developer/Library/Frameworks -filelist /Users/admin/builder/spi-builder-workspace/.derivedData/Build/Intermediates.noindex/GitHubRestAPISwiftOpenAPI.build/Debug-watchos/GitHubRestAPIBilling.build/Objects-normal/armv7k/GitHubRestAPIBilling.LinkFileList -nostdlib -Xlinker -object_path_lto -Xlinker /Users/admin/builder/spi-builder-workspace/.derivedData/Build/Intermediates.noindex/GitHubRestAPISwiftOpenAPI.build/Debug-watchos/GitHubRestAPIBilling.build/Objects-normal/armv7k/GitHubRestAPIBilling_lto.o -rdynamic -Xlinker -no_deduplicate -Xlinker -debug_variant -Xlinker -dependency_info -Xlinker /Users/admin/builder/spi-builder-workspace/.derivedData/Build/Intermediates.noindex/GitHubRestAPISwiftOpenAPI.build/Debug-watchos/GitHubRestAPIBilling.build/Objects-normal/armv7k/GitHubRestAPIBilling_dependency_info.dat -fobjc-link-runtime -L/Applications/Xcode-26.3.0.app/Contents/Developer/Toolchains/XcodeDefault.xctoolchain/usr/lib/swift/watchos -L/usr/lib/swift -Xlinker -add_ast_path -Xlinker /Users/admin/builder/spi-builder-workspace/.derivedData/Build/Intermediates.noindex/GitHubRestAPISwiftOpenAPI.build/Debug-watchos/GitHubRestAPIBilling.build/Objects-normal/armv7k/GitHubRestAPIBilling.swiftmodule @/Users/admin/builder/spi-builder-workspace/.derivedData/Build/Intermediates.noindex/GitHubRestAPISwiftOpenAPI.build/Debug-watchos/GitHubRestAPIBilling.build/Objects-normal/armv7k/GitHubRestAPIBilling-linker-args.resp -o /Users/admin/builder/spi-builder-workspace/.derivedData/Build/Intermediates.noindex/GitHubRestAPISwiftOpenAPI.build/Debug-watchos/GitHubRestAPIBilling.build/Objects-normal/armv7k/Binary/GitHubRestAPIBilling.o
CreateUniversalBinary /Users/admin/builder/spi-builder-workspace/.derivedData/Build/Products/Debug-watchos/GitHubRestAPIRateLimit.o normal arm64\ armv7k\ arm64_32 (in target 'GitHubRestAPIRateLimit' from project 'GitHubRestAPISwiftOpenAPI')
    cd /Users/admin/builder/spi-builder-workspace
    /Applications/Xcode-26.3.0.app/Contents/Developer/Toolchains/XcodeDefault.xctoolchain/usr/bin/lipo -create /Users/admin/builder/spi-builder-workspace/.derivedData/Build/Intermediates.noindex/GitHubRestAPISwiftOpenAPI.build/Debug-watchos/GitHubRestAPIRateLimit.build/Objects-normal/arm64/Binary/GitHubRestAPIRateLimit.o /Users/admin/builder/spi-builder-workspace/.derivedData/Build/Intermediates.noindex/GitHubRestAPISwiftOpenAPI.build/Debug-watchos/GitHubRestAPIRateLimit.build/Objects-normal/armv7k/Binary/GitHubRestAPIRateLimit.o /Users/admin/builder/spi-builder-workspace/.derivedData/Build/Intermediates.noindex/GitHubRestAPISwiftOpenAPI.build/Debug-watchos/GitHubRestAPIRateLimit.build/Objects-normal/arm64_32/Binary/GitHubRestAPIRateLimit.o -output /Users/admin/builder/spi-builder-workspace/.derivedData/Build/Products/Debug-watchos/GitHubRestAPIRateLimit.o
Ld /Users/admin/builder/spi-builder-workspace/.derivedData/Build/Intermediates.noindex/GitHubRestAPISwiftOpenAPI.build/Debug-watchos/GitHubRestAPIBilling.build/Objects-normal/arm64_32/Binary/GitHubRestAPIBilling.o normal arm64_32 (in target 'GitHubRestAPIBilling' from project 'GitHubRestAPISwiftOpenAPI')
    cd /Users/admin/builder/spi-builder-workspace
    /Applications/Xcode-26.3.0.app/Contents/Developer/Toolchains/XcodeDefault.xctoolchain/usr/bin/clang -Xlinker -reproducible -target arm64_32-apple-watchos6.0 -r -isysroot /Applications/Xcode-26.3.0.app/Contents/Developer/Platforms/WatchOS.platform/Developer/SDKs/WatchOS26.2.sdk -O0 -L/Users/admin/builder/spi-builder-workspace/.derivedData/Build/Intermediates.noindex/EagerLinkingTBDs/Debug-watchos -L/Users/admin/builder/spi-builder-workspace/.derivedData/Build/Products/Debug-watchos -L/Applications/Xcode-26.3.0.app/Contents/Developer/Platforms/WatchOS.platform/Developer/usr/lib -F/Users/admin/builder/spi-builder-workspace/.derivedData/Build/Intermediates.noindex/EagerLinkingTBDs/Debug-watchos -F/Users/admin/builder/spi-builder-workspace/.derivedData/Build/Products/Debug-watchos/PackageFrameworks -F/Users/admin/builder/spi-builder-workspace/.derivedData/Build/Products/Debug-watchos/PackageFrameworks -F/Users/admin/builder/spi-builder-workspace/.derivedData/Build/Products/Debug-watchos/PackageFrameworks -F/Users/admin/builder/spi-builder-workspace/.derivedData/Build/Products/Debug-watchos/PackageFrameworks -F/Users/admin/builder/spi-builder-workspace/.derivedData/Build/Products/Debug-watchos/PackageFrameworks -F/Users/admin/builder/spi-builder-workspace/.derivedData/Build/Products/Debug-watchos/PackageFrameworks -F/Users/admin/builder/spi-builder-workspace/.derivedData/Build/Products/Debug-watchos -iframework /Applications/Xcode-26.3.0.app/Contents/Developer/Platforms/WatchOS.platform/Developer/Library/Frameworks -iframework /Applications/Xcode-26.3.0.app/Contents/Developer/Platforms/WatchOS.platform/Developer/SDKs/WatchOS26.2.sdk/Developer/Library/Frameworks -filelist /Users/admin/builder/spi-builder-workspace/.derivedData/Build/Intermediates.noindex/GitHubRestAPISwiftOpenAPI.build/Debug-watchos/GitHubRestAPIBilling.build/Objects-normal/arm64_32/GitHubRestAPIBilling.LinkFileList -nostdlib -Xlinker -object_path_lto -Xlinker /Users/admin/builder/spi-builder-workspace/.derivedData/Build/Intermediates.noindex/GitHubRestAPISwiftOpenAPI.build/Debug-watchos/GitHubRestAPIBilling.build/Objects-normal/arm64_32/GitHubRestAPIBilling_lto.o -rdynamic -Xlinker -no_deduplicate -Xlinker -debug_variant -Xlinker -dependency_info -Xlinker /Users/admin/builder/spi-builder-workspace/.derivedData/Build/Intermediates.noindex/GitHubRestAPISwiftOpenAPI.build/Debug-watchos/GitHubRestAPIBilling.build/Objects-normal/arm64_32/GitHubRestAPIBilling_dependency_info.dat -fobjc-link-runtime -L/Applications/Xcode-26.3.0.app/Contents/Developer/Toolchains/XcodeDefault.xctoolchain/usr/lib/swift/watchos -L/usr/lib/swift -Xlinker -add_ast_path -Xlinker /Users/admin/builder/spi-builder-workspace/.derivedData/Build/Intermediates.noindex/GitHubRestAPISwiftOpenAPI.build/Debug-watchos/GitHubRestAPIBilling.build/Objects-normal/arm64_32/GitHubRestAPIBilling.swiftmodule @/Users/admin/builder/spi-builder-workspace/.derivedData/Build/Intermediates.noindex/GitHubRestAPISwiftOpenAPI.build/Debug-watchos/GitHubRestAPIBilling.build/Objects-normal/arm64_32/GitHubRestAPIBilling-linker-args.resp -o /Users/admin/builder/spi-builder-workspace/.derivedData/Build/Intermediates.noindex/GitHubRestAPISwiftOpenAPI.build/Debug-watchos/GitHubRestAPIBilling.build/Objects-normal/arm64_32/Binary/GitHubRestAPIBilling.o
Ld /Users/admin/builder/spi-builder-workspace/.derivedData/Build/Intermediates.noindex/GitHubRestAPISwiftOpenAPI.build/Debug-watchos/GitHubRestAPIBilling.build/Objects-normal/arm64/Binary/GitHubRestAPIBilling.o normal arm64 (in target 'GitHubRestAPIBilling' from project 'GitHubRestAPISwiftOpenAPI')
    cd /Users/admin/builder/spi-builder-workspace
    /Applications/Xcode-26.3.0.app/Contents/Developer/Toolchains/XcodeDefault.xctoolchain/usr/bin/clang -Xlinker -reproducible -target arm64-apple-watchos6.0 -r -isysroot /Applications/Xcode-26.3.0.app/Contents/Developer/Platforms/WatchOS.platform/Developer/SDKs/WatchOS26.2.sdk -O0 -L/Users/admin/builder/spi-builder-workspace/.derivedData/Build/Intermediates.noindex/EagerLinkingTBDs/Debug-watchos -L/Users/admin/builder/spi-builder-workspace/.derivedData/Build/Products/Debug-watchos -L/Applications/Xcode-26.3.0.app/Contents/Developer/Platforms/WatchOS.platform/Developer/usr/lib -F/Users/admin/builder/spi-builder-workspace/.derivedData/Build/Intermediates.noindex/EagerLinkingTBDs/Debug-watchos -F/Users/admin/builder/spi-builder-workspace/.derivedData/Build/Products/Debug-watchos/PackageFrameworks -F/Users/admin/builder/spi-builder-workspace/.derivedData/Build/Products/Debug-watchos/PackageFrameworks -F/Users/admin/builder/spi-builder-workspace/.derivedData/Build/Products/Debug-watchos/PackageFrameworks -F/Users/admin/builder/spi-builder-workspace/.derivedData/Build/Products/Debug-watchos/PackageFrameworks -F/Users/admin/builder/spi-builder-workspace/.derivedData/Build/Products/Debug-watchos/PackageFrameworks -F/Users/admin/builder/spi-builder-workspace/.derivedData/Build/Products/Debug-watchos/PackageFrameworks -F/Users/admin/builder/spi-builder-workspace/.derivedData/Build/Products/Debug-watchos -iframework /Applications/Xcode-26.3.0.app/Contents/Developer/Platforms/WatchOS.platform/Developer/Library/Frameworks -iframework /Applications/Xcode-26.3.0.app/Contents/Developer/Platforms/WatchOS.platform/Developer/SDKs/WatchOS26.2.sdk/Developer/Library/Frameworks -filelist /Users/admin/builder/spi-builder-workspace/.derivedData/Build/Intermediates.noindex/GitHubRestAPISwiftOpenAPI.build/Debug-watchos/GitHubRestAPIBilling.build/Objects-normal/arm64/GitHubRestAPIBilling.LinkFileList -nostdlib -Xlinker -object_path_lto -Xlinker /Users/admin/builder/spi-builder-workspace/.derivedData/Build/Intermediates.noindex/GitHubRestAPISwiftOpenAPI.build/Debug-watchos/GitHubRestAPIBilling.build/Objects-normal/arm64/GitHubRestAPIBilling_lto.o -rdynamic -Xlinker -no_deduplicate -Xlinker -debug_variant -Xlinker -dependency_info -Xlinker /Users/admin/builder/spi-builder-workspace/.derivedData/Build/Intermediates.noindex/GitHubRestAPISwiftOpenAPI.build/Debug-watchos/GitHubRestAPIBilling.build/Objects-normal/arm64/GitHubRestAPIBilling_dependency_info.dat -fobjc-link-runtime -L/Applications/Xcode-26.3.0.app/Contents/Developer/Toolchains/XcodeDefault.xctoolchain/usr/lib/swift/watchos -L/usr/lib/swift -Xlinker -add_ast_path -Xlinker /Users/admin/builder/spi-builder-workspace/.derivedData/Build/Intermediates.noindex/GitHubRestAPISwiftOpenAPI.build/Debug-watchos/GitHubRestAPIBilling.build/Objects-normal/arm64/GitHubRestAPIBilling.swiftmodule @/Users/admin/builder/spi-builder-workspace/.derivedData/Build/Intermediates.noindex/GitHubRestAPISwiftOpenAPI.build/Debug-watchos/GitHubRestAPIBilling.build/Objects-normal/arm64/GitHubRestAPIBilling-linker-args.resp -o /Users/admin/builder/spi-builder-workspace/.derivedData/Build/Intermediates.noindex/GitHubRestAPISwiftOpenAPI.build/Debug-watchos/GitHubRestAPIBilling.build/Objects-normal/arm64/Binary/GitHubRestAPIBilling.o
Ld /Users/admin/builder/spi-builder-workspace/.derivedData/Build/Intermediates.noindex/GitHubRestAPISwiftOpenAPI.build/Debug-watchos/GitHubRestAPIApps.build/Objects-normal/armv7k/Binary/GitHubRestAPIApps.o normal armv7k (in target 'GitHubRestAPIApps' from project 'GitHubRestAPISwiftOpenAPI')
    cd /Users/admin/builder/spi-builder-workspace
    /Applications/Xcode-26.3.0.app/Contents/Developer/Toolchains/XcodeDefault.xctoolchain/usr/bin/clang -Xlinker -reproducible -target armv7k-apple-watchos6.0 -r -isysroot /Applications/Xcode-26.3.0.app/Contents/Developer/Platforms/WatchOS.platform/Developer/SDKs/WatchOS26.2.sdk -O0 -L/Users/admin/builder/spi-builder-workspace/.derivedData/Build/Intermediates.noindex/EagerLinkingTBDs/Debug-watchos -L/Users/admin/builder/spi-builder-workspace/.derivedData/Build/Products/Debug-watchos -L/Applications/Xcode-26.3.0.app/Contents/Developer/Platforms/WatchOS.platform/Developer/usr/lib -F/Users/admin/builder/spi-builder-workspace/.derivedData/Build/Intermediates.noindex/EagerLinkingTBDs/Debug-watchos -F/Users/admin/builder/spi-builder-workspace/.derivedData/Build/Products/Debug-watchos/PackageFrameworks -F/Users/admin/builder/spi-builder-workspace/.derivedData/Build/Products/Debug-watchos/PackageFrameworks -F/Users/admin/builder/spi-builder-workspace/.derivedData/Build/Products/Debug-watchos/PackageFrameworks -F/Users/admin/builder/spi-builder-workspace/.derivedData/Build/Products/Debug-watchos/PackageFrameworks -F/Users/admin/builder/spi-builder-workspace/.derivedData/Build/Products/Debug-watchos/PackageFrameworks -F/Users/admin/builder/spi-builder-workspace/.derivedData/Build/Products/Debug-watchos/PackageFrameworks -F/Users/admin/builder/spi-builder-workspace/.derivedData/Build/Products/Debug-watchos -iframework /Applications/Xcode-26.3.0.app/Contents/Developer/Platforms/WatchOS.platform/Developer/Library/Frameworks -iframework /Applications/Xcode-26.3.0.app/Contents/Developer/Platforms/WatchOS.platform/Developer/SDKs/WatchOS26.2.sdk/Developer/Library/Frameworks -filelist /Users/admin/builder/spi-builder-workspace/.derivedData/Build/Intermediates.noindex/GitHubRestAPISwiftOpenAPI.build/Debug-watchos/GitHubRestAPIApps.build/Objects-normal/armv7k/GitHubRestAPIApps.LinkFileList -nostdlib -Xlinker -object_path_lto -Xlinker /Users/admin/builder/spi-builder-workspace/.derivedData/Build/Intermediates.noindex/GitHubRestAPISwiftOpenAPI.build/Debug-watchos/GitHubRestAPIApps.build/Objects-normal/armv7k/GitHubRestAPIApps_lto.o -rdynamic -Xlinker -no_deduplicate -Xlinker -debug_variant -Xlinker -dependency_info -Xlinker /Users/admin/builder/spi-builder-workspace/.derivedData/Build/Intermediates.noindex/GitHubRestAPISwiftOpenAPI.build/Debug-watchos/GitHubRestAPIApps.build/Objects-normal/armv7k/GitHubRestAPIApps_dependency_info.dat -fobjc-link-runtime -L/Applications/Xcode-26.3.0.app/Contents/Developer/Toolchains/XcodeDefault.xctoolchain/usr/lib/swift/watchos -L/usr/lib/swift -Xlinker -add_ast_path -Xlinker /Users/admin/builder/spi-builder-workspace/.derivedData/Build/Intermediates.noindex/GitHubRestAPISwiftOpenAPI.build/Debug-watchos/GitHubRestAPIApps.build/Objects-normal/armv7k/GitHubRestAPIApps.swiftmodule @/Users/admin/builder/spi-builder-workspace/.derivedData/Build/Intermediates.noindex/GitHubRestAPISwiftOpenAPI.build/Debug-watchos/GitHubRestAPIApps.build/Objects-normal/armv7k/GitHubRestAPIApps-linker-args.resp -o /Users/admin/builder/spi-builder-workspace/.derivedData/Build/Intermediates.noindex/GitHubRestAPISwiftOpenAPI.build/Debug-watchos/GitHubRestAPIApps.build/Objects-normal/armv7k/Binary/GitHubRestAPIApps.o
CreateUniversalBinary /Users/admin/builder/spi-builder-workspace/.derivedData/Build/Products/Debug-watchos/GitHubRestAPIReactions.o normal arm64\ armv7k\ arm64_32 (in target 'GitHubRestAPIReactions' from project 'GitHubRestAPISwiftOpenAPI')
    cd /Users/admin/builder/spi-builder-workspace
    /Applications/Xcode-26.3.0.app/Contents/Developer/Toolchains/XcodeDefault.xctoolchain/usr/bin/lipo -create /Users/admin/builder/spi-builder-workspace/.derivedData/Build/Intermediates.noindex/GitHubRestAPISwiftOpenAPI.build/Debug-watchos/GitHubRestAPIReactions.build/Objects-normal/arm64/Binary/GitHubRestAPIReactions.o /Users/admin/builder/spi-builder-workspace/.derivedData/Build/Intermediates.noindex/GitHubRestAPISwiftOpenAPI.build/Debug-watchos/GitHubRestAPIReactions.build/Objects-normal/armv7k/Binary/GitHubRestAPIReactions.o /Users/admin/builder/spi-builder-workspace/.derivedData/Build/Intermediates.noindex/GitHubRestAPISwiftOpenAPI.build/Debug-watchos/GitHubRestAPIReactions.build/Objects-normal/arm64_32/Binary/GitHubRestAPIReactions.o -output /Users/admin/builder/spi-builder-workspace/.derivedData/Build/Products/Debug-watchos/GitHubRestAPIReactions.o
Ld /Users/admin/builder/spi-builder-workspace/.derivedData/Build/Intermediates.noindex/GitHubRestAPISwiftOpenAPI.build/Debug-watchos/GitHubRestAPIApps.build/Objects-normal/arm64/Binary/GitHubRestAPIApps.o normal arm64 (in target 'GitHubRestAPIApps' from project 'GitHubRestAPISwiftOpenAPI')
    cd /Users/admin/builder/spi-builder-workspace
    /Applications/Xcode-26.3.0.app/Contents/Developer/Toolchains/XcodeDefault.xctoolchain/usr/bin/clang -Xlinker -reproducible -target arm64-apple-watchos6.0 -r -isysroot /Applications/Xcode-26.3.0.app/Contents/Developer/Platforms/WatchOS.platform/Developer/SDKs/WatchOS26.2.sdk -O0 -L/Users/admin/builder/spi-builder-workspace/.derivedData/Build/Intermediates.noindex/EagerLinkingTBDs/Debug-watchos -L/Users/admin/builder/spi-builder-workspace/.derivedData/Build/Products/Debug-watchos -L/Applications/Xcode-26.3.0.app/Contents/Developer/Platforms/WatchOS.platform/Developer/usr/lib -F/Users/admin/builder/spi-builder-workspace/.derivedData/Build/Intermediates.noindex/EagerLinkingTBDs/Debug-watchos -F/Users/admin/builder/spi-builder-workspace/.derivedData/Build/Products/Debug-watchos/PackageFrameworks -F/Users/admin/builder/spi-builder-workspace/.derivedData/Build/Products/Debug-watchos/PackageFrameworks -F/Users/admin/builder/spi-builder-workspace/.derivedData/Build/Products/Debug-watchos/PackageFrameworks -F/Users/admin/builder/spi-builder-workspace/.derivedData/Build/Products/Debug-watchos/PackageFrameworks -F/Users/admin/builder/spi-builder-workspace/.derivedData/Build/Products/Debug-watchos/PackageFrameworks -F/Users/admin/builder/spi-builder-workspace/.derivedData/Build/Products/Debug-watchos/PackageFrameworks -F/Users/admin/builder/spi-builder-workspace/.derivedData/Build/Products/Debug-watchos -iframework /Applications/Xcode-26.3.0.app/Contents/Developer/Platforms/WatchOS.platform/Developer/Library/Frameworks -iframework /Applications/Xcode-26.3.0.app/Contents/Developer/Platforms/WatchOS.platform/Developer/SDKs/WatchOS26.2.sdk/Developer/Library/Frameworks -filelist /Users/admin/builder/spi-builder-workspace/.derivedData/Build/Intermediates.noindex/GitHubRestAPISwiftOpenAPI.build/Debug-watchos/GitHubRestAPIApps.build/Objects-normal/arm64/GitHubRestAPIApps.LinkFileList -nostdlib -Xlinker -object_path_lto -Xlinker /Users/admin/builder/spi-builder-workspace/.derivedData/Build/Intermediates.noindex/GitHubRestAPISwiftOpenAPI.build/Debug-watchos/GitHubRestAPIApps.build/Objects-normal/arm64/GitHubRestAPIApps_lto.o -rdynamic -Xlinker -no_deduplicate -Xlinker -debug_variant -Xlinker -dependency_info -Xlinker /Users/admin/builder/spi-builder-workspace/.derivedData/Build/Intermediates.noindex/GitHubRestAPISwiftOpenAPI.build/Debug-watchos/GitHubRestAPIApps.build/Objects-normal/arm64/GitHubRestAPIApps_dependency_info.dat -fobjc-link-runtime -L/Applications/Xcode-26.3.0.app/Contents/Developer/Toolchains/XcodeDefault.xctoolchain/usr/lib/swift/watchos -L/usr/lib/swift -Xlinker -add_ast_path -Xlinker /Users/admin/builder/spi-builder-workspace/.derivedData/Build/Intermediates.noindex/GitHubRestAPISwiftOpenAPI.build/Debug-watchos/GitHubRestAPIApps.build/Objects-normal/arm64/GitHubRestAPIApps.swiftmodule @/Users/admin/builder/spi-builder-workspace/.derivedData/Build/Intermediates.noindex/GitHubRestAPISwiftOpenAPI.build/Debug-watchos/GitHubRestAPIApps.build/Objects-normal/arm64/GitHubRestAPIApps-linker-args.resp -o /Users/admin/builder/spi-builder-workspace/.derivedData/Build/Intermediates.noindex/GitHubRestAPISwiftOpenAPI.build/Debug-watchos/GitHubRestAPIApps.build/Objects-normal/arm64/Binary/GitHubRestAPIApps.o
SwiftDriver GitHubRestAPIApps normal arm64_32 com.apple.xcode.tools.swift.compiler (in target 'GitHubRestAPIApps' from project 'GitHubRestAPISwiftOpenAPI')
    cd /Users/admin/builder/spi-builder-workspace/.swiftpm/xcode
    builtin-SwiftDriver -- /Applications/Xcode-26.3.0.app/Contents/Developer/Toolchains/XcodeDefault.xctoolchain/usr/bin/swiftc -module-name GitHubRestAPIApps -Onone -enforce-exclusivity\=checked @/Users/admin/builder/spi-builder-workspace/.derivedData/Build/Intermediates.noindex/GitHubRestAPISwiftOpenAPI.build/Debug-watchos/GitHubRestAPIApps.build/Objects-normal/arm64_32/GitHubRestAPIApps.SwiftFileList -DSWIFT_PACKAGE -DDEBUG -DSWIFT_MODULE_RESOURCE_BUNDLE_UNAVAILABLE -DXcode -plugin-path /Applications/Xcode-26.3.0.app/Contents/Developer/Toolchains/XcodeDefault.xctoolchain/usr/lib/swift/host/plugins/testing -enable-experimental-feature DebugDescriptionMacro -sdk /Applications/Xcode-26.3.0.app/Contents/Developer/Platforms/WatchOS.platform/Developer/SDKs/WatchOS26.2.sdk -target arm64_32-apple-watchos6.0 -g -module-cache-path /Users/admin/builder/spi-builder-workspace/.derivedData/ModuleCache.noindex -Xfrontend -serialize-debugging-options -profile-coverage-mapping -profile-generate -enable-testing -index-store-path /Users/admin/builder/spi-builder-workspace/.derivedData/Index.noindex/DataStore -Xcc -D_LIBCPP_HARDENING_MODE\=_LIBCPP_HARDENING_MODE_DEBUG -swift-version 5 -I /Users/admin/builder/spi-builder-workspace/.derivedData/Build/Products/Debug-watchos -Isystem /Applications/Xcode-26.3.0.app/Contents/Developer/Platforms/WatchOS.platform/Developer/usr/lib -F /Users/admin/builder/spi-builder-workspace/.derivedData/Build/Products/Debug-watchos/PackageFrameworks -F /Users/admin/builder/spi-builder-workspace/.derivedData/Build/Products/Debug-watchos/PackageFrameworks -F /Users/admin/builder/spi-builder-workspace/.derivedData/Build/Products/Debug-watchos/PackageFrameworks -F /Users/admin/builder/spi-builder-workspace/.derivedData/Build/Products/Debug-watchos/PackageFrameworks -F /Users/admin/builder/spi-builder-workspace/.derivedData/Build/Products/Debug-watchos/PackageFrameworks -F /Users/admin/builder/spi-builder-workspace/.derivedData/Build/Products/Debug-watchos/PackageFrameworks -F /Users/admin/builder/spi-builder-workspace/.derivedData/Build/Products/Debug-watchos -F /Applications/Xcode-26.3.0.app/Contents/Developer/Platforms/WatchOS.platform/Developer/Library/Frameworks -F /Applications/Xcode-26.3.0.app/Contents/Developer/Platforms/WatchOS.platform/Developer/SDKs/WatchOS26.2.sdk/Developer/Library/Frameworks -c -j10 -enable-batch-mode -incremental -Xcc -ivfsstatcache -Xcc /Users/admin/builder/spi-builder-workspace/.derivedData/SDKStatCaches.noindex/watchos26.2-23S303-dc75598d0054f22ec865fa860f139d721753b489057de6bda919edfa1c59a62b.sdkstatcache -output-file-map /Users/admin/builder/spi-builder-workspace/.derivedData/Build/Intermediates.noindex/GitHubRestAPISwiftOpenAPI.build/Debug-watchos/GitHubRestAPIApps.build/Objects-normal/arm64_32/GitHubRestAPIApps-OutputFileMap.json -use-frontend-parseable-output -save-temps -no-color-diagnostics -explicit-module-build -module-cache-path /Users/admin/builder/spi-builder-workspace/.derivedData/Build/Intermediates.noindex/SwiftExplicitPrecompiledModules -clang-scanner-module-cache-path /Users/admin/builder/spi-builder-workspace/.derivedData/ModuleCache.noindex -sdk-module-cache-path /Users/admin/builder/spi-builder-workspace/.derivedData/ModuleCache.noindex -serialize-diagnostics -emit-dependencies -emit-module -emit-module-path /Users/admin/builder/spi-builder-workspace/.derivedData/Build/Intermediates.noindex/GitHubRestAPISwiftOpenAPI.build/Debug-watchos/GitHubRestAPIApps.build/Objects-normal/arm64_32/GitHubRestAPIApps.swiftmodule -validate-clang-modules-once -clang-build-session-file /Users/admin/builder/spi-builder-workspace/.derivedData/ModuleCache.noindex/Session.modulevalidation -package-name spi_builder_workspace -Xcc -I/Users/admin/builder/spi-builder-workspace/.derivedData/Build/Intermediates.noindex/GitHubRestAPISwiftOpenAPI.build/Debug-watchos/GitHubRestAPIApps.build/swift-overrides.hmap -emit-const-values -Xfrontend -const-gather-protocols-file -Xfrontend /Users/admin/builder/spi-builder-workspace/.derivedData/Build/Intermediates.noindex/GitHubRestAPISwiftOpenAPI.build/Debug-watchos/GitHubRestAPIApps.build/Objects-normal/arm64_32/GitHubRestAPIApps_const_extract_protocols.json -Xcc -I/Users/admin/builder/spi-builder-workspace/.derivedData/Build/Products/Debug-watchos/include -Xcc -I/Users/admin/builder/spi-builder-workspace/.derivedData/Build/Intermediates.noindex/GitHubRestAPISwiftOpenAPI.build/Debug-watchos/GitHubRestAPIApps.build/DerivedSources-normal/arm64_32 -Xcc -I/Users/admin/builder/spi-builder-workspace/.derivedData/Build/Intermediates.noindex/GitHubRestAPISwiftOpenAPI.build/Debug-watchos/GitHubRestAPIApps.build/DerivedSources/arm64_32 -Xcc -I/Users/admin/builder/spi-builder-workspace/.derivedData/Build/Intermediates.noindex/GitHubRestAPISwiftOpenAPI.build/Debug-watchos/GitHubRestAPIApps.build/DerivedSources -Xcc -DSWIFT_PACKAGE -Xcc -DDEBUG\=1 -emit-objc-header -emit-objc-header-path /Users/admin/builder/spi-builder-workspace/.derivedData/Build/Intermediates.noindex/GitHubRestAPISwiftOpenAPI.build/Debug-watchos/GitHubRestAPIApps.build/Objects-normal/arm64_32/GitHubRestAPIApps-Swift.h -working-directory /Users/admin/builder/spi-builder-workspace/.swiftpm/xcode -experimental-emit-module-separately -disable-cmo
Ld /Users/admin/builder/spi-builder-workspace/.derivedData/Build/Intermediates.noindex/GitHubRestAPISwiftOpenAPI.build/Debug-watchos/GitHubRestAPIAgents.build/Objects-normal/armv7k/Binary/GitHubRestAPIAgents.o normal armv7k (in target 'GitHubRestAPIAgents' from project 'GitHubRestAPISwiftOpenAPI')
    cd /Users/admin/builder/spi-builder-workspace
    /Applications/Xcode-26.3.0.app/Contents/Developer/Toolchains/XcodeDefault.xctoolchain/usr/bin/clang -Xlinker -reproducible -target armv7k-apple-watchos6.0 -r -isysroot /Applications/Xcode-26.3.0.app/Contents/Developer/Platforms/WatchOS.platform/Developer/SDKs/WatchOS26.2.sdk -O0 -L/Users/admin/builder/spi-builder-workspace/.derivedData/Build/Intermediates.noindex/EagerLinkingTBDs/Debug-watchos -L/Users/admin/builder/spi-builder-workspace/.derivedData/Build/Products/Debug-watchos -L/Applications/Xcode-26.3.0.app/Contents/Developer/Platforms/WatchOS.platform/Developer/usr/lib -F/Users/admin/builder/spi-builder-workspace/.derivedData/Build/Intermediates.noindex/EagerLinkingTBDs/Debug-watchos -F/Users/admin/builder/spi-builder-workspace/.derivedData/Build/Products/Debug-watchos/PackageFrameworks -F/Users/admin/builder/spi-builder-workspace/.derivedData/Build/Products/Debug-watchos/PackageFrameworks -F/Users/admin/builder/spi-builder-workspace/.derivedData/Build/Products/Debug-watchos/PackageFrameworks -F/Users/admin/builder/spi-builder-workspace/.derivedData/Build/Products/Debug-watchos/PackageFrameworks -F/Users/admin/builder/spi-builder-workspace/.derivedData/Build/Products/Debug-watchos/PackageFrameworks -F/Users/admin/builder/spi-builder-workspace/.derivedData/Build/Products/Debug-watchos/PackageFrameworks -F/Users/admin/builder/spi-builder-workspace/.derivedData/Build/Products/Debug-watchos -iframework /Applications/Xcode-26.3.0.app/Contents/Developer/Platforms/WatchOS.platform/Developer/Library/Frameworks -iframework /Applications/Xcode-26.3.0.app/Contents/Developer/Platforms/WatchOS.platform/Developer/SDKs/WatchOS26.2.sdk/Developer/Library/Frameworks -filelist /Users/admin/builder/spi-builder-workspace/.derivedData/Build/Intermediates.noindex/GitHubRestAPISwiftOpenAPI.build/Debug-watchos/GitHubRestAPIAgents.build/Objects-normal/armv7k/GitHubRestAPIAgents.LinkFileList -nostdlib -Xlinker -object_path_lto -Xlinker /Users/admin/builder/spi-builder-workspace/.derivedData/Build/Intermediates.noindex/GitHubRestAPISwiftOpenAPI.build/Debug-watchos/GitHubRestAPIAgents.build/Objects-normal/armv7k/GitHubRestAPIAgents_lto.o -rdynamic -Xlinker -no_deduplicate -Xlinker -debug_variant -Xlinker -dependency_info -Xlinker /Users/admin/builder/spi-builder-workspace/.derivedData/Build/Intermediates.noindex/GitHubRestAPISwiftOpenAPI.build/Debug-watchos/GitHubRestAPIAgents.build/Objects-normal/armv7k/GitHubRestAPIAgents_dependency_info.dat -fobjc-link-runtime -L/Applications/Xcode-26.3.0.app/Contents/Developer/Toolchains/XcodeDefault.xctoolchain/usr/lib/swift/watchos -L/usr/lib/swift -Xlinker -add_ast_path -Xlinker /Users/admin/builder/spi-builder-workspace/.derivedData/Build/Intermediates.noindex/GitHubRestAPISwiftOpenAPI.build/Debug-watchos/GitHubRestAPIAgents.build/Objects-normal/armv7k/GitHubRestAPIAgents.swiftmodule @/Users/admin/builder/spi-builder-workspace/.derivedData/Build/Intermediates.noindex/GitHubRestAPISwiftOpenAPI.build/Debug-watchos/GitHubRestAPIAgents.build/Objects-normal/armv7k/GitHubRestAPIAgents-linker-args.resp -o /Users/admin/builder/spi-builder-workspace/.derivedData/Build/Intermediates.noindex/GitHubRestAPISwiftOpenAPI.build/Debug-watchos/GitHubRestAPIAgents.build/Objects-normal/armv7k/Binary/GitHubRestAPIAgents.o
CreateUniversalBinary /Users/admin/builder/spi-builder-workspace/.derivedData/Build/Products/Debug-watchos/GitHubRestAPIBilling.o normal arm64\ armv7k\ arm64_32 (in target 'GitHubRestAPIBilling' from project 'GitHubRestAPISwiftOpenAPI')
    cd /Users/admin/builder/spi-builder-workspace
    /Applications/Xcode-26.3.0.app/Contents/Developer/Toolchains/XcodeDefault.xctoolchain/usr/bin/lipo -create /Users/admin/builder/spi-builder-workspace/.derivedData/Build/Intermediates.noindex/GitHubRestAPISwiftOpenAPI.build/Debug-watchos/GitHubRestAPIBilling.build/Objects-normal/arm64/Binary/GitHubRestAPIBilling.o /Users/admin/builder/spi-builder-workspace/.derivedData/Build/Intermediates.noindex/GitHubRestAPISwiftOpenAPI.build/Debug-watchos/GitHubRestAPIBilling.build/Objects-normal/armv7k/Binary/GitHubRestAPIBilling.o /Users/admin/builder/spi-builder-workspace/.derivedData/Build/Intermediates.noindex/GitHubRestAPISwiftOpenAPI.build/Debug-watchos/GitHubRestAPIBilling.build/Objects-normal/arm64_32/Binary/GitHubRestAPIBilling.o -output /Users/admin/builder/spi-builder-workspace/.derivedData/Build/Products/Debug-watchos/GitHubRestAPIBilling.o
Ld /Users/admin/builder/spi-builder-workspace/.derivedData/Build/Intermediates.noindex/GitHubRestAPISwiftOpenAPI.build/Debug-watchos/GitHubRestAPIAgents.build/Objects-normal/arm64_32/Binary/GitHubRestAPIAgents.o normal arm64_32 (in target 'GitHubRestAPIAgents' from project 'GitHubRestAPISwiftOpenAPI')
    cd /Users/admin/builder/spi-builder-workspace
    /Applications/Xcode-26.3.0.app/Contents/Developer/Toolchains/XcodeDefault.xctoolchain/usr/bin/clang -Xlinker -reproducible -target arm64_32-apple-watchos6.0 -r -isysroot /Applications/Xcode-26.3.0.app/Contents/Developer/Platforms/WatchOS.platform/Developer/SDKs/WatchOS26.2.sdk -O0 -L/Users/admin/builder/spi-builder-workspace/.derivedData/Build/Intermediates.noindex/EagerLinkingTBDs/Debug-watchos -L/Users/admin/builder/spi-builder-workspace/.derivedData/Build/Products/Debug-watchos -L/Applications/Xcode-26.3.0.app/Contents/Developer/Platforms/WatchOS.platform/Developer/usr/lib -F/Users/admin/builder/spi-builder-workspace/.derivedData/Build/Intermediates.noindex/EagerLinkingTBDs/Debug-watchos -F/Users/admin/builder/spi-builder-workspace/.derivedData/Build/Products/Debug-watchos/PackageFrameworks -F/Users/admin/builder/spi-builder-workspace/.derivedData/Build/Products/Debug-watchos/PackageFrameworks -F/Users/admin/builder/spi-builder-workspace/.derivedData/Build/Products/Debug-watchos/PackageFrameworks -F/Users/admin/builder/spi-builder-workspace/.derivedData/Build/Products/Debug-watchos/PackageFrameworks -F/Users/admin/builder/spi-builder-workspace/.derivedData/Build/Products/Debug-watchos/PackageFrameworks -F/Users/admin/builder/spi-builder-workspace/.derivedData/Build/Products/Debug-watchos/PackageFrameworks -F/Users/admin/builder/spi-builder-workspace/.derivedData/Build/Products/Debug-watchos -iframework /Applications/Xcode-26.3.0.app/Contents/Developer/Platforms/WatchOS.platform/Developer/Library/Frameworks -iframework /Applications/Xcode-26.3.0.app/Contents/Developer/Platforms/WatchOS.platform/Developer/SDKs/WatchOS26.2.sdk/Developer/Library/Frameworks -filelist /Users/admin/builder/spi-builder-workspace/.derivedData/Build/Intermediates.noindex/GitHubRestAPISwiftOpenAPI.build/Debug-watchos/GitHubRestAPIAgents.build/Objects-normal/arm64_32/GitHubRestAPIAgents.LinkFileList -nostdlib -Xlinker -object_path_lto -Xlinker /Users/admin/builder/spi-builder-workspace/.derivedData/Build/Intermediates.noindex/GitHubRestAPISwiftOpenAPI.build/Debug-watchos/GitHubRestAPIAgents.build/Objects-normal/arm64_32/GitHubRestAPIAgents_lto.o -rdynamic -Xlinker -no_deduplicate -Xlinker -debug_variant -Xlinker -dependency_info -Xlinker /Users/admin/builder/spi-builder-workspace/.derivedData/Build/Intermediates.noindex/GitHubRestAPISwiftOpenAPI.build/Debug-watchos/GitHubRestAPIAgents.build/Objects-normal/arm64_32/GitHubRestAPIAgents_dependency_info.dat -fobjc-link-runtime -L/Applications/Xcode-26.3.0.app/Contents/Developer/Toolchains/XcodeDefault.xctoolchain/usr/lib/swift/watchos -L/usr/lib/swift -Xlinker -add_ast_path -Xlinker /Users/admin/builder/spi-builder-workspace/.derivedData/Build/Intermediates.noindex/GitHubRestAPISwiftOpenAPI.build/Debug-watchos/GitHubRestAPIAgents.build/Objects-normal/arm64_32/GitHubRestAPIAgents.swiftmodule @/Users/admin/builder/spi-builder-workspace/.derivedData/Build/Intermediates.noindex/GitHubRestAPISwiftOpenAPI.build/Debug-watchos/GitHubRestAPIAgents.build/Objects-normal/arm64_32/GitHubRestAPIAgents-linker-args.resp -o /Users/admin/builder/spi-builder-workspace/.derivedData/Build/Intermediates.noindex/GitHubRestAPISwiftOpenAPI.build/Debug-watchos/GitHubRestAPIAgents.build/Objects-normal/arm64_32/Binary/GitHubRestAPIAgents.o
Ld /Users/admin/builder/spi-builder-workspace/.derivedData/Build/Intermediates.noindex/GitHubRestAPISwiftOpenAPI.build/Debug-watchos/GitHubRestAPIAgents.build/Objects-normal/arm64/Binary/GitHubRestAPIAgents.o normal arm64 (in target 'GitHubRestAPIAgents' from project 'GitHubRestAPISwiftOpenAPI')
    cd /Users/admin/builder/spi-builder-workspace
    /Applications/Xcode-26.3.0.app/Contents/Developer/Toolchains/XcodeDefault.xctoolchain/usr/bin/clang -Xlinker -reproducible -target arm64-apple-watchos6.0 -r -isysroot /Applications/Xcode-26.3.0.app/Contents/Developer/Platforms/WatchOS.platform/Developer/SDKs/WatchOS26.2.sdk -O0 -L/Users/admin/builder/spi-builder-workspace/.derivedData/Build/Intermediates.noindex/EagerLinkingTBDs/Debug-watchos -L/Users/admin/builder/spi-builder-workspace/.derivedData/Build/Products/Debug-watchos -L/Applications/Xcode-26.3.0.app/Contents/Developer/Platforms/WatchOS.platform/Developer/usr/lib -F/Users/admin/builder/spi-builder-workspace/.derivedData/Build/Intermediates.noindex/EagerLinkingTBDs/Debug-watchos -F/Users/admin/builder/spi-builder-workspace/.derivedData/Build/Products/Debug-watchos/PackageFrameworks -F/Users/admin/builder/spi-builder-workspace/.derivedData/Build/Products/Debug-watchos/PackageFrameworks -F/Users/admin/builder/spi-builder-workspace/.derivedData/Build/Products/Debug-watchos/PackageFrameworks -F/Users/admin/builder/spi-builder-workspace/.derivedData/Build/Products/Debug-watchos/PackageFrameworks -F/Users/admin/builder/spi-builder-workspace/.derivedData/Build/Products/Debug-watchos/PackageFrameworks -F/Users/admin/builder/spi-builder-workspace/.derivedData/Build/Products/Debug-watchos/PackageFrameworks -F/Users/admin/builder/spi-builder-workspace/.derivedData/Build/Products/Debug-watchos -iframework /Applications/Xcode-26.3.0.app/Contents/Developer/Platforms/WatchOS.platform/Developer/Library/Frameworks -iframework /Applications/Xcode-26.3.0.app/Contents/Developer/Platforms/WatchOS.platform/Developer/SDKs/WatchOS26.2.sdk/Developer/Library/Frameworks -filelist /Users/admin/builder/spi-builder-workspace/.derivedData/Build/Intermediates.noindex/GitHubRestAPISwiftOpenAPI.build/Debug-watchos/GitHubRestAPIAgents.build/Objects-normal/arm64/GitHubRestAPIAgents.LinkFileList -nostdlib -Xlinker -object_path_lto -Xlinker /Users/admin/builder/spi-builder-workspace/.derivedData/Build/Intermediates.noindex/GitHubRestAPISwiftOpenAPI.build/Debug-watchos/GitHubRestAPIAgents.build/Objects-normal/arm64/GitHubRestAPIAgents_lto.o -rdynamic -Xlinker -no_deduplicate -Xlinker -debug_variant -Xlinker -dependency_info -Xlinker /Users/admin/builder/spi-builder-workspace/.derivedData/Build/Intermediates.noindex/GitHubRestAPISwiftOpenAPI.build/Debug-watchos/GitHubRestAPIAgents.build/Objects-normal/arm64/GitHubRestAPIAgents_dependency_info.dat -fobjc-link-runtime -L/Applications/Xcode-26.3.0.app/Contents/Developer/Toolchains/XcodeDefault.xctoolchain/usr/lib/swift/watchos -L/usr/lib/swift -Xlinker -add_ast_path -Xlinker /Users/admin/builder/spi-builder-workspace/.derivedData/Build/Intermediates.noindex/GitHubRestAPISwiftOpenAPI.build/Debug-watchos/GitHubRestAPIAgents.build/Objects-normal/arm64/GitHubRestAPIAgents.swiftmodule @/Users/admin/builder/spi-builder-workspace/.derivedData/Build/Intermediates.noindex/GitHubRestAPISwiftOpenAPI.build/Debug-watchos/GitHubRestAPIAgents.build/Objects-normal/arm64/GitHubRestAPIAgents-linker-args.resp -o /Users/admin/builder/spi-builder-workspace/.derivedData/Build/Intermediates.noindex/GitHubRestAPISwiftOpenAPI.build/Debug-watchos/GitHubRestAPIAgents.build/Objects-normal/arm64/Binary/GitHubRestAPIAgents.o
SwiftDriver GitHubRestAPIAgentTasks normal arm64_32 com.apple.xcode.tools.swift.compiler (in target 'GitHubRestAPIAgentTasks' from project 'GitHubRestAPISwiftOpenAPI')
    cd /Users/admin/builder/spi-builder-workspace/.swiftpm/xcode
    builtin-SwiftDriver -- /Applications/Xcode-26.3.0.app/Contents/Developer/Toolchains/XcodeDefault.xctoolchain/usr/bin/swiftc -module-name GitHubRestAPIAgentTasks -Onone -enforce-exclusivity\=checked @/Users/admin/builder/spi-builder-workspace/.derivedData/Build/Intermediates.noindex/GitHubRestAPISwiftOpenAPI.build/Debug-watchos/GitHubRestAPIAgentTasks.build/Objects-normal/arm64_32/GitHubRestAPIAgentTasks.SwiftFileList -DSWIFT_PACKAGE -DDEBUG -DSWIFT_MODULE_RESOURCE_BUNDLE_UNAVAILABLE -DXcode -plugin-path /Applications/Xcode-26.3.0.app/Contents/Developer/Toolchains/XcodeDefault.xctoolchain/usr/lib/swift/host/plugins/testing -enable-experimental-feature DebugDescriptionMacro -sdk /Applications/Xcode-26.3.0.app/Contents/Developer/Platforms/WatchOS.platform/Developer/SDKs/WatchOS26.2.sdk -target arm64_32-apple-watchos6.0 -g -module-cache-path /Users/admin/builder/spi-builder-workspace/.derivedData/ModuleCache.noindex -Xfrontend -serialize-debugging-options -profile-coverage-mapping -profile-generate -enable-testing -index-store-path /Users/admin/builder/spi-builder-workspace/.derivedData/Index.noindex/DataStore -Xcc -D_LIBCPP_HARDENING_MODE\=_LIBCPP_HARDENING_MODE_DEBUG -swift-version 5 -I /Users/admin/builder/spi-builder-workspace/.derivedData/Build/Products/Debug-watchos -Isystem /Applications/Xcode-26.3.0.app/Contents/Developer/Platforms/WatchOS.platform/Developer/usr/lib -F /Users/admin/builder/spi-builder-workspace/.derivedData/Build/Products/Debug-watchos/PackageFrameworks -F /Users/admin/builder/spi-builder-workspace/.derivedData/Build/Products/Debug-watchos/PackageFrameworks -F /Users/admin/builder/spi-builder-workspace/.derivedData/Build/Products/Debug-watchos/PackageFrameworks -F /Users/admin/builder/spi-builder-workspace/.derivedData/Build/Products/Debug-watchos/PackageFrameworks -F /Users/admin/builder/spi-builder-workspace/.derivedData/Build/Products/Debug-watchos/PackageFrameworks -F /Users/admin/builder/spi-builder-workspace/.derivedData/Build/Products/Debug-watchos/PackageFrameworks -F /Users/admin/builder/spi-builder-workspace/.derivedData/Build/Products/Debug-watchos -F /Applications/Xcode-26.3.0.app/Contents/Developer/Platforms/WatchOS.platform/Developer/Library/Frameworks -F /Applications/Xcode-26.3.0.app/Contents/Developer/Platforms/WatchOS.platform/Developer/SDKs/WatchOS26.2.sdk/Developer/Library/Frameworks -c -j10 -enable-batch-mode -incremental -Xcc -ivfsstatcache -Xcc /Users/admin/builder/spi-builder-workspace/.derivedData/SDKStatCaches.noindex/watchos26.2-23S303-dc75598d0054f22ec865fa860f139d721753b489057de6bda919edfa1c59a62b.sdkstatcache -output-file-map /Users/admin/builder/spi-builder-workspace/.derivedData/Build/Intermediates.noindex/GitHubRestAPISwiftOpenAPI.build/Debug-watchos/GitHubRestAPIAgentTasks.build/Objects-normal/arm64_32/GitHubRestAPIAgentTasks-OutputFileMap.json -use-frontend-parseable-output -save-temps -no-color-diagnostics -explicit-module-build -module-cache-path /Users/admin/builder/spi-builder-workspace/.derivedData/Build/Intermediates.noindex/SwiftExplicitPrecompiledModules -clang-scanner-module-cache-path /Users/admin/builder/spi-builder-workspace/.derivedData/ModuleCache.noindex -sdk-module-cache-path /Users/admin/builder/spi-builder-workspace/.derivedData/ModuleCache.noindex -serialize-diagnostics -emit-dependencies -emit-module -emit-module-path /Users/admin/builder/spi-builder-workspace/.derivedData/Build/Intermediates.noindex/GitHubRestAPISwiftOpenAPI.build/Debug-watchos/GitHubRestAPIAgentTasks.build/Objects-normal/arm64_32/GitHubRestAPIAgentTasks.swiftmodule -validate-clang-modules-once -clang-build-session-file /Users/admin/builder/spi-builder-workspace/.derivedData/ModuleCache.noindex/Session.modulevalidation -package-name spi_builder_workspace -Xcc -I/Users/admin/builder/spi-builder-workspace/.derivedData/Build/Intermediates.noindex/GitHubRestAPISwiftOpenAPI.build/Debug-watchos/GitHubRestAPIAgentTasks.build/swift-overrides.hmap -emit-const-values -Xfrontend -const-gather-protocols-file -Xfrontend /Users/admin/builder/spi-builder-workspace/.derivedData/Build/Intermediates.noindex/GitHubRestAPISwiftOpenAPI.build/Debug-watchos/GitHubRestAPIAgentTasks.build/Objects-normal/arm64_32/GitHubRestAPIAgentTasks_const_extract_protocols.json -Xcc -I/Users/admin/builder/spi-builder-workspace/.derivedData/Build/Products/Debug-watchos/include -Xcc -I/Users/admin/builder/spi-builder-workspace/.derivedData/Build/Intermediates.noindex/GitHubRestAPISwiftOpenAPI.build/Debug-watchos/GitHubRestAPIAgentTasks.build/DerivedSources-normal/arm64_32 -Xcc -I/Users/admin/builder/spi-builder-workspace/.derivedData/Build/Intermediates.noindex/GitHubRestAPISwiftOpenAPI.build/Debug-watchos/GitHubRestAPIAgentTasks.build/DerivedSources/arm64_32 -Xcc -I/Users/admin/builder/spi-builder-workspace/.derivedData/Build/Intermediates.noindex/GitHubRestAPISwiftOpenAPI.build/Debug-watchos/GitHubRestAPIAgentTasks.build/DerivedSources -Xcc -DSWIFT_PACKAGE -Xcc -DDEBUG\=1 -emit-objc-header -emit-objc-header-path /Users/admin/builder/spi-builder-workspace/.derivedData/Build/Intermediates.noindex/GitHubRestAPISwiftOpenAPI.build/Debug-watchos/GitHubRestAPIAgentTasks.build/Objects-normal/arm64_32/GitHubRestAPIAgentTasks-Swift.h -working-directory /Users/admin/builder/spi-builder-workspace/.swiftpm/xcode -experimental-emit-module-separately -disable-cmo
CreateUniversalBinary /Users/admin/builder/spi-builder-workspace/.derivedData/Build/Products/Debug-watchos/GitHubRestAPIPulls.o normal arm64\ armv7k\ arm64_32 (in target 'GitHubRestAPIPulls' from project 'GitHubRestAPISwiftOpenAPI')
    cd /Users/admin/builder/spi-builder-workspace
    /Applications/Xcode-26.3.0.app/Contents/Developer/Toolchains/XcodeDefault.xctoolchain/usr/bin/lipo -create /Users/admin/builder/spi-builder-workspace/.derivedData/Build/Intermediates.noindex/GitHubRestAPISwiftOpenAPI.build/Debug-watchos/GitHubRestAPIPulls.build/Objects-normal/arm64/Binary/GitHubRestAPIPulls.o /Users/admin/builder/spi-builder-workspace/.derivedData/Build/Intermediates.noindex/GitHubRestAPISwiftOpenAPI.build/Debug-watchos/GitHubRestAPIPulls.build/Objects-normal/armv7k/Binary/GitHubRestAPIPulls.o /Users/admin/builder/spi-builder-workspace/.derivedData/Build/Intermediates.noindex/GitHubRestAPISwiftOpenAPI.build/Debug-watchos/GitHubRestAPIPulls.build/Objects-normal/arm64_32/Binary/GitHubRestAPIPulls.o -output /Users/admin/builder/spi-builder-workspace/.derivedData/Build/Products/Debug-watchos/GitHubRestAPIPulls.o
Ld /Users/admin/builder/spi-builder-workspace/.derivedData/Build/Intermediates.noindex/GitHubRestAPISwiftOpenAPI.build/Debug-watchos/GitHubRestAPIAgentTasks.build/Objects-normal/armv7k/Binary/GitHubRestAPIAgentTasks.o normal armv7k (in target 'GitHubRestAPIAgentTasks' from project 'GitHubRestAPISwiftOpenAPI')
    cd /Users/admin/builder/spi-builder-workspace
    /Applications/Xcode-26.3.0.app/Contents/Developer/Toolchains/XcodeDefault.xctoolchain/usr/bin/clang -Xlinker -reproducible -target armv7k-apple-watchos6.0 -r -isysroot /Applications/Xcode-26.3.0.app/Contents/Developer/Platforms/WatchOS.platform/Developer/SDKs/WatchOS26.2.sdk -O0 -L/Users/admin/builder/spi-builder-workspace/.derivedData/Build/Intermediates.noindex/EagerLinkingTBDs/Debug-watchos -L/Users/admin/builder/spi-builder-workspace/.derivedData/Build/Products/Debug-watchos -L/Applications/Xcode-26.3.0.app/Contents/Developer/Platforms/WatchOS.platform/Developer/usr/lib -F/Users/admin/builder/spi-builder-workspace/.derivedData/Build/Intermediates.noindex/EagerLinkingTBDs/Debug-watchos -F/Users/admin/builder/spi-builder-workspace/.derivedData/Build/Products/Debug-watchos/PackageFrameworks -F/Users/admin/builder/spi-builder-workspace/.derivedData/Build/Products/Debug-watchos/PackageFrameworks -F/Users/admin/builder/spi-builder-workspace/.derivedData/Build/Products/Debug-watchos/PackageFrameworks -F/Users/admin/builder/spi-builder-workspace/.derivedData/Build/Products/Debug-watchos/PackageFrameworks -F/Users/admin/builder/spi-builder-workspace/.derivedData/Build/Products/Debug-watchos/PackageFrameworks -F/Users/admin/builder/spi-builder-workspace/.derivedData/Build/Products/Debug-watchos/PackageFrameworks -F/Users/admin/builder/spi-builder-workspace/.derivedData/Build/Products/Debug-watchos -iframework /Applications/Xcode-26.3.0.app/Contents/Developer/Platforms/WatchOS.platform/Developer/Library/Frameworks -iframework /Applications/Xcode-26.3.0.app/Contents/Developer/Platforms/WatchOS.platform/Developer/SDKs/WatchOS26.2.sdk/Developer/Library/Frameworks -filelist /Users/admin/builder/spi-builder-workspace/.derivedData/Build/Intermediates.noindex/GitHubRestAPISwiftOpenAPI.build/Debug-watchos/GitHubRestAPIAgentTasks.build/Objects-normal/armv7k/GitHubRestAPIAgentTasks.LinkFileList -nostdlib -Xlinker -object_path_lto -Xlinker /Users/admin/builder/spi-builder-workspace/.derivedData/Build/Intermediates.noindex/GitHubRestAPISwiftOpenAPI.build/Debug-watchos/GitHubRestAPIAgentTasks.build/Objects-normal/armv7k/GitHubRestAPIAgentTasks_lto.o -rdynamic -Xlinker -no_deduplicate -Xlinker -debug_variant -Xlinker -dependency_info -Xlinker /Users/admin/builder/spi-builder-workspace/.derivedData/Build/Intermediates.noindex/GitHubRestAPISwiftOpenAPI.build/Debug-watchos/GitHubRestAPIAgentTasks.build/Objects-normal/armv7k/GitHubRestAPIAgentTasks_dependency_info.dat -fobjc-link-runtime -L/Applications/Xcode-26.3.0.app/Contents/Developer/Toolchains/XcodeDefault.xctoolchain/usr/lib/swift/watchos -L/usr/lib/swift -Xlinker -add_ast_path -Xlinker /Users/admin/builder/spi-builder-workspace/.derivedData/Build/Intermediates.noindex/GitHubRestAPISwiftOpenAPI.build/Debug-watchos/GitHubRestAPIAgentTasks.build/Objects-normal/armv7k/GitHubRestAPIAgentTasks.swiftmodule @/Users/admin/builder/spi-builder-workspace/.derivedData/Build/Intermediates.noindex/GitHubRestAPISwiftOpenAPI.build/Debug-watchos/GitHubRestAPIAgentTasks.build/Objects-normal/armv7k/GitHubRestAPIAgentTasks-linker-args.resp -o /Users/admin/builder/spi-builder-workspace/.derivedData/Build/Intermediates.noindex/GitHubRestAPISwiftOpenAPI.build/Debug-watchos/GitHubRestAPIAgentTasks.build/Objects-normal/armv7k/Binary/GitHubRestAPIAgentTasks.o
Ld /Users/admin/builder/spi-builder-workspace/.derivedData/Build/Intermediates.noindex/GitHubRestAPISwiftOpenAPI.build/Debug-watchos/GitHubRestAPIAgentTasks.build/Objects-normal/arm64/Binary/GitHubRestAPIAgentTasks.o normal arm64 (in target 'GitHubRestAPIAgentTasks' from project 'GitHubRestAPISwiftOpenAPI')
    cd /Users/admin/builder/spi-builder-workspace
    /Applications/Xcode-26.3.0.app/Contents/Developer/Toolchains/XcodeDefault.xctoolchain/usr/bin/clang -Xlinker -reproducible -target arm64-apple-watchos6.0 -r -isysroot /Applications/Xcode-26.3.0.app/Contents/Developer/Platforms/WatchOS.platform/Developer/SDKs/WatchOS26.2.sdk -O0 -L/Users/admin/builder/spi-builder-workspace/.derivedData/Build/Intermediates.noindex/EagerLinkingTBDs/Debug-watchos -L/Users/admin/builder/spi-builder-workspace/.derivedData/Build/Products/Debug-watchos -L/Applications/Xcode-26.3.0.app/Contents/Developer/Platforms/WatchOS.platform/Developer/usr/lib -F/Users/admin/builder/spi-builder-workspace/.derivedData/Build/Intermediates.noindex/EagerLinkingTBDs/Debug-watchos -F/Users/admin/builder/spi-builder-workspace/.derivedData/Build/Products/Debug-watchos/PackageFrameworks -F/Users/admin/builder/spi-builder-workspace/.derivedData/Build/Products/Debug-watchos/PackageFrameworks -F/Users/admin/builder/spi-builder-workspace/.derivedData/Build/Products/Debug-watchos/PackageFrameworks -F/Users/admin/builder/spi-builder-workspace/.derivedData/Build/Products/Debug-watchos/PackageFrameworks -F/Users/admin/builder/spi-builder-workspace/.derivedData/Build/Products/Debug-watchos/PackageFrameworks -F/Users/admin/builder/spi-builder-workspace/.derivedData/Build/Products/Debug-watchos/PackageFrameworks -F/Users/admin/builder/spi-builder-workspace/.derivedData/Build/Products/Debug-watchos -iframework /Applications/Xcode-26.3.0.app/Contents/Developer/Platforms/WatchOS.platform/Developer/Library/Frameworks -iframework /Applications/Xcode-26.3.0.app/Contents/Developer/Platforms/WatchOS.platform/Developer/SDKs/WatchOS26.2.sdk/Developer/Library/Frameworks -filelist /Users/admin/builder/spi-builder-workspace/.derivedData/Build/Intermediates.noindex/GitHubRestAPISwiftOpenAPI.build/Debug-watchos/GitHubRestAPIAgentTasks.build/Objects-normal/arm64/GitHubRestAPIAgentTasks.LinkFileList -nostdlib -Xlinker -object_path_lto -Xlinker /Users/admin/builder/spi-builder-workspace/.derivedData/Build/Intermediates.noindex/GitHubRestAPISwiftOpenAPI.build/Debug-watchos/GitHubRestAPIAgentTasks.build/Objects-normal/arm64/GitHubRestAPIAgentTasks_lto.o -rdynamic -Xlinker -no_deduplicate -Xlinker -debug_variant -Xlinker -dependency_info -Xlinker /Users/admin/builder/spi-builder-workspace/.derivedData/Build/Intermediates.noindex/GitHubRestAPISwiftOpenAPI.build/Debug-watchos/GitHubRestAPIAgentTasks.build/Objects-normal/arm64/GitHubRestAPIAgentTasks_dependency_info.dat -fobjc-link-runtime -L/Applications/Xcode-26.3.0.app/Contents/Developer/Toolchains/XcodeDefault.xctoolchain/usr/lib/swift/watchos -L/usr/lib/swift -Xlinker -add_ast_path -Xlinker /Users/admin/builder/spi-builder-workspace/.derivedData/Build/Intermediates.noindex/GitHubRestAPISwiftOpenAPI.build/Debug-watchos/GitHubRestAPIAgentTasks.build/Objects-normal/arm64/GitHubRestAPIAgentTasks.swiftmodule @/Users/admin/builder/spi-builder-workspace/.derivedData/Build/Intermediates.noindex/GitHubRestAPISwiftOpenAPI.build/Debug-watchos/GitHubRestAPIAgentTasks.build/Objects-normal/arm64/GitHubRestAPIAgentTasks-linker-args.resp -o /Users/admin/builder/spi-builder-workspace/.derivedData/Build/Intermediates.noindex/GitHubRestAPISwiftOpenAPI.build/Debug-watchos/GitHubRestAPIAgentTasks.build/Objects-normal/arm64/Binary/GitHubRestAPIAgentTasks.o
SwiftDriver GitHubRestAPIActivity normal arm64 com.apple.xcode.tools.swift.compiler (in target 'GitHubRestAPIActivity' from project 'GitHubRestAPISwiftOpenAPI')
    cd /Users/admin/builder/spi-builder-workspace/.swiftpm/xcode
    builtin-SwiftDriver -- /Applications/Xcode-26.3.0.app/Contents/Developer/Toolchains/XcodeDefault.xctoolchain/usr/bin/swiftc -module-name GitHubRestAPIActivity -Onone -enforce-exclusivity\=checked @/Users/admin/builder/spi-builder-workspace/.derivedData/Build/Intermediates.noindex/GitHubRestAPISwiftOpenAPI.build/Debug-watchos/GitHubRestAPIActivity.build/Objects-normal/arm64/GitHubRestAPIActivity.SwiftFileList -DSWIFT_PACKAGE -DDEBUG -DSWIFT_MODULE_RESOURCE_BUNDLE_UNAVAILABLE -DXcode -plugin-path /Applications/Xcode-26.3.0.app/Contents/Developer/Toolchains/XcodeDefault.xctoolchain/usr/lib/swift/host/plugins/testing -enable-experimental-feature DebugDescriptionMacro -sdk /Applications/Xcode-26.3.0.app/Contents/Developer/Platforms/WatchOS.platform/Developer/SDKs/WatchOS26.2.sdk -target arm64-apple-watchos6.0 -g -module-cache-path /Users/admin/builder/spi-builder-workspace/.derivedData/ModuleCache.noindex -Xfrontend -serialize-debugging-options -profile-coverage-mapping -profile-generate -enable-testing -index-store-path /Users/admin/builder/spi-builder-workspace/.derivedData/Index.noindex/DataStore -Xcc -D_LIBCPP_HARDENING_MODE\=_LIBCPP_HARDENING_MODE_DEBUG -swift-version 5 -I /Users/admin/builder/spi-builder-workspace/.derivedData/Build/Products/Debug-watchos -Isystem /Applications/Xcode-26.3.0.app/Contents/Developer/Platforms/WatchOS.platform/Developer/usr/lib -F /Users/admin/builder/spi-builder-workspace/.derivedData/Build/Products/Debug-watchos/PackageFrameworks -F /Users/admin/builder/spi-builder-workspace/.derivedData/Build/Products/Debug-watchos/PackageFrameworks -F /Users/admin/builder/spi-builder-workspace/.derivedData/Build/Products/Debug-watchos/PackageFrameworks -F /Users/admin/builder/spi-builder-workspace/.derivedData/Build/Products/Debug-watchos/PackageFrameworks -F /Users/admin/builder/spi-builder-workspace/.derivedData/Build/Products/Debug-watchos/PackageFrameworks -F /Users/admin/builder/spi-builder-workspace/.derivedData/Build/Products/Debug-watchos/PackageFrameworks -F /Users/admin/builder/spi-builder-workspace/.derivedData/Build/Products/Debug-watchos -F /Applications/Xcode-26.3.0.app/Contents/Developer/Platforms/WatchOS.platform/Developer/Library/Frameworks -F /Applications/Xcode-26.3.0.app/Contents/Developer/Platforms/WatchOS.platform/Developer/SDKs/WatchOS26.2.sdk/Developer/Library/Frameworks -c -j10 -enable-batch-mode -incremental -Xcc -ivfsstatcache -Xcc /Users/admin/builder/spi-builder-workspace/.derivedData/SDKStatCaches.noindex/watchos26.2-23S303-dc75598d0054f22ec865fa860f139d721753b489057de6bda919edfa1c59a62b.sdkstatcache -output-file-map /Users/admin/builder/spi-builder-workspace/.derivedData/Build/Intermediates.noindex/GitHubRestAPISwiftOpenAPI.build/Debug-watchos/GitHubRestAPIActivity.build/Objects-normal/arm64/GitHubRestAPIActivity-OutputFileMap.json -use-frontend-parseable-output -save-temps -no-color-diagnostics -explicit-module-build -module-cache-path /Users/admin/builder/spi-builder-workspace/.derivedData/Build/Intermediates.noindex/SwiftExplicitPrecompiledModules -clang-scanner-module-cache-path /Users/admin/builder/spi-builder-workspace/.derivedData/ModuleCache.noindex -sdk-module-cache-path /Users/admin/builder/spi-builder-workspace/.derivedData/ModuleCache.noindex -serialize-diagnostics -emit-dependencies -emit-module -emit-module-path /Users/admin/builder/spi-builder-workspace/.derivedData/Build/Intermediates.noindex/GitHubRestAPISwiftOpenAPI.build/Debug-watchos/GitHubRestAPIActivity.build/Objects-normal/arm64/GitHubRestAPIActivity.swiftmodule -validate-clang-modules-once -clang-build-session-file /Users/admin/builder/spi-builder-workspace/.derivedData/ModuleCache.noindex/Session.modulevalidation -package-name spi_builder_workspace -Xcc -I/Users/admin/builder/spi-builder-workspace/.derivedData/Build/Intermediates.noindex/GitHubRestAPISwiftOpenAPI.build/Debug-watchos/GitHubRestAPIActivity.build/swift-overrides.hmap -emit-const-values -Xfrontend -const-gather-protocols-file -Xfrontend /Users/admin/builder/spi-builder-workspace/.derivedData/Build/Intermediates.noindex/GitHubRestAPISwiftOpenAPI.build/Debug-watchos/GitHubRestAPIActivity.build/Objects-normal/arm64/GitHubRestAPIActivity_const_extract_protocols.json -Xcc -I/Users/admin/builder/spi-builder-workspace/.derivedData/Build/Products/Debug-watchos/include -Xcc -I/Users/admin/builder/spi-builder-workspace/.derivedData/Build/Intermediates.noindex/GitHubRestAPISwiftOpenAPI.build/Debug-watchos/GitHubRestAPIActivity.build/DerivedSources-normal/arm64 -Xcc -I/Users/admin/builder/spi-builder-workspace/.derivedData/Build/Intermediates.noindex/GitHubRestAPISwiftOpenAPI.build/Debug-watchos/GitHubRestAPIActivity.build/DerivedSources/arm64 -Xcc -I/Users/admin/builder/spi-builder-workspace/.derivedData/Build/Intermediates.noindex/GitHubRestAPISwiftOpenAPI.build/Debug-watchos/GitHubRestAPIActivity.build/DerivedSources -Xcc -DSWIFT_PACKAGE -Xcc -DDEBUG\=1 -emit-objc-header -emit-objc-header-path /Users/admin/builder/spi-builder-workspace/.derivedData/Build/Intermediates.noindex/GitHubRestAPISwiftOpenAPI.build/Debug-watchos/GitHubRestAPIActivity.build/Objects-normal/arm64/GitHubRestAPIActivity-Swift.h -working-directory /Users/admin/builder/spi-builder-workspace/.swiftpm/xcode -experimental-emit-module-separately -disable-cmo
SwiftDriver GitHubRestAPIActivity normal arm64_32 com.apple.xcode.tools.swift.compiler (in target 'GitHubRestAPIActivity' from project 'GitHubRestAPISwiftOpenAPI')
    cd /Users/admin/builder/spi-builder-workspace/.swiftpm/xcode
    builtin-SwiftDriver -- /Applications/Xcode-26.3.0.app/Contents/Developer/Toolchains/XcodeDefault.xctoolchain/usr/bin/swiftc -module-name GitHubRestAPIActivity -Onone -enforce-exclusivity\=checked @/Users/admin/builder/spi-builder-workspace/.derivedData/Build/Intermediates.noindex/GitHubRestAPISwiftOpenAPI.build/Debug-watchos/GitHubRestAPIActivity.build/Objects-normal/arm64_32/GitHubRestAPIActivity.SwiftFileList -DSWIFT_PACKAGE -DDEBUG -DSWIFT_MODULE_RESOURCE_BUNDLE_UNAVAILABLE -DXcode -plugin-path /Applications/Xcode-26.3.0.app/Contents/Developer/Toolchains/XcodeDefault.xctoolchain/usr/lib/swift/host/plugins/testing -enable-experimental-feature DebugDescriptionMacro -sdk /Applications/Xcode-26.3.0.app/Contents/Developer/Platforms/WatchOS.platform/Developer/SDKs/WatchOS26.2.sdk -target arm64_32-apple-watchos6.0 -g -module-cache-path /Users/admin/builder/spi-builder-workspace/.derivedData/ModuleCache.noindex -Xfrontend -serialize-debugging-options -profile-coverage-mapping -profile-generate -enable-testing -index-store-path /Users/admin/builder/spi-builder-workspace/.derivedData/Index.noindex/DataStore -Xcc -D_LIBCPP_HARDENING_MODE\=_LIBCPP_HARDENING_MODE_DEBUG -swift-version 5 -I /Users/admin/builder/spi-builder-workspace/.derivedData/Build/Products/Debug-watchos -Isystem /Applications/Xcode-26.3.0.app/Contents/Developer/Platforms/WatchOS.platform/Developer/usr/lib -F /Users/admin/builder/spi-builder-workspace/.derivedData/Build/Products/Debug-watchos/PackageFrameworks -F /Users/admin/builder/spi-builder-workspace/.derivedData/Build/Products/Debug-watchos/PackageFrameworks -F /Users/admin/builder/spi-builder-workspace/.derivedData/Build/Products/Debug-watchos/PackageFrameworks -F /Users/admin/builder/spi-builder-workspace/.derivedData/Build/Products/Debug-watchos/PackageFrameworks -F /Users/admin/builder/spi-builder-workspace/.derivedData/Build/Products/Debug-watchos/PackageFrameworks -F /Users/admin/builder/spi-builder-workspace/.derivedData/Build/Products/Debug-watchos/PackageFrameworks -F /Users/admin/builder/spi-builder-workspace/.derivedData/Build/Products/Debug-watchos -F /Applications/Xcode-26.3.0.app/Contents/Developer/Platforms/WatchOS.platform/Developer/Library/Frameworks -F /Applications/Xcode-26.3.0.app/Contents/Developer/Platforms/WatchOS.platform/Developer/SDKs/WatchOS26.2.sdk/Developer/Library/Frameworks -c -j10 -enable-batch-mode -incremental -Xcc -ivfsstatcache -Xcc /Users/admin/builder/spi-builder-workspace/.derivedData/SDKStatCaches.noindex/watchos26.2-23S303-dc75598d0054f22ec865fa860f139d721753b489057de6bda919edfa1c59a62b.sdkstatcache -output-file-map /Users/admin/builder/spi-builder-workspace/.derivedData/Build/Intermediates.noindex/GitHubRestAPISwiftOpenAPI.build/Debug-watchos/GitHubRestAPIActivity.build/Objects-normal/arm64_32/GitHubRestAPIActivity-OutputFileMap.json -use-frontend-parseable-output -save-temps -no-color-diagnostics -explicit-module-build -module-cache-path /Users/admin/builder/spi-builder-workspace/.derivedData/Build/Intermediates.noindex/SwiftExplicitPrecompiledModules -clang-scanner-module-cache-path /Users/admin/builder/spi-builder-workspace/.derivedData/ModuleCache.noindex -sdk-module-cache-path /Users/admin/builder/spi-builder-workspace/.derivedData/ModuleCache.noindex -serialize-diagnostics -emit-dependencies -emit-module -emit-module-path /Users/admin/builder/spi-builder-workspace/.derivedData/Build/Intermediates.noindex/GitHubRestAPISwiftOpenAPI.build/Debug-watchos/GitHubRestAPIActivity.build/Objects-normal/arm64_32/GitHubRestAPIActivity.swiftmodule -validate-clang-modules-once -clang-build-session-file /Users/admin/builder/spi-builder-workspace/.derivedData/ModuleCache.noindex/Session.modulevalidation -package-name spi_builder_workspace -Xcc -I/Users/admin/builder/spi-builder-workspace/.derivedData/Build/Intermediates.noindex/GitHubRestAPISwiftOpenAPI.build/Debug-watchos/GitHubRestAPIActivity.build/swift-overrides.hmap -emit-const-values -Xfrontend -const-gather-protocols-file -Xfrontend /Users/admin/builder/spi-builder-workspace/.derivedData/Build/Intermediates.noindex/GitHubRestAPISwiftOpenAPI.build/Debug-watchos/GitHubRestAPIActivity.build/Objects-normal/arm64_32/GitHubRestAPIActivity_const_extract_protocols.json -Xcc -I/Users/admin/builder/spi-builder-workspace/.derivedData/Build/Products/Debug-watchos/include -Xcc -I/Users/admin/builder/spi-builder-workspace/.derivedData/Build/Intermediates.noindex/GitHubRestAPISwiftOpenAPI.build/Debug-watchos/GitHubRestAPIActivity.build/DerivedSources-normal/arm64_32 -Xcc -I/Users/admin/builder/spi-builder-workspace/.derivedData/Build/Intermediates.noindex/GitHubRestAPISwiftOpenAPI.build/Debug-watchos/GitHubRestAPIActivity.build/DerivedSources/arm64_32 -Xcc -I/Users/admin/builder/spi-builder-workspace/.derivedData/Build/Intermediates.noindex/GitHubRestAPISwiftOpenAPI.build/Debug-watchos/GitHubRestAPIActivity.build/DerivedSources -Xcc -DSWIFT_PACKAGE -Xcc -DDEBUG\=1 -emit-objc-header -emit-objc-header-path /Users/admin/builder/spi-builder-workspace/.derivedData/Build/Intermediates.noindex/GitHubRestAPISwiftOpenAPI.build/Debug-watchos/GitHubRestAPIActivity.build/Objects-normal/arm64_32/GitHubRestAPIActivity-Swift.h -working-directory /Users/admin/builder/spi-builder-workspace/.swiftpm/xcode -experimental-emit-module-separately -disable-cmo
Ld /Users/admin/builder/spi-builder-workspace/.derivedData/Build/Intermediates.noindex/GitHubRestAPISwiftOpenAPI.build/Debug-watchos/GitHubRestAPIActivity.build/Objects-normal/armv7k/Binary/GitHubRestAPIActivity.o normal armv7k (in target 'GitHubRestAPIActivity' from project 'GitHubRestAPISwiftOpenAPI')
    cd /Users/admin/builder/spi-builder-workspace
    /Applications/Xcode-26.3.0.app/Contents/Developer/Toolchains/XcodeDefault.xctoolchain/usr/bin/clang -Xlinker -reproducible -target armv7k-apple-watchos6.0 -r -isysroot /Applications/Xcode-26.3.0.app/Contents/Developer/Platforms/WatchOS.platform/Developer/SDKs/WatchOS26.2.sdk -O0 -L/Users/admin/builder/spi-builder-workspace/.derivedData/Build/Intermediates.noindex/EagerLinkingTBDs/Debug-watchos -L/Users/admin/builder/spi-builder-workspace/.derivedData/Build/Products/Debug-watchos -L/Applications/Xcode-26.3.0.app/Contents/Developer/Platforms/WatchOS.platform/Developer/usr/lib -F/Users/admin/builder/spi-builder-workspace/.derivedData/Build/Intermediates.noindex/EagerLinkingTBDs/Debug-watchos -F/Users/admin/builder/spi-builder-workspace/.derivedData/Build/Products/Debug-watchos/PackageFrameworks -F/Users/admin/builder/spi-builder-workspace/.derivedData/Build/Products/Debug-watchos/PackageFrameworks -F/Users/admin/builder/spi-builder-workspace/.derivedData/Build/Products/Debug-watchos/PackageFrameworks -F/Users/admin/builder/spi-builder-workspace/.derivedData/Build/Products/Debug-watchos/PackageFrameworks -F/Users/admin/builder/spi-builder-workspace/.derivedData/Build/Products/Debug-watchos/PackageFrameworks -F/Users/admin/builder/spi-builder-workspace/.derivedData/Build/Products/Debug-watchos/PackageFrameworks -F/Users/admin/builder/spi-builder-workspace/.derivedData/Build/Products/Debug-watchos -iframework /Applications/Xcode-26.3.0.app/Contents/Developer/Platforms/WatchOS.platform/Developer/Library/Frameworks -iframework /Applications/Xcode-26.3.0.app/Contents/Developer/Platforms/WatchOS.platform/Developer/SDKs/WatchOS26.2.sdk/Developer/Library/Frameworks -filelist /Users/admin/builder/spi-builder-workspace/.derivedData/Build/Intermediates.noindex/GitHubRestAPISwiftOpenAPI.build/Debug-watchos/GitHubRestAPIActivity.build/Objects-normal/armv7k/GitHubRestAPIActivity.LinkFileList -nostdlib -Xlinker -object_path_lto -Xlinker /Users/admin/builder/spi-builder-workspace/.derivedData/Build/Intermediates.noindex/GitHubRestAPISwiftOpenAPI.build/Debug-watchos/GitHubRestAPIActivity.build/Objects-normal/armv7k/GitHubRestAPIActivity_lto.o -rdynamic -Xlinker -no_deduplicate -Xlinker -debug_variant -Xlinker -dependency_info -Xlinker /Users/admin/builder/spi-builder-workspace/.derivedData/Build/Intermediates.noindex/GitHubRestAPISwiftOpenAPI.build/Debug-watchos/GitHubRestAPIActivity.build/Objects-normal/armv7k/GitHubRestAPIActivity_dependency_info.dat -fobjc-link-runtime -L/Applications/Xcode-26.3.0.app/Contents/Developer/Toolchains/XcodeDefault.xctoolchain/usr/lib/swift/watchos -L/usr/lib/swift -Xlinker -add_ast_path -Xlinker /Users/admin/builder/spi-builder-workspace/.derivedData/Build/Intermediates.noindex/GitHubRestAPISwiftOpenAPI.build/Debug-watchos/GitHubRestAPIActivity.build/Objects-normal/armv7k/GitHubRestAPIActivity.swiftmodule @/Users/admin/builder/spi-builder-workspace/.derivedData/Build/Intermediates.noindex/GitHubRestAPISwiftOpenAPI.build/Debug-watchos/GitHubRestAPIActivity.build/Objects-normal/armv7k/GitHubRestAPIActivity-linker-args.resp -o /Users/admin/builder/spi-builder-workspace/.derivedData/Build/Intermediates.noindex/GitHubRestAPISwiftOpenAPI.build/Debug-watchos/GitHubRestAPIActivity.build/Objects-normal/armv7k/Binary/GitHubRestAPIActivity.o
CreateUniversalBinary /Users/admin/builder/spi-builder-workspace/.derivedData/Build/Products/Debug-watchos/GitHubRestAPIAgents.o normal arm64\ armv7k\ arm64_32 (in target 'GitHubRestAPIAgents' from project 'GitHubRestAPISwiftOpenAPI')
    cd /Users/admin/builder/spi-builder-workspace
    /Applications/Xcode-26.3.0.app/Contents/Developer/Toolchains/XcodeDefault.xctoolchain/usr/bin/lipo -create /Users/admin/builder/spi-builder-workspace/.derivedData/Build/Intermediates.noindex/GitHubRestAPISwiftOpenAPI.build/Debug-watchos/GitHubRestAPIAgents.build/Objects-normal/arm64/Binary/GitHubRestAPIAgents.o /Users/admin/builder/spi-builder-workspace/.derivedData/Build/Intermediates.noindex/GitHubRestAPISwiftOpenAPI.build/Debug-watchos/GitHubRestAPIAgents.build/Objects-normal/armv7k/Binary/GitHubRestAPIAgents.o /Users/admin/builder/spi-builder-workspace/.derivedData/Build/Intermediates.noindex/GitHubRestAPISwiftOpenAPI.build/Debug-watchos/GitHubRestAPIAgents.build/Objects-normal/arm64_32/Binary/GitHubRestAPIAgents.o -output /Users/admin/builder/spi-builder-workspace/.derivedData/Build/Products/Debug-watchos/GitHubRestAPIAgents.o
SwiftDriver GitHubRestAPIActions normal arm64_32 com.apple.xcode.tools.swift.compiler (in target 'GitHubRestAPIActions' from project 'GitHubRestAPISwiftOpenAPI')
    cd /Users/admin/builder/spi-builder-workspace/.swiftpm/xcode
    builtin-SwiftDriver -- /Applications/Xcode-26.3.0.app/Contents/Developer/Toolchains/XcodeDefault.xctoolchain/usr/bin/swiftc -module-name GitHubRestAPIActions -Onone -enforce-exclusivity\=checked @/Users/admin/builder/spi-builder-workspace/.derivedData/Build/Intermediates.noindex/GitHubRestAPISwiftOpenAPI.build/Debug-watchos/GitHubRestAPIActions.build/Objects-normal/arm64_32/GitHubRestAPIActions.SwiftFileList -DSWIFT_PACKAGE -DDEBUG -DSWIFT_MODULE_RESOURCE_BUNDLE_UNAVAILABLE -DXcode -plugin-path /Applications/Xcode-26.3.0.app/Contents/Developer/Toolchains/XcodeDefault.xctoolchain/usr/lib/swift/host/plugins/testing -enable-experimental-feature DebugDescriptionMacro -sdk /Applications/Xcode-26.3.0.app/Contents/Developer/Platforms/WatchOS.platform/Developer/SDKs/WatchOS26.2.sdk -target arm64_32-apple-watchos6.0 -g -module-cache-path /Users/admin/builder/spi-builder-workspace/.derivedData/ModuleCache.noindex -Xfrontend -serialize-debugging-options -profile-coverage-mapping -profile-generate -enable-testing -index-store-path /Users/admin/builder/spi-builder-workspace/.derivedData/Index.noindex/DataStore -Xcc -D_LIBCPP_HARDENING_MODE\=_LIBCPP_HARDENING_MODE_DEBUG -swift-version 5 -I /Users/admin/builder/spi-builder-workspace/.derivedData/Build/Products/Debug-watchos -Isystem /Applications/Xcode-26.3.0.app/Contents/Developer/Platforms/WatchOS.platform/Developer/usr/lib -F /Users/admin/builder/spi-builder-workspace/.derivedData/Build/Products/Debug-watchos/PackageFrameworks -F /Users/admin/builder/spi-builder-workspace/.derivedData/Build/Products/Debug-watchos/PackageFrameworks -F /Users/admin/builder/spi-builder-workspace/.derivedData/Build/Products/Debug-watchos/PackageFrameworks -F /Users/admin/builder/spi-builder-workspace/.derivedData/Build/Products/Debug-watchos/PackageFrameworks -F /Users/admin/builder/spi-builder-workspace/.derivedData/Build/Products/Debug-watchos/PackageFrameworks -F /Users/admin/builder/spi-builder-workspace/.derivedData/Build/Products/Debug-watchos/PackageFrameworks -F /Users/admin/builder/spi-builder-workspace/.derivedData/Build/Products/Debug-watchos -F /Applications/Xcode-26.3.0.app/Contents/Developer/Platforms/WatchOS.platform/Developer/Library/Frameworks -F /Applications/Xcode-26.3.0.app/Contents/Developer/Platforms/WatchOS.platform/Developer/SDKs/WatchOS26.2.sdk/Developer/Library/Frameworks -c -j10 -enable-batch-mode -incremental -Xcc -ivfsstatcache -Xcc /Users/admin/builder/spi-builder-workspace/.derivedData/SDKStatCaches.noindex/watchos26.2-23S303-dc75598d0054f22ec865fa860f139d721753b489057de6bda919edfa1c59a62b.sdkstatcache -output-file-map /Users/admin/builder/spi-builder-workspace/.derivedData/Build/Intermediates.noindex/GitHubRestAPISwiftOpenAPI.build/Debug-watchos/GitHubRestAPIActions.build/Objects-normal/arm64_32/GitHubRestAPIActions-OutputFileMap.json -use-frontend-parseable-output -save-temps -no-color-diagnostics -explicit-module-build -module-cache-path /Users/admin/builder/spi-builder-workspace/.derivedData/Build/Intermediates.noindex/SwiftExplicitPrecompiledModules -clang-scanner-module-cache-path /Users/admin/builder/spi-builder-workspace/.derivedData/ModuleCache.noindex -sdk-module-cache-path /Users/admin/builder/spi-builder-workspace/.derivedData/ModuleCache.noindex -serialize-diagnostics -emit-dependencies -emit-module -emit-module-path /Users/admin/builder/spi-builder-workspace/.derivedData/Build/Intermediates.noindex/GitHubRestAPISwiftOpenAPI.build/Debug-watchos/GitHubRestAPIActions.build/Objects-normal/arm64_32/GitHubRestAPIActions.swiftmodule -validate-clang-modules-once -clang-build-session-file /Users/admin/builder/spi-builder-workspace/.derivedData/ModuleCache.noindex/Session.modulevalidation -package-name spi_builder_workspace -Xcc -I/Users/admin/builder/spi-builder-workspace/.derivedData/Build/Intermediates.noindex/GitHubRestAPISwiftOpenAPI.build/Debug-watchos/GitHubRestAPIActions.build/swift-overrides.hmap -emit-const-values -Xfrontend -const-gather-protocols-file -Xfrontend /Users/admin/builder/spi-builder-workspace/.derivedData/Build/Intermediates.noindex/GitHubRestAPISwiftOpenAPI.build/Debug-watchos/GitHubRestAPIActions.build/Objects-normal/arm64_32/GitHubRestAPIActions_const_extract_protocols.json -Xcc -I/Users/admin/builder/spi-builder-workspace/.derivedData/Build/Products/Debug-watchos/include -Xcc -I/Users/admin/builder/spi-builder-workspace/.derivedData/Build/Intermediates.noindex/GitHubRestAPISwiftOpenAPI.build/Debug-watchos/GitHubRestAPIActions.build/DerivedSources-normal/arm64_32 -Xcc -I/Users/admin/builder/spi-builder-workspace/.derivedData/Build/Intermediates.noindex/GitHubRestAPISwiftOpenAPI.build/Debug-watchos/GitHubRestAPIActions.build/DerivedSources/arm64_32 -Xcc -I/Users/admin/builder/spi-builder-workspace/.derivedData/Build/Intermediates.noindex/GitHubRestAPISwiftOpenAPI.build/Debug-watchos/GitHubRestAPIActions.build/DerivedSources -Xcc -DSWIFT_PACKAGE -Xcc -DDEBUG\=1 -emit-objc-header -emit-objc-header-path /Users/admin/builder/spi-builder-workspace/.derivedData/Build/Intermediates.noindex/GitHubRestAPISwiftOpenAPI.build/Debug-watchos/GitHubRestAPIActions.build/Objects-normal/arm64_32/GitHubRestAPIActions-Swift.h -working-directory /Users/admin/builder/spi-builder-workspace/.swiftpm/xcode -experimental-emit-module-separately -disable-cmo
SwiftDriver GitHubRestAPIActions normal arm64 com.apple.xcode.tools.swift.compiler (in target 'GitHubRestAPIActions' from project 'GitHubRestAPISwiftOpenAPI')
    cd /Users/admin/builder/spi-builder-workspace/.swiftpm/xcode
    builtin-SwiftDriver -- /Applications/Xcode-26.3.0.app/Contents/Developer/Toolchains/XcodeDefault.xctoolchain/usr/bin/swiftc -module-name GitHubRestAPIActions -Onone -enforce-exclusivity\=checked @/Users/admin/builder/spi-builder-workspace/.derivedData/Build/Intermediates.noindex/GitHubRestAPISwiftOpenAPI.build/Debug-watchos/GitHubRestAPIActions.build/Objects-normal/arm64/GitHubRestAPIActions.SwiftFileList -DSWIFT_PACKAGE -DDEBUG -DSWIFT_MODULE_RESOURCE_BUNDLE_UNAVAILABLE -DXcode -plugin-path /Applications/Xcode-26.3.0.app/Contents/Developer/Toolchains/XcodeDefault.xctoolchain/usr/lib/swift/host/plugins/testing -enable-experimental-feature DebugDescriptionMacro -sdk /Applications/Xcode-26.3.0.app/Contents/Developer/Platforms/WatchOS.platform/Developer/SDKs/WatchOS26.2.sdk -target arm64-apple-watchos6.0 -g -module-cache-path /Users/admin/builder/spi-builder-workspace/.derivedData/ModuleCache.noindex -Xfrontend -serialize-debugging-options -profile-coverage-mapping -profile-generate -enable-testing -index-store-path /Users/admin/builder/spi-builder-workspace/.derivedData/Index.noindex/DataStore -Xcc -D_LIBCPP_HARDENING_MODE\=_LIBCPP_HARDENING_MODE_DEBUG -swift-version 5 -I /Users/admin/builder/spi-builder-workspace/.derivedData/Build/Products/Debug-watchos -Isystem /Applications/Xcode-26.3.0.app/Contents/Developer/Platforms/WatchOS.platform/Developer/usr/lib -F /Users/admin/builder/spi-builder-workspace/.derivedData/Build/Products/Debug-watchos/PackageFrameworks -F /Users/admin/builder/spi-builder-workspace/.derivedData/Build/Products/Debug-watchos/PackageFrameworks -F /Users/admin/builder/spi-builder-workspace/.derivedData/Build/Products/Debug-watchos/PackageFrameworks -F /Users/admin/builder/spi-builder-workspace/.derivedData/Build/Products/Debug-watchos/PackageFrameworks -F /Users/admin/builder/spi-builder-workspace/.derivedData/Build/Products/Debug-watchos/PackageFrameworks -F /Users/admin/builder/spi-builder-workspace/.derivedData/Build/Products/Debug-watchos/PackageFrameworks -F /Users/admin/builder/spi-builder-workspace/.derivedData/Build/Products/Debug-watchos -F /Applications/Xcode-26.3.0.app/Contents/Developer/Platforms/WatchOS.platform/Developer/Library/Frameworks -F /Applications/Xcode-26.3.0.app/Contents/Developer/Platforms/WatchOS.platform/Developer/SDKs/WatchOS26.2.sdk/Developer/Library/Frameworks -c -j10 -enable-batch-mode -incremental -Xcc -ivfsstatcache -Xcc /Users/admin/builder/spi-builder-workspace/.derivedData/SDKStatCaches.noindex/watchos26.2-23S303-dc75598d0054f22ec865fa860f139d721753b489057de6bda919edfa1c59a62b.sdkstatcache -output-file-map /Users/admin/builder/spi-builder-workspace/.derivedData/Build/Intermediates.noindex/GitHubRestAPISwiftOpenAPI.build/Debug-watchos/GitHubRestAPIActions.build/Objects-normal/arm64/GitHubRestAPIActions-OutputFileMap.json -use-frontend-parseable-output -save-temps -no-color-diagnostics -explicit-module-build -module-cache-path /Users/admin/builder/spi-builder-workspace/.derivedData/Build/Intermediates.noindex/SwiftExplicitPrecompiledModules -clang-scanner-module-cache-path /Users/admin/builder/spi-builder-workspace/.derivedData/ModuleCache.noindex -sdk-module-cache-path /Users/admin/builder/spi-builder-workspace/.derivedData/ModuleCache.noindex -serialize-diagnostics -emit-dependencies -emit-module -emit-module-path /Users/admin/builder/spi-builder-workspace/.derivedData/Build/Intermediates.noindex/GitHubRestAPISwiftOpenAPI.build/Debug-watchos/GitHubRestAPIActions.build/Objects-normal/arm64/GitHubRestAPIActions.swiftmodule -validate-clang-modules-once -clang-build-session-file /Users/admin/builder/spi-builder-workspace/.derivedData/ModuleCache.noindex/Session.modulevalidation -package-name spi_builder_workspace -Xcc -I/Users/admin/builder/spi-builder-workspace/.derivedData/Build/Intermediates.noindex/GitHubRestAPISwiftOpenAPI.build/Debug-watchos/GitHubRestAPIActions.build/swift-overrides.hmap -emit-const-values -Xfrontend -const-gather-protocols-file -Xfrontend /Users/admin/builder/spi-builder-workspace/.derivedData/Build/Intermediates.noindex/GitHubRestAPISwiftOpenAPI.build/Debug-watchos/GitHubRestAPIActions.build/Objects-normal/arm64/GitHubRestAPIActions_const_extract_protocols.json -Xcc -I/Users/admin/builder/spi-builder-workspace/.derivedData/Build/Products/Debug-watchos/include -Xcc -I/Users/admin/builder/spi-builder-workspace/.derivedData/Build/Intermediates.noindex/GitHubRestAPISwiftOpenAPI.build/Debug-watchos/GitHubRestAPIActions.build/DerivedSources-normal/arm64 -Xcc -I/Users/admin/builder/spi-builder-workspace/.derivedData/Build/Intermediates.noindex/GitHubRestAPISwiftOpenAPI.build/Debug-watchos/GitHubRestAPIActions.build/DerivedSources/arm64 -Xcc -I/Users/admin/builder/spi-builder-workspace/.derivedData/Build/Intermediates.noindex/GitHubRestAPISwiftOpenAPI.build/Debug-watchos/GitHubRestAPIActions.build/DerivedSources -Xcc -DSWIFT_PACKAGE -Xcc -DDEBUG\=1 -emit-objc-header -emit-objc-header-path /Users/admin/builder/spi-builder-workspace/.derivedData/Build/Intermediates.noindex/GitHubRestAPISwiftOpenAPI.build/Debug-watchos/GitHubRestAPIActions.build/Objects-normal/arm64/GitHubRestAPIActions-Swift.h -working-directory /Users/admin/builder/spi-builder-workspace/.swiftpm/xcode -experimental-emit-module-separately -disable-cmo
SwiftDriver GitHubRestAPIActions normal armv7k com.apple.xcode.tools.swift.compiler (in target 'GitHubRestAPIActions' from project 'GitHubRestAPISwiftOpenAPI')
    cd /Users/admin/builder/spi-builder-workspace/.swiftpm/xcode
    builtin-SwiftDriver -- /Applications/Xcode-26.3.0.app/Contents/Developer/Toolchains/XcodeDefault.xctoolchain/usr/bin/swiftc -module-name GitHubRestAPIActions -Onone -enforce-exclusivity\=checked @/Users/admin/builder/spi-builder-workspace/.derivedData/Build/Intermediates.noindex/GitHubRestAPISwiftOpenAPI.build/Debug-watchos/GitHubRestAPIActions.build/Objects-normal/armv7k/GitHubRestAPIActions.SwiftFileList -DSWIFT_PACKAGE -DDEBUG -DSWIFT_MODULE_RESOURCE_BUNDLE_UNAVAILABLE -DXcode -plugin-path /Applications/Xcode-26.3.0.app/Contents/Developer/Toolchains/XcodeDefault.xctoolchain/usr/lib/swift/host/plugins/testing -enable-experimental-feature DebugDescriptionMacro -sdk /Applications/Xcode-26.3.0.app/Contents/Developer/Platforms/WatchOS.platform/Developer/SDKs/WatchOS26.2.sdk -target armv7k-apple-watchos6.0 -g -module-cache-path /Users/admin/builder/spi-builder-workspace/.derivedData/ModuleCache.noindex -Xfrontend -serialize-debugging-options -profile-coverage-mapping -profile-generate -enable-testing -index-store-path /Users/admin/builder/spi-builder-workspace/.derivedData/Index.noindex/DataStore -Xcc -D_LIBCPP_HARDENING_MODE\=_LIBCPP_HARDENING_MODE_DEBUG -swift-version 5 -I /Users/admin/builder/spi-builder-workspace/.derivedData/Build/Products/Debug-watchos -Isystem /Applications/Xcode-26.3.0.app/Contents/Developer/Platforms/WatchOS.platform/Developer/usr/lib -F /Users/admin/builder/spi-builder-workspace/.derivedData/Build/Products/Debug-watchos/PackageFrameworks -F /Users/admin/builder/spi-builder-workspace/.derivedData/Build/Products/Debug-watchos/PackageFrameworks -F /Users/admin/builder/spi-builder-workspace/.derivedData/Build/Products/Debug-watchos/PackageFrameworks -F /Users/admin/builder/spi-builder-workspace/.derivedData/Build/Products/Debug-watchos/PackageFrameworks -F /Users/admin/builder/spi-builder-workspace/.derivedData/Build/Products/Debug-watchos/PackageFrameworks -F /Users/admin/builder/spi-builder-workspace/.derivedData/Build/Products/Debug-watchos/PackageFrameworks -F /Users/admin/builder/spi-builder-workspace/.derivedData/Build/Products/Debug-watchos -F /Applications/Xcode-26.3.0.app/Contents/Developer/Platforms/WatchOS.platform/Developer/Library/Frameworks -F /Applications/Xcode-26.3.0.app/Contents/Developer/Platforms/WatchOS.platform/Developer/SDKs/WatchOS26.2.sdk/Developer/Library/Frameworks -c -j10 -enable-batch-mode -incremental -Xcc -ivfsstatcache -Xcc /Users/admin/builder/spi-builder-workspace/.derivedData/SDKStatCaches.noindex/watchos26.2-23S303-dc75598d0054f22ec865fa860f139d721753b489057de6bda919edfa1c59a62b.sdkstatcache -output-file-map /Users/admin/builder/spi-builder-workspace/.derivedData/Build/Intermediates.noindex/GitHubRestAPISwiftOpenAPI.build/Debug-watchos/GitHubRestAPIActions.build/Objects-normal/armv7k/GitHubRestAPIActions-OutputFileMap.json -use-frontend-parseable-output -save-temps -no-color-diagnostics -explicit-module-build -module-cache-path /Users/admin/builder/spi-builder-workspace/.derivedData/Build/Intermediates.noindex/SwiftExplicitPrecompiledModules -clang-scanner-module-cache-path /Users/admin/builder/spi-builder-workspace/.derivedData/ModuleCache.noindex -sdk-module-cache-path /Users/admin/builder/spi-builder-workspace/.derivedData/ModuleCache.noindex -serialize-diagnostics -emit-dependencies -emit-module -emit-module-path /Users/admin/builder/spi-builder-workspace/.derivedData/Build/Intermediates.noindex/GitHubRestAPISwiftOpenAPI.build/Debug-watchos/GitHubRestAPIActions.build/Objects-normal/armv7k/GitHubRestAPIActions.swiftmodule -validate-clang-modules-once -clang-build-session-file /Users/admin/builder/spi-builder-workspace/.derivedData/ModuleCache.noindex/Session.modulevalidation -package-name spi_builder_workspace -Xcc -I/Users/admin/builder/spi-builder-workspace/.derivedData/Build/Intermediates.noindex/GitHubRestAPISwiftOpenAPI.build/Debug-watchos/GitHubRestAPIActions.build/swift-overrides.hmap -emit-const-values -Xfrontend -const-gather-protocols-file -Xfrontend /Users/admin/builder/spi-builder-workspace/.derivedData/Build/Intermediates.noindex/GitHubRestAPISwiftOpenAPI.build/Debug-watchos/GitHubRestAPIActions.build/Objects-normal/armv7k/GitHubRestAPIActions_const_extract_protocols.json -Xcc -I/Users/admin/builder/spi-builder-workspace/.derivedData/Build/Products/Debug-watchos/include -Xcc -I/Users/admin/builder/spi-builder-workspace/.derivedData/Build/Intermediates.noindex/GitHubRestAPISwiftOpenAPI.build/Debug-watchos/GitHubRestAPIActions.build/DerivedSources-normal/armv7k -Xcc -I/Users/admin/builder/spi-builder-workspace/.derivedData/Build/Intermediates.noindex/GitHubRestAPISwiftOpenAPI.build/Debug-watchos/GitHubRestAPIActions.build/DerivedSources/armv7k -Xcc -I/Users/admin/builder/spi-builder-workspace/.derivedData/Build/Intermediates.noindex/GitHubRestAPISwiftOpenAPI.build/Debug-watchos/GitHubRestAPIActions.build/DerivedSources -Xcc -DSWIFT_PACKAGE -Xcc -DDEBUG\=1 -emit-objc-header -emit-objc-header-path /Users/admin/builder/spi-builder-workspace/.derivedData/Build/Intermediates.noindex/GitHubRestAPISwiftOpenAPI.build/Debug-watchos/GitHubRestAPIActions.build/Objects-normal/armv7k/GitHubRestAPIActions-Swift.h -working-directory /Users/admin/builder/spi-builder-workspace/.swiftpm/xcode -experimental-emit-module-separately -disable-cmo
SwiftEmitModule normal arm64_32 Emitting\ module\ for\ GitHubRestAPIApps (in target 'GitHubRestAPIApps' from project 'GitHubRestAPISwiftOpenAPI')
EmitSwiftModule normal arm64_32 (in target 'GitHubRestAPIApps' from project 'GitHubRestAPISwiftOpenAPI')
    cd /Users/admin/builder/spi-builder-workspace/.swiftpm/xcode

Ld /Users/admin/builder/spi-builder-workspace/.derivedData/Build/Intermediates.noindex/GitHubRestAPISwiftOpenAPI.build/Debug-watchos/GitHubRestAPIProjectsClassic.build/Objects-normal/armv7k/Binary/GitHubRestAPIProjectsClassic.o normal armv7k (in target 'GitHubRestAPIProjectsClassic' from project 'GitHubRestAPISwiftOpenAPI')
    cd /Users/admin/builder/spi-builder-workspace
    /Applications/Xcode-26.3.0.app/Contents/Developer/Toolchains/XcodeDefault.xctoolchain/usr/bin/clang -Xlinker -reproducible -target armv7k-apple-watchos6.0 -r -isysroot /Applications/Xcode-26.3.0.app/Contents/Developer/Platforms/WatchOS.platform/Developer/SDKs/WatchOS26.2.sdk -O0 -L/Users/admin/builder/spi-builder-workspace/.derivedData/Build/Intermediates.noindex/EagerLinkingTBDs/Debug-watchos -L/Users/admin/builder/spi-builder-workspace/.derivedData/Build/Products/Debug-watchos -L/Applications/Xcode-26.3.0.app/Contents/Developer/Platforms/WatchOS.platform/Developer/usr/lib -F/Users/admin/builder/spi-builder-workspace/.derivedData/Build/Intermediates.noindex/EagerLinkingTBDs/Debug-watchos -F/Users/admin/builder/spi-builder-workspace/.derivedData/Build/Products/Debug-watchos/PackageFrameworks -F/Users/admin/builder/spi-builder-workspace/.derivedData/Build/Products/Debug-watchos/PackageFrameworks -F/Users/admin/builder/spi-builder-workspace/.derivedData/Build/Products/Debug-watchos/PackageFrameworks -F/Users/admin/builder/spi-builder-workspace/.derivedData/Build/Products/Debug-watchos/PackageFrameworks -F/Users/admin/builder/spi-builder-workspace/.derivedData/Build/Products/Debug-watchos/PackageFrameworks -F/Users/admin/builder/spi-builder-workspace/.derivedData/Build/Products/Debug-watchos/PackageFrameworks -F/Users/admin/builder/spi-builder-workspace/.derivedData/Build/Products/Debug-watchos -iframework /Applications/Xcode-26.3.0.app/Contents/Developer/Platforms/WatchOS.platform/Developer/Library/Frameworks -iframework /Applications/Xcode-26.3.0.app/Contents/Developer/Platforms/WatchOS.platform/Developer/SDKs/WatchOS26.2.sdk/Developer/Library/Frameworks -filelist /Users/admin/builder/spi-builder-workspace/.derivedData/Build/Intermediates.noindex/GitHubRestAPISwiftOpenAPI.build/Debug-watchos/GitHubRestAPIProjectsClassic.build/Objects-normal/armv7k/GitHubRestAPIProjectsClassic.LinkFileList -nostdlib -Xlinker -object_path_lto -Xlinker /Users/admin/builder/spi-builder-workspace/.derivedData/Build/Intermediates.noindex/GitHubRestAPISwiftOpenAPI.build/Debug-watchos/GitHubRestAPIProjectsClassic.build/Objects-normal/armv7k/GitHubRestAPIProjectsClassic_lto.o -rdynamic -Xlinker -no_deduplicate -Xlinker -debug_variant -Xlinker -dependency_info -Xlinker /Users/admin/builder/spi-builder-workspace/.derivedData/Build/Intermediates.noindex/GitHubRestAPISwiftOpenAPI.build/Debug-watchos/GitHubRestAPIProjectsClassic.build/Objects-normal/armv7k/GitHubRestAPIProjectsClassic_dependency_info.dat -fobjc-link-runtime -L/Applications/Xcode-26.3.0.app/Contents/Developer/Toolchains/XcodeDefault.xctoolchain/usr/lib/swift/watchos -L/usr/lib/swift -Xlinker -add_ast_path -Xlinker /Users/admin/builder/spi-builder-workspace/.derivedData/Build/Intermediates.noindex/GitHubRestAPISwiftOpenAPI.build/Debug-watchos/GitHubRestAPIProjectsClassic.build/Objects-normal/armv7k/GitHubRestAPIProjectsClassic.swiftmodule @/Users/admin/builder/spi-builder-workspace/.derivedData/Build/Intermediates.noindex/GitHubRestAPISwiftOpenAPI.build/Debug-watchos/GitHubRestAPIProjectsClassic.build/Objects-normal/armv7k/GitHubRestAPIProjectsClassic-linker-args.resp -o /Users/admin/builder/spi-builder-workspace/.derivedData/Build/Intermediates.noindex/GitHubRestAPISwiftOpenAPI.build/Debug-watchos/GitHubRestAPIProjectsClassic.build/Objects-normal/armv7k/Binary/GitHubRestAPIProjectsClassic.o
Ld /Users/admin/builder/spi-builder-workspace/.derivedData/Build/Intermediates.noindex/GitHubRestAPISwiftOpenAPI.build/Debug-watchos/GitHubRestAPIProjectsClassic.build/Objects-normal/arm64_32/Binary/GitHubRestAPIProjectsClassic.o normal arm64_32 (in target 'GitHubRestAPIProjectsClassic' from project 'GitHubRestAPISwiftOpenAPI')
    cd /Users/admin/builder/spi-builder-workspace
    /Applications/Xcode-26.3.0.app/Contents/Developer/Toolchains/XcodeDefault.xctoolchain/usr/bin/clang -Xlinker -reproducible -target arm64_32-apple-watchos6.0 -r -isysroot /Applications/Xcode-26.3.0.app/Contents/Developer/Platforms/WatchOS.platform/Developer/SDKs/WatchOS26.2.sdk -O0 -L/Users/admin/builder/spi-builder-workspace/.derivedData/Build/Intermediates.noindex/EagerLinkingTBDs/Debug-watchos -L/Users/admin/builder/spi-builder-workspace/.derivedData/Build/Products/Debug-watchos -L/Applications/Xcode-26.3.0.app/Contents/Developer/Platforms/WatchOS.platform/Developer/usr/lib -F/Users/admin/builder/spi-builder-workspace/.derivedData/Build/Intermediates.noindex/EagerLinkingTBDs/Debug-watchos -F/Users/admin/builder/spi-builder-workspace/.derivedData/Build/Products/Debug-watchos/PackageFrameworks -F/Users/admin/builder/spi-builder-workspace/.derivedData/Build/Products/Debug-watchos/PackageFrameworks -F/Users/admin/builder/spi-builder-workspace/.derivedData/Build/Products/Debug-watchos/PackageFrameworks -F/Users/admin/builder/spi-builder-workspace/.derivedData/Build/Products/Debug-watchos/PackageFrameworks -F/Users/admin/builder/spi-builder-workspace/.derivedData/Build/Products/Debug-watchos/PackageFrameworks -F/Users/admin/builder/spi-builder-workspace/.derivedData/Build/Products/Debug-watchos/PackageFrameworks -F/Users/admin/builder/spi-builder-workspace/.derivedData/Build/Products/Debug-watchos -iframework /Applications/Xcode-26.3.0.app/Contents/Developer/Platforms/WatchOS.platform/Developer/Library/Frameworks -iframework /Applications/Xcode-26.3.0.app/Contents/Developer/Platforms/WatchOS.platform/Developer/SDKs/WatchOS26.2.sdk/Developer/Library/Frameworks -filelist /Users/admin/builder/spi-builder-workspace/.derivedData/Build/Intermediates.noindex/GitHubRestAPISwiftOpenAPI.build/Debug-watchos/GitHubRestAPIProjectsClassic.build/Objects-normal/arm64_32/GitHubRestAPIProjectsClassic.LinkFileList -nostdlib -Xlinker -object_path_lto -Xlinker /Users/admin/builder/spi-builder-workspace/.derivedData/Build/Intermediates.noindex/GitHubRestAPISwiftOpenAPI.build/Debug-watchos/GitHubRestAPIProjectsClassic.build/Objects-normal/arm64_32/GitHubRestAPIProjectsClassic_lto.o -rdynamic -Xlinker -no_deduplicate -Xlinker -debug_variant -Xlinker -dependency_info -Xlinker /Users/admin/builder/spi-builder-workspace/.derivedData/Build/Intermediates.noindex/GitHubRestAPISwiftOpenAPI.build/Debug-watchos/GitHubRestAPIProjectsClassic.build/Objects-normal/arm64_32/GitHubRestAPIProjectsClassic_dependency_info.dat -fobjc-link-runtime -L/Applications/Xcode-26.3.0.app/Contents/Developer/Toolchains/XcodeDefault.xctoolchain/usr/lib/swift/watchos -L/usr/lib/swift -Xlinker -add_ast_path -Xlinker /Users/admin/builder/spi-builder-workspace/.derivedData/Build/Intermediates.noindex/GitHubRestAPISwiftOpenAPI.build/Debug-watchos/GitHubRestAPIProjectsClassic.build/Objects-normal/arm64_32/GitHubRestAPIProjectsClassic.swiftmodule @/Users/admin/builder/spi-builder-workspace/.derivedData/Build/Intermediates.noindex/GitHubRestAPISwiftOpenAPI.build/Debug-watchos/GitHubRestAPIProjectsClassic.build/Objects-normal/arm64_32/GitHubRestAPIProjectsClassic-linker-args.resp -o /Users/admin/builder/spi-builder-workspace/.derivedData/Build/Intermediates.noindex/GitHubRestAPISwiftOpenAPI.build/Debug-watchos/GitHubRestAPIProjectsClassic.build/Objects-normal/arm64_32/Binary/GitHubRestAPIProjectsClassic.o
Ld /Users/admin/builder/spi-builder-workspace/.derivedData/Build/Intermediates.noindex/GitHubRestAPISwiftOpenAPI.build/Debug-watchos/GitHubRestAPIProjectsClassic.build/Objects-normal/arm64/Binary/GitHubRestAPIProjectsClassic.o normal arm64 (in target 'GitHubRestAPIProjectsClassic' from project 'GitHubRestAPISwiftOpenAPI')
    cd /Users/admin/builder/spi-builder-workspace
    /Applications/Xcode-26.3.0.app/Contents/Developer/Toolchains/XcodeDefault.xctoolchain/usr/bin/clang -Xlinker -reproducible -target arm64-apple-watchos6.0 -r -isysroot /Applications/Xcode-26.3.0.app/Contents/Developer/Platforms/WatchOS.platform/Developer/SDKs/WatchOS26.2.sdk -O0 -L/Users/admin/builder/spi-builder-workspace/.derivedData/Build/Intermediates.noindex/EagerLinkingTBDs/Debug-watchos -L/Users/admin/builder/spi-builder-workspace/.derivedData/Build/Products/Debug-watchos -L/Applications/Xcode-26.3.0.app/Contents/Developer/Platforms/WatchOS.platform/Developer/usr/lib -F/Users/admin/builder/spi-builder-workspace/.derivedData/Build/Intermediates.noindex/EagerLinkingTBDs/Debug-watchos -F/Users/admin/builder/spi-builder-workspace/.derivedData/Build/Products/Debug-watchos/PackageFrameworks -F/Users/admin/builder/spi-builder-workspace/.derivedData/Build/Products/Debug-watchos/PackageFrameworks -F/Users/admin/builder/spi-builder-workspace/.derivedData/Build/Products/Debug-watchos/PackageFrameworks -F/Users/admin/builder/spi-builder-workspace/.derivedData/Build/Products/Debug-watchos/PackageFrameworks -F/Users/admin/builder/spi-builder-workspace/.derivedData/Build/Products/Debug-watchos/PackageFrameworks -F/Users/admin/builder/spi-builder-workspace/.derivedData/Build/Products/Debug-watchos/PackageFrameworks -F/Users/admin/builder/spi-builder-workspace/.derivedData/Build/Products/Debug-watchos -iframework /Applications/Xcode-26.3.0.app/Contents/Developer/Platforms/WatchOS.platform/Developer/Library/Frameworks -iframework /Applications/Xcode-26.3.0.app/Contents/Developer/Platforms/WatchOS.platform/Developer/SDKs/WatchOS26.2.sdk/Developer/Library/Frameworks -filelist /Users/admin/builder/spi-builder-workspace/.derivedData/Build/Intermediates.noindex/GitHubRestAPISwiftOpenAPI.build/Debug-watchos/GitHubRestAPIProjectsClassic.build/Objects-normal/arm64/GitHubRestAPIProjectsClassic.LinkFileList -nostdlib -Xlinker -object_path_lto -Xlinker /Users/admin/builder/spi-builder-workspace/.derivedData/Build/Intermediates.noindex/GitHubRestAPISwiftOpenAPI.build/Debug-watchos/GitHubRestAPIProjectsClassic.build/Objects-normal/arm64/GitHubRestAPIProjectsClassic_lto.o -rdynamic -Xlinker -no_deduplicate -Xlinker -debug_variant -Xlinker -dependency_info -Xlinker /Users/admin/builder/spi-builder-workspace/.derivedData/Build/Intermediates.noindex/GitHubRestAPISwiftOpenAPI.build/Debug-watchos/GitHubRestAPIProjectsClassic.build/Objects-normal/arm64/GitHubRestAPIProjectsClassic_dependency_info.dat -fobjc-link-runtime -L/Applications/Xcode-26.3.0.app/Contents/Developer/Toolchains/XcodeDefault.xctoolchain/usr/lib/swift/watchos -L/usr/lib/swift -Xlinker -add_ast_path -Xlinker /Users/admin/builder/spi-builder-workspace/.derivedData/Build/Intermediates.noindex/GitHubRestAPISwiftOpenAPI.build/Debug-watchos/GitHubRestAPIProjectsClassic.build/Objects-normal/arm64/GitHubRestAPIProjectsClassic.swiftmodule @/Users/admin/builder/spi-builder-workspace/.derivedData/Build/Intermediates.noindex/GitHubRestAPISwiftOpenAPI.build/Debug-watchos/GitHubRestAPIProjectsClassic.build/Objects-normal/arm64/GitHubRestAPIProjectsClassic-linker-args.resp -o /Users/admin/builder/spi-builder-workspace/.derivedData/Build/Intermediates.noindex/GitHubRestAPISwiftOpenAPI.build/Debug-watchos/GitHubRestAPIProjectsClassic.build/Objects-normal/arm64/Binary/GitHubRestAPIProjectsClassic.o
Ld /Users/admin/builder/spi-builder-workspace/.derivedData/Build/Intermediates.noindex/GitHubRestAPISwiftOpenAPI.build/Debug-watchos/GitHubRestAPIProjects.build/Objects-normal/armv7k/Binary/GitHubRestAPIProjects.o normal armv7k (in target 'GitHubRestAPIProjects' from project 'GitHubRestAPISwiftOpenAPI')
    cd /Users/admin/builder/spi-builder-workspace
    /Applications/Xcode-26.3.0.app/Contents/Developer/Toolchains/XcodeDefault.xctoolchain/usr/bin/clang -Xlinker -reproducible -target armv7k-apple-watchos6.0 -r -isysroot /Applications/Xcode-26.3.0.app/Contents/Developer/Platforms/WatchOS.platform/Developer/SDKs/WatchOS26.2.sdk -O0 -L/Users/admin/builder/spi-builder-workspace/.derivedData/Build/Intermediates.noindex/EagerLinkingTBDs/Debug-watchos -L/Users/admin/builder/spi-builder-workspace/.derivedData/Build/Products/Debug-watchos -L/Applications/Xcode-26.3.0.app/Contents/Developer/Platforms/WatchOS.platform/Developer/usr/lib -F/Users/admin/builder/spi-builder-workspace/.derivedData/Build/Intermediates.noindex/EagerLinkingTBDs/Debug-watchos -F/Users/admin/builder/spi-builder-workspace/.derivedData/Build/Products/Debug-watchos/PackageFrameworks -F/Users/admin/builder/spi-builder-workspace/.derivedData/Build/Products/Debug-watchos/PackageFrameworks -F/Users/admin/builder/spi-builder-workspace/.derivedData/Build/Products/Debug-watchos/PackageFrameworks -F/Users/admin/builder/spi-builder-workspace/.derivedData/Build/Products/Debug-watchos/PackageFrameworks -F/Users/admin/builder/spi-builder-workspace/.derivedData/Build/Products/Debug-watchos/PackageFrameworks -F/Users/admin/builder/spi-builder-workspace/.derivedData/Build/Products/Debug-watchos/PackageFrameworks -F/Users/admin/builder/spi-builder-workspace/.derivedData/Build/Products/Debug-watchos -iframework /Applications/Xcode-26.3.0.app/Contents/Developer/Platforms/WatchOS.platform/Developer/Library/Frameworks -iframework /Applications/Xcode-26.3.0.app/Contents/Developer/Platforms/WatchOS.platform/Developer/SDKs/WatchOS26.2.sdk/Developer/Library/Frameworks -filelist /Users/admin/builder/spi-builder-workspace/.derivedData/Build/Intermediates.noindex/GitHubRestAPISwiftOpenAPI.build/Debug-watchos/GitHubRestAPIProjects.build/Objects-normal/armv7k/GitHubRestAPIProjects.LinkFileList -nostdlib -Xlinker -object_path_lto -Xlinker /Users/admin/builder/spi-builder-workspace/.derivedData/Build/Intermediates.noindex/GitHubRestAPISwiftOpenAPI.build/Debug-watchos/GitHubRestAPIProjects.build/Objects-normal/armv7k/GitHubRestAPIProjects_lto.o -rdynamic -Xlinker -no_deduplicate -Xlinker -debug_variant -Xlinker -dependency_info -Xlinker /Users/admin/builder/spi-builder-workspace/.derivedData/Build/Intermediates.noindex/GitHubRestAPISwiftOpenAPI.build/Debug-watchos/GitHubRestAPIProjects.build/Objects-normal/armv7k/GitHubRestAPIProjects_dependency_info.dat -fobjc-link-runtime -L/Applications/Xcode-26.3.0.app/Contents/Developer/Toolchains/XcodeDefault.xctoolchain/usr/lib/swift/watchos -L/usr/lib/swift -Xlinker -add_ast_path -Xlinker /Users/admin/builder/spi-builder-workspace/.derivedData/Build/Intermediates.noindex/GitHubRestAPISwiftOpenAPI.build/Debug-watchos/GitHubRestAPIProjects.build/Objects-normal/armv7k/GitHubRestAPIProjects.swiftmodule @/Users/admin/builder/spi-builder-workspace/.derivedData/Build/Intermediates.noindex/GitHubRestAPISwiftOpenAPI.build/Debug-watchos/GitHubRestAPIProjects.build/Objects-normal/armv7k/GitHubRestAPIProjects-linker-args.resp -o /Users/admin/builder/spi-builder-workspace/.derivedData/Build/Intermediates.noindex/GitHubRestAPISwiftOpenAPI.build/Debug-watchos/GitHubRestAPIProjects.build/Objects-normal/armv7k/Binary/GitHubRestAPIProjects.o
Ld /Users/admin/builder/spi-builder-workspace/.derivedData/Build/Intermediates.noindex/GitHubRestAPISwiftOpenAPI.build/Debug-watchos/GitHubRestAPIProjects.build/Objects-normal/arm64_32/Binary/GitHubRestAPIProjects.o normal arm64_32 (in target 'GitHubRestAPIProjects' from project 'GitHubRestAPISwiftOpenAPI')
    cd /Users/admin/builder/spi-builder-workspace
    /Applications/Xcode-26.3.0.app/Contents/Developer/Toolchains/XcodeDefault.xctoolchain/usr/bin/clang -Xlinker -reproducible -target arm64_32-apple-watchos6.0 -r -isysroot /Applications/Xcode-26.3.0.app/Contents/Developer/Platforms/WatchOS.platform/Developer/SDKs/WatchOS26.2.sdk -O0 -L/Users/admin/builder/spi-builder-workspace/.derivedData/Build/Intermediates.noindex/EagerLinkingTBDs/Debug-watchos -L/Users/admin/builder/spi-builder-workspace/.derivedData/Build/Products/Debug-watchos -L/Applications/Xcode-26.3.0.app/Contents/Developer/Platforms/WatchOS.platform/Developer/usr/lib -F/Users/admin/builder/spi-builder-workspace/.derivedData/Build/Intermediates.noindex/EagerLinkingTBDs/Debug-watchos -F/Users/admin/builder/spi-builder-workspace/.derivedData/Build/Products/Debug-watchos/PackageFrameworks -F/Users/admin/builder/spi-builder-workspace/.derivedData/Build/Products/Debug-watchos/PackageFrameworks -F/Users/admin/builder/spi-builder-workspace/.derivedData/Build/Products/Debug-watchos/PackageFrameworks -F/Users/admin/builder/spi-builder-workspace/.derivedData/Build/Products/Debug-watchos/PackageFrameworks -F/Users/admin/builder/spi-builder-workspace/.derivedData/Build/Products/Debug-watchos/PackageFrameworks -F/Users/admin/builder/spi-builder-workspace/.derivedData/Build/Products/Debug-watchos/PackageFrameworks -F/Users/admin/builder/spi-builder-workspace/.derivedData/Build/Products/Debug-watchos -iframework /Applications/Xcode-26.3.0.app/Contents/Developer/Platforms/WatchOS.platform/Developer/Library/Frameworks -iframework /Applications/Xcode-26.3.0.app/Contents/Developer/Platforms/WatchOS.platform/Developer/SDKs/WatchOS26.2.sdk/Developer/Library/Frameworks -filelist /Users/admin/builder/spi-builder-workspace/.derivedData/Build/Intermediates.noindex/GitHubRestAPISwiftOpenAPI.build/Debug-watchos/GitHubRestAPIProjects.build/Objects-normal/arm64_32/GitHubRestAPIProjects.LinkFileList -nostdlib -Xlinker -object_path_lto -Xlinker /Users/admin/builder/spi-builder-workspace/.derivedData/Build/Intermediates.noindex/GitHubRestAPISwiftOpenAPI.build/Debug-watchos/GitHubRestAPIProjects.build/Objects-normal/arm64_32/GitHubRestAPIProjects_lto.o -rdynamic -Xlinker -no_deduplicate -Xlinker -debug_variant -Xlinker -dependency_info -Xlinker /Users/admin/builder/spi-builder-workspace/.derivedData/Build/Intermediates.noindex/GitHubRestAPISwiftOpenAPI.build/Debug-watchos/GitHubRestAPIProjects.build/Objects-normal/arm64_32/GitHubRestAPIProjects_dependency_info.dat -fobjc-link-runtime -L/Applications/Xcode-26.3.0.app/Contents/Developer/Toolchains/XcodeDefault.xctoolchain/usr/lib/swift/watchos -L/usr/lib/swift -Xlinker -add_ast_path -Xlinker /Users/admin/builder/spi-builder-workspace/.derivedData/Build/Intermediates.noindex/GitHubRestAPISwiftOpenAPI.build/Debug-watchos/GitHubRestAPIProjects.build/Objects-normal/arm64_32/GitHubRestAPIProjects.swiftmodule @/Users/admin/builder/spi-builder-workspace/.derivedData/Build/Intermediates.noindex/GitHubRestAPISwiftOpenAPI.build/Debug-watchos/GitHubRestAPIProjects.build/Objects-normal/arm64_32/GitHubRestAPIProjects-linker-args.resp -o /Users/admin/builder/spi-builder-workspace/.derivedData/Build/Intermediates.noindex/GitHubRestAPISwiftOpenAPI.build/Debug-watchos/GitHubRestAPIProjects.build/Objects-normal/arm64_32/Binary/GitHubRestAPIProjects.o
Ld /Users/admin/builder/spi-builder-workspace/.derivedData/Build/Intermediates.noindex/GitHubRestAPISwiftOpenAPI.build/Debug-watchos/GitHubRestAPIProjects.build/Objects-normal/arm64/Binary/GitHubRestAPIProjects.o normal arm64 (in target 'GitHubRestAPIProjects' from project 'GitHubRestAPISwiftOpenAPI')
    cd /Users/admin/builder/spi-builder-workspace
    /Applications/Xcode-26.3.0.app/Contents/Developer/Toolchains/XcodeDefault.xctoolchain/usr/bin/clang -Xlinker -reproducible -target arm64-apple-watchos6.0 -r -isysroot /Applications/Xcode-26.3.0.app/Contents/Developer/Platforms/WatchOS.platform/Developer/SDKs/WatchOS26.2.sdk -O0 -L/Users/admin/builder/spi-builder-workspace/.derivedData/Build/Intermediates.noindex/EagerLinkingTBDs/Debug-watchos -L/Users/admin/builder/spi-builder-workspace/.derivedData/Build/Products/Debug-watchos -L/Applications/Xcode-26.3.0.app/Contents/Developer/Platforms/WatchOS.platform/Developer/usr/lib -F/Users/admin/builder/spi-builder-workspace/.derivedData/Build/Intermediates.noindex/EagerLinkingTBDs/Debug-watchos -F/Users/admin/builder/spi-builder-workspace/.derivedData/Build/Products/Debug-watchos/PackageFrameworks -F/Users/admin/builder/spi-builder-workspace/.derivedData/Build/Products/Debug-watchos/PackageFrameworks -F/Users/admin/builder/spi-builder-workspace/.derivedData/Build/Products/Debug-watchos/PackageFrameworks -F/Users/admin/builder/spi-builder-workspace/.derivedData/Build/Products/Debug-watchos/PackageFrameworks -F/Users/admin/builder/spi-builder-workspace/.derivedData/Build/Products/Debug-watchos/PackageFrameworks -F/Users/admin/builder/spi-builder-workspace/.derivedData/Build/Products/Debug-watchos/PackageFrameworks -F/Users/admin/builder/spi-builder-workspace/.derivedData/Build/Products/Debug-watchos -iframework /Applications/Xcode-26.3.0.app/Contents/Developer/Platforms/WatchOS.platform/Developer/Library/Frameworks -iframework /Applications/Xcode-26.3.0.app/Contents/Developer/Platforms/WatchOS.platform/Developer/SDKs/WatchOS26.2.sdk/Developer/Library/Frameworks -filelist /Users/admin/builder/spi-builder-workspace/.derivedData/Build/Intermediates.noindex/GitHubRestAPISwiftOpenAPI.build/Debug-watchos/GitHubRestAPIProjects.build/Objects-normal/arm64/GitHubRestAPIProjects.LinkFileList -nostdlib -Xlinker -object_path_lto -Xlinker /Users/admin/builder/spi-builder-workspace/.derivedData/Build/Intermediates.noindex/GitHubRestAPISwiftOpenAPI.build/Debug-watchos/GitHubRestAPIProjects.build/Objects-normal/arm64/GitHubRestAPIProjects_lto.o -rdynamic -Xlinker -no_deduplicate -Xlinker -debug_variant -Xlinker -dependency_info -Xlinker /Users/admin/builder/spi-builder-workspace/.derivedData/Build/Intermediates.noindex/GitHubRestAPISwiftOpenAPI.build/Debug-watchos/GitHubRestAPIProjects.build/Objects-normal/arm64/GitHubRestAPIProjects_dependency_info.dat -fobjc-link-runtime -L/Applications/Xcode-26.3.0.app/Contents/Developer/Toolchains/XcodeDefault.xctoolchain/usr/lib/swift/watchos -L/usr/lib/swift -Xlinker -add_ast_path -Xlinker /Users/admin/builder/spi-builder-workspace/.derivedData/Build/Intermediates.noindex/GitHubRestAPISwiftOpenAPI.build/Debug-watchos/GitHubRestAPIProjects.build/Objects-normal/arm64/GitHubRestAPIProjects.swiftmodule @/Users/admin/builder/spi-builder-workspace/.derivedData/Build/Intermediates.noindex/GitHubRestAPISwiftOpenAPI.build/Debug-watchos/GitHubRestAPIProjects.build/Objects-normal/arm64/GitHubRestAPIProjects-linker-args.resp -o /Users/admin/builder/spi-builder-workspace/.derivedData/Build/Intermediates.noindex/GitHubRestAPISwiftOpenAPI.build/Debug-watchos/GitHubRestAPIProjects.build/Objects-normal/arm64/Binary/GitHubRestAPIProjects.o
Ld /Users/admin/builder/spi-builder-workspace/.derivedData/Build/Intermediates.noindex/GitHubRestAPISwiftOpenAPI.build/Debug-watchos/GitHubRestAPIPrivateRegistries.build/Objects-normal/armv7k/Binary/GitHubRestAPIPrivateRegistries.o normal armv7k (in target 'GitHubRestAPIPrivateRegistries' from project 'GitHubRestAPISwiftOpenAPI')
    cd /Users/admin/builder/spi-builder-workspace
    /Applications/Xcode-26.3.0.app/Contents/Developer/Toolchains/XcodeDefault.xctoolchain/usr/bin/clang -Xlinker -reproducible -target armv7k-apple-watchos6.0 -r -isysroot /Applications/Xcode-26.3.0.app/Contents/Developer/Platforms/WatchOS.platform/Developer/SDKs/WatchOS26.2.sdk -O0 -L/Users/admin/builder/spi-builder-workspace/.derivedData/Build/Intermediates.noindex/EagerLinkingTBDs/Debug-watchos -L/Users/admin/builder/spi-builder-workspace/.derivedData/Build/Products/Debug-watchos -L/Applications/Xcode-26.3.0.app/Contents/Developer/Platforms/WatchOS.platform/Developer/usr/lib -F/Users/admin/builder/spi-builder-workspace/.derivedData/Build/Intermediates.noindex/EagerLinkingTBDs/Debug-watchos -F/Users/admin/builder/spi-builder-workspace/.derivedData/Build/Products/Debug-watchos/PackageFrameworks -F/Users/admin/builder/spi-builder-workspace/.derivedData/Build/Products/Debug-watchos/PackageFrameworks -F/Users/admin/builder/spi-builder-workspace/.derivedData/Build/Products/Debug-watchos/PackageFrameworks -F/Users/admin/builder/spi-builder-workspace/.derivedData/Build/Products/Debug-watchos/PackageFrameworks -F/Users/admin/builder/spi-builder-workspace/.derivedData/Build/Products/Debug-watchos/PackageFrameworks -F/Users/admin/builder/spi-builder-workspace/.derivedData/Build/Products/Debug-watchos/PackageFrameworks -F/Users/admin/builder/spi-builder-workspace/.derivedData/Build/Products/Debug-watchos -iframework /Applications/Xcode-26.3.0.app/Contents/Developer/Platforms/WatchOS.platform/Developer/Library/Frameworks -iframework /Applications/Xcode-26.3.0.app/Contents/Developer/Platforms/WatchOS.platform/Developer/SDKs/WatchOS26.2.sdk/Developer/Library/Frameworks -filelist /Users/admin/builder/spi-builder-workspace/.derivedData/Build/Intermediates.noindex/GitHubRestAPISwiftOpenAPI.build/Debug-watchos/GitHubRestAPIPrivateRegistries.build/Objects-normal/armv7k/GitHubRestAPIPrivateRegistries.LinkFileList -nostdlib -Xlinker -object_path_lto -Xlinker /Users/admin/builder/spi-builder-workspace/.derivedData/Build/Intermediates.noindex/GitHubRestAPISwiftOpenAPI.build/Debug-watchos/GitHubRestAPIPrivateRegistries.build/Objects-normal/armv7k/GitHubRestAPIPrivateRegistries_lto.o -rdynamic -Xlinker -no_deduplicate -Xlinker -debug_variant -Xlinker -dependency_info -Xlinker /Users/admin/builder/spi-builder-workspace/.derivedData/Build/Intermediates.noindex/GitHubRestAPISwiftOpenAPI.build/Debug-watchos/GitHubRestAPIPrivateRegistries.build/Objects-normal/armv7k/GitHubRestAPIPrivateRegistries_dependency_info.dat -fobjc-link-runtime -L/Applications/Xcode-26.3.0.app/Contents/Developer/Toolchains/XcodeDefault.xctoolchain/usr/lib/swift/watchos -L/usr/lib/swift -Xlinker -add_ast_path -Xlinker /Users/admin/builder/spi-builder-workspace/.derivedData/Build/Intermediates.noindex/GitHubRestAPISwiftOpenAPI.build/Debug-watchos/GitHubRestAPIPrivateRegistries.build/Objects-normal/armv7k/GitHubRestAPIPrivateRegistries.swiftmodule @/Users/admin/builder/spi-builder-workspace/.derivedData/Build/Intermediates.noindex/GitHubRestAPISwiftOpenAPI.build/Debug-watchos/GitHubRestAPIPrivateRegistries.build/Objects-normal/armv7k/GitHubRestAPIPrivateRegistries-linker-args.resp -o /Users/admin/builder/spi-builder-workspace/.derivedData/Build/Intermediates.noindex/GitHubRestAPISwiftOpenAPI.build/Debug-watchos/GitHubRestAPIPrivateRegistries.build/Objects-normal/armv7k/Binary/GitHubRestAPIPrivateRegistries.o
Ld /Users/admin/builder/spi-builder-workspace/.derivedData/Build/Intermediates.noindex/GitHubRestAPISwiftOpenAPI.build/Debug-watchos/GitHubRestAPIPrivateRegistries.build/Objects-normal/arm64_32/Binary/GitHubRestAPIPrivateRegistries.o normal arm64_32 (in target 'GitHubRestAPIPrivateRegistries' from project 'GitHubRestAPISwiftOpenAPI')
    cd /Users/admin/builder/spi-builder-workspace
    /Applications/Xcode-26.3.0.app/Contents/Developer/Toolchains/XcodeDefault.xctoolchain/usr/bin/clang -Xlinker -reproducible -target arm64_32-apple-watchos6.0 -r -isysroot /Applications/Xcode-26.3.0.app/Contents/Developer/Platforms/WatchOS.platform/Developer/SDKs/WatchOS26.2.sdk -O0 -L/Users/admin/builder/spi-builder-workspace/.derivedData/Build/Intermediates.noindex/EagerLinkingTBDs/Debug-watchos -L/Users/admin/builder/spi-builder-workspace/.derivedData/Build/Products/Debug-watchos -L/Applications/Xcode-26.3.0.app/Contents/Developer/Platforms/WatchOS.platform/Developer/usr/lib -F/Users/admin/builder/spi-builder-workspace/.derivedData/Build/Intermediates.noindex/EagerLinkingTBDs/Debug-watchos -F/Users/admin/builder/spi-builder-workspace/.derivedData/Build/Products/Debug-watchos/PackageFrameworks -F/Users/admin/builder/spi-builder-workspace/.derivedData/Build/Products/Debug-watchos/PackageFrameworks -F/Users/admin/builder/spi-builder-workspace/.derivedData/Build/Products/Debug-watchos/PackageFrameworks -F/Users/admin/builder/spi-builder-workspace/.derivedData/Build/Products/Debug-watchos/PackageFrameworks -F/Users/admin/builder/spi-builder-workspace/.derivedData/Build/Products/Debug-watchos/PackageFrameworks -F/Users/admin/builder/spi-builder-workspace/.derivedData/Build/Products/Debug-watchos/PackageFrameworks -F/Users/admin/builder/spi-builder-workspace/.derivedData/Build/Products/Debug-watchos -iframework /Applications/Xcode-26.3.0.app/Contents/Developer/Platforms/WatchOS.platform/Developer/Library/Frameworks -iframework /Applications/Xcode-26.3.0.app/Contents/Developer/Platforms/WatchOS.platform/Developer/SDKs/WatchOS26.2.sdk/Developer/Library/Frameworks -filelist /Users/admin/builder/spi-builder-workspace/.derivedData/Build/Intermediates.noindex/GitHubRestAPISwiftOpenAPI.build/Debug-watchos/GitHubRestAPIPrivateRegistries.build/Objects-normal/arm64_32/GitHubRestAPIPrivateRegistries.LinkFileList -nostdlib -Xlinker -object_path_lto -Xlinker /Users/admin/builder/spi-builder-workspace/.derivedData/Build/Intermediates.noindex/GitHubRestAPISwiftOpenAPI.build/Debug-watchos/GitHubRestAPIPrivateRegistries.build/Objects-normal/arm64_32/GitHubRestAPIPrivateRegistries_lto.o -rdynamic -Xlinker -no_deduplicate -Xlinker -debug_variant -Xlinker -dependency_info -Xlinker /Users/admin/builder/spi-builder-workspace/.derivedData/Build/Intermediates.noindex/GitHubRestAPISwiftOpenAPI.build/Debug-watchos/GitHubRestAPIPrivateRegistries.build/Objects-normal/arm64_32/GitHubRestAPIPrivateRegistries_dependency_info.dat -fobjc-link-runtime -L/Applications/Xcode-26.3.0.app/Contents/Developer/Toolchains/XcodeDefault.xctoolchain/usr/lib/swift/watchos -L/usr/lib/swift -Xlinker -add_ast_path -Xlinker /Users/admin/builder/spi-builder-workspace/.derivedData/Build/Intermediates.noindex/GitHubRestAPISwiftOpenAPI.build/Debug-watchos/GitHubRestAPIPrivateRegistries.build/Objects-normal/arm64_32/GitHubRestAPIPrivateRegistries.swiftmodule @/Users/admin/builder/spi-builder-workspace/.derivedData/Build/Intermediates.noindex/GitHubRestAPISwiftOpenAPI.build/Debug-watchos/GitHubRestAPIPrivateRegistries.build/Objects-normal/arm64_32/GitHubRestAPIPrivateRegistries-linker-args.resp -o /Users/admin/builder/spi-builder-workspace/.derivedData/Build/Intermediates.noindex/GitHubRestAPISwiftOpenAPI.build/Debug-watchos/GitHubRestAPIPrivateRegistries.build/Objects-normal/arm64_32/Binary/GitHubRestAPIPrivateRegistries.o
Ld /Users/admin/builder/spi-builder-workspace/.derivedData/Build/Intermediates.noindex/GitHubRestAPISwiftOpenAPI.build/Debug-watchos/GitHubRestAPIPrivateRegistries.build/Objects-normal/arm64/Binary/GitHubRestAPIPrivateRegistries.o normal arm64 (in target 'GitHubRestAPIPrivateRegistries' from project 'GitHubRestAPISwiftOpenAPI')
    cd /Users/admin/builder/spi-builder-workspace
    /Applications/Xcode-26.3.0.app/Contents/Developer/Toolchains/XcodeDefault.xctoolchain/usr/bin/clang -Xlinker -reproducible -target arm64-apple-watchos6.0 -r -isysroot /Applications/Xcode-26.3.0.app/Contents/Developer/Platforms/WatchOS.platform/Developer/SDKs/WatchOS26.2.sdk -O0 -L/Users/admin/builder/spi-builder-workspace/.derivedData/Build/Intermediates.noindex/EagerLinkingTBDs/Debug-watchos -L/Users/admin/builder/spi-builder-workspace/.derivedData/Build/Products/Debug-watchos -L/Applications/Xcode-26.3.0.app/Contents/Developer/Platforms/WatchOS.platform/Developer/usr/lib -F/Users/admin/builder/spi-builder-workspace/.derivedData/Build/Intermediates.noindex/EagerLinkingTBDs/Debug-watchos -F/Users/admin/builder/spi-builder-workspace/.derivedData/Build/Products/Debug-watchos/PackageFrameworks -F/Users/admin/builder/spi-builder-workspace/.derivedData/Build/Products/Debug-watchos/PackageFrameworks -F/Users/admin/builder/spi-builder-workspace/.derivedData/Build/Products/Debug-watchos/PackageFrameworks -F/Users/admin/builder/spi-builder-workspace/.derivedData/Build/Products/Debug-watchos/PackageFrameworks -F/Users/admin/builder/spi-builder-workspace/.derivedData/Build/Products/Debug-watchos/PackageFrameworks -F/Users/admin/builder/spi-builder-workspace/.derivedData/Build/Products/Debug-watchos/PackageFrameworks -F/Users/admin/builder/spi-builder-workspace/.derivedData/Build/Products/Debug-watchos -iframework /Applications/Xcode-26.3.0.app/Contents/Developer/Platforms/WatchOS.platform/Developer/Library/Frameworks -iframework /Applications/Xcode-26.3.0.app/Contents/Developer/Platforms/WatchOS.platform/Developer/SDKs/WatchOS26.2.sdk/Developer/Library/Frameworks -filelist /Users/admin/builder/spi-builder-workspace/.derivedData/Build/Intermediates.noindex/GitHubRestAPISwiftOpenAPI.build/Debug-watchos/GitHubRestAPIPrivateRegistries.build/Objects-normal/arm64/GitHubRestAPIPrivateRegistries.LinkFileList -nostdlib -Xlinker -object_path_lto -Xlinker /Users/admin/builder/spi-builder-workspace/.derivedData/Build/Intermediates.noindex/GitHubRestAPISwiftOpenAPI.build/Debug-watchos/GitHubRestAPIPrivateRegistries.build/Objects-normal/arm64/GitHubRestAPIPrivateRegistries_lto.o -rdynamic -Xlinker -no_deduplicate -Xlinker -debug_variant -Xlinker -dependency_info -Xlinker /Users/admin/builder/spi-builder-workspace/.derivedData/Build/Intermediates.noindex/GitHubRestAPISwiftOpenAPI.build/Debug-watchos/GitHubRestAPIPrivateRegistries.build/Objects-normal/arm64/GitHubRestAPIPrivateRegistries_dependency_info.dat -fobjc-link-runtime -L/Applications/Xcode-26.3.0.app/Contents/Developer/Toolchains/XcodeDefault.xctoolchain/usr/lib/swift/watchos -L/usr/lib/swift -Xlinker -add_ast_path -Xlinker /Users/admin/builder/spi-builder-workspace/.derivedData/Build/Intermediates.noindex/GitHubRestAPISwiftOpenAPI.build/Debug-watchos/GitHubRestAPIPrivateRegistries.build/Objects-normal/arm64/GitHubRestAPIPrivateRegistries.swiftmodule @/Users/admin/builder/spi-builder-workspace/.derivedData/Build/Intermediates.noindex/GitHubRestAPISwiftOpenAPI.build/Debug-watchos/GitHubRestAPIPrivateRegistries.build/Objects-normal/arm64/GitHubRestAPIPrivateRegistries-linker-args.resp -o /Users/admin/builder/spi-builder-workspace/.derivedData/Build/Intermediates.noindex/GitHubRestAPISwiftOpenAPI.build/Debug-watchos/GitHubRestAPIPrivateRegistries.build/Objects-normal/arm64/Binary/GitHubRestAPIPrivateRegistries.o
CreateUniversalBinary /Users/admin/builder/spi-builder-workspace/.derivedData/Build/Products/Debug-watchos/GitHubRestAPIProjectsClassic.o normal arm64\ armv7k\ arm64_32 (in target 'GitHubRestAPIProjectsClassic' from project 'GitHubRestAPISwiftOpenAPI')
    cd /Users/admin/builder/spi-builder-workspace
    /Applications/Xcode-26.3.0.app/Contents/Developer/Toolchains/XcodeDefault.xctoolchain/usr/bin/lipo -create /Users/admin/builder/spi-builder-workspace/.derivedData/Build/Intermediates.noindex/GitHubRestAPISwiftOpenAPI.build/Debug-watchos/GitHubRestAPIProjectsClassic.build/Objects-normal/arm64/Binary/GitHubRestAPIProjectsClassic.o /Users/admin/builder/spi-builder-workspace/.derivedData/Build/Intermediates.noindex/GitHubRestAPISwiftOpenAPI.build/Debug-watchos/GitHubRestAPIProjectsClassic.build/Objects-normal/armv7k/Binary/GitHubRestAPIProjectsClassic.o /Users/admin/builder/spi-builder-workspace/.derivedData/Build/Intermediates.noindex/GitHubRestAPISwiftOpenAPI.build/Debug-watchos/GitHubRestAPIProjectsClassic.build/Objects-normal/arm64_32/Binary/GitHubRestAPIProjectsClassic.o -output /Users/admin/builder/spi-builder-workspace/.derivedData/Build/Products/Debug-watchos/GitHubRestAPIProjectsClassic.o
SwiftEmitModule normal arm64_32 Emitting\ module\ for\ GitHubRestAPIAgentTasks (in target 'GitHubRestAPIAgentTasks' from project 'GitHubRestAPISwiftOpenAPI')
SwiftEmitModule normal arm64 Emitting\ module\ for\ GitHubRestAPIActivity (in target 'GitHubRestAPIActivity' from project 'GitHubRestAPISwiftOpenAPI')
2026-10-18 06:14:48.635 xcodebuild[2162:16659] [MT] IDERunDestination: Supported platforms for the buildables in the current scheme is empty.
** BUILD FAILED **
The following build commands failed:
	Ld /Users/admin/builder/spi-builder-workspace/.derivedData/Build/Intermediates.noindex/GitHubRestAPISwiftOpenAPI.build/Debug-watchos/GitHubRestAPIRepos.build/Objects-normal/armv7k/Binary/GitHubRestAPIRepos.o normal armv7k (in target 'GitHubRestAPIRepos' from project 'GitHubRestAPISwiftOpenAPI')
	Building workspace spi-builder-workspace with scheme GitHubRestAPISwiftOpenAPI-Package
(2 failures)
BUILD FAILURE 6.2 watchOS