The Swift Package Index logo.Swift Package Index

Build Information

Failed to build WolfStrings, reference 2.2.1 (3f1831), with Swift 6.4 for watchOS using Xcode 27.0 on 16 Sep 2026 07:08:26 UTC.

Build Command

env DEVELOPER_DIR=/Applications/Xcode-27.0.0-Release.Candidate.app xcrun xcodebuild -IDEClonedSourcePackagesDirPathOverride=$PWD/.dependencies -skipMacroValidation -skipPackagePluginValidation -derivedDataPath $PWD/.derivedData build -scheme WolfStrings -destination generic/platform=watchOS

Build Log

Copy /Users/admin/builder/spi-builder-workspace/.derivedData/Build/Products/Debug-watchos/ExtensibleEnumeratedName.swiftmodule/arm64_32-apple-watchos.swiftdoc /Users/admin/builder/spi-builder-workspace/.derivedData/Build/Intermediates.noindex/ExtensibleEnumeratedName.build/Debug-watchos/ExtensibleEnumeratedName-t.build/Objects-normal/arm64_32/ExtensibleEnumeratedName.swiftdoc (in target 'ExtensibleEnumeratedName' from project 'ExtensibleEnumeratedName')
    cd /Users/admin/builder/spi-builder-workspace/.dependencies/checkouts/ExtensibleEnumeratedName
    builtin-copy -exclude .DS_Store -exclude CVS -exclude .svn -exclude .git -exclude .hg -resolve-src-symlinks -rename /Users/admin/builder/spi-builder-workspace/.derivedData/Build/Intermediates.noindex/ExtensibleEnumeratedName.build/Debug-watchos/ExtensibleEnumeratedName-t.build/Objects-normal/arm64_32/ExtensibleEnumeratedName.swiftdoc /Users/admin/builder/spi-builder-workspace/.derivedData/Build/Products/Debug-watchos/ExtensibleEnumeratedName.swiftmodule/arm64_32-apple-watchos.swiftdoc
Copy /Users/admin/builder/spi-builder-workspace/.derivedData/Build/Products/Debug-watchos/ExtensibleEnumeratedName.swiftmodule/arm64_32-apple-watchos.abi.json /Users/admin/builder/spi-builder-workspace/.derivedData/Build/Intermediates.noindex/ExtensibleEnumeratedName.build/Debug-watchos/ExtensibleEnumeratedName-t.build/Objects-normal/arm64_32/ExtensibleEnumeratedName.abi.json (in target 'ExtensibleEnumeratedName' from project 'ExtensibleEnumeratedName')
    cd /Users/admin/builder/spi-builder-workspace/.dependencies/checkouts/ExtensibleEnumeratedName
    builtin-copy -exclude .DS_Store -exclude CVS -exclude .svn -exclude .git -exclude .hg -resolve-src-symlinks -rename /Users/admin/builder/spi-builder-workspace/.derivedData/Build/Intermediates.noindex/ExtensibleEnumeratedName.build/Debug-watchos/ExtensibleEnumeratedName-t.build/Objects-normal/arm64_32/ExtensibleEnumeratedName.abi.json /Users/admin/builder/spi-builder-workspace/.derivedData/Build/Products/Debug-watchos/ExtensibleEnumeratedName.swiftmodule/arm64_32-apple-watchos.abi.json
Copy /Users/admin/builder/spi-builder-workspace/.derivedData/Build/Products/Debug-watchos/ExtensibleEnumeratedName.swiftmodule/arm64-apple-watchos.swiftmodule /Users/admin/builder/spi-builder-workspace/.derivedData/Build/Intermediates.noindex/ExtensibleEnumeratedName.build/Debug-watchos/ExtensibleEnumeratedName-t.build/Objects-normal/arm64/ExtensibleEnumeratedName.swiftmodule (in target 'ExtensibleEnumeratedName' from project 'ExtensibleEnumeratedName')
    cd /Users/admin/builder/spi-builder-workspace/.dependencies/checkouts/ExtensibleEnumeratedName
    builtin-copy -exclude .DS_Store -exclude CVS -exclude .svn -exclude .git -exclude .hg -resolve-src-symlinks -rename /Users/admin/builder/spi-builder-workspace/.derivedData/Build/Intermediates.noindex/ExtensibleEnumeratedName.build/Debug-watchos/ExtensibleEnumeratedName-t.build/Objects-normal/arm64/ExtensibleEnumeratedName.swiftmodule /Users/admin/builder/spi-builder-workspace/.derivedData/Build/Products/Debug-watchos/ExtensibleEnumeratedName.swiftmodule/arm64-apple-watchos.swiftmodule
Copy /Users/admin/builder/spi-builder-workspace/.derivedData/Build/Products/Debug-watchos/ExtensibleEnumeratedName.swiftmodule/arm64-apple-watchos.swiftdoc /Users/admin/builder/spi-builder-workspace/.derivedData/Build/Intermediates.noindex/ExtensibleEnumeratedName.build/Debug-watchos/ExtensibleEnumeratedName-t.build/Objects-normal/arm64/ExtensibleEnumeratedName.swiftdoc (in target 'ExtensibleEnumeratedName' from project 'ExtensibleEnumeratedName')
    cd /Users/admin/builder/spi-builder-workspace/.dependencies/checkouts/ExtensibleEnumeratedName
    builtin-copy -exclude .DS_Store -exclude CVS -exclude .svn -exclude .git -exclude .hg -resolve-src-symlinks -rename /Users/admin/builder/spi-builder-workspace/.derivedData/Build/Intermediates.noindex/ExtensibleEnumeratedName.build/Debug-watchos/ExtensibleEnumeratedName-t.build/Objects-normal/arm64/ExtensibleEnumeratedName.swiftdoc /Users/admin/builder/spi-builder-workspace/.derivedData/Build/Products/Debug-watchos/ExtensibleEnumeratedName.swiftmodule/arm64-apple-watchos.swiftdoc
Copy /Users/admin/builder/spi-builder-workspace/.derivedData/Build/Products/Debug-watchos/ExtensibleEnumeratedName.swiftmodule/arm64-apple-watchos.abi.json /Users/admin/builder/spi-builder-workspace/.derivedData/Build/Intermediates.noindex/ExtensibleEnumeratedName.build/Debug-watchos/ExtensibleEnumeratedName-t.build/Objects-normal/arm64/ExtensibleEnumeratedName.abi.json (in target 'ExtensibleEnumeratedName' from project 'ExtensibleEnumeratedName')
    cd /Users/admin/builder/spi-builder-workspace/.dependencies/checkouts/ExtensibleEnumeratedName
    builtin-copy -exclude .DS_Store -exclude CVS -exclude .svn -exclude .git -exclude .hg -resolve-src-symlinks -rename /Users/admin/builder/spi-builder-workspace/.derivedData/Build/Intermediates.noindex/ExtensibleEnumeratedName.build/Debug-watchos/ExtensibleEnumeratedName-t.build/Objects-normal/arm64/ExtensibleEnumeratedName.abi.json /Users/admin/builder/spi-builder-workspace/.derivedData/Build/Products/Debug-watchos/ExtensibleEnumeratedName.swiftmodule/arm64-apple-watchos.abi.json
Copy /Users/admin/builder/spi-builder-workspace/.derivedData/Build/Products/Debug-watchos/ExtensibleEnumeratedName.swiftmodule/Project/arm64_32-apple-watchos.swiftsourceinfo /Users/admin/builder/spi-builder-workspace/.derivedData/Build/Intermediates.noindex/ExtensibleEnumeratedName.build/Debug-watchos/ExtensibleEnumeratedName-t.build/Objects-normal/arm64_32/ExtensibleEnumeratedName.swiftsourceinfo (in target 'ExtensibleEnumeratedName' from project 'ExtensibleEnumeratedName')
    cd /Users/admin/builder/spi-builder-workspace/.dependencies/checkouts/ExtensibleEnumeratedName
    builtin-copy -exclude .DS_Store -exclude CVS -exclude .svn -exclude .git -exclude .hg -resolve-src-symlinks -rename /Users/admin/builder/spi-builder-workspace/.derivedData/Build/Intermediates.noindex/ExtensibleEnumeratedName.build/Debug-watchos/ExtensibleEnumeratedName-t.build/Objects-normal/arm64_32/ExtensibleEnumeratedName.swiftsourceinfo /Users/admin/builder/spi-builder-workspace/.derivedData/Build/Products/Debug-watchos/ExtensibleEnumeratedName.swiftmodule/Project/arm64_32-apple-watchos.swiftsourceinfo
Copy /Users/admin/builder/spi-builder-workspace/.derivedData/Build/Products/Debug-watchos/ExtensibleEnumeratedName.swiftmodule/Project/arm64-apple-watchos.swiftsourceinfo /Users/admin/builder/spi-builder-workspace/.derivedData/Build/Intermediates.noindex/ExtensibleEnumeratedName.build/Debug-watchos/ExtensibleEnumeratedName-t.build/Objects-normal/arm64/ExtensibleEnumeratedName.swiftsourceinfo (in target 'ExtensibleEnumeratedName' from project 'ExtensibleEnumeratedName')
    cd /Users/admin/builder/spi-builder-workspace/.dependencies/checkouts/ExtensibleEnumeratedName
    builtin-copy -exclude .DS_Store -exclude CVS -exclude .svn -exclude .git -exclude .hg -resolve-src-symlinks -rename /Users/admin/builder/spi-builder-workspace/.derivedData/Build/Intermediates.noindex/ExtensibleEnumeratedName.build/Debug-watchos/ExtensibleEnumeratedName-t.build/Objects-normal/arm64/ExtensibleEnumeratedName.swiftsourceinfo /Users/admin/builder/spi-builder-workspace/.derivedData/Build/Products/Debug-watchos/ExtensibleEnumeratedName.swiftmodule/Project/arm64-apple-watchos.swiftsourceinfo
SwiftCompile normal arm64_32 Compiling\ WithOperator.swift /Users/admin/builder/spi-builder-workspace/.dependencies/checkouts/WolfWith/Sources/WolfWith/WithOperator.swift (in target 'WolfWith' from project 'WolfWith')
SwiftCompile normal arm64_32 /Users/admin/builder/spi-builder-workspace/.dependencies/checkouts/WolfWith/Sources/WolfWith/WithOperator.swift (in target 'WolfWith' from project 'WolfWith')
    cd /Users/admin/builder/spi-builder-workspace/.swiftpm/xcode
    builtin-SwiftPerFileCompile WithOperator.swift
SwiftCompile normal arm64 Compiling\ WithOperator.swift /Users/admin/builder/spi-builder-workspace/.dependencies/checkouts/WolfWith/Sources/WolfWith/WithOperator.swift (in target 'WolfWith' from project 'WolfWith')
SwiftCompile normal arm64 /Users/admin/builder/spi-builder-workspace/.dependencies/checkouts/WolfWith/Sources/WolfWith/WithOperator.swift (in target 'WolfWith' from project 'WolfWith')
    cd /Users/admin/builder/spi-builder-workspace/.swiftpm/xcode
    builtin-SwiftPerFileCompile WithOperator.swift
SwiftCompile normal arm64 Compiling\ Curry.swift /Users/admin/builder/spi-builder-workspace/.dependencies/checkouts/WolfPipe/Sources/WolfPipe/Curry.swift (in target 'WolfPipe' from project 'WolfPipe')
SwiftCompile normal arm64 /Users/admin/builder/spi-builder-workspace/.dependencies/checkouts/WolfPipe/Sources/WolfPipe/Curry.swift (in target 'WolfPipe' from project 'WolfPipe')
    cd /Users/admin/builder/spi-builder-workspace/.swiftpm/xcode
    builtin-SwiftPerFileCompile Curry.swift
SwiftDriverJobDiscovery normal arm64_32 Compiling PipeOperator.swift (in target 'WolfPipe' from project 'WolfPipe')
SwiftCompile normal arm64 Compiling\ SetAlgebra.swift /Users/admin/builder/spi-builder-workspace/.dependencies/checkouts/WolfPipe/Sources/WolfPipe/SetAlgebra.swift (in target 'WolfPipe' from project 'WolfPipe')
SwiftCompile normal arm64 /Users/admin/builder/spi-builder-workspace/.dependencies/checkouts/WolfPipe/Sources/WolfPipe/SetAlgebra.swift (in target 'WolfPipe' from project 'WolfPipe')
    cd /Users/admin/builder/spi-builder-workspace/.swiftpm/xcode
    builtin-SwiftPerFileCompile SetAlgebra.swift
SwiftCompile normal arm64 Compiling\ ComposeOperator.swift /Users/admin/builder/spi-builder-workspace/.dependencies/checkouts/WolfPipe/Sources/WolfPipe/ComposeOperator.swift (in target 'WolfPipe' from project 'WolfPipe')
SwiftCompile normal arm64 /Users/admin/builder/spi-builder-workspace/.dependencies/checkouts/WolfPipe/Sources/WolfPipe/ComposeOperator.swift (in target 'WolfPipe' from project 'WolfPipe')
    cd /Users/admin/builder/spi-builder-workspace/.swiftpm/xcode
    builtin-SwiftPerFileCompile ComposeOperator.swift
SwiftDriverJobDiscovery normal arm64_32 Compiling SetAlgebra.swift (in target 'WolfPipe' from project 'WolfPipe')
SwiftCompile normal arm64 Compiling\ PipeOperator.swift /Users/admin/builder/spi-builder-workspace/.dependencies/checkouts/WolfPipe/Sources/WolfPipe/PipeOperator.swift (in target 'WolfPipe' from project 'WolfPipe')
SwiftCompile normal arm64 /Users/admin/builder/spi-builder-workspace/.dependencies/checkouts/WolfPipe/Sources/WolfPipe/PipeOperator.swift (in target 'WolfPipe' from project 'WolfPipe')
    cd /Users/admin/builder/spi-builder-workspace/.swiftpm/xcode
    builtin-SwiftPerFileCompile PipeOperator.swift
SwiftDriverJobDiscovery normal arm64_32 Compiling PipeCompatibleFunctions.swift (in target 'WolfPipe' from project 'WolfPipe')
SwiftCompile normal arm64 Compiling\ EffectfulComposeOperator.swift /Users/admin/builder/spi-builder-workspace/.dependencies/checkouts/WolfPipe/Sources/WolfPipe/EffectfulComposeOperator.swift (in target 'WolfPipe' from project 'WolfPipe')
SwiftCompile normal arm64 /Users/admin/builder/spi-builder-workspace/.dependencies/checkouts/WolfPipe/Sources/WolfPipe/EffectfulComposeOperator.swift (in target 'WolfPipe' from project 'WolfPipe')
    cd /Users/admin/builder/spi-builder-workspace/.swiftpm/xcode
    builtin-SwiftPerFileCompile EffectfulComposeOperator.swift
SwiftDriverJobDiscovery normal arm64_32 Compiling WithOperator.swift (in target 'WolfWith' from project 'WolfWith')
SwiftDriver\ Compilation WolfWith normal arm64_32 com.apple.xcode.tools.swift.compiler (in target 'WolfWith' from project 'WolfWith')
    cd /Users/admin/builder/spi-builder-workspace/.swiftpm/xcode
    builtin-Swift-Compilation -- /Applications/Xcode-27.0.0-Release.Candidate.app/Contents/Developer/Toolchains/XcodeDefault.xctoolchain/usr/bin/swiftc -parse-as-library -module-name WolfWith -Onone @/Users/admin/builder/spi-builder-workspace/.derivedData/Build/Intermediates.noindex/WolfWith.build/Debug-watchos/WolfWith-t.build/Objects-normal/arm64_32/WolfWith.SwiftFileList -DSWIFT_PACKAGE -DDEBUG -DSWIFT_MODULE_RESOURCE_BUNDLE_UNAVAILABLE -DXcode -plugin-path /Applications/Xcode-27.0.0-Release.Candidate.app/Contents/Developer/Toolchains/XcodeDefault.xctoolchain/usr/lib/swift/host/plugins/testing -enable-experimental-feature DebugDescriptionMacro -sdk /Applications/Xcode-27.0.0-Release.Candidate.app/Contents/Developer/Platforms/WatchOS.platform/Developer/SDKs/WatchOS27.0.sdk -target arm64_32-apple-watchos9.0 -g -module-cache-path /Users/admin/builder/spi-builder-workspace/.derivedData/ModuleCache.noindex -Xfrontend -serialize-debugging-options -enable-testing -suppress-warnings -index-store-path /Users/admin/builder/spi-builder-workspace/.derivedData/Index.noindex/DataStore -Xcc -D_LIBCPP_HARDENING_MODE\=_LIBCPP_HARDENING_MODE_DEBUG -swift-version 5 -I /Users/admin/builder/spi-builder-workspace/.derivedData/Build/Products/Debug-watchos -Isystem /Applications/Xcode-27.0.0-Release.Candidate.app/Contents/Developer/Platforms/WatchOS.platform/Developer/usr/lib -F /Users/admin/builder/spi-builder-workspace/.derivedData/Build/Products/Debug-watchos -F /Applications/Xcode-27.0.0-Release.Candidate.app/Contents/Developer/Platforms/WatchOS.platform/Developer/Library/Frameworks -F /Applications/Xcode-27.0.0-Release.Candidate.app/Contents/Developer/Platforms/WatchOS.platform/Developer/SDKs/WatchOS27.0.sdk/Developer/Library/Frameworks -c -j10 -enable-batch-mode -incremental -Xcc -ivfsstatcache -Xcc /Users/admin/builder/spi-builder-workspace/.derivedData/SDKStatCaches.noindex/watchos27.0-24R360-e829b21a6f8c9b70876ba0858053c04477534ef55a1706bf4c1112bbb242f0a2.sdkstatcache -output-file-map /Users/admin/builder/spi-builder-workspace/.derivedData/Build/Intermediates.noindex/WolfWith.build/Debug-watchos/WolfWith-t.build/Objects-normal/arm64_32/WolfWith-OutputFileMap.json -save-temps -no-color-diagnostics -explicit-module-build -module-cache-path /Users/admin/builder/spi-builder-workspace/.derivedData/Build/Intermediates.noindex/SwiftExplicitPrecompiledModules -clang-scanner-module-cache-path /Users/admin/builder/spi-builder-workspace/.derivedData/ModuleCache.noindex -sdk-module-cache-path /Users/admin/builder/spi-builder-workspace/.derivedData/SDKExplicitPrecompiledModules -emit-dependencies -emit-module -emit-module-path /Users/admin/builder/spi-builder-workspace/.derivedData/Build/Intermediates.noindex/WolfWith.build/Debug-watchos/WolfWith-t.build/Objects-normal/arm64_32/WolfWith.swiftmodule -serialize-diagnostics -dependency-scan-serialize-diagnostics-path /Users/admin/builder/spi-builder-workspace/.derivedData/Build/Intermediates.noindex/WolfWith.build/Debug-watchos/WolfWith-t.build/Objects-normal/arm64_32/WolfWith-dependency-scan.dia -validate-clang-modules-once -clang-build-session-file /Users/admin/builder/spi-builder-workspace/.derivedData/ModuleCache.noindex/Session.modulevalidation -Xcc -fmodules-prune-interval\=86400 -Xcc -fmodules-prune-after\=345600 -emit-const-values -const-gather-protocols-list /Users/admin/builder/spi-builder-workspace/.derivedData/Build/Intermediates.noindex/WolfWith.build/Debug-watchos/WolfWith-t.build/Objects-normal/arm64_32/WolfWith_const_extract_protocols.json -Xcc -I/Users/admin/builder/spi-builder-workspace/.derivedData/Build/Products/Debug-watchos/include -Xcc -I/Users/admin/builder/spi-builder-workspace/.derivedData/Build/Intermediates.noindex/WolfWith.build/Debug-watchos/WolfWith-t.build/DerivedSources-normal/arm64_32 -Xcc -I/Users/admin/builder/spi-builder-workspace/.derivedData/Build/Intermediates.noindex/WolfWith.build/Debug-watchos/WolfWith-t.build/DerivedSources/arm64_32 -Xcc -I/Users/admin/builder/spi-builder-workspace/.derivedData/Build/Intermediates.noindex/WolfWith.build/Debug-watchos/WolfWith-t.build/DerivedSources -Xcc -DSWIFT_PACKAGE -Xcc -DDEBUG\=1 -emit-objc-header -emit-objc-header-path /Users/admin/builder/spi-builder-workspace/.derivedData/Build/Intermediates.noindex/WolfWith.build/Debug-watchos/WolfWith-t.build/Objects-normal/arm64_32/WolfWith-Swift.h -working-directory /Users/admin/builder/spi-builder-workspace/.swiftpm/xcode -experimental-emit-module-separately -disable-cmo
SwiftDriverJobDiscovery normal arm64 Compiling WithOperator.swift (in target 'WolfWith' from project 'WolfWith')
SwiftDriver\ Compilation WolfWith normal arm64 com.apple.xcode.tools.swift.compiler (in target 'WolfWith' from project 'WolfWith')
    cd /Users/admin/builder/spi-builder-workspace/.swiftpm/xcode
    builtin-Swift-Compilation -- /Applications/Xcode-27.0.0-Release.Candidate.app/Contents/Developer/Toolchains/XcodeDefault.xctoolchain/usr/bin/swiftc -parse-as-library -module-name WolfWith -Onone @/Users/admin/builder/spi-builder-workspace/.derivedData/Build/Intermediates.noindex/WolfWith.build/Debug-watchos/WolfWith-t.build/Objects-normal/arm64/WolfWith.SwiftFileList -DSWIFT_PACKAGE -DDEBUG -DSWIFT_MODULE_RESOURCE_BUNDLE_UNAVAILABLE -DXcode -plugin-path /Applications/Xcode-27.0.0-Release.Candidate.app/Contents/Developer/Toolchains/XcodeDefault.xctoolchain/usr/lib/swift/host/plugins/testing -enable-experimental-feature DebugDescriptionMacro -sdk /Applications/Xcode-27.0.0-Release.Candidate.app/Contents/Developer/Platforms/WatchOS.platform/Developer/SDKs/WatchOS27.0.sdk -target arm64-apple-watchos9.0 -g -module-cache-path /Users/admin/builder/spi-builder-workspace/.derivedData/ModuleCache.noindex -Xfrontend -serialize-debugging-options -enable-testing -suppress-warnings -index-store-path /Users/admin/builder/spi-builder-workspace/.derivedData/Index.noindex/DataStore -Xcc -D_LIBCPP_HARDENING_MODE\=_LIBCPP_HARDENING_MODE_DEBUG -swift-version 5 -I /Users/admin/builder/spi-builder-workspace/.derivedData/Build/Products/Debug-watchos -Isystem /Applications/Xcode-27.0.0-Release.Candidate.app/Contents/Developer/Platforms/WatchOS.platform/Developer/usr/lib -F /Users/admin/builder/spi-builder-workspace/.derivedData/Build/Products/Debug-watchos -F /Applications/Xcode-27.0.0-Release.Candidate.app/Contents/Developer/Platforms/WatchOS.platform/Developer/Library/Frameworks -F /Applications/Xcode-27.0.0-Release.Candidate.app/Contents/Developer/Platforms/WatchOS.platform/Developer/SDKs/WatchOS27.0.sdk/Developer/Library/Frameworks -c -j10 -enable-batch-mode -incremental -Xcc -ivfsstatcache -Xcc /Users/admin/builder/spi-builder-workspace/.derivedData/SDKStatCaches.noindex/watchos27.0-24R360-e829b21a6f8c9b70876ba0858053c04477534ef55a1706bf4c1112bbb242f0a2.sdkstatcache -output-file-map /Users/admin/builder/spi-builder-workspace/.derivedData/Build/Intermediates.noindex/WolfWith.build/Debug-watchos/WolfWith-t.build/Objects-normal/arm64/WolfWith-OutputFileMap.json -save-temps -no-color-diagnostics -explicit-module-build -module-cache-path /Users/admin/builder/spi-builder-workspace/.derivedData/Build/Intermediates.noindex/SwiftExplicitPrecompiledModules -clang-scanner-module-cache-path /Users/admin/builder/spi-builder-workspace/.derivedData/ModuleCache.noindex -sdk-module-cache-path /Users/admin/builder/spi-builder-workspace/.derivedData/SDKExplicitPrecompiledModules -emit-dependencies -emit-module -emit-module-path /Users/admin/builder/spi-builder-workspace/.derivedData/Build/Intermediates.noindex/WolfWith.build/Debug-watchos/WolfWith-t.build/Objects-normal/arm64/WolfWith.swiftmodule -serialize-diagnostics -dependency-scan-serialize-diagnostics-path /Users/admin/builder/spi-builder-workspace/.derivedData/Build/Intermediates.noindex/WolfWith.build/Debug-watchos/WolfWith-t.build/Objects-normal/arm64/WolfWith-dependency-scan.dia -validate-clang-modules-once -clang-build-session-file /Users/admin/builder/spi-builder-workspace/.derivedData/ModuleCache.noindex/Session.modulevalidation -Xcc -fmodules-prune-interval\=86400 -Xcc -fmodules-prune-after\=345600 -emit-const-values -const-gather-protocols-list /Users/admin/builder/spi-builder-workspace/.derivedData/Build/Intermediates.noindex/WolfWith.build/Debug-watchos/WolfWith-t.build/Objects-normal/arm64/WolfWith_const_extract_protocols.json -Xcc -I/Users/admin/builder/spi-builder-workspace/.derivedData/Build/Products/Debug-watchos/include -Xcc -I/Users/admin/builder/spi-builder-workspace/.derivedData/Build/Intermediates.noindex/WolfWith.build/Debug-watchos/WolfWith-t.build/DerivedSources-normal/arm64 -Xcc -I/Users/admin/builder/spi-builder-workspace/.derivedData/Build/Intermediates.noindex/WolfWith.build/Debug-watchos/WolfWith-t.build/DerivedSources/arm64 -Xcc -I/Users/admin/builder/spi-builder-workspace/.derivedData/Build/Intermediates.noindex/WolfWith.build/Debug-watchos/WolfWith-t.build/DerivedSources -Xcc -DSWIFT_PACKAGE -Xcc -DDEBUG\=1 -emit-objc-header -emit-objc-header-path /Users/admin/builder/spi-builder-workspace/.derivedData/Build/Intermediates.noindex/WolfWith.build/Debug-watchos/WolfWith-t.build/Objects-normal/arm64/WolfWith-Swift.h -working-directory /Users/admin/builder/spi-builder-workspace/.swiftpm/xcode -experimental-emit-module-separately -disable-cmo
SwiftDriverJobDiscovery normal arm64 Compiling Curry.swift (in target 'WolfPipe' from project 'WolfPipe')
SwiftCompile normal arm64_32 Compiling\ KeyPaths.swift /Users/admin/builder/spi-builder-workspace/.dependencies/checkouts/WolfPipe/Sources/WolfPipe/KeyPaths.swift (in target 'WolfPipe' from project 'WolfPipe')
SwiftCompile normal arm64_32 /Users/admin/builder/spi-builder-workspace/.dependencies/checkouts/WolfPipe/Sources/WolfPipe/KeyPaths.swift (in target 'WolfPipe' from project 'WolfPipe')
    cd /Users/admin/builder/spi-builder-workspace/.swiftpm/xcode
    builtin-SwiftPerFileCompile KeyPaths.swift
SwiftCompile normal arm64 Compiling\ KeyPaths.swift /Users/admin/builder/spi-builder-workspace/.dependencies/checkouts/WolfPipe/Sources/WolfPipe/KeyPaths.swift (in target 'WolfPipe' from project 'WolfPipe')
SwiftCompile normal arm64 /Users/admin/builder/spi-builder-workspace/.dependencies/checkouts/WolfPipe/Sources/WolfPipe/KeyPaths.swift (in target 'WolfPipe' from project 'WolfPipe')
    cd /Users/admin/builder/spi-builder-workspace/.swiftpm/xcode
    builtin-SwiftPerFileCompile KeyPaths.swift
SwiftDriverJobDiscovery normal arm64 Compiling EffectfulComposeOperator.swift (in target 'WolfPipe' from project 'WolfPipe')
SwiftCompile normal arm64_32 Compiling\ Curry.swift /Users/admin/builder/spi-builder-workspace/.dependencies/checkouts/WolfPipe/Sources/WolfPipe/Curry.swift (in target 'WolfPipe' from project 'WolfPipe')
SwiftCompile normal arm64_32 /Users/admin/builder/spi-builder-workspace/.dependencies/checkouts/WolfPipe/Sources/WolfPipe/Curry.swift (in target 'WolfPipe' from project 'WolfPipe')
    cd /Users/admin/builder/spi-builder-workspace/.swiftpm/xcode
    builtin-SwiftPerFileCompile Curry.swift
SwiftCompile normal arm64 Compiling\ PipeCompatibleFunctions.swift /Users/admin/builder/spi-builder-workspace/.dependencies/checkouts/WolfPipe/Sources/WolfPipe/PipeCompatibleFunctions.swift (in target 'WolfPipe' from project 'WolfPipe')
SwiftCompile normal arm64 /Users/admin/builder/spi-builder-workspace/.dependencies/checkouts/WolfPipe/Sources/WolfPipe/PipeCompatibleFunctions.swift (in target 'WolfPipe' from project 'WolfPipe')
    cd /Users/admin/builder/spi-builder-workspace/.swiftpm/xcode
    builtin-SwiftPerFileCompile PipeCompatibleFunctions.swift
SwiftDriverJobDiscovery normal arm64 Compiling KeyPaths.swift (in target 'WolfPipe' from project 'WolfPipe')
SwiftCompile normal arm64_32 Compiling\ ComposeOperator.swift /Users/admin/builder/spi-builder-workspace/.dependencies/checkouts/WolfPipe/Sources/WolfPipe/ComposeOperator.swift (in target 'WolfPipe' from project 'WolfPipe')
SwiftCompile normal arm64_32 /Users/admin/builder/spi-builder-workspace/.dependencies/checkouts/WolfPipe/Sources/WolfPipe/ComposeOperator.swift (in target 'WolfPipe' from project 'WolfPipe')
    cd /Users/admin/builder/spi-builder-workspace/.swiftpm/xcode
    builtin-SwiftPerFileCompile ComposeOperator.swift
SwiftDriverJobDiscovery normal arm64_32 Compiling KeyPaths.swift (in target 'WolfPipe' from project 'WolfPipe')
SwiftCompile normal arm64_32 Compiling\ EffectfulComposeOperator.swift /Users/admin/builder/spi-builder-workspace/.dependencies/checkouts/WolfPipe/Sources/WolfPipe/EffectfulComposeOperator.swift (in target 'WolfPipe' from project 'WolfPipe')
SwiftCompile normal arm64_32 /Users/admin/builder/spi-builder-workspace/.dependencies/checkouts/WolfPipe/Sources/WolfPipe/EffectfulComposeOperator.swift (in target 'WolfPipe' from project 'WolfPipe')
    cd /Users/admin/builder/spi-builder-workspace/.swiftpm/xcode
    builtin-SwiftPerFileCompile EffectfulComposeOperator.swift
SwiftCompile normal arm64 Compiling\ ExtensibleEnumeratedName.swift /Users/admin/builder/spi-builder-workspace/.dependencies/checkouts/ExtensibleEnumeratedName/Sources/ExtensibleEnumeratedName/ExtensibleEnumeratedName.swift (in target 'ExtensibleEnumeratedName' from project 'ExtensibleEnumeratedName')
SwiftCompile normal arm64 /Users/admin/builder/spi-builder-workspace/.dependencies/checkouts/ExtensibleEnumeratedName/Sources/ExtensibleEnumeratedName/ExtensibleEnumeratedName.swift (in target 'ExtensibleEnumeratedName' from project 'ExtensibleEnumeratedName')
    cd /Users/admin/builder/spi-builder-workspace/.swiftpm/xcode
    builtin-SwiftPerFileCompile ExtensibleEnumeratedName.swift
SwiftCompile normal arm64_32 Compiling\ ExtensibleEnumeratedName.swift /Users/admin/builder/spi-builder-workspace/.dependencies/checkouts/ExtensibleEnumeratedName/Sources/ExtensibleEnumeratedName/ExtensibleEnumeratedName.swift (in target 'ExtensibleEnumeratedName' from project 'ExtensibleEnumeratedName')
SwiftCompile normal arm64_32 /Users/admin/builder/spi-builder-workspace/.dependencies/checkouts/ExtensibleEnumeratedName/Sources/ExtensibleEnumeratedName/ExtensibleEnumeratedName.swift (in target 'ExtensibleEnumeratedName' from project 'ExtensibleEnumeratedName')
    cd /Users/admin/builder/spi-builder-workspace/.swiftpm/xcode
    builtin-SwiftPerFileCompile ExtensibleEnumeratedName.swift
SwiftDriverJobDiscovery normal arm64_32 Compiling Curry.swift (in target 'WolfPipe' from project 'WolfPipe')
SwiftExplicitDependencyGeneratePcm arm64 /Users/admin/builder/spi-builder-workspace/.derivedData/SDKExplicitPrecompiledModules/_Builtin_stddef-1FU30Y8SWFB7OUUHMJQH5J6FM.pcm
SwiftDriverJobDiscovery normal arm64_32 Compiling EffectfulComposeOperator.swift (in target 'WolfPipe' from project 'WolfPipe')
SwiftExplicitDependencyGeneratePcm arm64 /Users/admin/builder/spi-builder-workspace/.derivedData/SDKExplicitPrecompiledModules/_Builtin_stdarg-A7UU8LE6MP85SM26YO7PBZNUQ.pcm
SwiftDriverJobDiscovery normal arm64_32 Compiling ComposeOperator.swift (in target 'WolfPipe' from project 'WolfPipe')
SwiftExplicitDependencyGeneratePcm arm64_32 /Users/admin/builder/spi-builder-workspace/.derivedData/SDKExplicitPrecompiledModules/_Builtin_stdbool-A967K8W8YUYEC9SN52KJ7OO88.pcm
SwiftDriverJobDiscovery normal arm64 Compiling ExtensibleEnumeratedName.swift (in target 'ExtensibleEnumeratedName' from project 'ExtensibleEnumeratedName')
SwiftExplicitDependencyGeneratePcm arm64 /Users/admin/builder/spi-builder-workspace/.derivedData/SDKExplicitPrecompiledModules/ptrcheck-AIF0NDOYZ8ORBNHQAQR5NNB8M.pcm
SwiftExplicitDependencyGeneratePcm arm64 /Users/admin/builder/spi-builder-workspace/.derivedData/SDKExplicitPrecompiledModules/_Builtin_float-C0CW5Q4HGBQYKE77TC42IAFB5.pcm
SwiftDriverJobDiscovery normal arm64_32 Compiling ExtensibleEnumeratedName.swift (in target 'ExtensibleEnumeratedName' from project 'ExtensibleEnumeratedName')
SwiftExplicitDependencyGeneratePcm arm64 /Users/admin/builder/spi-builder-workspace/.derivedData/SDKExplicitPrecompiledModules/_AvailabilityInternal-BUNV3UXM65NT37THI4W1AM0SF.pcm
SwiftExplicitDependencyGeneratePcm arm64_32 /Users/admin/builder/spi-builder-workspace/.derivedData/SDKExplicitPrecompiledModules/ptrcheck-7ELIH9BTIGVKX3UBITM9N72WD.pcm
SwiftExplicitDependencyGeneratePcm arm64_32 /Users/admin/builder/spi-builder-workspace/.derivedData/SDKExplicitPrecompiledModules/DeveloperToolsSupport-DZU5G1OCMNWU0AQRULIFHUJ1Z.pcm
SwiftDriverJobDiscovery normal arm64 Compiling PipeCompatibleFunctions.swift (in target 'WolfPipe' from project 'WolfPipe')
SwiftExplicitDependencyGeneratePcm arm64_32 /Users/admin/builder/spi-builder-workspace/.derivedData/SDKExplicitPrecompiledModules/ptrauth-BFXF358ME5AK535N5A9Z766WU.pcm
SwiftExplicitDependencyGeneratePcm arm64_32 /Users/admin/builder/spi-builder-workspace/.derivedData/SDKExplicitPrecompiledModules/_Builtin_stddef-H44EFHQX6XSS5MZ7QP6YJZ76.pcm
SwiftExplicitDependencyGeneratePcm arm64_32 /Users/admin/builder/spi-builder-workspace/.derivedData/SDKExplicitPrecompiledModules/_AvailabilityInternal-244WAN3Z1QBT7PIA64EZEFY1R.pcm
SwiftDriverJobDiscovery normal arm64 Compiling SetAlgebra.swift (in target 'WolfPipe' from project 'WolfPipe')
SwiftExplicitDependencyGeneratePcm arm64 /Users/admin/builder/spi-builder-workspace/.derivedData/SDKExplicitPrecompiledModules/DeveloperToolsSupport-E7CNISCB36UE8XQ9IOHK9XDX1.pcm
SwiftExplicitDependencyGeneratePcm arm64_32 /Users/admin/builder/spi-builder-workspace/.derivedData/SDKExplicitPrecompiledModules/_Builtin_stdarg-D305JG44A2WPI6CJY37X3QJE8.pcm
SwiftExplicitDependencyGeneratePcm arm64 /Users/admin/builder/spi-builder-workspace/.derivedData/SDKExplicitPrecompiledModules/ptrauth-3TZ9WJCGLYD25HQPWH4968ONX.pcm
SwiftDriverJobDiscovery normal arm64 Compiling ComposeOperator.swift (in target 'WolfPipe' from project 'WolfPipe')
SwiftExplicitDependencyGeneratePcm arm64 /Users/admin/builder/spi-builder-workspace/.derivedData/SDKExplicitPrecompiledModules/_Builtin_stdbool-83J96QSOFE9VX04AAS6310UAE.pcm
SwiftExplicitDependencyGeneratePcm arm64_32 /Users/admin/builder/spi-builder-workspace/.derivedData/SDKExplicitPrecompiledModules/_Builtin_float-6KO8O3PEWRCA4WC6PPLOYO6WJ.pcm
SwiftDriverJobDiscovery normal arm64 Compiling PipeOperator.swift (in target 'WolfPipe' from project 'WolfPipe')
SwiftDriver\ Compilation WolfPipe normal arm64_32 com.apple.xcode.tools.swift.compiler (in target 'WolfPipe' from project 'WolfPipe')
    cd /Users/admin/builder/spi-builder-workspace/.swiftpm/xcode
    builtin-Swift-Compilation -- /Applications/Xcode-27.0.0-Release.Candidate.app/Contents/Developer/Toolchains/XcodeDefault.xctoolchain/usr/bin/swiftc -parse-as-library -module-name WolfPipe -Onone @/Users/admin/builder/spi-builder-workspace/.derivedData/Build/Intermediates.noindex/WolfPipe.build/Debug-watchos/WolfPipe-t.build/Objects-normal/arm64_32/WolfPipe.SwiftFileList -DSWIFT_PACKAGE -DDEBUG -DSWIFT_MODULE_RESOURCE_BUNDLE_UNAVAILABLE -DXcode -plugin-path /Applications/Xcode-27.0.0-Release.Candidate.app/Contents/Developer/Toolchains/XcodeDefault.xctoolchain/usr/lib/swift/host/plugins/testing -enable-experimental-feature DebugDescriptionMacro -sdk /Applications/Xcode-27.0.0-Release.Candidate.app/Contents/Developer/Platforms/WatchOS.platform/Developer/SDKs/WatchOS27.0.sdk -target arm64_32-apple-watchos9.0 -g -module-cache-path /Users/admin/builder/spi-builder-workspace/.derivedData/ModuleCache.noindex -Xfrontend -serialize-debugging-options -enable-testing -suppress-warnings -index-store-path /Users/admin/builder/spi-builder-workspace/.derivedData/Index.noindex/DataStore -Xcc -D_LIBCPP_HARDENING_MODE\=_LIBCPP_HARDENING_MODE_DEBUG -swift-version 5 -I /Users/admin/builder/spi-builder-workspace/.derivedData/Build/Products/Debug-watchos -Isystem /Applications/Xcode-27.0.0-Release.Candidate.app/Contents/Developer/Platforms/WatchOS.platform/Developer/usr/lib -F /Users/admin/builder/spi-builder-workspace/.derivedData/Build/Products/Debug-watchos -F /Applications/Xcode-27.0.0-Release.Candidate.app/Contents/Developer/Platforms/WatchOS.platform/Developer/Library/Frameworks -F /Applications/Xcode-27.0.0-Release.Candidate.app/Contents/Developer/Platforms/WatchOS.platform/Developer/SDKs/WatchOS27.0.sdk/Developer/Library/Frameworks -c -j10 -enable-batch-mode -incremental -Xcc -ivfsstatcache -Xcc /Users/admin/builder/spi-builder-workspace/.derivedData/SDKStatCaches.noindex/watchos27.0-24R360-e829b21a6f8c9b70876ba0858053c04477534ef55a1706bf4c1112bbb242f0a2.sdkstatcache -output-file-map /Users/admin/builder/spi-builder-workspace/.derivedData/Build/Intermediates.noindex/WolfPipe.build/Debug-watchos/WolfPipe-t.build/Objects-normal/arm64_32/WolfPipe-OutputFileMap.json -save-temps -no-color-diagnostics -explicit-module-build -module-cache-path /Users/admin/builder/spi-builder-workspace/.derivedData/Build/Intermediates.noindex/SwiftExplicitPrecompiledModules -clang-scanner-module-cache-path /Users/admin/builder/spi-builder-workspace/.derivedData/ModuleCache.noindex -sdk-module-cache-path /Users/admin/builder/spi-builder-workspace/.derivedData/SDKExplicitPrecompiledModules -emit-dependencies -emit-module -emit-module-path /Users/admin/builder/spi-builder-workspace/.derivedData/Build/Intermediates.noindex/WolfPipe.build/Debug-watchos/WolfPipe-t.build/Objects-normal/arm64_32/WolfPipe.swiftmodule -serialize-diagnostics -dependency-scan-serialize-diagnostics-path /Users/admin/builder/spi-builder-workspace/.derivedData/Build/Intermediates.noindex/WolfPipe.build/Debug-watchos/WolfPipe-t.build/Objects-normal/arm64_32/WolfPipe-dependency-scan.dia -validate-clang-modules-once -clang-build-session-file /Users/admin/builder/spi-builder-workspace/.derivedData/ModuleCache.noindex/Session.modulevalidation -Xcc -fmodules-prune-interval\=86400 -Xcc -fmodules-prune-after\=345600 -emit-const-values -const-gather-protocols-list /Users/admin/builder/spi-builder-workspace/.derivedData/Build/Intermediates.noindex/WolfPipe.build/Debug-watchos/WolfPipe-t.build/Objects-normal/arm64_32/WolfPipe_const_extract_protocols.json -Xcc -I/Users/admin/builder/spi-builder-workspace/.derivedData/Build/Products/Debug-watchos/include -Xcc -I/Users/admin/builder/spi-builder-workspace/.derivedData/Build/Intermediates.noindex/WolfPipe.build/Debug-watchos/WolfPipe-t.build/DerivedSources-normal/arm64_32 -Xcc -I/Users/admin/builder/spi-builder-workspace/.derivedData/Build/Intermediates.noindex/WolfPipe.build/Debug-watchos/WolfPipe-t.build/DerivedSources/arm64_32 -Xcc -I/Users/admin/builder/spi-builder-workspace/.derivedData/Build/Intermediates.noindex/WolfPipe.build/Debug-watchos/WolfPipe-t.build/DerivedSources -Xcc -DSWIFT_PACKAGE -Xcc -DDEBUG\=1 -emit-objc-header -emit-objc-header-path /Users/admin/builder/spi-builder-workspace/.derivedData/Build/Intermediates.noindex/WolfPipe.build/Debug-watchos/WolfPipe-t.build/Objects-normal/arm64_32/WolfPipe-Swift.h -working-directory /Users/admin/builder/spi-builder-workspace/.swiftpm/xcode -experimental-emit-module-separately -disable-cmo
SwiftDriver\ Compilation WolfPipe normal arm64 com.apple.xcode.tools.swift.compiler (in target 'WolfPipe' from project 'WolfPipe')
    cd /Users/admin/builder/spi-builder-workspace/.swiftpm/xcode
    builtin-Swift-Compilation -- /Applications/Xcode-27.0.0-Release.Candidate.app/Contents/Developer/Toolchains/XcodeDefault.xctoolchain/usr/bin/swiftc -parse-as-library -module-name WolfPipe -Onone @/Users/admin/builder/spi-builder-workspace/.derivedData/Build/Intermediates.noindex/WolfPipe.build/Debug-watchos/WolfPipe-t.build/Objects-normal/arm64/WolfPipe.SwiftFileList -DSWIFT_PACKAGE -DDEBUG -DSWIFT_MODULE_RESOURCE_BUNDLE_UNAVAILABLE -DXcode -plugin-path /Applications/Xcode-27.0.0-Release.Candidate.app/Contents/Developer/Toolchains/XcodeDefault.xctoolchain/usr/lib/swift/host/plugins/testing -enable-experimental-feature DebugDescriptionMacro -sdk /Applications/Xcode-27.0.0-Release.Candidate.app/Contents/Developer/Platforms/WatchOS.platform/Developer/SDKs/WatchOS27.0.sdk -target arm64-apple-watchos9.0 -g -module-cache-path /Users/admin/builder/spi-builder-workspace/.derivedData/ModuleCache.noindex -Xfrontend -serialize-debugging-options -enable-testing -suppress-warnings -index-store-path /Users/admin/builder/spi-builder-workspace/.derivedData/Index.noindex/DataStore -Xcc -D_LIBCPP_HARDENING_MODE\=_LIBCPP_HARDENING_MODE_DEBUG -swift-version 5 -I /Users/admin/builder/spi-builder-workspace/.derivedData/Build/Products/Debug-watchos -Isystem /Applications/Xcode-27.0.0-Release.Candidate.app/Contents/Developer/Platforms/WatchOS.platform/Developer/usr/lib -F /Users/admin/builder/spi-builder-workspace/.derivedData/Build/Products/Debug-watchos -F /Applications/Xcode-27.0.0-Release.Candidate.app/Contents/Developer/Platforms/WatchOS.platform/Developer/Library/Frameworks -F /Applications/Xcode-27.0.0-Release.Candidate.app/Contents/Developer/Platforms/WatchOS.platform/Developer/SDKs/WatchOS27.0.sdk/Developer/Library/Frameworks -c -j10 -enable-batch-mode -incremental -Xcc -ivfsstatcache -Xcc /Users/admin/builder/spi-builder-workspace/.derivedData/SDKStatCaches.noindex/watchos27.0-24R360-e829b21a6f8c9b70876ba0858053c04477534ef55a1706bf4c1112bbb242f0a2.sdkstatcache -output-file-map /Users/admin/builder/spi-builder-workspace/.derivedData/Build/Intermediates.noindex/WolfPipe.build/Debug-watchos/WolfPipe-t.build/Objects-normal/arm64/WolfPipe-OutputFileMap.json -save-temps -no-color-diagnostics -explicit-module-build -module-cache-path /Users/admin/builder/spi-builder-workspace/.derivedData/Build/Intermediates.noindex/SwiftExplicitPrecompiledModules -clang-scanner-module-cache-path /Users/admin/builder/spi-builder-workspace/.derivedData/ModuleCache.noindex -sdk-module-cache-path /Users/admin/builder/spi-builder-workspace/.derivedData/SDKExplicitPrecompiledModules -emit-dependencies -emit-module -emit-module-path /Users/admin/builder/spi-builder-workspace/.derivedData/Build/Intermediates.noindex/WolfPipe.build/Debug-watchos/WolfPipe-t.build/Objects-normal/arm64/WolfPipe.swiftmodule -serialize-diagnostics -dependency-scan-serialize-diagnostics-path /Users/admin/builder/spi-builder-workspace/.derivedData/Build/Intermediates.noindex/WolfPipe.build/Debug-watchos/WolfPipe-t.build/Objects-normal/arm64/WolfPipe-dependency-scan.dia -validate-clang-modules-once -clang-build-session-file /Users/admin/builder/spi-builder-workspace/.derivedData/ModuleCache.noindex/Session.modulevalidation -Xcc -fmodules-prune-interval\=86400 -Xcc -fmodules-prune-after\=345600 -emit-const-values -const-gather-protocols-list /Users/admin/builder/spi-builder-workspace/.derivedData/Build/Intermediates.noindex/WolfPipe.build/Debug-watchos/WolfPipe-t.build/Objects-normal/arm64/WolfPipe_const_extract_protocols.json -Xcc -I/Users/admin/builder/spi-builder-workspace/.derivedData/Build/Products/Debug-watchos/include -Xcc -I/Users/admin/builder/spi-builder-workspace/.derivedData/Build/Intermediates.noindex/WolfPipe.build/Debug-watchos/WolfPipe-t.build/DerivedSources-normal/arm64 -Xcc -I/Users/admin/builder/spi-builder-workspace/.derivedData/Build/Intermediates.noindex/WolfPipe.build/Debug-watchos/WolfPipe-t.build/DerivedSources/arm64 -Xcc -I/Users/admin/builder/spi-builder-workspace/.derivedData/Build/Intermediates.noindex/WolfPipe.build/Debug-watchos/WolfPipe-t.build/DerivedSources -Xcc -DSWIFT_PACKAGE -Xcc -DDEBUG\=1 -emit-objc-header -emit-objc-header-path /Users/admin/builder/spi-builder-workspace/.derivedData/Build/Intermediates.noindex/WolfPipe.build/Debug-watchos/WolfPipe-t.build/Objects-normal/arm64/WolfPipe-Swift.h -working-directory /Users/admin/builder/spi-builder-workspace/.swiftpm/xcode -experimental-emit-module-separately -disable-cmo
SwiftExplicitDependencyGeneratePcm arm64 /Users/admin/builder/spi-builder-workspace/.derivedData/SDKExplicitPrecompiledModules/_DarwinFoundation1-7SPX3MD0HMP55E4OLNCPNDQ53.pcm
SwiftDriver\ Compilation ExtensibleEnumeratedName normal arm64_32 com.apple.xcode.tools.swift.compiler (in target 'ExtensibleEnumeratedName' from project 'ExtensibleEnumeratedName')
    cd /Users/admin/builder/spi-builder-workspace/.swiftpm/xcode
    builtin-Swift-Compilation -- /Applications/Xcode-27.0.0-Release.Candidate.app/Contents/Developer/Toolchains/XcodeDefault.xctoolchain/usr/bin/swiftc -parse-as-library -module-name ExtensibleEnumeratedName -Onone @/Users/admin/builder/spi-builder-workspace/.derivedData/Build/Intermediates.noindex/ExtensibleEnumeratedName.build/Debug-watchos/ExtensibleEnumeratedName-t.build/Objects-normal/arm64_32/ExtensibleEnumeratedName.SwiftFileList -DSWIFT_PACKAGE -DDEBUG -DSWIFT_MODULE_RESOURCE_BUNDLE_UNAVAILABLE -DXcode -plugin-path /Applications/Xcode-27.0.0-Release.Candidate.app/Contents/Developer/Toolchains/XcodeDefault.xctoolchain/usr/lib/swift/host/plugins/testing -enable-experimental-feature DebugDescriptionMacro -sdk /Applications/Xcode-27.0.0-Release.Candidate.app/Contents/Developer/Platforms/WatchOS.platform/Developer/SDKs/WatchOS27.0.sdk -target arm64_32-apple-watchos9.0 -g -module-cache-path /Users/admin/builder/spi-builder-workspace/.derivedData/ModuleCache.noindex -Xfrontend -serialize-debugging-options -enable-testing -suppress-warnings -index-store-path /Users/admin/builder/spi-builder-workspace/.derivedData/Index.noindex/DataStore -Xcc -D_LIBCPP_HARDENING_MODE\=_LIBCPP_HARDENING_MODE_DEBUG -swift-version 5 -I /Users/admin/builder/spi-builder-workspace/.derivedData/Build/Products/Debug-watchos -Isystem /Applications/Xcode-27.0.0-Release.Candidate.app/Contents/Developer/Platforms/WatchOS.platform/Developer/usr/lib -F /Users/admin/builder/spi-builder-workspace/.derivedData/Build/Products/Debug-watchos -F /Applications/Xcode-27.0.0-Release.Candidate.app/Contents/Developer/Platforms/WatchOS.platform/Developer/Library/Frameworks -F /Applications/Xcode-27.0.0-Release.Candidate.app/Contents/Developer/Platforms/WatchOS.platform/Developer/SDKs/WatchOS27.0.sdk/Developer/Library/Frameworks -c -j10 -enable-batch-mode -incremental -Xcc -ivfsstatcache -Xcc /Users/admin/builder/spi-builder-workspace/.derivedData/SDKStatCaches.noindex/watchos27.0-24R360-e829b21a6f8c9b70876ba0858053c04477534ef55a1706bf4c1112bbb242f0a2.sdkstatcache -output-file-map /Users/admin/builder/spi-builder-workspace/.derivedData/Build/Intermediates.noindex/ExtensibleEnumeratedName.build/Debug-watchos/ExtensibleEnumeratedName-t.build/Objects-normal/arm64_32/ExtensibleEnumeratedName-OutputFileMap.json -save-temps -no-color-diagnostics -explicit-module-build -module-cache-path /Users/admin/builder/spi-builder-workspace/.derivedData/Build/Intermediates.noindex/SwiftExplicitPrecompiledModules -clang-scanner-module-cache-path /Users/admin/builder/spi-builder-workspace/.derivedData/ModuleCache.noindex -sdk-module-cache-path /Users/admin/builder/spi-builder-workspace/.derivedData/SDKExplicitPrecompiledModules -emit-dependencies -emit-module -emit-module-path /Users/admin/builder/spi-builder-workspace/.derivedData/Build/Intermediates.noindex/ExtensibleEnumeratedName.build/Debug-watchos/ExtensibleEnumeratedName-t.build/Objects-normal/arm64_32/ExtensibleEnumeratedName.swiftmodule -serialize-diagnostics -dependency-scan-serialize-diagnostics-path /Users/admin/builder/spi-builder-workspace/.derivedData/Build/Intermediates.noindex/ExtensibleEnumeratedName.build/Debug-watchos/ExtensibleEnumeratedName-t.build/Objects-normal/arm64_32/ExtensibleEnumeratedName-dependency-scan.dia -validate-clang-modules-once -clang-build-session-file /Users/admin/builder/spi-builder-workspace/.derivedData/ModuleCache.noindex/Session.modulevalidation -Xcc -fmodules-prune-interval\=86400 -Xcc -fmodules-prune-after\=345600 -emit-const-values -const-gather-protocols-list /Users/admin/builder/spi-builder-workspace/.derivedData/Build/Intermediates.noindex/ExtensibleEnumeratedName.build/Debug-watchos/ExtensibleEnumeratedName-t.build/Objects-normal/arm64_32/ExtensibleEnumeratedName_const_extract_protocols.json -Xcc -I/Users/admin/builder/spi-builder-workspace/.derivedData/Build/Products/Debug-watchos/include -Xcc -I/Users/admin/builder/spi-builder-workspace/.derivedData/Build/Intermediates.noindex/ExtensibleEnumeratedName.build/Debug-watchos/ExtensibleEnumeratedName-t.build/DerivedSources-normal/arm64_32 -Xcc -I/Users/admin/builder/spi-builder-workspace/.derivedData/Build/Intermediates.noindex/ExtensibleEnumeratedName.build/Debug-watchos/ExtensibleEnumeratedName-t.build/DerivedSources/arm64_32 -Xcc -I/Users/admin/builder/spi-builder-workspace/.derivedData/Build/Intermediates.noindex/ExtensibleEnumeratedName.build/Debug-watchos/ExtensibleEnumeratedName-t.build/DerivedSources -Xcc -DSWIFT_PACKAGE -Xcc -DDEBUG\=1 -emit-objc-header -emit-objc-header-path /Users/admin/builder/spi-builder-workspace/.derivedData/Build/Intermediates.noindex/ExtensibleEnumeratedName.build/Debug-watchos/ExtensibleEnumeratedName-t.build/Objects-normal/arm64_32/ExtensibleEnumeratedName-Swift.h -working-directory /Users/admin/builder/spi-builder-workspace/.swiftpm/xcode -experimental-emit-module-separately -disable-cmo
SwiftDriver\ Compilation ExtensibleEnumeratedName normal arm64 com.apple.xcode.tools.swift.compiler (in target 'ExtensibleEnumeratedName' from project 'ExtensibleEnumeratedName')
    cd /Users/admin/builder/spi-builder-workspace/.swiftpm/xcode
    builtin-Swift-Compilation -- /Applications/Xcode-27.0.0-Release.Candidate.app/Contents/Developer/Toolchains/XcodeDefault.xctoolchain/usr/bin/swiftc -parse-as-library -module-name ExtensibleEnumeratedName -Onone @/Users/admin/builder/spi-builder-workspace/.derivedData/Build/Intermediates.noindex/ExtensibleEnumeratedName.build/Debug-watchos/ExtensibleEnumeratedName-t.build/Objects-normal/arm64/ExtensibleEnumeratedName.SwiftFileList -DSWIFT_PACKAGE -DDEBUG -DSWIFT_MODULE_RESOURCE_BUNDLE_UNAVAILABLE -DXcode -plugin-path /Applications/Xcode-27.0.0-Release.Candidate.app/Contents/Developer/Toolchains/XcodeDefault.xctoolchain/usr/lib/swift/host/plugins/testing -enable-experimental-feature DebugDescriptionMacro -sdk /Applications/Xcode-27.0.0-Release.Candidate.app/Contents/Developer/Platforms/WatchOS.platform/Developer/SDKs/WatchOS27.0.sdk -target arm64-apple-watchos9.0 -g -module-cache-path /Users/admin/builder/spi-builder-workspace/.derivedData/ModuleCache.noindex -Xfrontend -serialize-debugging-options -enable-testing -suppress-warnings -index-store-path /Users/admin/builder/spi-builder-workspace/.derivedData/Index.noindex/DataStore -Xcc -D_LIBCPP_HARDENING_MODE\=_LIBCPP_HARDENING_MODE_DEBUG -swift-version 5 -I /Users/admin/builder/spi-builder-workspace/.derivedData/Build/Products/Debug-watchos -Isystem /Applications/Xcode-27.0.0-Release.Candidate.app/Contents/Developer/Platforms/WatchOS.platform/Developer/usr/lib -F /Users/admin/builder/spi-builder-workspace/.derivedData/Build/Products/Debug-watchos -F /Applications/Xcode-27.0.0-Release.Candidate.app/Contents/Developer/Platforms/WatchOS.platform/Developer/Library/Frameworks -F /Applications/Xcode-27.0.0-Release.Candidate.app/Contents/Developer/Platforms/WatchOS.platform/Developer/SDKs/WatchOS27.0.sdk/Developer/Library/Frameworks -c -j10 -enable-batch-mode -incremental -Xcc -ivfsstatcache -Xcc /Users/admin/builder/spi-builder-workspace/.derivedData/SDKStatCaches.noindex/watchos27.0-24R360-e829b21a6f8c9b70876ba0858053c04477534ef55a1706bf4c1112bbb242f0a2.sdkstatcache -output-file-map /Users/admin/builder/spi-builder-workspace/.derivedData/Build/Intermediates.noindex/ExtensibleEnumeratedName.build/Debug-watchos/ExtensibleEnumeratedName-t.build/Objects-normal/arm64/ExtensibleEnumeratedName-OutputFileMap.json -save-temps -no-color-diagnostics -explicit-module-build -module-cache-path /Users/admin/builder/spi-builder-workspace/.derivedData/Build/Intermediates.noindex/SwiftExplicitPrecompiledModules -clang-scanner-module-cache-path /Users/admin/builder/spi-builder-workspace/.derivedData/ModuleCache.noindex -sdk-module-cache-path /Users/admin/builder/spi-builder-workspace/.derivedData/SDKExplicitPrecompiledModules -emit-dependencies -emit-module -emit-module-path /Users/admin/builder/spi-builder-workspace/.derivedData/Build/Intermediates.noindex/ExtensibleEnumeratedName.build/Debug-watchos/ExtensibleEnumeratedName-t.build/Objects-normal/arm64/ExtensibleEnumeratedName.swiftmodule -serialize-diagnostics -dependency-scan-serialize-diagnostics-path /Users/admin/builder/spi-builder-workspace/.derivedData/Build/Intermediates.noindex/ExtensibleEnumeratedName.build/Debug-watchos/ExtensibleEnumeratedName-t.build/Objects-normal/arm64/ExtensibleEnumeratedName-dependency-scan.dia -validate-clang-modules-once -clang-build-session-file /Users/admin/builder/spi-builder-workspace/.derivedData/ModuleCache.noindex/Session.modulevalidation -Xcc -fmodules-prune-interval\=86400 -Xcc -fmodules-prune-after\=345600 -emit-const-values -const-gather-protocols-list /Users/admin/builder/spi-builder-workspace/.derivedData/Build/Intermediates.noindex/ExtensibleEnumeratedName.build/Debug-watchos/ExtensibleEnumeratedName-t.build/Objects-normal/arm64/ExtensibleEnumeratedName_const_extract_protocols.json -Xcc -I/Users/admin/builder/spi-builder-workspace/.derivedData/Build/Products/Debug-watchos/include -Xcc -I/Users/admin/builder/spi-builder-workspace/.derivedData/Build/Intermediates.noindex/ExtensibleEnumeratedName.build/Debug-watchos/ExtensibleEnumeratedName-t.build/DerivedSources-normal/arm64 -Xcc -I/Users/admin/builder/spi-builder-workspace/.derivedData/Build/Intermediates.noindex/ExtensibleEnumeratedName.build/Debug-watchos/ExtensibleEnumeratedName-t.build/DerivedSources/arm64 -Xcc -I/Users/admin/builder/spi-builder-workspace/.derivedData/Build/Intermediates.noindex/ExtensibleEnumeratedName.build/Debug-watchos/ExtensibleEnumeratedName-t.build/DerivedSources -Xcc -DSWIFT_PACKAGE -Xcc -DDEBUG\=1 -emit-objc-header -emit-objc-header-path /Users/admin/builder/spi-builder-workspace/.derivedData/Build/Intermediates.noindex/ExtensibleEnumeratedName.build/Debug-watchos/ExtensibleEnumeratedName-t.build/Objects-normal/arm64/ExtensibleEnumeratedName-Swift.h -working-directory /Users/admin/builder/spi-builder-workspace/.swiftpm/xcode -experimental-emit-module-separately -disable-cmo
Ld /Users/admin/builder/spi-builder-workspace/.derivedData/Build/Intermediates.noindex/WolfWith.build/Debug-watchos/WolfWith-t.build/Objects-normal/arm64_32/Binary/WolfWith.o normal arm64_32 (in target 'WolfWith' from project 'WolfWith')
    cd /Users/admin/builder/spi-builder-workspace/.dependencies/checkouts/WolfWith
    /Applications/Xcode-27.0.0-Release.Candidate.app/Contents/Developer/Toolchains/XcodeDefault.xctoolchain/usr/bin/clang -Xlinker -reproducible -target arm64_32-apple-watchos9.0 -r -isysroot /Applications/Xcode-27.0.0-Release.Candidate.app/Contents/Developer/Platforms/WatchOS.platform/Developer/SDKs/WatchOS27.0.sdk -O0 -w -Xlinker -no_warn_duplicate_libraries -F/Users/admin/builder/spi-builder-workspace/.derivedData/Build/Intermediates.noindex/EagerLinkingTBDs/Debug-watchos -F/Users/admin/builder/spi-builder-workspace/.derivedData/Build/Products/Debug-watchos -iframework /Applications/Xcode-27.0.0-Release.Candidate.app/Contents/Developer/Platforms/WatchOS.platform/Developer/Library/Frameworks -iframework /Applications/Xcode-27.0.0-Release.Candidate.app/Contents/Developer/Platforms/WatchOS.platform/Developer/SDKs/WatchOS27.0.sdk/Developer/Library/Frameworks -filelist /Users/admin/builder/spi-builder-workspace/.derivedData/Build/Intermediates.noindex/WolfWith.build/Debug-watchos/WolfWith-t.build/Objects-normal/arm64_32/WolfWith.LinkFileList -nostdlib -Xlinker -object_path_lto -Xlinker /Users/admin/builder/spi-builder-workspace/.derivedData/Build/Intermediates.noindex/WolfWith.build/Debug-watchos/WolfWith-t.build/Objects-normal/arm64_32/WolfWith_lto.o -Xlinker -no_deduplicate -Xlinker -dependency_info -Xlinker /Users/admin/builder/spi-builder-workspace/.derivedData/Build/Intermediates.noindex/WolfWith.build/Debug-watchos/WolfWith-t.build/Objects-normal/arm64_32/WolfWith_dependency_info.dat -fobjc-link-runtime -L/Applications/Xcode-27.0.0-Release.Candidate.app/Contents/Developer/Toolchains/XcodeDefault.xctoolchain/usr/lib/swift/watchos -L/usr/lib/swift -Xlinker -add_ast_path -Xlinker /Users/admin/builder/spi-builder-workspace/.derivedData/Build/Intermediates.noindex/WolfWith.build/Debug-watchos/WolfWith-t.build/Objects-normal/arm64_32/WolfWith.swiftmodule -o /Users/admin/builder/spi-builder-workspace/.derivedData/Build/Intermediates.noindex/WolfWith.build/Debug-watchos/WolfWith-t.build/Objects-normal/arm64_32/Binary/WolfWith.o
Ld /Users/admin/builder/spi-builder-workspace/.derivedData/Build/Intermediates.noindex/WolfWith.build/Debug-watchos/WolfWith-t.build/Objects-normal/arm64/Binary/WolfWith.o normal arm64 (in target 'WolfWith' from project 'WolfWith')
    cd /Users/admin/builder/spi-builder-workspace/.dependencies/checkouts/WolfWith
    /Applications/Xcode-27.0.0-Release.Candidate.app/Contents/Developer/Toolchains/XcodeDefault.xctoolchain/usr/bin/clang -Xlinker -reproducible -target arm64-apple-watchos9.0 -r -isysroot /Applications/Xcode-27.0.0-Release.Candidate.app/Contents/Developer/Platforms/WatchOS.platform/Developer/SDKs/WatchOS27.0.sdk -O0 -w -Xlinker -no_warn_duplicate_libraries -F/Users/admin/builder/spi-builder-workspace/.derivedData/Build/Intermediates.noindex/EagerLinkingTBDs/Debug-watchos -F/Users/admin/builder/spi-builder-workspace/.derivedData/Build/Products/Debug-watchos -iframework /Applications/Xcode-27.0.0-Release.Candidate.app/Contents/Developer/Platforms/WatchOS.platform/Developer/Library/Frameworks -iframework /Applications/Xcode-27.0.0-Release.Candidate.app/Contents/Developer/Platforms/WatchOS.platform/Developer/SDKs/WatchOS27.0.sdk/Developer/Library/Frameworks -filelist /Users/admin/builder/spi-builder-workspace/.derivedData/Build/Intermediates.noindex/WolfWith.build/Debug-watchos/WolfWith-t.build/Objects-normal/arm64/WolfWith.LinkFileList -nostdlib -Xlinker -object_path_lto -Xlinker /Users/admin/builder/spi-builder-workspace/.derivedData/Build/Intermediates.noindex/WolfWith.build/Debug-watchos/WolfWith-t.build/Objects-normal/arm64/WolfWith_lto.o -Xlinker -no_deduplicate -Xlinker -dependency_info -Xlinker /Users/admin/builder/spi-builder-workspace/.derivedData/Build/Intermediates.noindex/WolfWith.build/Debug-watchos/WolfWith-t.build/Objects-normal/arm64/WolfWith_dependency_info.dat -fobjc-link-runtime -L/Applications/Xcode-27.0.0-Release.Candidate.app/Contents/Developer/Toolchains/XcodeDefault.xctoolchain/usr/lib/swift/watchos -L/usr/lib/swift -Xlinker -add_ast_path -Xlinker /Users/admin/builder/spi-builder-workspace/.derivedData/Build/Intermediates.noindex/WolfWith.build/Debug-watchos/WolfWith-t.build/Objects-normal/arm64/WolfWith.swiftmodule -o /Users/admin/builder/spi-builder-workspace/.derivedData/Build/Intermediates.noindex/WolfWith.build/Debug-watchos/WolfWith-t.build/Objects-normal/arm64/Binary/WolfWith.o
Ld /Users/admin/builder/spi-builder-workspace/.derivedData/Build/Intermediates.noindex/WolfPipe.build/Debug-watchos/WolfPipe-t.build/Objects-normal/arm64_32/Binary/WolfPipe.o normal arm64_32 (in target 'WolfPipe' from project 'WolfPipe')
    cd /Users/admin/builder/spi-builder-workspace/.dependencies/checkouts/WolfPipe
    /Applications/Xcode-27.0.0-Release.Candidate.app/Contents/Developer/Toolchains/XcodeDefault.xctoolchain/usr/bin/clang -Xlinker -reproducible -target arm64_32-apple-watchos9.0 -r -isysroot /Applications/Xcode-27.0.0-Release.Candidate.app/Contents/Developer/Platforms/WatchOS.platform/Developer/SDKs/WatchOS27.0.sdk -O0 -w -Xlinker -no_warn_duplicate_libraries -F/Users/admin/builder/spi-builder-workspace/.derivedData/Build/Intermediates.noindex/EagerLinkingTBDs/Debug-watchos -F/Users/admin/builder/spi-builder-workspace/.derivedData/Build/Products/Debug-watchos -iframework /Applications/Xcode-27.0.0-Release.Candidate.app/Contents/Developer/Platforms/WatchOS.platform/Developer/Library/Frameworks -iframework /Applications/Xcode-27.0.0-Release.Candidate.app/Contents/Developer/Platforms/WatchOS.platform/Developer/SDKs/WatchOS27.0.sdk/Developer/Library/Frameworks -filelist /Users/admin/builder/spi-builder-workspace/.derivedData/Build/Intermediates.noindex/WolfPipe.build/Debug-watchos/WolfPipe-t.build/Objects-normal/arm64_32/WolfPipe.LinkFileList -nostdlib -Xlinker -object_path_lto -Xlinker /Users/admin/builder/spi-builder-workspace/.derivedData/Build/Intermediates.noindex/WolfPipe.build/Debug-watchos/WolfPipe-t.build/Objects-normal/arm64_32/WolfPipe_lto.o -Xlinker -no_deduplicate -Xlinker -dependency_info -Xlinker /Users/admin/builder/spi-builder-workspace/.derivedData/Build/Intermediates.noindex/WolfPipe.build/Debug-watchos/WolfPipe-t.build/Objects-normal/arm64_32/WolfPipe_dependency_info.dat -fobjc-link-runtime -L/Applications/Xcode-27.0.0-Release.Candidate.app/Contents/Developer/Toolchains/XcodeDefault.xctoolchain/usr/lib/swift/watchos -L/usr/lib/swift -Xlinker -add_ast_path -Xlinker /Users/admin/builder/spi-builder-workspace/.derivedData/Build/Intermediates.noindex/WolfPipe.build/Debug-watchos/WolfPipe-t.build/Objects-normal/arm64_32/WolfPipe.swiftmodule -o /Users/admin/builder/spi-builder-workspace/.derivedData/Build/Intermediates.noindex/WolfPipe.build/Debug-watchos/WolfPipe-t.build/Objects-normal/arm64_32/Binary/WolfPipe.o
Ld /Users/admin/builder/spi-builder-workspace/.derivedData/Build/Intermediates.noindex/WolfPipe.build/Debug-watchos/WolfPipe-t.build/Objects-normal/arm64/Binary/WolfPipe.o normal arm64 (in target 'WolfPipe' from project 'WolfPipe')
    cd /Users/admin/builder/spi-builder-workspace/.dependencies/checkouts/WolfPipe
    /Applications/Xcode-27.0.0-Release.Candidate.app/Contents/Developer/Toolchains/XcodeDefault.xctoolchain/usr/bin/clang -Xlinker -reproducible -target arm64-apple-watchos9.0 -r -isysroot /Applications/Xcode-27.0.0-Release.Candidate.app/Contents/Developer/Platforms/WatchOS.platform/Developer/SDKs/WatchOS27.0.sdk -O0 -w -Xlinker -no_warn_duplicate_libraries -F/Users/admin/builder/spi-builder-workspace/.derivedData/Build/Intermediates.noindex/EagerLinkingTBDs/Debug-watchos -F/Users/admin/builder/spi-builder-workspace/.derivedData/Build/Products/Debug-watchos -iframework /Applications/Xcode-27.0.0-Release.Candidate.app/Contents/Developer/Platforms/WatchOS.platform/Developer/Library/Frameworks -iframework /Applications/Xcode-27.0.0-Release.Candidate.app/Contents/Developer/Platforms/WatchOS.platform/Developer/SDKs/WatchOS27.0.sdk/Developer/Library/Frameworks -filelist /Users/admin/builder/spi-builder-workspace/.derivedData/Build/Intermediates.noindex/WolfPipe.build/Debug-watchos/WolfPipe-t.build/Objects-normal/arm64/WolfPipe.LinkFileList -nostdlib -Xlinker -object_path_lto -Xlinker /Users/admin/builder/spi-builder-workspace/.derivedData/Build/Intermediates.noindex/WolfPipe.build/Debug-watchos/WolfPipe-t.build/Objects-normal/arm64/WolfPipe_lto.o -Xlinker -no_deduplicate -Xlinker -dependency_info -Xlinker /Users/admin/builder/spi-builder-workspace/.derivedData/Build/Intermediates.noindex/WolfPipe.build/Debug-watchos/WolfPipe-t.build/Objects-normal/arm64/WolfPipe_dependency_info.dat -fobjc-link-runtime -L/Applications/Xcode-27.0.0-Release.Candidate.app/Contents/Developer/Toolchains/XcodeDefault.xctoolchain/usr/lib/swift/watchos -L/usr/lib/swift -Xlinker -add_ast_path -Xlinker /Users/admin/builder/spi-builder-workspace/.derivedData/Build/Intermediates.noindex/WolfPipe.build/Debug-watchos/WolfPipe-t.build/Objects-normal/arm64/WolfPipe.swiftmodule -o /Users/admin/builder/spi-builder-workspace/.derivedData/Build/Intermediates.noindex/WolfPipe.build/Debug-watchos/WolfPipe-t.build/Objects-normal/arm64/Binary/WolfPipe.o
Ld /Users/admin/builder/spi-builder-workspace/.derivedData/Build/Intermediates.noindex/ExtensibleEnumeratedName.build/Debug-watchos/ExtensibleEnumeratedName-t.build/Objects-normal/arm64/Binary/ExtensibleEnumeratedName.o normal arm64 (in target 'ExtensibleEnumeratedName' from project 'ExtensibleEnumeratedName')
    cd /Users/admin/builder/spi-builder-workspace/.dependencies/checkouts/ExtensibleEnumeratedName
    /Applications/Xcode-27.0.0-Release.Candidate.app/Contents/Developer/Toolchains/XcodeDefault.xctoolchain/usr/bin/clang -Xlinker -reproducible -target arm64-apple-watchos9.0 -r -isysroot /Applications/Xcode-27.0.0-Release.Candidate.app/Contents/Developer/Platforms/WatchOS.platform/Developer/SDKs/WatchOS27.0.sdk -O0 -w -Xlinker -no_warn_duplicate_libraries -F/Users/admin/builder/spi-builder-workspace/.derivedData/Build/Intermediates.noindex/EagerLinkingTBDs/Debug-watchos -F/Users/admin/builder/spi-builder-workspace/.derivedData/Build/Products/Debug-watchos -iframework /Applications/Xcode-27.0.0-Release.Candidate.app/Contents/Developer/Platforms/WatchOS.platform/Developer/Library/Frameworks -iframework /Applications/Xcode-27.0.0-Release.Candidate.app/Contents/Developer/Platforms/WatchOS.platform/Developer/SDKs/WatchOS27.0.sdk/Developer/Library/Frameworks -filelist /Users/admin/builder/spi-builder-workspace/.derivedData/Build/Intermediates.noindex/ExtensibleEnumeratedName.build/Debug-watchos/ExtensibleEnumeratedName-t.build/Objects-normal/arm64/ExtensibleEnumeratedName.LinkFileList -nostdlib -Xlinker -object_path_lto -Xlinker /Users/admin/builder/spi-builder-workspace/.derivedData/Build/Intermediates.noindex/ExtensibleEnumeratedName.build/Debug-watchos/ExtensibleEnumeratedName-t.build/Objects-normal/arm64/ExtensibleEnumeratedName_lto.o -Xlinker -no_deduplicate -Xlinker -dependency_info -Xlinker /Users/admin/builder/spi-builder-workspace/.derivedData/Build/Intermediates.noindex/ExtensibleEnumeratedName.build/Debug-watchos/ExtensibleEnumeratedName-t.build/Objects-normal/arm64/ExtensibleEnumeratedName_dependency_info.dat -fobjc-link-runtime -L/Applications/Xcode-27.0.0-Release.Candidate.app/Contents/Developer/Toolchains/XcodeDefault.xctoolchain/usr/lib/swift/watchos -L/usr/lib/swift -Xlinker -add_ast_path -Xlinker /Users/admin/builder/spi-builder-workspace/.derivedData/Build/Intermediates.noindex/ExtensibleEnumeratedName.build/Debug-watchos/ExtensibleEnumeratedName-t.build/Objects-normal/arm64/ExtensibleEnumeratedName.swiftmodule -o /Users/admin/builder/spi-builder-workspace/.derivedData/Build/Intermediates.noindex/ExtensibleEnumeratedName.build/Debug-watchos/ExtensibleEnumeratedName-t.build/Objects-normal/arm64/Binary/ExtensibleEnumeratedName.o
Ld /Users/admin/builder/spi-builder-workspace/.derivedData/Build/Intermediates.noindex/ExtensibleEnumeratedName.build/Debug-watchos/ExtensibleEnumeratedName-t.build/Objects-normal/arm64_32/Binary/ExtensibleEnumeratedName.o normal arm64_32 (in target 'ExtensibleEnumeratedName' from project 'ExtensibleEnumeratedName')
    cd /Users/admin/builder/spi-builder-workspace/.dependencies/checkouts/ExtensibleEnumeratedName
    /Applications/Xcode-27.0.0-Release.Candidate.app/Contents/Developer/Toolchains/XcodeDefault.xctoolchain/usr/bin/clang -Xlinker -reproducible -target arm64_32-apple-watchos9.0 -r -isysroot /Applications/Xcode-27.0.0-Release.Candidate.app/Contents/Developer/Platforms/WatchOS.platform/Developer/SDKs/WatchOS27.0.sdk -O0 -w -Xlinker -no_warn_duplicate_libraries -F/Users/admin/builder/spi-builder-workspace/.derivedData/Build/Intermediates.noindex/EagerLinkingTBDs/Debug-watchos -F/Users/admin/builder/spi-builder-workspace/.derivedData/Build/Products/Debug-watchos -iframework /Applications/Xcode-27.0.0-Release.Candidate.app/Contents/Developer/Platforms/WatchOS.platform/Developer/Library/Frameworks -iframework /Applications/Xcode-27.0.0-Release.Candidate.app/Contents/Developer/Platforms/WatchOS.platform/Developer/SDKs/WatchOS27.0.sdk/Developer/Library/Frameworks -filelist /Users/admin/builder/spi-builder-workspace/.derivedData/Build/Intermediates.noindex/ExtensibleEnumeratedName.build/Debug-watchos/ExtensibleEnumeratedName-t.build/Objects-normal/arm64_32/ExtensibleEnumeratedName.LinkFileList -nostdlib -Xlinker -object_path_lto -Xlinker /Users/admin/builder/spi-builder-workspace/.derivedData/Build/Intermediates.noindex/ExtensibleEnumeratedName.build/Debug-watchos/ExtensibleEnumeratedName-t.build/Objects-normal/arm64_32/ExtensibleEnumeratedName_lto.o -Xlinker -no_deduplicate -Xlinker -dependency_info -Xlinker /Users/admin/builder/spi-builder-workspace/.derivedData/Build/Intermediates.noindex/ExtensibleEnumeratedName.build/Debug-watchos/ExtensibleEnumeratedName-t.build/Objects-normal/arm64_32/ExtensibleEnumeratedName_dependency_info.dat -fobjc-link-runtime -L/Applications/Xcode-27.0.0-Release.Candidate.app/Contents/Developer/Toolchains/XcodeDefault.xctoolchain/usr/lib/swift/watchos -L/usr/lib/swift -Xlinker -add_ast_path -Xlinker /Users/admin/builder/spi-builder-workspace/.derivedData/Build/Intermediates.noindex/ExtensibleEnumeratedName.build/Debug-watchos/ExtensibleEnumeratedName-t.build/Objects-normal/arm64_32/ExtensibleEnumeratedName.swiftmodule -o /Users/admin/builder/spi-builder-workspace/.derivedData/Build/Intermediates.noindex/ExtensibleEnumeratedName.build/Debug-watchos/ExtensibleEnumeratedName-t.build/Objects-normal/arm64_32/Binary/ExtensibleEnumeratedName.o
CreateUniversalBinary /Users/admin/builder/spi-builder-workspace/.derivedData/Build/Products/Debug-watchos/WolfWith.o normal arm64\ arm64_32 (in target 'WolfWith' from project 'WolfWith')
    cd /Users/admin/builder/spi-builder-workspace/.dependencies/checkouts/WolfWith
    /Applications/Xcode-27.0.0-Release.Candidate.app/Contents/Developer/Toolchains/XcodeDefault.xctoolchain/usr/bin/lipo -create /Users/admin/builder/spi-builder-workspace/.derivedData/Build/Intermediates.noindex/WolfWith.build/Debug-watchos/WolfWith-t.build/Objects-normal/arm64/Binary/WolfWith.o /Users/admin/builder/spi-builder-workspace/.derivedData/Build/Intermediates.noindex/WolfWith.build/Debug-watchos/WolfWith-t.build/Objects-normal/arm64_32/Binary/WolfWith.o -output /Users/admin/builder/spi-builder-workspace/.derivedData/Build/Products/Debug-watchos/WolfWith.o
SwiftExplicitDependencyGeneratePcm arm64_32 /Users/admin/builder/spi-builder-workspace/.derivedData/SDKExplicitPrecompiledModules/_DarwinFoundation1-2GWF9RFMPLQW4PDHS3NARVI3G.pcm
ExtractAppIntentsMetadata (in target 'WolfWith' from project 'WolfWith')
    cd /Users/admin/builder/spi-builder-workspace/.dependencies/checkouts/WolfWith
    /Applications/Xcode-27.0.0-Release.Candidate.app/Contents/Developer/Toolchains/XcodeDefault.xctoolchain/usr/bin/appintentsmetadataprocessor --toolchain-dir /var/run/com.apple.security.cryptexd/mnt/com.apple.MobileAsset.MetalToolchain-v27.1.266.1.emm8UL/Metal.xctoolchain --module-name WolfWith --sdk-root /Applications/Xcode-27.0.0-Release.Candidate.app/Contents/Developer/Platforms/WatchOS.platform/Developer/SDKs/WatchOS27.0.sdk --xcode-version 27A266a --platform-family watchOS --deployment-target 9.0 --bundle-identifier wolfwith.WolfWith --output /Users/admin/builder/spi-builder-workspace/.derivedData/Build/Products/Debug-watchos/WolfWith.appintents --target-triple arm64-apple-watchos9.0 --target-triple arm64_32-apple-watchos9.0 --binary-file /Users/admin/builder/spi-builder-workspace/.derivedData/Build/Products/Debug-watchos/WolfWith.o --dependency-file /Users/admin/builder/spi-builder-workspace/.derivedData/Build/Intermediates.noindex/WolfWith.build/Debug-watchos/WolfWith-t.build/Objects-normal/arm64/WolfWith_dependency_info.dat --dependency-file /Users/admin/builder/spi-builder-workspace/.derivedData/Build/Intermediates.noindex/WolfWith.build/Debug-watchos/WolfWith-t.build/Objects-normal/arm64_32/WolfWith_dependency_info.dat --stringsdata-file /Users/admin/builder/spi-builder-workspace/.derivedData/Build/Intermediates.noindex/WolfWith.build/Debug-watchos/WolfWith-t.build/Objects-normal/arm64/ExtractedAppShortcutsMetadata.stringsdata --stringsdata-file /Users/admin/builder/spi-builder-workspace/.derivedData/Build/Intermediates.noindex/WolfWith.build/Debug-watchos/WolfWith-t.build/Objects-normal/arm64_32/ExtractedAppShortcutsMetadata.stringsdata --source-file-list /Users/admin/builder/spi-builder-workspace/.derivedData/Build/Intermediates.noindex/WolfWith.build/Debug-watchos/WolfWith-t.build/Objects-normal/arm64/WolfWith.SwiftFileList --source-file-list /Users/admin/builder/spi-builder-workspace/.derivedData/Build/Intermediates.noindex/WolfWith.build/Debug-watchos/WolfWith-t.build/Objects-normal/arm64_32/WolfWith.SwiftFileList --metadata-file-list /Users/admin/builder/spi-builder-workspace/.derivedData/Build/Intermediates.noindex/WolfWith.build/Debug-watchos/WolfWith-t.build/WolfWith.DependencyMetadataFileList --static-metadata-file-list /Users/admin/builder/spi-builder-workspace/.derivedData/Build/Intermediates.noindex/WolfWith.build/Debug-watchos/WolfWith-t.build/WolfWith.DependencyStaticMetadataFileList --swift-const-vals-list /Users/admin/builder/spi-builder-workspace/.derivedData/Build/Intermediates.noindex/WolfWith.build/Debug-watchos/WolfWith-t.build/Objects-normal/arm64/WolfWith.SwiftConstValuesFileList --swift-const-vals-list /Users/admin/builder/spi-builder-workspace/.derivedData/Build/Intermediates.noindex/WolfWith.build/Debug-watchos/WolfWith-t.build/Objects-normal/arm64_32/WolfWith.SwiftConstValuesFileList --force --compile-time-extraction --deployment-aware-processing --no-app-shortcuts-localization
2026-09-16 03:08:19.323 appintentsmetadataprocessor[947:5756] Starting appintentsmetadataprocessor export
2026-09-16 03:08:19.427 appintentsmetadataprocessor[947:5756] Extracted no relevant App Intents symbols, skipping writing output
CreateUniversalBinary /Users/admin/builder/spi-builder-workspace/.derivedData/Build/Products/Debug-watchos/WolfPipe.o normal arm64\ arm64_32 (in target 'WolfPipe' from project 'WolfPipe')
    cd /Users/admin/builder/spi-builder-workspace/.dependencies/checkouts/WolfPipe
    /Applications/Xcode-27.0.0-Release.Candidate.app/Contents/Developer/Toolchains/XcodeDefault.xctoolchain/usr/bin/lipo -create /Users/admin/builder/spi-builder-workspace/.derivedData/Build/Intermediates.noindex/WolfPipe.build/Debug-watchos/WolfPipe-t.build/Objects-normal/arm64/Binary/WolfPipe.o /Users/admin/builder/spi-builder-workspace/.derivedData/Build/Intermediates.noindex/WolfPipe.build/Debug-watchos/WolfPipe-t.build/Objects-normal/arm64_32/Binary/WolfPipe.o -output /Users/admin/builder/spi-builder-workspace/.derivedData/Build/Products/Debug-watchos/WolfPipe.o
CreateUniversalBinary /Users/admin/builder/spi-builder-workspace/.derivedData/Build/Products/Debug-watchos/ExtensibleEnumeratedName.o normal arm64\ arm64_32 (in target 'ExtensibleEnumeratedName' from project 'ExtensibleEnumeratedName')
    cd /Users/admin/builder/spi-builder-workspace/.dependencies/checkouts/ExtensibleEnumeratedName
    /Applications/Xcode-27.0.0-Release.Candidate.app/Contents/Developer/Toolchains/XcodeDefault.xctoolchain/usr/bin/lipo -create /Users/admin/builder/spi-builder-workspace/.derivedData/Build/Intermediates.noindex/ExtensibleEnumeratedName.build/Debug-watchos/ExtensibleEnumeratedName-t.build/Objects-normal/arm64/Binary/ExtensibleEnumeratedName.o /Users/admin/builder/spi-builder-workspace/.derivedData/Build/Intermediates.noindex/ExtensibleEnumeratedName.build/Debug-watchos/ExtensibleEnumeratedName-t.build/Objects-normal/arm64_32/Binary/ExtensibleEnumeratedName.o -output /Users/admin/builder/spi-builder-workspace/.derivedData/Build/Products/Debug-watchos/ExtensibleEnumeratedName.o
ExtractAppIntentsMetadata (in target 'WolfPipe' from project 'WolfPipe')
    cd /Users/admin/builder/spi-builder-workspace/.dependencies/checkouts/WolfPipe
    /Applications/Xcode-27.0.0-Release.Candidate.app/Contents/Developer/Toolchains/XcodeDefault.xctoolchain/usr/bin/appintentsmetadataprocessor --toolchain-dir /var/run/com.apple.security.cryptexd/mnt/com.apple.MobileAsset.MetalToolchain-v27.1.266.1.emm8UL/Metal.xctoolchain --module-name WolfPipe --sdk-root /Applications/Xcode-27.0.0-Release.Candidate.app/Contents/Developer/Platforms/WatchOS.platform/Developer/SDKs/WatchOS27.0.sdk --xcode-version 27A266a --platform-family watchOS --deployment-target 9.0 --bundle-identifier wolfpipe.WolfPipe --output /Users/admin/builder/spi-builder-workspace/.derivedData/Build/Products/Debug-watchos/WolfPipe.appintents --target-triple arm64-apple-watchos9.0 --target-triple arm64_32-apple-watchos9.0 --binary-file /Users/admin/builder/spi-builder-workspace/.derivedData/Build/Products/Debug-watchos/WolfPipe.o --dependency-file /Users/admin/builder/spi-builder-workspace/.derivedData/Build/Intermediates.noindex/WolfPipe.build/Debug-watchos/WolfPipe-t.build/Objects-normal/arm64/WolfPipe_dependency_info.dat --dependency-file /Users/admin/builder/spi-builder-workspace/.derivedData/Build/Intermediates.noindex/WolfPipe.build/Debug-watchos/WolfPipe-t.build/Objects-normal/arm64_32/WolfPipe_dependency_info.dat --stringsdata-file /Users/admin/builder/spi-builder-workspace/.derivedData/Build/Intermediates.noindex/WolfPipe.build/Debug-watchos/WolfPipe-t.build/Objects-normal/arm64/ExtractedAppShortcutsMetadata.stringsdata --stringsdata-file /Users/admin/builder/spi-builder-workspace/.derivedData/Build/Intermediates.noindex/WolfPipe.build/Debug-watchos/WolfPipe-t.build/Objects-normal/arm64_32/ExtractedAppShortcutsMetadata.stringsdata --source-file-list /Users/admin/builder/spi-builder-workspace/.derivedData/Build/Intermediates.noindex/WolfPipe.build/Debug-watchos/WolfPipe-t.build/Objects-normal/arm64/WolfPipe.SwiftFileList --source-file-list /Users/admin/builder/spi-builder-workspace/.derivedData/Build/Intermediates.noindex/WolfPipe.build/Debug-watchos/WolfPipe-t.build/Objects-normal/arm64_32/WolfPipe.SwiftFileList --metadata-file-list /Users/admin/builder/spi-builder-workspace/.derivedData/Build/Intermediates.noindex/WolfPipe.build/Debug-watchos/WolfPipe-t.build/WolfPipe.DependencyMetadataFileList --static-metadata-file-list /Users/admin/builder/spi-builder-workspace/.derivedData/Build/Intermediates.noindex/WolfPipe.build/Debug-watchos/WolfPipe-t.build/WolfPipe.DependencyStaticMetadataFileList --swift-const-vals-list /Users/admin/builder/spi-builder-workspace/.derivedData/Build/Intermediates.noindex/WolfPipe.build/Debug-watchos/WolfPipe-t.build/Objects-normal/arm64/WolfPipe.SwiftConstValuesFileList --swift-const-vals-list /Users/admin/builder/spi-builder-workspace/.derivedData/Build/Intermediates.noindex/WolfPipe.build/Debug-watchos/WolfPipe-t.build/Objects-normal/arm64_32/WolfPipe.SwiftConstValuesFileList --force --compile-time-extraction --deployment-aware-processing --no-app-shortcuts-localization
2026-09-16 03:08:19.323 appintentsmetadataprocessor[950:5786] Starting appintentsmetadataprocessor export
2026-09-16 03:08:19.427 appintentsmetadataprocessor[950:5786] Extracted no relevant App Intents symbols, skipping writing output
ExtractAppIntentsMetadata (in target 'ExtensibleEnumeratedName' from project 'ExtensibleEnumeratedName')
    cd /Users/admin/builder/spi-builder-workspace/.dependencies/checkouts/ExtensibleEnumeratedName
    /Applications/Xcode-27.0.0-Release.Candidate.app/Contents/Developer/Toolchains/XcodeDefault.xctoolchain/usr/bin/appintentsmetadataprocessor --toolchain-dir /var/run/com.apple.security.cryptexd/mnt/com.apple.MobileAsset.MetalToolchain-v27.1.266.1.emm8UL/Metal.xctoolchain --module-name ExtensibleEnumeratedName --sdk-root /Applications/Xcode-27.0.0-Release.Candidate.app/Contents/Developer/Platforms/WatchOS.platform/Developer/SDKs/WatchOS27.0.sdk --xcode-version 27A266a --platform-family watchOS --deployment-target 9.0 --bundle-identifier extensibleenumeratedname.ExtensibleEnumeratedName --output /Users/admin/builder/spi-builder-workspace/.derivedData/Build/Products/Debug-watchos/ExtensibleEnumeratedName.appintents --target-triple arm64-apple-watchos9.0 --target-triple arm64_32-apple-watchos9.0 --binary-file /Users/admin/builder/spi-builder-workspace/.derivedData/Build/Products/Debug-watchos/ExtensibleEnumeratedName.o --dependency-file /Users/admin/builder/spi-builder-workspace/.derivedData/Build/Intermediates.noindex/ExtensibleEnumeratedName.build/Debug-watchos/ExtensibleEnumeratedName-t.build/Objects-normal/arm64/ExtensibleEnumeratedName_dependency_info.dat --dependency-file /Users/admin/builder/spi-builder-workspace/.derivedData/Build/Intermediates.noindex/ExtensibleEnumeratedName.build/Debug-watchos/ExtensibleEnumeratedName-t.build/Objects-normal/arm64_32/ExtensibleEnumeratedName_dependency_info.dat --stringsdata-file /Users/admin/builder/spi-builder-workspace/.derivedData/Build/Intermediates.noindex/ExtensibleEnumeratedName.build/Debug-watchos/ExtensibleEnumeratedName-t.build/Objects-normal/arm64/ExtractedAppShortcutsMetadata.stringsdata --stringsdata-file /Users/admin/builder/spi-builder-workspace/.derivedData/Build/Intermediates.noindex/ExtensibleEnumeratedName.build/Debug-watchos/ExtensibleEnumeratedName-t.build/Objects-normal/arm64_32/ExtractedAppShortcutsMetadata.stringsdata --source-file-list /Users/admin/builder/spi-builder-workspace/.derivedData/Build/Intermediates.noindex/ExtensibleEnumeratedName.build/Debug-watchos/ExtensibleEnumeratedName-t.build/Objects-normal/arm64/ExtensibleEnumeratedName.SwiftFileList --source-file-list /Users/admin/builder/spi-builder-workspace/.derivedData/Build/Intermediates.noindex/ExtensibleEnumeratedName.build/Debug-watchos/ExtensibleEnumeratedName-t.build/Objects-normal/arm64_32/ExtensibleEnumeratedName.SwiftFileList --metadata-file-list /Users/admin/builder/spi-builder-workspace/.derivedData/Build/Intermediates.noindex/ExtensibleEnumeratedName.build/Debug-watchos/ExtensibleEnumeratedName-t.build/ExtensibleEnumeratedName.DependencyMetadataFileList --static-metadata-file-list /Users/admin/builder/spi-builder-workspace/.derivedData/Build/Intermediates.noindex/ExtensibleEnumeratedName.build/Debug-watchos/ExtensibleEnumeratedName-t.build/ExtensibleEnumeratedName.DependencyStaticMetadataFileList --swift-const-vals-list /Users/admin/builder/spi-builder-workspace/.derivedData/Build/Intermediates.noindex/ExtensibleEnumeratedName.build/Debug-watchos/ExtensibleEnumeratedName-t.build/Objects-normal/arm64/ExtensibleEnumeratedName.SwiftConstValuesFileList --swift-const-vals-list /Users/admin/builder/spi-builder-workspace/.derivedData/Build/Intermediates.noindex/ExtensibleEnumeratedName.build/Debug-watchos/ExtensibleEnumeratedName-t.build/Objects-normal/arm64_32/ExtensibleEnumeratedName.SwiftConstValuesFileList --force --compile-time-extraction --deployment-aware-processing --no-app-shortcuts-localization
2026-09-16 03:08:19.323 appintentsmetadataprocessor[951:5787] Starting appintentsmetadataprocessor export
2026-09-16 03:08:19.427 appintentsmetadataprocessor[951:5787] Extracted no relevant App Intents symbols, skipping writing output
SwiftExplicitDependencyGeneratePcm arm64 /Users/admin/builder/spi-builder-workspace/.derivedData/SDKExplicitPrecompiledModules/_DarwinFoundation2-D0XAPJU49S5E9XMKYOFGSTB1Q.pcm
SwiftExplicitDependencyGeneratePcm arm64 /Users/admin/builder/spi-builder-workspace/.derivedData/SDKExplicitPrecompiledModules/_Builtin_limits-9GWPA2B0H20DYUNYHYCWKABJG.pcm
SwiftExplicitDependencyGeneratePcm arm64_32 /Users/admin/builder/spi-builder-workspace/.derivedData/SDKExplicitPrecompiledModules/_Builtin_limits-3VKBU2AFTD65PAJZ5CJ3LHFM2.pcm
SwiftExplicitDependencyGeneratePcm arm64_32 /Users/admin/builder/spi-builder-workspace/.derivedData/SDKExplicitPrecompiledModules/_DarwinFoundation2-9MY8GOSYRO0M9MKNXF6D3MBNK.pcm
SwiftExplicitDependencyGeneratePcm arm64 /Users/admin/builder/spi-builder-workspace/.derivedData/SDKExplicitPrecompiledModules/string_h-E6PRXK75PHIPCZFWOFCQ3QBMK.pcm
SwiftExplicitDependencyGeneratePcm arm64 /Users/admin/builder/spi-builder-workspace/.derivedData/SDKExplicitPrecompiledModules/_Builtin_stdint-8XMILLJZEGRN2XG7XZUXZ5RLX.pcm
SwiftExplicitDependencyGeneratePcm arm64 /Users/admin/builder/spi-builder-workspace/.derivedData/SDKExplicitPrecompiledModules/sys_types-2KXQLI78OUCDP779AE68GZJ2.pcm
SwiftExplicitDependencyGeneratePcm arm64 /Users/admin/builder/spi-builder-workspace/.derivedData/SDKExplicitPrecompiledModules/_Builtin_tgmath-8NQ96OZ0YHXEC24JI95P01UF8.pcm
SwiftExplicitDependencyGeneratePcm arm64_32 /Users/admin/builder/spi-builder-workspace/.derivedData/SDKExplicitPrecompiledModules/sys_types-8TLLMW08ZJWDGIIPKOYFGHHZW.pcm
SwiftExplicitDependencyGeneratePcm arm64_32 /Users/admin/builder/spi-builder-workspace/.derivedData/SDKExplicitPrecompiledModules/string_h-BFVLUQUSBZWYMLCU9QI7VZALW.pcm
SwiftExplicitDependencyGeneratePcm arm64_32 /Users/admin/builder/spi-builder-workspace/.derivedData/SDKExplicitPrecompiledModules/_Builtin_stdint-1HMXWI3V0V4TXHRWZOMZGZ80Y.pcm
SwiftExplicitDependencyGeneratePcm arm64_32 /Users/admin/builder/spi-builder-workspace/.derivedData/SDKExplicitPrecompiledModules/_Builtin_tgmath-23PGCKURCQILXMK0MYZRYDCOU.pcm
ProcessInfoPlistFile /Users/admin/builder/spi-builder-workspace/.derivedData/Build/Products/Debug-watchos/PackageFrameworks/WolfWith.framework/Info.plist /Users/admin/builder/spi-builder-workspace/.derivedData/Build/Intermediates.noindex/WolfWith.build/Debug-watchos/WolfWith-product-t.build/empty-WolfWith.plist (in target 'WolfWith-product' from project 'WolfWith')
    cd /Users/admin/builder/spi-builder-workspace/.dependencies/checkouts/WolfWith
    builtin-infoPlistUtility /Users/admin/builder/spi-builder-workspace/.derivedData/Build/Intermediates.noindex/WolfWith.build/Debug-watchos/WolfWith-product-t.build/empty-WolfWith.plist -producttype com.apple.product-type.framework -expandbuildsettings -format binary -platform watchos -o /Users/admin/builder/spi-builder-workspace/.derivedData/Build/Products/Debug-watchos/PackageFrameworks/WolfWith.framework/Info.plist
Ld /Users/admin/builder/spi-builder-workspace/.derivedData/Build/Intermediates.noindex/WolfWith.build/Debug-watchos/WolfWith-product-t.build/Objects-normal/arm64_32/Binary/WolfWith normal arm64_32 (in target 'WolfWith-product' from project 'WolfWith')
    cd /Users/admin/builder/spi-builder-workspace/.dependencies/checkouts/WolfWith
    /Applications/Xcode-27.0.0-Release.Candidate.app/Contents/Developer/Toolchains/XcodeDefault.xctoolchain/usr/bin/swiftc -Xlinker -reproducible -target arm64_32-apple-watchos9.0 -emit-library -sdk /Applications/Xcode-27.0.0-Release.Candidate.app/Contents/Developer/Platforms/WatchOS.platform/Developer/SDKs/WatchOS27.0.sdk -suppress-warnings -Xlinker -no_warn_duplicate_libraries -L/Users/admin/builder/spi-builder-workspace/.derivedData/Build/Intermediates.noindex/EagerLinkingTBDs/Debug-watchos -L/Users/admin/builder/spi-builder-workspace/.derivedData/Build/Products/Debug-watchos -L/Applications/Xcode-27.0.0-Release.Candidate.app/Contents/Developer/Platforms/WatchOS.platform/Developer/usr/lib -F/Users/admin/builder/spi-builder-workspace/.derivedData/Build/Intermediates.noindex/EagerLinkingTBDs/Debug-watchos -F/Users/admin/builder/spi-builder-workspace/.derivedData/Build/Products/Debug-watchos/PackageFrameworks -F/Users/admin/builder/spi-builder-workspace/.derivedData/Build/Products/Debug-watchos -Fsystem /Applications/Xcode-27.0.0-Release.Candidate.app/Contents/Developer/Platforms/WatchOS.platform/Developer/Library/Frameworks -Fsystem /Applications/Xcode-27.0.0-Release.Candidate.app/Contents/Developer/Platforms/WatchOS.platform/Developer/SDKs/WatchOS27.0.sdk/Developer/Library/Frameworks @/Users/admin/builder/spi-builder-workspace/.derivedData/Build/Intermediates.noindex/WolfWith.build/Debug-watchos/WolfWith-product-t.build/Objects-normal/arm64_32/WolfWith.LinkFileList -Xclang-linker -install_name -Xclang-linker @rpath/WolfWith.framework/WolfWith -Xlinker -rpath -Xlinker /usr/lib/swift -Xlinker -rpath -Xlinker @loader_path -Xlinker -rpath -Xlinker /Users/admin/builder/spi-builder-workspace/.derivedData/Build/Products/Debug-watchos/PackageFrameworks -Xlinker -dead_strip -Xlinker -object_path_lto -Xlinker /Users/admin/builder/spi-builder-workspace/.derivedData/Build/Intermediates.noindex/WolfWith.build/Debug-watchos/WolfWith-product-t.build/Objects-normal/arm64_32/WolfWith_lto.o -Xclang-linker -rdynamic -Xlinker -no_deduplicate -Xlinker -dependency_info -Xlinker /Users/admin/builder/spi-builder-workspace/.derivedData/Build/Intermediates.noindex/WolfWith.build/Debug-watchos/WolfWith-product-t.build/Objects-normal/arm64_32/WolfWith_dependency_info.dat -link-objc-runtime -L/Applications/Xcode-27.0.0-Release.Candidate.app/Contents/Developer/Toolchains/XcodeDefault.xctoolchain/usr/lib/swift/watchos -L/usr/lib/swift -o /Users/admin/builder/spi-builder-workspace/.derivedData/Build/Intermediates.noindex/WolfWith.build/Debug-watchos/WolfWith-product-t.build/Objects-normal/arm64_32/Binary/WolfWith -no-stdlib-rpath
Ld /Users/admin/builder/spi-builder-workspace/.derivedData/Build/Intermediates.noindex/WolfWith.build/Debug-watchos/WolfWith-product-t.build/Objects-normal/arm64/Binary/WolfWith normal arm64 (in target 'WolfWith-product' from project 'WolfWith')
    cd /Users/admin/builder/spi-builder-workspace/.dependencies/checkouts/WolfWith
    /Applications/Xcode-27.0.0-Release.Candidate.app/Contents/Developer/Toolchains/XcodeDefault.xctoolchain/usr/bin/swiftc -Xlinker -reproducible -target arm64-apple-watchos9.0 -emit-library -sdk /Applications/Xcode-27.0.0-Release.Candidate.app/Contents/Developer/Platforms/WatchOS.platform/Developer/SDKs/WatchOS27.0.sdk -suppress-warnings -Xlinker -no_warn_duplicate_libraries -L/Users/admin/builder/spi-builder-workspace/.derivedData/Build/Intermediates.noindex/EagerLinkingTBDs/Debug-watchos -L/Users/admin/builder/spi-builder-workspace/.derivedData/Build/Products/Debug-watchos -L/Applications/Xcode-27.0.0-Release.Candidate.app/Contents/Developer/Platforms/WatchOS.platform/Developer/usr/lib -F/Users/admin/builder/spi-builder-workspace/.derivedData/Build/Intermediates.noindex/EagerLinkingTBDs/Debug-watchos -F/Users/admin/builder/spi-builder-workspace/.derivedData/Build/Products/Debug-watchos/PackageFrameworks -F/Users/admin/builder/spi-builder-workspace/.derivedData/Build/Products/Debug-watchos -Fsystem /Applications/Xcode-27.0.0-Release.Candidate.app/Contents/Developer/Platforms/WatchOS.platform/Developer/Library/Frameworks -Fsystem /Applications/Xcode-27.0.0-Release.Candidate.app/Contents/Developer/Platforms/WatchOS.platform/Developer/SDKs/WatchOS27.0.sdk/Developer/Library/Frameworks @/Users/admin/builder/spi-builder-workspace/.derivedData/Build/Intermediates.noindex/WolfWith.build/Debug-watchos/WolfWith-product-t.build/Objects-normal/arm64/WolfWith.LinkFileList -Xclang-linker -install_name -Xclang-linker @rpath/WolfWith.framework/WolfWith -Xlinker -rpath -Xlinker /usr/lib/swift -Xlinker -rpath -Xlinker @loader_path -Xlinker -rpath -Xlinker /Users/admin/builder/spi-builder-workspace/.derivedData/Build/Products/Debug-watchos/PackageFrameworks -Xlinker -dead_strip -Xlinker -object_path_lto -Xlinker /Users/admin/builder/spi-builder-workspace/.derivedData/Build/Intermediates.noindex/WolfWith.build/Debug-watchos/WolfWith-product-t.build/Objects-normal/arm64/WolfWith_lto.o -Xclang-linker -rdynamic -Xlinker -no_deduplicate -Xlinker -dependency_info -Xlinker /Users/admin/builder/spi-builder-workspace/.derivedData/Build/Intermediates.noindex/WolfWith.build/Debug-watchos/WolfWith-product-t.build/Objects-normal/arm64/WolfWith_dependency_info.dat -link-objc-runtime -L/Applications/Xcode-27.0.0-Release.Candidate.app/Contents/Developer/Toolchains/XcodeDefault.xctoolchain/usr/lib/swift/watchos -L/usr/lib/swift -o /Users/admin/builder/spi-builder-workspace/.derivedData/Build/Intermediates.noindex/WolfWith.build/Debug-watchos/WolfWith-product-t.build/Objects-normal/arm64/Binary/WolfWith -no-stdlib-rpath
ProcessInfoPlistFile /Users/admin/builder/spi-builder-workspace/.derivedData/Build/Products/Debug-watchos/PackageFrameworks/WolfPipe.framework/Info.plist /Users/admin/builder/spi-builder-workspace/.derivedData/Build/Intermediates.noindex/WolfPipe.build/Debug-watchos/WolfPipe-product-t.build/empty-WolfPipe.plist (in target 'WolfPipe-product' from project 'WolfPipe')
    cd /Users/admin/builder/spi-builder-workspace/.dependencies/checkouts/WolfPipe
    builtin-infoPlistUtility /Users/admin/builder/spi-builder-workspace/.derivedData/Build/Intermediates.noindex/WolfPipe.build/Debug-watchos/WolfPipe-product-t.build/empty-WolfPipe.plist -producttype com.apple.product-type.framework -expandbuildsettings -format binary -platform watchos -o /Users/admin/builder/spi-builder-workspace/.derivedData/Build/Products/Debug-watchos/PackageFrameworks/WolfPipe.framework/Info.plist
SwiftExplicitDependencyGeneratePcm arm64 /Users/admin/builder/spi-builder-workspace/.derivedData/SDKExplicitPrecompiledModules/_Builtin_intrinsics-75960HIPCIYA06IUW8FIIPQT.pcm
SwiftExplicitDependencyGeneratePcm arm64 /Users/admin/builder/spi-builder-workspace/.derivedData/SDKExplicitPrecompiledModules/_DarwinFoundation3-B97LRG0E9GON2NUE65TVG81HU.pcm
SwiftExplicitDependencyGeneratePcm arm64 /Users/admin/builder/spi-builder-workspace/.derivedData/SDKExplicitPrecompiledModules/_Builtin_stdatomic-7JEFA3KBJJJN6TKJWY3OG1VG5.pcm
Ld /Users/admin/builder/spi-builder-workspace/.derivedData/Build/Intermediates.noindex/WolfPipe.build/Debug-watchos/WolfPipe-product-t.build/Objects-normal/arm64_32/Binary/WolfPipe normal arm64_32 (in target 'WolfPipe-product' from project 'WolfPipe')
    cd /Users/admin/builder/spi-builder-workspace/.dependencies/checkouts/WolfPipe
    /Applications/Xcode-27.0.0-Release.Candidate.app/Contents/Developer/Toolchains/XcodeDefault.xctoolchain/usr/bin/swiftc -Xlinker -reproducible -target arm64_32-apple-watchos9.0 -emit-library -sdk /Applications/Xcode-27.0.0-Release.Candidate.app/Contents/Developer/Platforms/WatchOS.platform/Developer/SDKs/WatchOS27.0.sdk -suppress-warnings -Xlinker -no_warn_duplicate_libraries -L/Users/admin/builder/spi-builder-workspace/.derivedData/Build/Intermediates.noindex/EagerLinkingTBDs/Debug-watchos -L/Users/admin/builder/spi-builder-workspace/.derivedData/Build/Products/Debug-watchos -L/Applications/Xcode-27.0.0-Release.Candidate.app/Contents/Developer/Platforms/WatchOS.platform/Developer/usr/lib -F/Users/admin/builder/spi-builder-workspace/.derivedData/Build/Intermediates.noindex/EagerLinkingTBDs/Debug-watchos -F/Users/admin/builder/spi-builder-workspace/.derivedData/Build/Products/Debug-watchos/PackageFrameworks -F/Users/admin/builder/spi-builder-workspace/.derivedData/Build/Products/Debug-watchos -Fsystem /Applications/Xcode-27.0.0-Release.Candidate.app/Contents/Developer/Platforms/WatchOS.platform/Developer/Library/Frameworks -Fsystem /Applications/Xcode-27.0.0-Release.Candidate.app/Contents/Developer/Platforms/WatchOS.platform/Developer/SDKs/WatchOS27.0.sdk/Developer/Library/Frameworks @/Users/admin/builder/spi-builder-workspace/.derivedData/Build/Intermediates.noindex/WolfPipe.build/Debug-watchos/WolfPipe-product-t.build/Objects-normal/arm64_32/WolfPipe.LinkFileList -Xclang-linker -install_name -Xclang-linker @rpath/WolfPipe.framework/WolfPipe -Xlinker -rpath -Xlinker /usr/lib/swift -Xlinker -rpath -Xlinker @loader_path -Xlinker -rpath -Xlinker /Users/admin/builder/spi-builder-workspace/.derivedData/Build/Products/Debug-watchos/PackageFrameworks -Xlinker -dead_strip -Xlinker -object_path_lto -Xlinker /Users/admin/builder/spi-builder-workspace/.derivedData/Build/Intermediates.noindex/WolfPipe.build/Debug-watchos/WolfPipe-product-t.build/Objects-normal/arm64_32/WolfPipe_lto.o -Xclang-linker -rdynamic -Xlinker -no_deduplicate -Xlinker -dependency_info -Xlinker /Users/admin/builder/spi-builder-workspace/.derivedData/Build/Intermediates.noindex/WolfPipe.build/Debug-watchos/WolfPipe-product-t.build/Objects-normal/arm64_32/WolfPipe_dependency_info.dat -link-objc-runtime -L/Applications/Xcode-27.0.0-Release.Candidate.app/Contents/Developer/Toolchains/XcodeDefault.xctoolchain/usr/lib/swift/watchos -L/usr/lib/swift -o /Users/admin/builder/spi-builder-workspace/.derivedData/Build/Intermediates.noindex/WolfPipe.build/Debug-watchos/WolfPipe-product-t.build/Objects-normal/arm64_32/Binary/WolfPipe -no-stdlib-rpath
Ld /Users/admin/builder/spi-builder-workspace/.derivedData/Build/Intermediates.noindex/WolfPipe.build/Debug-watchos/WolfPipe-product-t.build/Objects-normal/arm64/Binary/WolfPipe normal arm64 (in target 'WolfPipe-product' from project 'WolfPipe')
    cd /Users/admin/builder/spi-builder-workspace/.dependencies/checkouts/WolfPipe
    /Applications/Xcode-27.0.0-Release.Candidate.app/Contents/Developer/Toolchains/XcodeDefault.xctoolchain/usr/bin/swiftc -Xlinker -reproducible -target arm64-apple-watchos9.0 -emit-library -sdk /Applications/Xcode-27.0.0-Release.Candidate.app/Contents/Developer/Platforms/WatchOS.platform/Developer/SDKs/WatchOS27.0.sdk -suppress-warnings -Xlinker -no_warn_duplicate_libraries -L/Users/admin/builder/spi-builder-workspace/.derivedData/Build/Intermediates.noindex/EagerLinkingTBDs/Debug-watchos -L/Users/admin/builder/spi-builder-workspace/.derivedData/Build/Products/Debug-watchos -L/Applications/Xcode-27.0.0-Release.Candidate.app/Contents/Developer/Platforms/WatchOS.platform/Developer/usr/lib -F/Users/admin/builder/spi-builder-workspace/.derivedData/Build/Intermediates.noindex/EagerLinkingTBDs/Debug-watchos -F/Users/admin/builder/spi-builder-workspace/.derivedData/Build/Products/Debug-watchos/PackageFrameworks -F/Users/admin/builder/spi-builder-workspace/.derivedData/Build/Products/Debug-watchos -Fsystem /Applications/Xcode-27.0.0-Release.Candidate.app/Contents/Developer/Platforms/WatchOS.platform/Developer/Library/Frameworks -Fsystem /Applications/Xcode-27.0.0-Release.Candidate.app/Contents/Developer/Platforms/WatchOS.platform/Developer/SDKs/WatchOS27.0.sdk/Developer/Library/Frameworks @/Users/admin/builder/spi-builder-workspace/.derivedData/Build/Intermediates.noindex/WolfPipe.build/Debug-watchos/WolfPipe-product-t.build/Objects-normal/arm64/WolfPipe.LinkFileList -Xclang-linker -install_name -Xclang-linker @rpath/WolfPipe.framework/WolfPipe -Xlinker -rpath -Xlinker /usr/lib/swift -Xlinker -rpath -Xlinker @loader_path -Xlinker -rpath -Xlinker /Users/admin/builder/spi-builder-workspace/.derivedData/Build/Products/Debug-watchos/PackageFrameworks -Xlinker -dead_strip -Xlinker -object_path_lto -Xlinker /Users/admin/builder/spi-builder-workspace/.derivedData/Build/Intermediates.noindex/WolfPipe.build/Debug-watchos/WolfPipe-product-t.build/Objects-normal/arm64/WolfPipe_lto.o -Xclang-linker -rdynamic -Xlinker -no_deduplicate -Xlinker -dependency_info -Xlinker /Users/admin/builder/spi-builder-workspace/.derivedData/Build/Intermediates.noindex/WolfPipe.build/Debug-watchos/WolfPipe-product-t.build/Objects-normal/arm64/WolfPipe_dependency_info.dat -link-objc-runtime -L/Applications/Xcode-27.0.0-Release.Candidate.app/Contents/Developer/Toolchains/XcodeDefault.xctoolchain/usr/lib/swift/watchos -L/usr/lib/swift -o /Users/admin/builder/spi-builder-workspace/.derivedData/Build/Intermediates.noindex/WolfPipe.build/Debug-watchos/WolfPipe-product-t.build/Objects-normal/arm64/Binary/WolfPipe -no-stdlib-rpath
SwiftExplicitDependencyGeneratePcm arm64_32 /Users/admin/builder/spi-builder-workspace/.derivedData/SDKExplicitPrecompiledModules/_Builtin_intrinsics-196IIAKDQVU42DLOZP9OQCV76.pcm
SwiftExplicitDependencyGeneratePcm arm64_32 /Users/admin/builder/spi-builder-workspace/.derivedData/SDKExplicitPrecompiledModules/_Builtin_stdatomic-1TY035TURL76BF2U98PZPPZRX.pcm
SwiftExplicitDependencyGeneratePcm arm64_32 /Users/admin/builder/spi-builder-workspace/.derivedData/SDKExplicitPrecompiledModules/_DarwinFoundation3-3DUTYQDQSD9HUAAVY947NMWOI.pcm
ProcessInfoPlistFile /Users/admin/builder/spi-builder-workspace/.derivedData/Build/Products/Debug-watchos/PackageFrameworks/ExtensibleEnumeratedName.framework/Info.plist /Users/admin/builder/spi-builder-workspace/.derivedData/Build/Intermediates.noindex/ExtensibleEnumeratedName.build/Debug-watchos/ExtensibleEnumeratedName-product-t.build/empty-ExtensibleEnumeratedName.plist (in target 'ExtensibleEnumeratedName-product' from project 'ExtensibleEnumeratedName')
    cd /Users/admin/builder/spi-builder-workspace/.dependencies/checkouts/ExtensibleEnumeratedName
    builtin-infoPlistUtility /Users/admin/builder/spi-builder-workspace/.derivedData/Build/Intermediates.noindex/ExtensibleEnumeratedName.build/Debug-watchos/ExtensibleEnumeratedName-product-t.build/empty-ExtensibleEnumeratedName.plist -producttype com.apple.product-type.framework -expandbuildsettings -format binary -platform watchos -o /Users/admin/builder/spi-builder-workspace/.derivedData/Build/Products/Debug-watchos/PackageFrameworks/ExtensibleEnumeratedName.framework/Info.plist
Ld /Users/admin/builder/spi-builder-workspace/.derivedData/Build/Intermediates.noindex/ExtensibleEnumeratedName.build/Debug-watchos/ExtensibleEnumeratedName-product-t.build/Objects-normal/arm64_32/Binary/ExtensibleEnumeratedName normal arm64_32 (in target 'ExtensibleEnumeratedName-product' from project 'ExtensibleEnumeratedName')
    cd /Users/admin/builder/spi-builder-workspace/.dependencies/checkouts/ExtensibleEnumeratedName
    /Applications/Xcode-27.0.0-Release.Candidate.app/Contents/Developer/Toolchains/XcodeDefault.xctoolchain/usr/bin/swiftc -Xlinker -reproducible -target arm64_32-apple-watchos9.0 -emit-library -sdk /Applications/Xcode-27.0.0-Release.Candidate.app/Contents/Developer/Platforms/WatchOS.platform/Developer/SDKs/WatchOS27.0.sdk -suppress-warnings -Xlinker -no_warn_duplicate_libraries -L/Users/admin/builder/spi-builder-workspace/.derivedData/Build/Intermediates.noindex/EagerLinkingTBDs/Debug-watchos -L/Users/admin/builder/spi-builder-workspace/.derivedData/Build/Products/Debug-watchos -L/Applications/Xcode-27.0.0-Release.Candidate.app/Contents/Developer/Platforms/WatchOS.platform/Developer/usr/lib -F/Users/admin/builder/spi-builder-workspace/.derivedData/Build/Intermediates.noindex/EagerLinkingTBDs/Debug-watchos -F/Users/admin/builder/spi-builder-workspace/.derivedData/Build/Products/Debug-watchos/PackageFrameworks -F/Users/admin/builder/spi-builder-workspace/.derivedData/Build/Products/Debug-watchos -Fsystem /Applications/Xcode-27.0.0-Release.Candidate.app/Contents/Developer/Platforms/WatchOS.platform/Developer/Library/Frameworks -Fsystem /Applications/Xcode-27.0.0-Release.Candidate.app/Contents/Developer/Platforms/WatchOS.platform/Developer/SDKs/WatchOS27.0.sdk/Developer/Library/Frameworks @/Users/admin/builder/spi-builder-workspace/.derivedData/Build/Intermediates.noindex/ExtensibleEnumeratedName.build/Debug-watchos/ExtensibleEnumeratedName-product-t.build/Objects-normal/arm64_32/ExtensibleEnumeratedName.LinkFileList -Xclang-linker -install_name -Xclang-linker @rpath/ExtensibleEnumeratedName.framework/ExtensibleEnumeratedName -Xlinker -rpath -Xlinker /usr/lib/swift -Xlinker -rpath -Xlinker @loader_path -Xlinker -rpath -Xlinker /Users/admin/builder/spi-builder-workspace/.derivedData/Build/Products/Debug-watchos/PackageFrameworks -Xlinker -dead_strip -Xlinker -object_path_lto -Xlinker /Users/admin/builder/spi-builder-workspace/.derivedData/Build/Intermediates.noindex/ExtensibleEnumeratedName.build/Debug-watchos/ExtensibleEnumeratedName-product-t.build/Objects-normal/arm64_32/ExtensibleEnumeratedName_lto.o -Xclang-linker -rdynamic -Xlinker -no_deduplicate -Xlinker -dependency_info -Xlinker /Users/admin/builder/spi-builder-workspace/.derivedData/Build/Intermediates.noindex/ExtensibleEnumeratedName.build/Debug-watchos/ExtensibleEnumeratedName-product-t.build/Objects-normal/arm64_32/ExtensibleEnumeratedName_dependency_info.dat -link-objc-runtime -L/Applications/Xcode-27.0.0-Release.Candidate.app/Contents/Developer/Toolchains/XcodeDefault.xctoolchain/usr/lib/swift/watchos -L/usr/lib/swift -o /Users/admin/builder/spi-builder-workspace/.derivedData/Build/Intermediates.noindex/ExtensibleEnumeratedName.build/Debug-watchos/ExtensibleEnumeratedName-product-t.build/Objects-normal/arm64_32/Binary/ExtensibleEnumeratedName -no-stdlib-rpath
Ld /Users/admin/builder/spi-builder-workspace/.derivedData/Build/Intermediates.noindex/ExtensibleEnumeratedName.build/Debug-watchos/ExtensibleEnumeratedName-product-t.build/Objects-normal/arm64/Binary/ExtensibleEnumeratedName normal arm64 (in target 'ExtensibleEnumeratedName-product' from project 'ExtensibleEnumeratedName')
    cd /Users/admin/builder/spi-builder-workspace/.dependencies/checkouts/ExtensibleEnumeratedName
    /Applications/Xcode-27.0.0-Release.Candidate.app/Contents/Developer/Toolchains/XcodeDefault.xctoolchain/usr/bin/swiftc -Xlinker -reproducible -target arm64-apple-watchos9.0 -emit-library -sdk /Applications/Xcode-27.0.0-Release.Candidate.app/Contents/Developer/Platforms/WatchOS.platform/Developer/SDKs/WatchOS27.0.sdk -suppress-warnings -Xlinker -no_warn_duplicate_libraries -L/Users/admin/builder/spi-builder-workspace/.derivedData/Build/Intermediates.noindex/EagerLinkingTBDs/Debug-watchos -L/Users/admin/builder/spi-builder-workspace/.derivedData/Build/Products/Debug-watchos -L/Applications/Xcode-27.0.0-Release.Candidate.app/Contents/Developer/Platforms/WatchOS.platform/Developer/usr/lib -F/Users/admin/builder/spi-builder-workspace/.derivedData/Build/Intermediates.noindex/EagerLinkingTBDs/Debug-watchos -F/Users/admin/builder/spi-builder-workspace/.derivedData/Build/Products/Debug-watchos/PackageFrameworks -F/Users/admin/builder/spi-builder-workspace/.derivedData/Build/Products/Debug-watchos -Fsystem /Applications/Xcode-27.0.0-Release.Candidate.app/Contents/Developer/Platforms/WatchOS.platform/Developer/Library/Frameworks -Fsystem /Applications/Xcode-27.0.0-Release.Candidate.app/Contents/Developer/Platforms/WatchOS.platform/Developer/SDKs/WatchOS27.0.sdk/Developer/Library/Frameworks @/Users/admin/builder/spi-builder-workspace/.derivedData/Build/Intermediates.noindex/ExtensibleEnumeratedName.build/Debug-watchos/ExtensibleEnumeratedName-product-t.build/Objects-normal/arm64/ExtensibleEnumeratedName.LinkFileList -Xclang-linker -install_name -Xclang-linker @rpath/ExtensibleEnumeratedName.framework/ExtensibleEnumeratedName -Xlinker -rpath -Xlinker /usr/lib/swift -Xlinker -rpath -Xlinker @loader_path -Xlinker -rpath -Xlinker /Users/admin/builder/spi-builder-workspace/.derivedData/Build/Products/Debug-watchos/PackageFrameworks -Xlinker -dead_strip -Xlinker -object_path_lto -Xlinker /Users/admin/builder/spi-builder-workspace/.derivedData/Build/Intermediates.noindex/ExtensibleEnumeratedName.build/Debug-watchos/ExtensibleEnumeratedName-product-t.build/Objects-normal/arm64/ExtensibleEnumeratedName_lto.o -Xclang-linker -rdynamic -Xlinker -no_deduplicate -Xlinker -dependency_info -Xlinker /Users/admin/builder/spi-builder-workspace/.derivedData/Build/Intermediates.noindex/ExtensibleEnumeratedName.build/Debug-watchos/ExtensibleEnumeratedName-product-t.build/Objects-normal/arm64/ExtensibleEnumeratedName_dependency_info.dat -link-objc-runtime -L/Applications/Xcode-27.0.0-Release.Candidate.app/Contents/Developer/Toolchains/XcodeDefault.xctoolchain/usr/lib/swift/watchos -L/usr/lib/swift -o /Users/admin/builder/spi-builder-workspace/.derivedData/Build/Intermediates.noindex/ExtensibleEnumeratedName.build/Debug-watchos/ExtensibleEnumeratedName-product-t.build/Objects-normal/arm64/Binary/ExtensibleEnumeratedName -no-stdlib-rpath
SwiftExplicitDependencyGeneratePcm arm64 /Users/admin/builder/spi-builder-workspace/.derivedData/SDKExplicitPrecompiledModules/_Builtin_inttypes-3UQSCM7WNM9EK4HZML8TY5J3D.pcm
SwiftExplicitDependencyGeneratePcm arm64_32 /Users/admin/builder/spi-builder-workspace/.derivedData/SDKExplicitPrecompiledModules/_Builtin_inttypes-D2KPCR4PEX9AQA33NGLUT5SBR.pcm
SwiftExplicitDependencyGeneratePcm arm64 /Users/admin/builder/spi-builder-workspace/.derivedData/SDKExplicitPrecompiledModules/Darwin-3984OXKFNSPE77NT743WK8SEX.pcm
SwiftExplicitDependencyGeneratePcm arm64_32 /Users/admin/builder/spi-builder-workspace/.derivedData/SDKExplicitPrecompiledModules/Darwin-3FVT1SKLN2ZQ5RVOABMTQBB34.pcm
SwiftExplicitDependencyGeneratePcm arm64 /Users/admin/builder/spi-builder-workspace/.derivedData/SDKExplicitPrecompiledModules/simd-EH08NODU6574T74ZKU61VP9BW.pcm
SwiftExplicitDependencyGeneratePcm arm64_32 /Users/admin/builder/spi-builder-workspace/.derivedData/SDKExplicitPrecompiledModules/simd-21UNWYOBUZI1LVSQ99S1XBLMO.pcm
SwiftExplicitDependencyGeneratePcm arm64 /Users/admin/builder/spi-builder-workspace/.derivedData/SDKExplicitPrecompiledModules/MachO-2U90NNSAQILBNBPS1SA4F8TYP.pcm
SwiftExplicitDependencyGeneratePcm arm64 /Users/admin/builder/spi-builder-workspace/.derivedData/SDKExplicitPrecompiledModules/ObjectiveC-72IVD3VS2RS8Q28D9PIMY0KQP.pcm
SwiftExplicitDependencyGeneratePcm arm64_32 /Users/admin/builder/spi-builder-workspace/.derivedData/SDKExplicitPrecompiledModules/MachO-56838ZJ0NC1EBAJ0O6O8QMPDX.pcm
SwiftExplicitDependencyGeneratePcm arm64_32 /Users/admin/builder/spi-builder-workspace/.derivedData/SDKExplicitPrecompiledModules/ObjectiveC-6IJNELR2E80E7LUKESVCP2KET.pcm
SwiftExplicitDependencyGeneratePcm arm64 /Users/admin/builder/spi-builder-workspace/.derivedData/SDKExplicitPrecompiledModules/os_object-3SDKD7F87FTZ26OON37DRYT6O.pcm
SwiftExplicitDependencyGeneratePcm arm64 /Users/admin/builder/spi-builder-workspace/.derivedData/SDKExplicitPrecompiledModules/Spatial-44FJGYXFAT2AQAW9Z6T7YS02U.pcm
SwiftExplicitDependencyGeneratePcm arm64_32 /Users/admin/builder/spi-builder-workspace/.derivedData/SDKExplicitPrecompiledModules/os_object-5YWTC6L4756IWSTPGXS5NM0D0.pcm
SwiftExplicitDependencyGeneratePcm arm64_32 /Users/admin/builder/spi-builder-workspace/.derivedData/SDKExplicitPrecompiledModules/Spatial-CWVWNML3T0NXVHZDKVLD3X1YZ.pcm
SwiftExplicitDependencyGeneratePcm arm64 /Users/admin/builder/spi-builder-workspace/.derivedData/SDKExplicitPrecompiledModules/os_workgroup-89GG5G7YC2D0ZTK6AZXXQ20DH.pcm
SwiftExplicitDependencyGeneratePcm arm64_32 /Users/admin/builder/spi-builder-workspace/.derivedData/SDKExplicitPrecompiledModules/os_workgroup-5JHTPDMNBUNHLJI8LPHKQK1JK.pcm
SwiftExplicitDependencyGeneratePcm arm64 /Users/admin/builder/spi-builder-workspace/.derivedData/SDKExplicitPrecompiledModules/Dispatch-1NLJOVAK60XP0DUB05XA59EIM.pcm
SwiftExplicitDependencyGeneratePcm arm64_32 /Users/admin/builder/spi-builder-workspace/.derivedData/SDKExplicitPrecompiledModules/Dispatch-2P62F1T4XV63S4P99TUDTOK2Q.pcm
SwiftExplicitDependencyGeneratePcm arm64 /Users/admin/builder/spi-builder-workspace/.derivedData/SDKExplicitPrecompiledModules/XPC-40DR0X1DHKGCV4J1IOLFS8MOU.pcm
SwiftExplicitDependencyGeneratePcm arm64 /Users/admin/builder/spi-builder-workspace/.derivedData/SDKExplicitPrecompiledModules/CoreFoundation-8T2L24YC5NU7WO6WQJWRY7W08.pcm
SwiftExplicitDependencyGeneratePcm arm64_32 /Users/admin/builder/spi-builder-workspace/.derivedData/SDKExplicitPrecompiledModules/XPC-81Y45QFY96XYYFCW2GT6FY8S4.pcm
SwiftExplicitDependencyGeneratePcm arm64_32 /Users/admin/builder/spi-builder-workspace/.derivedData/SDKExplicitPrecompiledModules/CoreFoundation-8E6Y4BA3EXYKUGJ24GT9LGV3N.pcm
SwiftExplicitDependencyGeneratePcm arm64 /Users/admin/builder/spi-builder-workspace/.derivedData/SDKExplicitPrecompiledModules/os-5DIL6Z9LFIGLMZAHM7X2T5435.pcm
SwiftExplicitDependencyGeneratePcm arm64_32 /Users/admin/builder/spi-builder-workspace/.derivedData/SDKExplicitPrecompiledModules/os-E5IGB442IA6SBB25TTCOLK2OC.pcm
SwiftExplicitDependencyGeneratePcm arm64 /Users/admin/builder/spi-builder-workspace/.derivedData/SDKExplicitPrecompiledModules/Security-6RZ6YBRU8WCUHRFFRVUK5WKMM.pcm
SwiftExplicitDependencyGeneratePcm arm64 /Users/admin/builder/spi-builder-workspace/.derivedData/SDKExplicitPrecompiledModules/CoreGraphics-DWNZ73GEH98SBJXZ7DEXB420K.pcm
SwiftExplicitDependencyGeneratePcm arm64_32 /Users/admin/builder/spi-builder-workspace/.derivedData/SDKExplicitPrecompiledModules/CoreGraphics-9FDXYX6BKBUT6TJ2VF819E7T5.pcm
SwiftExplicitDependencyGeneratePcm arm64_32 /Users/admin/builder/spi-builder-workspace/.derivedData/SDKExplicitPrecompiledModules/Security-D7TOWF88VWF67TB9HAFP5UWB1.pcm
SwiftExplicitDependencyGeneratePcm arm64 /Users/admin/builder/spi-builder-workspace/.derivedData/SDKExplicitPrecompiledModules/Foundation-DLBKUSGXN8QHAT8W0OARR9S8A.pcm
SwiftExplicitDependencyGeneratePcm arm64_32 /Users/admin/builder/spi-builder-workspace/.derivedData/SDKExplicitPrecompiledModules/Foundation-BJ2VQGI3OGR34500MEQ1VKHPH.pcm
SwiftExplicitDependencyGeneratePcm arm64 /Users/admin/builder/spi-builder-workspace/.derivedData/SDKExplicitPrecompiledModules/CoreVideo-8MRR5MNWUOAW2DBPGUQ8FKK4.pcm
SwiftExplicitDependencyGeneratePcm arm64 /Users/admin/builder/spi-builder-workspace/.derivedData/SDKExplicitPrecompiledModules/CoreText-970YJN6NIYGK1316L35Z0O8QT.pcm
SwiftExplicitDependencyGeneratePcm arm64_32 /Users/admin/builder/spi-builder-workspace/.derivedData/SDKExplicitPrecompiledModules/CoreVideo-2P8HI0403J99LBDPKNFJ5D4DL.pcm
SwiftExplicitDependencyGeneratePcm arm64_32 /Users/admin/builder/spi-builder-workspace/.derivedData/SDKExplicitPrecompiledModules/CoreText-C9X2REPZN2V5BSU4G80FCETDR.pcm
CreateUniversalBinary /Users/admin/builder/spi-builder-workspace/.derivedData/Build/Products/Debug-watchos/PackageFrameworks/WolfPipe.framework/WolfPipe normal arm64\ arm64_32 (in target 'WolfPipe-product' from project 'WolfPipe')
    cd /Users/admin/builder/spi-builder-workspace/.dependencies/checkouts/WolfPipe
    /Applications/Xcode-27.0.0-Release.Candidate.app/Contents/Developer/Toolchains/XcodeDefault.xctoolchain/usr/bin/lipo -create /Users/admin/builder/spi-builder-workspace/.derivedData/Build/Intermediates.noindex/WolfPipe.build/Debug-watchos/WolfPipe-product-t.build/Objects-normal/arm64/Binary/WolfPipe /Users/admin/builder/spi-builder-workspace/.derivedData/Build/Intermediates.noindex/WolfPipe.build/Debug-watchos/WolfPipe-product-t.build/Objects-normal/arm64_32/Binary/WolfPipe -output /Users/admin/builder/spi-builder-workspace/.derivedData/Build/Products/Debug-watchos/PackageFrameworks/WolfPipe.framework/WolfPipe
CreateUniversalBinary /Users/admin/builder/spi-builder-workspace/.derivedData/Build/Products/Debug-watchos/PackageFrameworks/WolfWith.framework/WolfWith normal arm64\ arm64_32 (in target 'WolfWith-product' from project 'WolfWith')
    cd /Users/admin/builder/spi-builder-workspace/.dependencies/checkouts/WolfWith
    /Applications/Xcode-27.0.0-Release.Candidate.app/Contents/Developer/Toolchains/XcodeDefault.xctoolchain/usr/bin/lipo -create /Users/admin/builder/spi-builder-workspace/.derivedData/Build/Intermediates.noindex/WolfWith.build/Debug-watchos/WolfWith-product-t.build/Objects-normal/arm64/Binary/WolfWith /Users/admin/builder/spi-builder-workspace/.derivedData/Build/Intermediates.noindex/WolfWith.build/Debug-watchos/WolfWith-product-t.build/Objects-normal/arm64_32/Binary/WolfWith -output /Users/admin/builder/spi-builder-workspace/.derivedData/Build/Products/Debug-watchos/PackageFrameworks/WolfWith.framework/WolfWith
CreateUniversalBinary /Users/admin/builder/spi-builder-workspace/.derivedData/Build/Products/Debug-watchos/PackageFrameworks/ExtensibleEnumeratedName.framework/ExtensibleEnumeratedName normal arm64\ arm64_32 (in target 'ExtensibleEnumeratedName-product' from project 'ExtensibleEnumeratedName')
    cd /Users/admin/builder/spi-builder-workspace/.dependencies/checkouts/ExtensibleEnumeratedName
    /Applications/Xcode-27.0.0-Release.Candidate.app/Contents/Developer/Toolchains/XcodeDefault.xctoolchain/usr/bin/lipo -create /Users/admin/builder/spi-builder-workspace/.derivedData/Build/Intermediates.noindex/ExtensibleEnumeratedName.build/Debug-watchos/ExtensibleEnumeratedName-product-t.build/Objects-normal/arm64/Binary/ExtensibleEnumeratedName /Users/admin/builder/spi-builder-workspace/.derivedData/Build/Intermediates.noindex/ExtensibleEnumeratedName.build/Debug-watchos/ExtensibleEnumeratedName-product-t.build/Objects-normal/arm64_32/Binary/ExtensibleEnumeratedName -output /Users/admin/builder/spi-builder-workspace/.derivedData/Build/Products/Debug-watchos/PackageFrameworks/ExtensibleEnumeratedName.framework/ExtensibleEnumeratedName
RegisterExecutionPolicyException /Users/admin/builder/spi-builder-workspace/.derivedData/Build/Products/Debug-watchos/PackageFrameworks/WolfPipe.framework (in target 'WolfPipe-product' from project 'WolfPipe')
    cd /Users/admin/builder/spi-builder-workspace/.dependencies/checkouts/WolfPipe
    builtin-RegisterExecutionPolicyException /Users/admin/builder/spi-builder-workspace/.derivedData/Build/Products/Debug-watchos/PackageFrameworks/WolfPipe.framework
RegisterExecutionPolicyException /Users/admin/builder/spi-builder-workspace/.derivedData/Build/Products/Debug-watchos/PackageFrameworks/WolfWith.framework (in target 'WolfWith-product' from project 'WolfWith')
    cd /Users/admin/builder/spi-builder-workspace/.dependencies/checkouts/WolfWith
    builtin-RegisterExecutionPolicyException /Users/admin/builder/spi-builder-workspace/.derivedData/Build/Products/Debug-watchos/PackageFrameworks/WolfWith.framework
RegisterExecutionPolicyException /Users/admin/builder/spi-builder-workspace/.derivedData/Build/Products/Debug-watchos/PackageFrameworks/ExtensibleEnumeratedName.framework (in target 'ExtensibleEnumeratedName-product' from project 'ExtensibleEnumeratedName')
    cd /Users/admin/builder/spi-builder-workspace/.dependencies/checkouts/ExtensibleEnumeratedName
    builtin-RegisterExecutionPolicyException /Users/admin/builder/spi-builder-workspace/.derivedData/Build/Products/Debug-watchos/PackageFrameworks/ExtensibleEnumeratedName.framework
Touch /Users/admin/builder/spi-builder-workspace/.derivedData/Build/Products/Debug-watchos/PackageFrameworks/WolfPipe.framework (in target 'WolfPipe-product' from project 'WolfPipe')
    cd /Users/admin/builder/spi-builder-workspace/.dependencies/checkouts/WolfPipe
    /usr/bin/touch -c /Users/admin/builder/spi-builder-workspace/.derivedData/Build/Products/Debug-watchos/PackageFrameworks/WolfPipe.framework
Touch /Users/admin/builder/spi-builder-workspace/.derivedData/Build/Products/Debug-watchos/PackageFrameworks/WolfWith.framework (in target 'WolfWith-product' from project 'WolfWith')
    cd /Users/admin/builder/spi-builder-workspace/.dependencies/checkouts/WolfWith
    /usr/bin/touch -c /Users/admin/builder/spi-builder-workspace/.derivedData/Build/Products/Debug-watchos/PackageFrameworks/WolfWith.framework
Touch /Users/admin/builder/spi-builder-workspace/.derivedData/Build/Products/Debug-watchos/PackageFrameworks/ExtensibleEnumeratedName.framework (in target 'ExtensibleEnumeratedName-product' from project 'ExtensibleEnumeratedName')
    cd /Users/admin/builder/spi-builder-workspace/.dependencies/checkouts/ExtensibleEnumeratedName
    /usr/bin/touch -c /Users/admin/builder/spi-builder-workspace/.derivedData/Build/Products/Debug-watchos/PackageFrameworks/ExtensibleEnumeratedName.framework
SwiftExplicitDependencyGeneratePcm arm64 /Users/admin/builder/spi-builder-workspace/.derivedData/SDKExplicitPrecompiledModules/Contacts-1V3V55EVWESCSKTY8HYBOQ526.pcm
SwiftExplicitDependencyGeneratePcm arm64 /Users/admin/builder/spi-builder-workspace/.derivedData/SDKExplicitPrecompiledModules/UserNotifications-ARAH8MEQ0C2L0FBO39HITJMAO.pcm
SwiftExplicitDependencyGeneratePcm arm64 /Users/admin/builder/spi-builder-workspace/.derivedData/SDKExplicitPrecompiledModules/DataDetection-7BNVI1SZW5ISQL5SX4WL2X7I5.pcm
SwiftExplicitDependencyGeneratePcm arm64 /Users/admin/builder/spi-builder-workspace/.derivedData/SDKExplicitPrecompiledModules/UIUtilities-IR7RNW23VAUKYI9MLCS9NL9A.pcm
SwiftExplicitDependencyGeneratePcm arm64 /Users/admin/builder/spi-builder-workspace/.derivedData/SDKExplicitPrecompiledModules/SceneKit-5HZKIL7XETTTD8TOHYPN8JKRJ.pcm
SwiftExplicitDependencyGeneratePcm arm64 /Users/admin/builder/spi-builder-workspace/.derivedData/SDKExplicitPrecompiledModules/QuartzCore-94KFMWNOU7ZLUZNB4T5DLZC9D.pcm
SwiftExplicitDependencyGeneratePcm arm64 /Users/admin/builder/spi-builder-workspace/.derivedData/SDKExplicitPrecompiledModules/OSLog-B7VGO357Y3GJG35TST7DKDSI3.pcm
SwiftExplicitDependencyGeneratePcm arm64 /Users/admin/builder/spi-builder-workspace/.derivedData/SDKExplicitPrecompiledModules/_LocationEssentials-5ZZDGDXB6HLQUC72SJW7YJ7MK.pcm
SwiftExplicitDependencyGeneratePcm arm64 /Users/admin/builder/spi-builder-workspace/.derivedData/SDKExplicitPrecompiledModules/UniformTypeIdentifiers-8L08Q8DQJV8C4AW84YVGFGTRN.pcm
SwiftExplicitDependencyGeneratePcm arm64 /Users/admin/builder/spi-builder-workspace/.derivedData/SDKExplicitPrecompiledModules/Symbols-3EFABTJ9L5PQDJ7RQCYQWEJMM.pcm
SwiftExplicitDependencyGeneratePcm arm64_32 /Users/admin/builder/spi-builder-workspace/.derivedData/SDKExplicitPrecompiledModules/Symbols-1H97WMG76HU94F5VGJR19PXFY.pcm
SwiftExplicitDependencyGeneratePcm arm64_32 /Users/admin/builder/spi-builder-workspace/.derivedData/SDKExplicitPrecompiledModules/Accessibility-F385OMZ5GYBUY5O4QAJB4NRII.pcm
SwiftExplicitDependencyGeneratePcm arm64_32 /Users/admin/builder/spi-builder-workspace/.derivedData/SDKExplicitPrecompiledModules/OSLog-D9AVFY0KWO7RVBIQ73CBIJVCN.pcm
SwiftExplicitDependencyGeneratePcm arm64_32 /Users/admin/builder/spi-builder-workspace/.derivedData/SDKExplicitPrecompiledModules/DataDetection-U9BF7WHFVA6BZGFXXXP272PS.pcm
SwiftExplicitDependencyGeneratePcm arm64_32 /Users/admin/builder/spi-builder-workspace/.derivedData/SDKExplicitPrecompiledModules/UniformTypeIdentifiers-CJZ3NTHPSBH4XWX5EVOG56UZS.pcm
SwiftExplicitDependencyGeneratePcm arm64_32 /Users/admin/builder/spi-builder-workspace/.derivedData/SDKExplicitPrecompiledModules/_LocationEssentials-AQ1OL9QKC3LQLY5CNSRM1HB53.pcm
SwiftExplicitDependencyGeneratePcm arm64 /Users/admin/builder/spi-builder-workspace/.derivedData/SDKExplicitPrecompiledModules/CoreLocation-ACKJ9K7ABI14F97Y46Y6SRR17.pcm
SwiftExplicitDependencyGeneratePcm arm64_32 /Users/admin/builder/spi-builder-workspace/.derivedData/SDKExplicitPrecompiledModules/SceneKit-DKNLHKM5FJBQ79LSNMSSMBUBR.pcm
SwiftExplicitDependencyGeneratePcm arm64_32 /Users/admin/builder/spi-builder-workspace/.derivedData/SDKExplicitPrecompiledModules/Contacts-4YLVB1267T68VR0DNN4FPGJUE.pcm
SwiftExplicitDependencyGeneratePcm arm64_32 /Users/admin/builder/spi-builder-workspace/.derivedData/SDKExplicitPrecompiledModules/UserNotifications-6TBN8TEAKO014N1T2QD926XED.pcm
SwiftExplicitDependencyGeneratePcm arm64_32 /Users/admin/builder/spi-builder-workspace/.derivedData/SDKExplicitPrecompiledModules/CoreTransferable-5D4IR6X37682FPHJ5CBPTKQV6.pcm
SwiftExplicitDependencyGeneratePcm arm64 /Users/admin/builder/spi-builder-workspace/.derivedData/SDKExplicitPrecompiledModules/CoreTransferable-9PPG3SLJ55T4LITIFYX2M0NOZ.pcm
SwiftExplicitDependencyGeneratePcm arm64 /Users/admin/builder/spi-builder-workspace/.derivedData/SDKExplicitPrecompiledModules/Accessibility-27QMG6ZQ1NKYTNBYFPM1XKNFC.pcm
SwiftExplicitDependencyGeneratePcm arm64 /Users/admin/builder/spi-builder-workspace/.derivedData/SDKExplicitPrecompiledModules/SwiftUICore-C1DST1IX2Z0PTH5SJJZ1IULRB.pcm
SwiftExplicitDependencyGeneratePcm arm64_32 /Users/admin/builder/spi-builder-workspace/.derivedData/SDKExplicitPrecompiledModules/CoreLocation-8XU5YMYM4P11RQMYCQAG65ITK.pcm
SwiftExplicitDependencyGeneratePcm arm64_32 /Users/admin/builder/spi-builder-workspace/.derivedData/SDKExplicitPrecompiledModules/QuartzCore-6375NPYACK5NYVHPMC1QQ8MC2.pcm
SwiftExplicitDependencyGeneratePcm arm64_32 /Users/admin/builder/spi-builder-workspace/.derivedData/SDKExplicitPrecompiledModules/UIUtilities-9YFVNIMRC5HRVOIARNWHP1E3H.pcm
SwiftExplicitDependencyGeneratePcm arm64 /Users/admin/builder/spi-builder-workspace/.derivedData/SDKExplicitPrecompiledModules/CoreMotion-6RD5K48QT1F4L9CATNFD2O7YB.pcm
SwiftExplicitDependencyGeneratePcm arm64_32 /Users/admin/builder/spi-builder-workspace/.derivedData/SDKExplicitPrecompiledModules/CoreMotion-1XGTVTE5PP32UHME8AC63TL6.pcm
SwiftExplicitDependencyGeneratePcm arm64_32 /Users/admin/builder/spi-builder-workspace/.derivedData/SDKExplicitPrecompiledModules/SwiftUICore-3Q7WLRD8MR9R3NGIPUBQCP6F6.pcm
SwiftExplicitDependencyGeneratePcm arm64 /Users/admin/builder/spi-builder-workspace/.derivedData/SDKExplicitPrecompiledModules/UIKit-27R3P1YMV4C6JLDT661G3MRIA.pcm
SwiftExplicitDependencyGeneratePcm arm64_32 /Users/admin/builder/spi-builder-workspace/.derivedData/SDKExplicitPrecompiledModules/UIKit-6PPV7YPZ89CZPHYAP072QH8B6.pcm
SwiftEmitModule normal arm64 Emitting\ module\ for\ WolfOSBridge (in target 'WolfOSBridge' from project 'WolfOSBridge')
/Users/admin/builder/spi-builder-workspace/.dependencies/checkouts/WolfOSBridge/Sources/WolfOSBridge/OSView.swift:28:27: error: 'UIView' is unavailable in watchOS
26 |
27 | import UIKit
28 | public typealias OSView = UIView
   |                           `- error: 'UIView' is unavailable in watchOS
29 | public typealias OSImageView = UIImageView
30 | public typealias OSEdgeInsets = UIEdgeInsets
/Applications/Xcode-27.0.0-Release.Candidate.app/Contents/Developer/Platforms/WatchOS.platform/Developer/SDKs/WatchOS27.0.sdk/System/Library/Frameworks/UIKit.framework/Headers/UIView.h:152:12: note: 'UIView' has been explicitly marked unavailable here
150 |
151 | UIKIT_EXTERN API_AVAILABLE(ios(2.0)) API_UNAVAILABLE(watchos) NS_SWIFT_UI_ACTOR
152 | @interface UIView : UIResponder <NSCoding, UIAppearance, UIAppearanceContainer, UIDynamicItem, UITraitEnvironment, UICoordinateSpace, UIFocusItem, UIFocusItemContainer, CALayerDelegate>
    |            `- note: 'UIView' has been explicitly marked unavailable here
153 |
154 | @property(class, nonatomic, readonly) Class layerClass;                        // default is [CALayer class]. Used when creating the underlying layer for the view.
/Users/admin/builder/spi-builder-workspace/.dependencies/checkouts/WolfOSBridge/Sources/WolfOSBridge/OSView.swift:29:32: error: 'UIImageView' is unavailable in watchOS
27 | import UIKit
28 | public typealias OSView = UIView
29 | public typealias OSImageView = UIImageView
   |                                `- error: 'UIImageView' is unavailable in watchOS
30 | public typealias OSEdgeInsets = UIEdgeInsets
31 | public let OSEdgeInsetsZero = UIEdgeInsets.zero
/Applications/Xcode-27.0.0-Release.Candidate.app/Contents/Developer/Platforms/WatchOS.platform/Developer/SDKs/WatchOS27.0.sdk/System/Library/Frameworks/UIKit.framework/Headers/UIImageView.h:21:12: note: 'UIImageView' has been explicitly marked unavailable here
 19 |
 20 | UIKIT_EXTERN API_AVAILABLE(ios(2.0)) API_UNAVAILABLE(watchos) NS_SWIFT_UI_ACTOR
 21 | @interface UIImageView : UIView
    |            `- note: 'UIImageView' has been explicitly marked unavailable here
 22 |
 23 | - (instancetype)initWithImage:(nullable UIImage *)image;
/Users/admin/builder/spi-builder-workspace/.dependencies/checkouts/WolfOSBridge/Sources/WolfOSBridge/OSView.swift:32:38: error: 'UIView' is unavailable in watchOS
30 | public typealias OSEdgeInsets = UIEdgeInsets
31 | public let OSEdgeInsetsZero = UIEdgeInsets.zero
32 | public let OSViewNoIntrinsicMetric = UIView.noIntrinsicMetric
   |                                      `- error: 'UIView' is unavailable in watchOS
33 | public typealias OSColor = UIColor
34 |
/Applications/Xcode-27.0.0-Release.Candidate.app/Contents/Developer/Platforms/WatchOS.platform/Developer/SDKs/WatchOS27.0.sdk/System/Library/Frameworks/UIKit.framework/Headers/UIView.h:152:12: note: 'UIView' has been explicitly marked unavailable here
150 |
151 | UIKIT_EXTERN API_AVAILABLE(ios(2.0)) API_UNAVAILABLE(watchos) NS_SWIFT_UI_ACTOR
152 | @interface UIView : UIResponder <NSCoding, UIAppearance, UIAppearanceContainer, UIDynamicItem, UITraitEnvironment, UICoordinateSpace, UIFocusItem, UIFocusItemContainer, CALayerDelegate>
    |            `- note: 'UIView' has been explicitly marked unavailable here
153 |
154 | @property(class, nonatomic, readonly) Class layerClass;                        // default is [CALayer class]. Used when creating the underlying layer for the view.
/Users/admin/builder/spi-builder-workspace/.dependencies/checkouts/WolfOSBridge/Sources/WolfOSBridge/OSView.swift:32:45: error: 'noIntrinsicMetric' is unavailable in watchOS
30 | public typealias OSEdgeInsets = UIEdgeInsets
31 | public let OSEdgeInsetsZero = UIEdgeInsets.zero
32 | public let OSViewNoIntrinsicMetric = UIView.noIntrinsicMetric
   |                                             `- error: 'noIntrinsicMetric' is unavailable in watchOS
33 | public typealias OSColor = UIColor
34 |
/Applications/Xcode-27.0.0-Release.Candidate.app/Contents/Developer/Platforms/WatchOS.platform/Developer/SDKs/WatchOS27.0.sdk/System/Library/Frameworks/UIKit.framework/Headers/UIView.h:547:28: note: 'noIntrinsicMetric' has been explicitly marked unavailable here
545 |  Note that not all views have an intrinsicContentSize.  UIView's default implementation is to return (UIViewNoIntrinsicMetric, UIViewNoIntrinsicMetric).  The _intrinsic_ content size is concerned only with data that is in the view itself, not in other views. Remember that you can also set constant width or height constraints on any view, and you don't need to override intrinsicContentSize if these dimensions won't be changing with changing view content.
546 |  */
547 | UIKIT_EXTERN const CGFloat UIViewNoIntrinsicMetric API_AVAILABLE(ios(6.0)) API_UNAVAILABLE(watchos); // -1
    |                            `- note: 'noIntrinsicMetric' has been explicitly marked unavailable here
548 | @property(nonatomic, readonly) CGSize intrinsicContentSize API_AVAILABLE(ios(6.0));
549 | - (void)invalidateIntrinsicContentSize API_AVAILABLE(ios(6.0)); // call this when something changes that affects the intrinsicContentSize.  Otherwise UIKit won't notice that it changed.
/Users/admin/builder/spi-builder-workspace/.dependencies/checkouts/WolfOSBridge/Sources/WolfOSBridge/OSView.swift:35:31: error: 'UIView' is unavailable in watchOS
33 | public typealias OSColor = UIColor
34 |
35 | public typealias ViewBlock = (UIView) -> Bool
   |                               `- error: 'UIView' is unavailable in watchOS
36 |
37 | #elseif canImport(AppKit)
/Applications/Xcode-27.0.0-Release.Candidate.app/Contents/Developer/Platforms/WatchOS.platform/Developer/SDKs/WatchOS27.0.sdk/System/Library/Frameworks/UIKit.framework/Headers/UIView.h:152:12: note: 'UIView' has been explicitly marked unavailable here
150 |
151 | UIKIT_EXTERN API_AVAILABLE(ios(2.0)) API_UNAVAILABLE(watchos) NS_SWIFT_UI_ACTOR
152 | @interface UIView : UIResponder <NSCoding, UIAppearance, UIAppearanceContainer, UIDynamicItem, UITraitEnvironment, UICoordinateSpace, UIFocusItem, UIFocusItemContainer, CALayerDelegate>
    |            `- note: 'UIView' has been explicitly marked unavailable here
153 |
154 | @property(class, nonatomic, readonly) Class layerClass;                        // default is [CALayer class]. Used when creating the underlying layer for the view.
Failed frontend command:
SwiftCompile normal arm64 (in target 'WolfOSBridge' from project 'WolfOSBridge')
    cd /Users/admin/builder/spi-builder-workspace/.swiftpm/xcode

/Applications/Xcode-27.0.0-Release.Candidate.app/Contents/Developer/Toolchains/XcodeDefault.xctoolchain/usr/bin/swift-frontend -frontend -emit-module -experimental-skip-non-inlinable-function-bodies-without-types /Users/admin/builder/spi-builder-workspace/.dependencies/checkouts/WolfOSBridge/Sources/WolfOSBridge/OSView.swift -target arm64-apple-watchos9.0 -module-can-import-version UIKit 9127.0.84.1 9127.0.84 -disable-cross-import-overlay-search -load-resolved-plugin /Applications/Xcode-27.0.0-Release.Candidate.app/Contents/Developer/Platforms/WatchOS.platform/Developer/usr/lib/swift/host/plugins/libFoundationMacros.dylib\#/Applications/Xcode-27.0.0-Release.Candidate.app/Contents/Developer/Platforms/WatchOS.platform/Developer/usr/bin/swift-plugin-server\#FoundationMacros -load-resolved-plugin /Applications/Xcode-27.0.0-Release.Candidate.app/Contents/Developer/Platforms/WatchOS.platform/Developer/usr/lib/swift/host/plugins/libObservationMacros.dylib\#/Applications/Xcode-27.0.0-Release.Candidate.app/Contents/Developer/Platforms/WatchOS.platform/Developer/usr/bin/swift-plugin-server\#ObservationMacros -load-resolved-plugin /Applications/Xcode-27.0.0-Release.Candidate.app/Contents/Developer/Platforms/WatchOS.platform/Developer/usr/lib/swift/host/plugins/libSwiftMacros.dylib\#/Applications/Xcode-27.0.0-Release.Candidate.app/Contents/Developer/Platforms/WatchOS.platform/Developer/usr/bin/swift-plugin-server\#SwiftMacros -load-resolved-plugin /Applications/Xcode-27.0.0-Release.Candidate.app/Contents/Developer/Platforms/WatchOS.platform/Developer/usr/lib/swift/host/plugins/libSwiftUIMacros.dylib\#/Applications/Xcode-27.0.0-Release.Candidate.app/Contents/Developer/Platforms/WatchOS.platform/Developer/usr/bin/swift-plugin-server\#SwiftUIMacros -disable-implicit-swift-modules -Xcc -fno-implicit-modules -Xcc -fno-implicit-module-maps -explicit-swift-module-map-file /Users/admin/builder/spi-builder-workspace/.derivedData/Build/Intermediates.noindex/WolfOSBridge.build/Debug-watchos/WolfOSBridge-t.build/Objects-normal/arm64/WolfOSBridge-dependencies-1.json -Xllvm -aarch64-use-tbi -enable-objc-interop -stack-check -sdk /Applications/Xcode-27.0.0-Release.Candidate.app/Contents/Developer/Platforms/WatchOS.platform/Developer/SDKs/WatchOS27.0.sdk -I /Users/admin/builder/spi-builder-workspace/.derivedData/Build/Products/Debug-watchos -Isystem /Applications/Xcode-27.0.0-Release.Candidate.app/Contents/Developer/Platforms/WatchOS.platform/Developer/usr/lib -F /Users/admin/builder/spi-builder-workspace/.derivedData/Build/Products/Debug-watchos -F /Applications/Xcode-27.0.0-Release.Candidate.app/Contents/Developer/Platforms/WatchOS.platform/Developer/Library/Frameworks -F /Applications/Xcode-27.0.0-Release.Candidate.app/Contents/Developer/Platforms/WatchOS.platform/Developer/SDKs/WatchOS27.0.sdk/Developer/Library/Frameworks -module-cache-path /Users/admin/builder/spi-builder-workspace/.derivedData/Build/Intermediates.noindex/SwiftExplicitPrecompiledModules -no-color-diagnostics -Xcc -fno-color-diagnostics -enable-testing -g -debug-info-format\=dwarf -dwarf-version\=4 -suppress-warnings -swift-version 5 -Onone -D SWIFT_PACKAGE -D DEBUG -D SWIFT_MODULE_RESOURCE_BUNDLE_UNAVAILABLE -D Xcode -serialize-debugging-options -enable-experimental-feature DebugDescriptionMacro -empty-abi-descriptor -validate-clang-modules-once -clang-build-session-file /Users/admin/builder/spi-builder-workspace/.derivedData/ModuleCache.noindex/Session.modulevalidation -Xcc -working-directory -Xcc /Users/admin/builder/spi-builder-workspace/.swiftpm/xcode -enable-anonymous-context-mangled-names -file-compilation-dir /Users/admin/builder/spi-builder-workspace/.swiftpm/xcode -Xcc -D_LIBCPP_HARDENING_MODE\=_LIBCPP_HARDENING_MODE_DEBUG -Xcc -ivfsstatcache -Xcc /Users/admin/builder/spi-builder-workspace/.derivedData/SDKStatCaches.noindex/watchos27.0-24R360-e829b21a6f8c9b70876ba0858053c04477534ef55a1706bf4c1112bbb242f0a2.sdkstatcache -Xcc -fmodules-prune-interval\=86400 -Xcc -fmodules-prune-after\=345600 -Xcc -I/Users/admin/builder/spi-builder-workspace/.derivedData/Build/Products/Debug-watchos/include -Xcc -I/Users/admin/builder/spi-builder-workspace/.derivedData/Build/Intermediates.noindex/WolfOSBridge.build/Debug-watchos/WolfOSBridge-t.build/DerivedSources-normal/arm64 -Xcc -I/Users/admin/builder/spi-builder-workspace/.derivedData/Build/Intermediates.noindex/WolfOSBridge.build/Debug-watchos/WolfOSBridge-t.build/DerivedSources/arm64 -Xcc -I/Users/admin/builder/spi-builder-workspace/.derivedData/Build/Intermediates.noindex/WolfOSBridge.build/Debug-watchos/WolfOSBridge-t.build/DerivedSources -Xcc -DSWIFT_PACKAGE -Xcc -DDEBUG\=1 -no-auto-bridging-header-chaining -module-name WolfOSBridge -const-gather-protocols-file /Users/admin/builder/spi-builder-workspace/.derivedData/Build/Intermediates.noindex/WolfOSBridge.build/Debug-watchos/WolfOSBridge-t.build/Objects-normal/arm64/WolfOSBridge_const_extract_protocols.json -disable-clang-spi -clang-target arm64-apple-watchos27.0 -target-sdk-version 27.0 -target-sdk-name watchos27.0 -in-process-plugin-server-path /Applications/Xcode-27.0.0-Release.Candidate.app/Contents/Developer/Toolchains/XcodeDefault.xctoolchain/usr/lib/swift/host/libSwiftInProcPluginServer.dylib -emit-module-doc-path /Users/admin/builder/spi-builder-workspace/.derivedData/Build/Intermediates.noindex/WolfOSBridge.build/Debug-watchos/WolfOSBridge-t.build/Objects-normal/arm64/WolfOSBridge.swiftdoc -emit-module-source-info-path /Users/admin/builder/spi-builder-workspace/.derivedData/Build/Intermediates.noindex/WolfOSBridge.build/Debug-watchos/WolfOSBridge-t.build/Objects-normal/arm64/WolfOSBridge.swiftsourceinfo -emit-objc-header-path /Users/admin/builder/spi-builder-workspace/.derivedData/Build/Intermediates.noindex/WolfOSBridge.build/Debug-watchos/WolfOSBridge-t.build/Objects-normal/arm64/WolfOSBridge-Swift.h -serialize-diagnostics-path /Users/admin/builder/spi-builder-workspace/.derivedData/Build/Intermediates.noindex/WolfOSBridge.build/Debug-watchos/WolfOSBridge-t.build/Objects-normal/arm64/WolfOSBridge-primary-emit-module.dia -emit-dependencies-path /Users/admin/builder/spi-builder-workspace/.derivedData/Build/Intermediates.noindex/WolfOSBridge.build/Debug-watchos/WolfOSBridge-t.build/Objects-normal/arm64/WolfOSBridge-primary-emit-module.d -parse-as-library -o /Users/admin/builder/spi-builder-workspace/.derivedData/Build/Intermediates.noindex/WolfOSBridge.build/Debug-watchos/WolfOSBridge-t.build/Objects-normal/arm64/WolfOSBridge.swiftmodule -emit-abi-descriptor-path /Users/admin/builder/spi-builder-workspace/.derivedData/Build/Intermediates.noindex/WolfOSBridge.build/Debug-watchos/WolfOSBridge-t.build/Objects-normal/arm64/WolfOSBridge.abi.json
SwiftCompile normal arm64 Compiling\ OSView.swift /Users/admin/builder/spi-builder-workspace/.dependencies/checkouts/WolfOSBridge/Sources/WolfOSBridge/OSView.swift (in target 'WolfOSBridge' from project 'WolfOSBridge')
SwiftCompile normal arm64 /Users/admin/builder/spi-builder-workspace/.dependencies/checkouts/WolfOSBridge/Sources/WolfOSBridge/OSView.swift (in target 'WolfOSBridge' from project 'WolfOSBridge')
    cd /Users/admin/builder/spi-builder-workspace/.swiftpm/xcode
    builtin-SwiftPerFileCompile OSView.swift
/Users/admin/builder/spi-builder-workspace/.dependencies/checkouts/WolfOSBridge/Sources/WolfOSBridge/OSView.swift:28:27: error: 'UIView' is unavailable in watchOS
26 |
27 | import UIKit
28 | public typealias OSView = UIView
   |                           `- error: 'UIView' is unavailable in watchOS
29 | public typealias OSImageView = UIImageView
30 | public typealias OSEdgeInsets = UIEdgeInsets
/Applications/Xcode-27.0.0-Release.Candidate.app/Contents/Developer/Platforms/WatchOS.platform/Developer/SDKs/WatchOS27.0.sdk/System/Library/Frameworks/UIKit.framework/Headers/UIView.h:152:12: note: 'UIView' has been explicitly marked unavailable here
150 |
151 | UIKIT_EXTERN API_AVAILABLE(ios(2.0)) API_UNAVAILABLE(watchos) NS_SWIFT_UI_ACTOR
152 | @interface UIView : UIResponder <NSCoding, UIAppearance, UIAppearanceContainer, UIDynamicItem, UITraitEnvironment, UICoordinateSpace, UIFocusItem, UIFocusItemContainer, CALayerDelegate>
    |            `- note: 'UIView' has been explicitly marked unavailable here
153 |
154 | @property(class, nonatomic, readonly) Class layerClass;                        // default is [CALayer class]. Used when creating the underlying layer for the view.
/Users/admin/builder/spi-builder-workspace/.dependencies/checkouts/WolfOSBridge/Sources/WolfOSBridge/OSView.swift:29:32: error: 'UIImageView' is unavailable in watchOS
27 | import UIKit
28 | public typealias OSView = UIView
29 | public typealias OSImageView = UIImageView
   |                                `- error: 'UIImageView' is unavailable in watchOS
30 | public typealias OSEdgeInsets = UIEdgeInsets
31 | public let OSEdgeInsetsZero = UIEdgeInsets.zero
/Applications/Xcode-27.0.0-Release.Candidate.app/Contents/Developer/Platforms/WatchOS.platform/Developer/SDKs/WatchOS27.0.sdk/System/Library/Frameworks/UIKit.framework/Headers/UIImageView.h:21:12: note: 'UIImageView' has been explicitly marked unavailable here
 19 |
 20 | UIKIT_EXTERN API_AVAILABLE(ios(2.0)) API_UNAVAILABLE(watchos) NS_SWIFT_UI_ACTOR
 21 | @interface UIImageView : UIView
    |            `- note: 'UIImageView' has been explicitly marked unavailable here
 22 |
 23 | - (instancetype)initWithImage:(nullable UIImage *)image;
/Users/admin/builder/spi-builder-workspace/.dependencies/checkouts/WolfOSBridge/Sources/WolfOSBridge/OSView.swift:32:38: error: 'UIView' is unavailable in watchOS
30 | public typealias OSEdgeInsets = UIEdgeInsets
31 | public let OSEdgeInsetsZero = UIEdgeInsets.zero
32 | public let OSViewNoIntrinsicMetric = UIView.noIntrinsicMetric
   |                                      `- error: 'UIView' is unavailable in watchOS
33 | public typealias OSColor = UIColor
34 |
/Applications/Xcode-27.0.0-Release.Candidate.app/Contents/Developer/Platforms/WatchOS.platform/Developer/SDKs/WatchOS27.0.sdk/System/Library/Frameworks/UIKit.framework/Headers/UIView.h:152:12: note: 'UIView' has been explicitly marked unavailable here
150 |
151 | UIKIT_EXTERN API_AVAILABLE(ios(2.0)) API_UNAVAILABLE(watchos) NS_SWIFT_UI_ACTOR
152 | @interface UIView : UIResponder <NSCoding, UIAppearance, UIAppearanceContainer, UIDynamicItem, UITraitEnvironment, UICoordinateSpace, UIFocusItem, UIFocusItemContainer, CALayerDelegate>
    |            `- note: 'UIView' has been explicitly marked unavailable here
153 |
154 | @property(class, nonatomic, readonly) Class layerClass;                        // default is [CALayer class]. Used when creating the underlying layer for the view.
/Users/admin/builder/spi-builder-workspace/.dependencies/checkouts/WolfOSBridge/Sources/WolfOSBridge/OSView.swift:32:45: error: 'noIntrinsicMetric' is unavailable in watchOS
30 | public typealias OSEdgeInsets = UIEdgeInsets
31 | public let OSEdgeInsetsZero = UIEdgeInsets.zero
32 | public let OSViewNoIntrinsicMetric = UIView.noIntrinsicMetric
   |                                             `- error: 'noIntrinsicMetric' is unavailable in watchOS
33 | public typealias OSColor = UIColor
34 |
/Applications/Xcode-27.0.0-Release.Candidate.app/Contents/Developer/Platforms/WatchOS.platform/Developer/SDKs/WatchOS27.0.sdk/System/Library/Frameworks/UIKit.framework/Headers/UIView.h:547:28: note: 'noIntrinsicMetric' has been explicitly marked unavailable here
545 |  Note that not all views have an intrinsicContentSize.  UIView's default implementation is to return (UIViewNoIntrinsicMetric, UIViewNoIntrinsicMetric).  The _intrinsic_ content size is concerned only with data that is in the view itself, not in other views. Remember that you can also set constant width or height constraints on any view, and you don't need to override intrinsicContentSize if these dimensions won't be changing with changing view content.
546 |  */
547 | UIKIT_EXTERN const CGFloat UIViewNoIntrinsicMetric API_AVAILABLE(ios(6.0)) API_UNAVAILABLE(watchos); // -1
    |                            `- note: 'noIntrinsicMetric' has been explicitly marked unavailable here
548 | @property(nonatomic, readonly) CGSize intrinsicContentSize API_AVAILABLE(ios(6.0));
549 | - (void)invalidateIntrinsicContentSize API_AVAILABLE(ios(6.0)); // call this when something changes that affects the intrinsicContentSize.  Otherwise UIKit won't notice that it changed.
SwiftExplicitDependencyGeneratePcm arm64 /Users/admin/builder/spi-builder-workspace/.derivedData/SDKExplicitPrecompiledModules/SpriteKit-DFXP68E7APB8CHOC76BVRJA0J.pcm
SwiftEmitModule normal arm64_32 Emitting\ module\ for\ WolfOSBridge (in target 'WolfOSBridge' from project 'WolfOSBridge')
SwiftCompile normal arm64_32 (in target 'WolfOSBridge' from project 'WolfOSBridge')
    cd /Users/admin/builder/spi-builder-workspace/.swiftpm/xcode

/Users/admin/builder/spi-builder-workspace/.dependencies/checkouts/WolfOSBridge/Sources/WolfOSBridge/OSView.swift:28:27: error: 'UIView' is unavailable in watchOS
26 |
27 | import UIKit
28 | public typealias OSView = UIView
   |                           `- error: 'UIView' is unavailable in watchOS
29 | public typealias OSImageView = UIImageView
30 | public typealias OSEdgeInsets = UIEdgeInsets
/Applications/Xcode-27.0.0-Release.Candidate.app/Contents/Developer/Platforms/WatchOS.platform/Developer/SDKs/WatchOS27.0.sdk/System/Library/Frameworks/UIKit.framework/Headers/UIView.h:152:12: note: 'UIView' has been explicitly marked unavailable here
150 |
151 | UIKIT_EXTERN API_AVAILABLE(ios(2.0)) API_UNAVAILABLE(watchos) NS_SWIFT_UI_ACTOR
152 | @interface UIView : UIResponder <NSCoding, UIAppearance, UIAppearanceContainer, UIDynamicItem, UITraitEnvironment, UICoordinateSpace, UIFocusItem, UIFocusItemContainer, CALayerDelegate>
    |            `- note: 'UIView' has been explicitly marked unavailable here
153 |
154 | @property(class, nonatomic, readonly) Class layerClass;                        // default is [CALayer class]. Used when creating the underlying layer for the view.
SwiftExplicitDependencyGeneratePcm arm64_32 /Users/admin/builder/spi-builder-workspace/.derivedData/SDKExplicitPrecompiledModules/SpriteKit-7NKQX807S9TVQIAROF7TBISQZ.pcm
SwiftCompile normal arm64_32 Compiling\ OSView.swift /Users/admin/builder/spi-builder-workspace/.dependencies/checkouts/WolfOSBridge/Sources/WolfOSBridge/OSView.swift (in target 'WolfOSBridge' from project 'WolfOSBridge')
/Users/admin/builder/spi-builder-workspace/.dependencies/checkouts/WolfOSBridge/Sources/WolfOSBridge/OSView.swift:28:27: error: 'UIView' is unavailable in watchOS
26 |
27 | import UIKit
28 | public typealias OSView = UIView
   |                           `- error: 'UIView' is unavailable in watchOS
29 | public typealias OSImageView = UIImageView
30 | public typealias OSEdgeInsets = UIEdgeInsets
/Applications/Xcode-27.0.0-Release.Candidate.app/Contents/Developer/Platforms/WatchOS.platform/Developer/SDKs/WatchOS27.0.sdk/System/Library/Frameworks/UIKit.framework/Headers/UIView.h:152:12: note: 'UIView' has been explicitly marked unavailable here
150 |
151 | UIKIT_EXTERN API_AVAILABLE(ios(2.0)) API_UNAVAILABLE(watchos) NS_SWIFT_UI_ACTOR
152 | @interface UIView : UIResponder <NSCoding, UIAppearance, UIAppearanceContainer, UIDynamicItem, UITraitEnvironment, UICoordinateSpace, UIFocusItem, UIFocusItemContainer, CALayerDelegate>
    |            `- note: 'UIView' has been explicitly marked unavailable here
153 |
154 | @property(class, nonatomic, readonly) Class layerClass;                        // default is [CALayer class]. Used when creating the underlying layer for the view.
SwiftCompile normal arm64_32 /Users/admin/builder/spi-builder-workspace/.dependencies/checkouts/WolfOSBridge/Sources/WolfOSBridge/OSView.swift (in target 'WolfOSBridge' from project 'WolfOSBridge')
    cd /Users/admin/builder/spi-builder-workspace/.swiftpm/xcode
    builtin-SwiftPerFileCompile OSView.swift
SwiftExplicitDependencyGeneratePcm arm64 /Users/admin/builder/spi-builder-workspace/.derivedData/SDKExplicitPrecompiledModules/GameKit-2OAP0JW72FQEVKWXEII7VBNN4.pcm
PruneExplicitPrecompiledModules /Users/admin/builder/spi-builder-workspace/.derivedData/Build/Intermediates.noindex/ExplicitPrecompiledModules
PruneExplicitPrecompiledModules /Users/admin/builder/spi-builder-workspace/.derivedData/Build/Intermediates.noindex/SwiftExplicitPrecompiledModules
PruneExplicitPrecompiledModules /Users/admin/builder/spi-builder-workspace/.derivedData/SDKExplicitPrecompiledModules
2026-09-16 03:08:16.038 xcodebuild[833:4993] [MT] IDERunDestination: Supported platforms for the buildables in the current scheme is empty.
** BUILD FAILED **
The following build commands failed:
	SwiftCompile normal arm64 (in target 'WolfOSBridge' from project 'WolfOSBridge')
	SwiftEmitModule normal arm64 Emitting\ module\ for\ WolfOSBridge (in target 'WolfOSBridge' from project 'WolfOSBridge')
	Building workspace WolfStrings with scheme WolfStrings
(3 failures)
Command line invocation:
    /Applications/Xcode-27.0.0-Release.Candidate.app/Contents/Developer/usr/bin/xcodebuild -IDEClonedSourcePackagesDirPathOverride=/Users/admin/builder/spi-builder-workspace/.dependencies -resolvePackageDependencies
Resolve Package Graph
Resolved source packages:
  WolfWith: https://github.com/wolfmcnally/WolfWith @ 2.0.3
  WolfStrings: /Users/admin/builder/spi-builder-workspace
  WolfPipe: https://github.com/wolfmcnally/WolfPipe @ 2.0.2
  WolfNumerics: https://github.com/wolfmcnally/WolfNumerics @ 4.0.4
  WolfOSBridge: https://github.com/wolfmcnally/WolfOSBridge @ 2.0.3
  ExtensibleEnumeratedName: https://github.com/wolfmcnally/ExtensibleEnumeratedName @ 2.0.2
resolved source packages: WolfWith, WolfStrings, WolfPipe, WolfNumerics, WolfOSBridge, ExtensibleEnumeratedName
2026-09-16 03:08:23.091 xcodebuild[1181:6267] [MT] IDERunDestination: Supported platforms for the buildables in the current scheme is empty.
{
  "dependencies" : [
    {
      "identity" : "wolfnumerics",
      "requirement" : {
        "range" : [
          {
            "lower_bound" : "4.0.0",
            "upper_bound" : "5.0.0"
          }
        ]
      },
      "type" : "sourceControl",
      "url" : "https://github.com/wolfmcnally/WolfNumerics"
    },
    {
      "identity" : "wolfpipe",
      "requirement" : {
        "range" : [
          {
            "lower_bound" : "2.0.0",
            "upper_bound" : "3.0.0"
          }
        ]
      },
      "type" : "sourceControl",
      "url" : "https://github.com/wolfmcnally/WolfPipe"
    },
    {
      "identity" : "wolfosbridge",
      "requirement" : {
        "range" : [
          {
            "lower_bound" : "2.0.0",
            "upper_bound" : "3.0.0"
          }
        ]
      },
      "type" : "sourceControl",
      "url" : "https://github.com/wolfmcnally/WolfOSBridge"
    },
    {
      "identity" : "wolfwith",
      "requirement" : {
        "range" : [
          {
            "lower_bound" : "2.0.0",
            "upper_bound" : "3.0.0"
          }
        ]
      },
      "type" : "sourceControl",
      "url" : "https://github.com/wolfmcnally/WolfWith"
    },
    {
      "identity" : "extensibleenumeratedname",
      "requirement" : {
        "range" : [
          {
            "lower_bound" : "2.0.0",
            "upper_bound" : "3.0.0"
          }
        ]
      },
      "type" : "sourceControl",
      "url" : "https://github.com/wolfmcnally/ExtensibleEnumeratedName"
    }
  ],
  "manifest_display_name" : "WolfStrings",
  "name" : "WolfStrings",
  "path" : "/Users/admin/builder/spi-builder-workspace",
  "platforms" : [
    {
      "name" : "ios",
      "version" : "9.0"
    },
    {
      "name" : "macos",
      "version" : "10.13"
    },
    {
      "name" : "tvos",
      "version" : "11.0"
    }
  ],
  "products" : [
    {
      "name" : "WolfStrings",
      "targets" : [
        "WolfStrings"
      ],
      "type" : {
        "library" : [
          "dynamic"
        ]
      }
    }
  ],
  "targets" : [
    {
      "c99name" : "WolfStrings",
      "module_type" : "SwiftTarget",
      "name" : "WolfStrings",
      "path" : "Sources/WolfStrings",
      "product_dependencies" : [
        "WolfNumerics",
        "WolfPipe",
        "WolfOSBridge",
        "WolfWith",
        "ExtensibleEnumeratedName"
      ],
      "product_memberships" : [
        "WolfStrings"
      ],
      "sources" : [
        "AttributedStrings/AttributedString.swift",
        "AttributedStrings/AttributedStringExtensions.swift",
        "AttributedStrings/AttributedStringOperator.swift",
        "AttributedStrings/AttributedSubstring.swift",
        "AttributedStrings/AttributedSubstringExtensions.swift",
        "AttributedStrings/Markdown.swift",
        "Joiner.swift",
        "ObjectAliaser.swift",
        "Regex/CreateRegularExpressionOperator.swift",
        "Regex/MatchRegularExpressionOperator.swift",
        "Regex/RegularExpressionExtensions.swift",
        "Regex/TextCheckingResult.swift",
        "Regex/TextCheckingResultExtensions.swift",
        "SequenceExtensions.swift",
        "StringExtensions.swift",
        "StringFloatPrecision.swift",
        "StringIndexesAndRanges.swift",
        "StringReplacement.swift",
        "StringTransformations.swift",
        "Type/FontDebugging.swift",
        "Type/FontExtensions.swift",
        "Type/FontFaceName.swift",
        "Type/FontFamilyName.swift",
        "Type/FontStyle.swift",
        "Type/OSFont.swift",
        "Type/TextAlignment.swift",
        "Type/TypeBounds.swift",
        "Type/TypeLine.swift",
        "Type/TypeRun.swift",
        "Type/Typesetter.swift",
        "WolfStringsError.swift"
      ],
      "type" : "library"
    }
  ],
  "tools_version" : "5.1"
}
{
  "workspace" : {
    "name" : "WolfStrings",
    "schemes" : [
      "WolfStrings"
    ]
  }
}
2026-09-16 03:08:24.350 xcodebuild[1189:6340] [MT] IDERunDestination: Supported platforms for the buildables in the current scheme is empty.
Running build ...
env DEVELOPER_DIR=/Applications/Xcode-27.0.0-Release.Candidate.app xcrun xcodebuild -IDEClonedSourcePackagesDirPathOverride=$PWD/.dependencies -skipMacroValidation -skipPackagePluginValidation -derivedDataPath $PWD/.derivedData build -scheme WolfStrings -destination generic/platform=watchOS
Command line invocation:
    /Applications/Xcode-27.0.0-Release.Candidate.app/Contents/Developer/usr/bin/xcodebuild -IDEClonedSourcePackagesDirPathOverride=/Users/admin/builder/spi-builder-workspace/.dependencies -skipMacroValidation -skipPackagePluginValidation -derivedDataPath /Users/admin/builder/spi-builder-workspace/.derivedData build -scheme WolfStrings -destination generic/platform=watchOS
Resolve Package Graph
Resolved source packages:
  WolfNumerics: https://github.com/wolfmcnally/WolfNumerics @ 4.0.4
  WolfOSBridge: https://github.com/wolfmcnally/WolfOSBridge @ 2.0.3
  WolfPipe: https://github.com/wolfmcnally/WolfPipe @ 2.0.2
  WolfWith: https://github.com/wolfmcnally/WolfWith @ 2.0.3
  ExtensibleEnumeratedName: https://github.com/wolfmcnally/ExtensibleEnumeratedName @ 2.0.2
  WolfStrings: /Users/admin/builder/spi-builder-workspace
ComputePackagePrebuildTargetDependencyGraph
Prepare packages
CreateBuildRequest
SendProjectDescription
CreateBuildOperation
ComputeTargetDependencyGraph
note: Building targets in dependency order
note: Target dependency graph (12 targets)
    Target 'WolfStrings-product' in project 'WolfStrings'
        ➜ Explicit dependency on target 'WolfStrings' in project 'WolfStrings'
        ➜ Explicit dependency on target 'WolfNumerics-product' in project 'WolfNumerics'
        ➜ Explicit dependency on target 'WolfPipe-product' in project 'WolfPipe'
        ➜ Explicit dependency on target 'WolfOSBridge-product' in project 'WolfOSBridge'
        ➜ Explicit dependency on target 'WolfWith-product' in project 'WolfWith'
        ➜ Explicit dependency on target 'ExtensibleEnumeratedName-product' in project 'ExtensibleEnumeratedName'
    Target 'WolfStrings' in project 'WolfStrings'
        ➜ Explicit dependency on target 'WolfNumerics-product' in project 'WolfNumerics'
        ➜ Explicit dependency on target 'WolfPipe-product' in project 'WolfPipe'
        ➜ Explicit dependency on target 'WolfOSBridge-product' in project 'WolfOSBridge'
        ➜ Explicit dependency on target 'WolfWith-product' in project 'WolfWith'
        ➜ Explicit dependency on target 'ExtensibleEnumeratedName-product' in project 'ExtensibleEnumeratedName'
    Target 'ExtensibleEnumeratedName-product' in project 'ExtensibleEnumeratedName'
        ➜ Explicit dependency on target 'ExtensibleEnumeratedName' in project 'ExtensibleEnumeratedName'
    Target 'ExtensibleEnumeratedName' in project 'ExtensibleEnumeratedName' (no dependencies)
    Target 'WolfWith-product' in project 'WolfWith'
        ➜ Explicit dependency on target 'WolfWith' in project 'WolfWith'
    Target 'WolfWith' in project 'WolfWith' (no dependencies)
    Target 'WolfOSBridge-product' in project 'WolfOSBridge'
        ➜ Explicit dependency on target 'WolfOSBridge' in project 'WolfOSBridge'
    Target 'WolfOSBridge' in project 'WolfOSBridge' (no dependencies)
    Target 'WolfPipe-product' in project 'WolfPipe'
        ➜ Explicit dependency on target 'WolfPipe' in project 'WolfPipe'
    Target 'WolfPipe' in project 'WolfPipe' (no dependencies)
    Target 'WolfNumerics-product' in project 'WolfNumerics'
        ➜ Explicit dependency on target 'WolfNumerics' in project 'WolfNumerics'
    Target 'WolfNumerics' in project 'WolfNumerics' (no dependencies)
GatherProvisioningInputs
CreateBuildDescription
ClangStatCache /Applications/Xcode-27.0.0-Release.Candidate.app/Contents/Developer/Toolchains/XcodeDefault.xctoolchain/usr/bin/clang-stat-cache /Applications/Xcode-27.0.0-Release.Candidate.app/Contents/Developer/Platforms/WatchOS.platform/Developer/SDKs/WatchOS27.0.sdk /Users/admin/builder/spi-builder-workspace/.derivedData/SDKStatCaches.noindex/watchos27.0-24R360-e829b21a6f8c9b70876ba0858053c04477534ef55a1706bf4c1112bbb242f0a2.sdkstatcache
    cd /Users/admin/builder/spi-builder-workspace/.swiftpm/xcode
    /Applications/Xcode-27.0.0-Release.Candidate.app/Contents/Developer/Toolchains/XcodeDefault.xctoolchain/usr/bin/clang-stat-cache /Applications/Xcode-27.0.0-Release.Candidate.app/Contents/Developer/Platforms/WatchOS.platform/Developer/SDKs/WatchOS27.0.sdk -o /Users/admin/builder/spi-builder-workspace/.derivedData/SDKStatCaches.noindex/watchos27.0-24R360-e829b21a6f8c9b70876ba0858053c04477534ef55a1706bf4c1112bbb242f0a2.sdkstatcache
SwiftDriver WolfOSBridge normal arm64 com.apple.xcode.tools.swift.compiler (in target 'WolfOSBridge' from project 'WolfOSBridge')
    cd /Users/admin/builder/spi-builder-workspace/.swiftpm/xcode
    builtin-SwiftDriver -- /Applications/Xcode-27.0.0-Release.Candidate.app/Contents/Developer/Toolchains/XcodeDefault.xctoolchain/usr/bin/swiftc -parse-as-library -module-name WolfOSBridge -Onone @/Users/admin/builder/spi-builder-workspace/.derivedData/Build/Intermediates.noindex/WolfOSBridge.build/Debug-watchos/WolfOSBridge-t.build/Objects-normal/arm64/WolfOSBridge.SwiftFileList -DSWIFT_PACKAGE -DDEBUG -DSWIFT_MODULE_RESOURCE_BUNDLE_UNAVAILABLE -DXcode -plugin-path /Applications/Xcode-27.0.0-Release.Candidate.app/Contents/Developer/Toolchains/XcodeDefault.xctoolchain/usr/lib/swift/host/plugins/testing -enable-experimental-feature DebugDescriptionMacro -sdk /Applications/Xcode-27.0.0-Release.Candidate.app/Contents/Developer/Platforms/WatchOS.platform/Developer/SDKs/WatchOS27.0.sdk -target arm64-apple-watchos9.0 -g -module-cache-path /Users/admin/builder/spi-builder-workspace/.derivedData/ModuleCache.noindex -Xfrontend -serialize-debugging-options -enable-testing -suppress-warnings -index-store-path /Users/admin/builder/spi-builder-workspace/.derivedData/Index.noindex/DataStore -Xcc -D_LIBCPP_HARDENING_MODE\=_LIBCPP_HARDENING_MODE_DEBUG -swift-version 5 -I /Users/admin/builder/spi-builder-workspace/.derivedData/Build/Products/Debug-watchos -Isystem /Applications/Xcode-27.0.0-Release.Candidate.app/Contents/Developer/Platforms/WatchOS.platform/Developer/usr/lib -F /Users/admin/builder/spi-builder-workspace/.derivedData/Build/Products/Debug-watchos -F /Applications/Xcode-27.0.0-Release.Candidate.app/Contents/Developer/Platforms/WatchOS.platform/Developer/Library/Frameworks -F /Applications/Xcode-27.0.0-Release.Candidate.app/Contents/Developer/Platforms/WatchOS.platform/Developer/SDKs/WatchOS27.0.sdk/Developer/Library/Frameworks -c -j10 -enable-batch-mode -incremental -Xcc -ivfsstatcache -Xcc /Users/admin/builder/spi-builder-workspace/.derivedData/SDKStatCaches.noindex/watchos27.0-24R360-e829b21a6f8c9b70876ba0858053c04477534ef55a1706bf4c1112bbb242f0a2.sdkstatcache -output-file-map /Users/admin/builder/spi-builder-workspace/.derivedData/Build/Intermediates.noindex/WolfOSBridge.build/Debug-watchos/WolfOSBridge-t.build/Objects-normal/arm64/WolfOSBridge-OutputFileMap.json -save-temps -no-color-diagnostics -explicit-module-build -module-cache-path /Users/admin/builder/spi-builder-workspace/.derivedData/Build/Intermediates.noindex/SwiftExplicitPrecompiledModules -clang-scanner-module-cache-path /Users/admin/builder/spi-builder-workspace/.derivedData/ModuleCache.noindex -sdk-module-cache-path /Users/admin/builder/spi-builder-workspace/.derivedData/SDKExplicitPrecompiledModules -emit-dependencies -emit-module -emit-module-path /Users/admin/builder/spi-builder-workspace/.derivedData/Build/Intermediates.noindex/WolfOSBridge.build/Debug-watchos/WolfOSBridge-t.build/Objects-normal/arm64/WolfOSBridge.swiftmodule -serialize-diagnostics -dependency-scan-serialize-diagnostics-path /Users/admin/builder/spi-builder-workspace/.derivedData/Build/Intermediates.noindex/WolfOSBridge.build/Debug-watchos/WolfOSBridge-t.build/Objects-normal/arm64/WolfOSBridge-dependency-scan.dia -validate-clang-modules-once -clang-build-session-file /Users/admin/builder/spi-builder-workspace/.derivedData/ModuleCache.noindex/Session.modulevalidation -Xcc -fmodules-prune-interval\=86400 -Xcc -fmodules-prune-after\=345600 -emit-const-values -const-gather-protocols-list /Users/admin/builder/spi-builder-workspace/.derivedData/Build/Intermediates.noindex/WolfOSBridge.build/Debug-watchos/WolfOSBridge-t.build/Objects-normal/arm64/WolfOSBridge_const_extract_protocols.json -Xcc -I/Users/admin/builder/spi-builder-workspace/.derivedData/Build/Products/Debug-watchos/include -Xcc -I/Users/admin/builder/spi-builder-workspace/.derivedData/Build/Intermediates.noindex/WolfOSBridge.build/Debug-watchos/WolfOSBridge-t.build/DerivedSources-normal/arm64 -Xcc -I/Users/admin/builder/spi-builder-workspace/.derivedData/Build/Intermediates.noindex/WolfOSBridge.build/Debug-watchos/WolfOSBridge-t.build/DerivedSources/arm64 -Xcc -I/Users/admin/builder/spi-builder-workspace/.derivedData/Build/Intermediates.noindex/WolfOSBridge.build/Debug-watchos/WolfOSBridge-t.build/DerivedSources -Xcc -DSWIFT_PACKAGE -Xcc -DDEBUG\=1 -emit-objc-header -emit-objc-header-path /Users/admin/builder/spi-builder-workspace/.derivedData/Build/Intermediates.noindex/WolfOSBridge.build/Debug-watchos/WolfOSBridge-t.build/Objects-normal/arm64/WolfOSBridge-Swift.h -working-directory /Users/admin/builder/spi-builder-workspace/.swiftpm/xcode -experimental-emit-module-separately -disable-cmo
SwiftDriver WolfOSBridge normal arm64_32 com.apple.xcode.tools.swift.compiler (in target 'WolfOSBridge' from project 'WolfOSBridge')
    cd /Users/admin/builder/spi-builder-workspace/.swiftpm/xcode
    builtin-SwiftDriver -- /Applications/Xcode-27.0.0-Release.Candidate.app/Contents/Developer/Toolchains/XcodeDefault.xctoolchain/usr/bin/swiftc -parse-as-library -module-name WolfOSBridge -Onone @/Users/admin/builder/spi-builder-workspace/.derivedData/Build/Intermediates.noindex/WolfOSBridge.build/Debug-watchos/WolfOSBridge-t.build/Objects-normal/arm64_32/WolfOSBridge.SwiftFileList -DSWIFT_PACKAGE -DDEBUG -DSWIFT_MODULE_RESOURCE_BUNDLE_UNAVAILABLE -DXcode -plugin-path /Applications/Xcode-27.0.0-Release.Candidate.app/Contents/Developer/Toolchains/XcodeDefault.xctoolchain/usr/lib/swift/host/plugins/testing -enable-experimental-feature DebugDescriptionMacro -sdk /Applications/Xcode-27.0.0-Release.Candidate.app/Contents/Developer/Platforms/WatchOS.platform/Developer/SDKs/WatchOS27.0.sdk -target arm64_32-apple-watchos9.0 -g -module-cache-path /Users/admin/builder/spi-builder-workspace/.derivedData/ModuleCache.noindex -Xfrontend -serialize-debugging-options -enable-testing -suppress-warnings -index-store-path /Users/admin/builder/spi-builder-workspace/.derivedData/Index.noindex/DataStore -Xcc -D_LIBCPP_HARDENING_MODE\=_LIBCPP_HARDENING_MODE_DEBUG -swift-version 5 -I /Users/admin/builder/spi-builder-workspace/.derivedData/Build/Products/Debug-watchos -Isystem /Applications/Xcode-27.0.0-Release.Candidate.app/Contents/Developer/Platforms/WatchOS.platform/Developer/usr/lib -F /Users/admin/builder/spi-builder-workspace/.derivedData/Build/Products/Debug-watchos -F /Applications/Xcode-27.0.0-Release.Candidate.app/Contents/Developer/Platforms/WatchOS.platform/Developer/Library/Frameworks -F /Applications/Xcode-27.0.0-Release.Candidate.app/Contents/Developer/Platforms/WatchOS.platform/Developer/SDKs/WatchOS27.0.sdk/Developer/Library/Frameworks -c -j10 -enable-batch-mode -incremental -Xcc -ivfsstatcache -Xcc /Users/admin/builder/spi-builder-workspace/.derivedData/SDKStatCaches.noindex/watchos27.0-24R360-e829b21a6f8c9b70876ba0858053c04477534ef55a1706bf4c1112bbb242f0a2.sdkstatcache -output-file-map /Users/admin/builder/spi-builder-workspace/.derivedData/Build/Intermediates.noindex/WolfOSBridge.build/Debug-watchos/WolfOSBridge-t.build/Objects-normal/arm64_32/WolfOSBridge-OutputFileMap.json -save-temps -no-color-diagnostics -explicit-module-build -module-cache-path /Users/admin/builder/spi-builder-workspace/.derivedData/Build/Intermediates.noindex/SwiftExplicitPrecompiledModules -clang-scanner-module-cache-path /Users/admin/builder/spi-builder-workspace/.derivedData/ModuleCache.noindex -sdk-module-cache-path /Users/admin/builder/spi-builder-workspace/.derivedData/SDKExplicitPrecompiledModules -emit-dependencies -emit-module -emit-module-path /Users/admin/builder/spi-builder-workspace/.derivedData/Build/Intermediates.noindex/WolfOSBridge.build/Debug-watchos/WolfOSBridge-t.build/Objects-normal/arm64_32/WolfOSBridge.swiftmodule -serialize-diagnostics -dependency-scan-serialize-diagnostics-path /Users/admin/builder/spi-builder-workspace/.derivedData/Build/Intermediates.noindex/WolfOSBridge.build/Debug-watchos/WolfOSBridge-t.build/Objects-normal/arm64_32/WolfOSBridge-dependency-scan.dia -validate-clang-modules-once -clang-build-session-file /Users/admin/builder/spi-builder-workspace/.derivedData/ModuleCache.noindex/Session.modulevalidation -Xcc -fmodules-prune-interval\=86400 -Xcc -fmodules-prune-after\=345600 -emit-const-values -const-gather-protocols-list /Users/admin/builder/spi-builder-workspace/.derivedData/Build/Intermediates.noindex/WolfOSBridge.build/Debug-watchos/WolfOSBridge-t.build/Objects-normal/arm64_32/WolfOSBridge_const_extract_protocols.json -Xcc -I/Users/admin/builder/spi-builder-workspace/.derivedData/Build/Products/Debug-watchos/include -Xcc -I/Users/admin/builder/spi-builder-workspace/.derivedData/Build/Intermediates.noindex/WolfOSBridge.build/Debug-watchos/WolfOSBridge-t.build/DerivedSources-normal/arm64_32 -Xcc -I/Users/admin/builder/spi-builder-workspace/.derivedData/Build/Intermediates.noindex/WolfOSBridge.build/Debug-watchos/WolfOSBridge-t.build/DerivedSources/arm64_32 -Xcc -I/Users/admin/builder/spi-builder-workspace/.derivedData/Build/Intermediates.noindex/WolfOSBridge.build/Debug-watchos/WolfOSBridge-t.build/DerivedSources -Xcc -DSWIFT_PACKAGE -Xcc -DDEBUG\=1 -emit-objc-header -emit-objc-header-path /Users/admin/builder/spi-builder-workspace/.derivedData/Build/Intermediates.noindex/WolfOSBridge.build/Debug-watchos/WolfOSBridge-t.build/Objects-normal/arm64_32/WolfOSBridge-Swift.h -working-directory /Users/admin/builder/spi-builder-workspace/.swiftpm/xcode -experimental-emit-module-separately -disable-cmo
SwiftDriver WolfNumerics normal arm64 com.apple.xcode.tools.swift.compiler (in target 'WolfNumerics' from project 'WolfNumerics')
    cd /Users/admin/builder/spi-builder-workspace/.swiftpm/xcode
    builtin-SwiftDriver -- /Applications/Xcode-27.0.0-Release.Candidate.app/Contents/Developer/Toolchains/XcodeDefault.xctoolchain/usr/bin/swiftc -parse-as-library -module-name WolfNumerics -Onone @/Users/admin/builder/spi-builder-workspace/.derivedData/Build/Intermediates.noindex/WolfNumerics.build/Debug-watchos/WolfNumerics-t.build/Objects-normal/arm64/WolfNumerics.SwiftFileList -DSWIFT_PACKAGE -DDEBUG -DSWIFT_MODULE_RESOURCE_BUNDLE_UNAVAILABLE -DXcode -plugin-path /Applications/Xcode-27.0.0-Release.Candidate.app/Contents/Developer/Toolchains/XcodeDefault.xctoolchain/usr/lib/swift/host/plugins/testing -enable-experimental-feature DebugDescriptionMacro -sdk /Applications/Xcode-27.0.0-Release.Candidate.app/Contents/Developer/Platforms/WatchOS.platform/Developer/SDKs/WatchOS27.0.sdk -target arm64-apple-watchos9.0 -g -module-cache-path /Users/admin/builder/spi-builder-workspace/.derivedData/ModuleCache.noindex -Xfrontend -serialize-debugging-options -enable-testing -suppress-warnings -index-store-path /Users/admin/builder/spi-builder-workspace/.derivedData/Index.noindex/DataStore -Xcc -D_LIBCPP_HARDENING_MODE\=_LIBCPP_HARDENING_MODE_DEBUG -swift-version 5 -I /Users/admin/builder/spi-builder-workspace/.derivedData/Build/Products/Debug-watchos -Isystem /Applications/Xcode-27.0.0-Release.Candidate.app/Contents/Developer/Platforms/WatchOS.platform/Developer/usr/lib -F /Users/admin/builder/spi-builder-workspace/.derivedData/Build/Products/Debug-watchos -F /Applications/Xcode-27.0.0-Release.Candidate.app/Contents/Developer/Platforms/WatchOS.platform/Developer/Library/Frameworks -F /Applications/Xcode-27.0.0-Release.Candidate.app/Contents/Developer/Platforms/WatchOS.platform/Developer/SDKs/WatchOS27.0.sdk/Developer/Library/Frameworks -c -j10 -enable-batch-mode -incremental -Xcc -ivfsstatcache -Xcc /Users/admin/builder/spi-builder-workspace/.derivedData/SDKStatCaches.noindex/watchos27.0-24R360-e829b21a6f8c9b70876ba0858053c04477534ef55a1706bf4c1112bbb242f0a2.sdkstatcache -output-file-map /Users/admin/builder/spi-builder-workspace/.derivedData/Build/Intermediates.noindex/WolfNumerics.build/Debug-watchos/WolfNumerics-t.build/Objects-normal/arm64/WolfNumerics-OutputFileMap.json -save-temps -no-color-diagnostics -explicit-module-build -module-cache-path /Users/admin/builder/spi-builder-workspace/.derivedData/Build/Intermediates.noindex/SwiftExplicitPrecompiledModules -clang-scanner-module-cache-path /Users/admin/builder/spi-builder-workspace/.derivedData/ModuleCache.noindex -sdk-module-cache-path /Users/admin/builder/spi-builder-workspace/.derivedData/SDKExplicitPrecompiledModules -emit-dependencies -emit-module -emit-module-path /Users/admin/builder/spi-builder-workspace/.derivedData/Build/Intermediates.noindex/WolfNumerics.build/Debug-watchos/WolfNumerics-t.build/Objects-normal/arm64/WolfNumerics.swiftmodule -serialize-diagnostics -dependency-scan-serialize-diagnostics-path /Users/admin/builder/spi-builder-workspace/.derivedData/Build/Intermediates.noindex/WolfNumerics.build/Debug-watchos/WolfNumerics-t.build/Objects-normal/arm64/WolfNumerics-dependency-scan.dia -validate-clang-modules-once -clang-build-session-file /Users/admin/builder/spi-builder-workspace/.derivedData/ModuleCache.noindex/Session.modulevalidation -Xcc -fmodules-prune-interval\=86400 -Xcc -fmodules-prune-after\=345600 -emit-const-values -const-gather-protocols-list /Users/admin/builder/spi-builder-workspace/.derivedData/Build/Intermediates.noindex/WolfNumerics.build/Debug-watchos/WolfNumerics-t.build/Objects-normal/arm64/WolfNumerics_const_extract_protocols.json -Xcc -I/Users/admin/builder/spi-builder-workspace/.derivedData/Build/Products/Debug-watchos/include -Xcc -I/Users/admin/builder/spi-builder-workspace/.derivedData/Build/Intermediates.noindex/WolfNumerics.build/Debug-watchos/WolfNumerics-t.build/DerivedSources-normal/arm64 -Xcc -I/Users/admin/builder/spi-builder-workspace/.derivedData/Build/Intermediates.noindex/WolfNumerics.build/Debug-watchos/WolfNumerics-t.build/DerivedSources/arm64 -Xcc -I/Users/admin/builder/spi-builder-workspace/.derivedData/Build/Intermediates.noindex/WolfNumerics.build/Debug-watchos/WolfNumerics-t.build/DerivedSources -Xcc -DSWIFT_PACKAGE -Xcc -DDEBUG\=1 -emit-objc-header -emit-objc-header-path /Users/admin/builder/spi-builder-workspace/.derivedData/Build/Intermediates.noindex/WolfNumerics.build/Debug-watchos/WolfNumerics-t.build/Objects-normal/arm64/WolfNumerics-Swift.h -working-directory /Users/admin/builder/spi-builder-workspace/.swiftpm/xcode -experimental-emit-module-separately -disable-cmo
SwiftDriver WolfNumerics normal arm64_32 com.apple.xcode.tools.swift.compiler (in target 'WolfNumerics' from project 'WolfNumerics')
    cd /Users/admin/builder/spi-builder-workspace/.swiftpm/xcode
    builtin-SwiftDriver -- /Applications/Xcode-27.0.0-Release.Candidate.app/Contents/Developer/Toolchains/XcodeDefault.xctoolchain/usr/bin/swiftc -parse-as-library -module-name WolfNumerics -Onone @/Users/admin/builder/spi-builder-workspace/.derivedData/Build/Intermediates.noindex/WolfNumerics.build/Debug-watchos/WolfNumerics-t.build/Objects-normal/arm64_32/WolfNumerics.SwiftFileList -DSWIFT_PACKAGE -DDEBUG -DSWIFT_MODULE_RESOURCE_BUNDLE_UNAVAILABLE -DXcode -plugin-path /Applications/Xcode-27.0.0-Release.Candidate.app/Contents/Developer/Toolchains/XcodeDefault.xctoolchain/usr/lib/swift/host/plugins/testing -enable-experimental-feature DebugDescriptionMacro -sdk /Applications/Xcode-27.0.0-Release.Candidate.app/Contents/Developer/Platforms/WatchOS.platform/Developer/SDKs/WatchOS27.0.sdk -target arm64_32-apple-watchos9.0 -g -module-cache-path /Users/admin/builder/spi-builder-workspace/.derivedData/ModuleCache.noindex -Xfrontend -serialize-debugging-options -enable-testing -suppress-warnings -index-store-path /Users/admin/builder/spi-builder-workspace/.derivedData/Index.noindex/DataStore -Xcc -D_LIBCPP_HARDENING_MODE\=_LIBCPP_HARDENING_MODE_DEBUG -swift-version 5 -I /Users/admin/builder/spi-builder-workspace/.derivedData/Build/Products/Debug-watchos -Isystem /Applications/Xcode-27.0.0-Release.Candidate.app/Contents/Developer/Platforms/WatchOS.platform/Developer/usr/lib -F /Users/admin/builder/spi-builder-workspace/.derivedData/Build/Products/Debug-watchos -F /Applications/Xcode-27.0.0-Release.Candidate.app/Contents/Developer/Platforms/WatchOS.platform/Developer/Library/Frameworks -F /Applications/Xcode-27.0.0-Release.Candidate.app/Contents/Developer/Platforms/WatchOS.platform/Developer/SDKs/WatchOS27.0.sdk/Developer/Library/Frameworks -c -j10 -enable-batch-mode -incremental -Xcc -ivfsstatcache -Xcc /Users/admin/builder/spi-builder-workspace/.derivedData/SDKStatCaches.noindex/watchos27.0-24R360-e829b21a6f8c9b70876ba0858053c04477534ef55a1706bf4c1112bbb242f0a2.sdkstatcache -output-file-map /Users/admin/builder/spi-builder-workspace/.derivedData/Build/Intermediates.noindex/WolfNumerics.build/Debug-watchos/WolfNumerics-t.build/Objects-normal/arm64_32/WolfNumerics-OutputFileMap.json -save-temps -no-color-diagnostics -explicit-module-build -module-cache-path /Users/admin/builder/spi-builder-workspace/.derivedData/Build/Intermediates.noindex/SwiftExplicitPrecompiledModules -clang-scanner-module-cache-path /Users/admin/builder/spi-builder-workspace/.derivedData/ModuleCache.noindex -sdk-module-cache-path /Users/admin/builder/spi-builder-workspace/.derivedData/SDKExplicitPrecompiledModules -emit-dependencies -emit-module -emit-module-path /Users/admin/builder/spi-builder-workspace/.derivedData/Build/Intermediates.noindex/WolfNumerics.build/Debug-watchos/WolfNumerics-t.build/Objects-normal/arm64_32/WolfNumerics.swiftmodule -serialize-diagnostics -dependency-scan-serialize-diagnostics-path /Users/admin/builder/spi-builder-workspace/.derivedData/Build/Intermediates.noindex/WolfNumerics.build/Debug-watchos/WolfNumerics-t.build/Objects-normal/arm64_32/WolfNumerics-dependency-scan.dia -validate-clang-modules-once -clang-build-session-file /Users/admin/builder/spi-builder-workspace/.derivedData/ModuleCache.noindex/Session.modulevalidation -Xcc -fmodules-prune-interval\=86400 -Xcc -fmodules-prune-after\=345600 -emit-const-values -const-gather-protocols-list /Users/admin/builder/spi-builder-workspace/.derivedData/Build/Intermediates.noindex/WolfNumerics.build/Debug-watchos/WolfNumerics-t.build/Objects-normal/arm64_32/WolfNumerics_const_extract_protocols.json -Xcc -I/Users/admin/builder/spi-builder-workspace/.derivedData/Build/Products/Debug-watchos/include -Xcc -I/Users/admin/builder/spi-builder-workspace/.derivedData/Build/Intermediates.noindex/WolfNumerics.build/Debug-watchos/WolfNumerics-t.build/DerivedSources-normal/arm64_32 -Xcc -I/Users/admin/builder/spi-builder-workspace/.derivedData/Build/Intermediates.noindex/WolfNumerics.build/Debug-watchos/WolfNumerics-t.build/DerivedSources/arm64_32 -Xcc -I/Users/admin/builder/spi-builder-workspace/.derivedData/Build/Intermediates.noindex/WolfNumerics.build/Debug-watchos/WolfNumerics-t.build/DerivedSources -Xcc -DSWIFT_PACKAGE -Xcc -DDEBUG\=1 -emit-objc-header -emit-objc-header-path /Users/admin/builder/spi-builder-workspace/.derivedData/Build/Intermediates.noindex/WolfNumerics.build/Debug-watchos/WolfNumerics-t.build/Objects-normal/arm64_32/WolfNumerics-Swift.h -working-directory /Users/admin/builder/spi-builder-workspace/.swiftpm/xcode -experimental-emit-module-separately -disable-cmo
SwiftEmitModule normal arm64_32 Emitting\ module\ for\ WolfOSBridge (in target 'WolfOSBridge' from project 'WolfOSBridge')
SwiftCompile normal arm64_32 (in target 'WolfOSBridge' from project 'WolfOSBridge')
    cd /Users/admin/builder/spi-builder-workspace/.swiftpm/xcode

/Users/admin/builder/spi-builder-workspace/.dependencies/checkouts/WolfOSBridge/Sources/WolfOSBridge/OSView.swift:28:27: error: 'UIView' is unavailable in watchOS
26 |
27 | import UIKit
28 | public typealias OSView = UIView
   |                           `- error: 'UIView' is unavailable in watchOS
29 | public typealias OSImageView = UIImageView
30 | public typealias OSEdgeInsets = UIEdgeInsets
/Applications/Xcode-27.0.0-Release.Candidate.app/Contents/Developer/Platforms/WatchOS.platform/Developer/SDKs/WatchOS27.0.sdk/System/Library/Frameworks/UIKit.framework/Headers/UIView.h:152:12: note: 'UIView' has been explicitly marked unavailable here
150 |
151 | UIKIT_EXTERN API_AVAILABLE(ios(2.0)) API_UNAVAILABLE(watchos) NS_SWIFT_UI_ACTOR
152 | @interface UIView : UIResponder <NSCoding, UIAppearance, UIAppearanceContainer, UIDynamicItem, UITraitEnvironment, UICoordinateSpace, UIFocusItem, UIFocusItemContainer, CALayerDelegate>
    |            `- note: 'UIView' has been explicitly marked unavailable here
153 |
154 | @property(class, nonatomic, readonly) Class layerClass;                        // default is [CALayer class]. Used when creating the underlying layer for the view.
/Users/admin/builder/spi-builder-workspace/.dependencies/checkouts/WolfOSBridge/Sources/WolfOSBridge/OSView.swift:29:32: error: 'UIImageView' is unavailable in watchOS
27 | import UIKit
28 | public typealias OSView = UIView
29 | public typealias OSImageView = UIImageView
   |                                `- error: 'UIImageView' is unavailable in watchOS
30 | public typealias OSEdgeInsets = UIEdgeInsets
31 | public let OSEdgeInsetsZero = UIEdgeInsets.zero
/Applications/Xcode-27.0.0-Release.Candidate.app/Contents/Developer/Platforms/WatchOS.platform/Developer/SDKs/WatchOS27.0.sdk/System/Library/Frameworks/UIKit.framework/Headers/UIImageView.h:21:12: note: 'UIImageView' has been explicitly marked unavailable here
 19 |
 20 | UIKIT_EXTERN API_AVAILABLE(ios(2.0)) API_UNAVAILABLE(watchos) NS_SWIFT_UI_ACTOR
 21 | @interface UIImageView : UIView
    |            `- note: 'UIImageView' has been explicitly marked unavailable here
 22 |
 23 | - (instancetype)initWithImage:(nullable UIImage *)image;
/Users/admin/builder/spi-builder-workspace/.dependencies/checkouts/WolfOSBridge/Sources/WolfOSBridge/OSView.swift:32:38: error: 'UIView' is unavailable in watchOS
30 | public typealias OSEdgeInsets = UIEdgeInsets
31 | public let OSEdgeInsetsZero = UIEdgeInsets.zero
32 | public let OSViewNoIntrinsicMetric = UIView.noIntrinsicMetric
   |                                      `- error: 'UIView' is unavailable in watchOS
33 | public typealias OSColor = UIColor
34 |
/Applications/Xcode-27.0.0-Release.Candidate.app/Contents/Developer/Platforms/WatchOS.platform/Developer/SDKs/WatchOS27.0.sdk/System/Library/Frameworks/UIKit.framework/Headers/UIView.h:152:12: note: 'UIView' has been explicitly marked unavailable here
150 |
151 | UIKIT_EXTERN API_AVAILABLE(ios(2.0)) API_UNAVAILABLE(watchos) NS_SWIFT_UI_ACTOR
152 | @interface UIView : UIResponder <NSCoding, UIAppearance, UIAppearanceContainer, UIDynamicItem, UITraitEnvironment, UICoordinateSpace, UIFocusItem, UIFocusItemContainer, CALayerDelegate>
    |            `- note: 'UIView' has been explicitly marked unavailable here
153 |
154 | @property(class, nonatomic, readonly) Class layerClass;                        // default is [CALayer class]. Used when creating the underlying layer for the view.
SwiftEmitModule normal arm64 Emitting\ module\ for\ WolfOSBridge (in target 'WolfOSBridge' from project 'WolfOSBridge')
/Users/admin/builder/spi-builder-workspace/.dependencies/checkouts/WolfOSBridge/Sources/WolfOSBridge/OSView.swift:28:27: error: 'UIView' is unavailable in watchOS
26 |
27 | import UIKit
28 | public typealias OSView = UIView
   |                           `- error: 'UIView' is unavailable in watchOS
29 | public typealias OSImageView = UIImageView
30 | public typealias OSEdgeInsets = UIEdgeInsets
/Applications/Xcode-27.0.0-Release.Candidate.app/Contents/Developer/Platforms/WatchOS.platform/Developer/SDKs/WatchOS27.0.sdk/System/Library/Frameworks/UIKit.framework/Headers/UIView.h:152:12: note: 'UIView' has been explicitly marked unavailable here
150 |
151 | UIKIT_EXTERN API_AVAILABLE(ios(2.0)) API_UNAVAILABLE(watchos) NS_SWIFT_UI_ACTOR
152 | @interface UIView : UIResponder <NSCoding, UIAppearance, UIAppearanceContainer, UIDynamicItem, UITraitEnvironment, UICoordinateSpace, UIFocusItem, UIFocusItemContainer, CALayerDelegate>
    |            `- note: 'UIView' has been explicitly marked unavailable here
153 |
154 | @property(class, nonatomic, readonly) Class layerClass;                        // default is [CALayer class]. Used when creating the underlying layer for the view.
/Users/admin/builder/spi-builder-workspace/.dependencies/checkouts/WolfOSBridge/Sources/WolfOSBridge/OSView.swift:29:32: error: 'UIImageView' is unavailable in watchOS
27 | import UIKit
28 | public typealias OSView = UIView
29 | public typealias OSImageView = UIImageView
   |                                `- error: 'UIImageView' is unavailable in watchOS
30 | public typealias OSEdgeInsets = UIEdgeInsets
31 | public let OSEdgeInsetsZero = UIEdgeInsets.zero
/Applications/Xcode-27.0.0-Release.Candidate.app/Contents/Developer/Platforms/WatchOS.platform/Developer/SDKs/WatchOS27.0.sdk/System/Library/Frameworks/UIKit.framework/Headers/UIImageView.h:21:12: note: 'UIImageView' has been explicitly marked unavailable here
 19 |
 20 | UIKIT_EXTERN API_AVAILABLE(ios(2.0)) API_UNAVAILABLE(watchos) NS_SWIFT_UI_ACTOR
 21 | @interface UIImageView : UIView
    |            `- note: 'UIImageView' has been explicitly marked unavailable here
 22 |
 23 | - (instancetype)initWithImage:(nullable UIImage *)image;
/Users/admin/builder/spi-builder-workspace/.dependencies/checkouts/WolfOSBridge/Sources/WolfOSBridge/OSView.swift:32:38: error: 'UIView' is unavailable in watchOS
30 | public typealias OSEdgeInsets = UIEdgeInsets
31 | public let OSEdgeInsetsZero = UIEdgeInsets.zero
32 | public let OSViewNoIntrinsicMetric = UIView.noIntrinsicMetric
   |                                      `- error: 'UIView' is unavailable in watchOS
33 | public typealias OSColor = UIColor
34 |
/Applications/Xcode-27.0.0-Release.Candidate.app/Contents/Developer/Platforms/WatchOS.platform/Developer/SDKs/WatchOS27.0.sdk/System/Library/Frameworks/UIKit.framework/Headers/UIView.h:152:12: note: 'UIView' has been explicitly marked unavailable here
150 |
151 | UIKIT_EXTERN API_AVAILABLE(ios(2.0)) API_UNAVAILABLE(watchos) NS_SWIFT_UI_ACTOR
152 | @interface UIView : UIResponder <NSCoding, UIAppearance, UIAppearanceContainer, UIDynamicItem, UITraitEnvironment, UICoordinateSpace, UIFocusItem, UIFocusItemContainer, CALayerDelegate>
    |            `- note: 'UIView' has been explicitly marked unavailable here
153 |
154 | @property(class, nonatomic, readonly) Class layerClass;                        // default is [CALayer class]. Used when creating the underlying layer for the view.
/Users/admin/builder/spi-builder-workspace/.dependencies/checkouts/WolfOSBridge/Sources/WolfOSBridge/OSView.swift:32:45: error: 'noIntrinsicMetric' is unavailable in watchOS
30 | public typealias OSEdgeInsets = UIEdgeInsets
31 | public let OSEdgeInsetsZero = UIEdgeInsets.zero
32 | public let OSViewNoIntrinsicMetric = UIView.noIntrinsicMetric
   |                                             `- error: 'noIntrinsicMetric' is unavailable in watchOS
33 | public typealias OSColor = UIColor
34 |
/Applications/Xcode-27.0.0-Release.Candidate.app/Contents/Developer/Platforms/WatchOS.platform/Developer/SDKs/WatchOS27.0.sdk/System/Library/Frameworks/UIKit.framework/Headers/UIView.h:547:28: note: 'noIntrinsicMetric' has been explicitly marked unavailable here
545 |  Note that not all views have an intrinsicContentSize.  UIView's default implementation is to return (UIViewNoIntrinsicMetric, UIViewNoIntrinsicMetric).  The _intrinsic_ content size is concerned only with data that is in the view itself, not in other views. Remember that you can also set constant width or height constraints on any view, and you don't need to override intrinsicContentSize if these dimensions won't be changing with changing view content.
546 |  */
547 | UIKIT_EXTERN const CGFloat UIViewNoIntrinsicMetric API_AVAILABLE(ios(6.0)) API_UNAVAILABLE(watchos); // -1
    |                            `- note: 'noIntrinsicMetric' has been explicitly marked unavailable here
548 | @property(nonatomic, readonly) CGSize intrinsicContentSize API_AVAILABLE(ios(6.0));
549 | - (void)invalidateIntrinsicContentSize API_AVAILABLE(ios(6.0)); // call this when something changes that affects the intrinsicContentSize.  Otherwise UIKit won't notice that it changed.
/Users/admin/builder/spi-builder-workspace/.dependencies/checkouts/WolfOSBridge/Sources/WolfOSBridge/OSView.swift:35:31: error: 'UIView' is unavailable in watchOS
33 | public typealias OSColor = UIColor
34 |
35 | public typealias ViewBlock = (UIView) -> Bool
   |                               `- error: 'UIView' is unavailable in watchOS
36 |
37 | #elseif canImport(AppKit)
/Applications/Xcode-27.0.0-Release.Candidate.app/Contents/Developer/Platforms/WatchOS.platform/Developer/SDKs/WatchOS27.0.sdk/System/Library/Frameworks/UIKit.framework/Headers/UIView.h:152:12: note: 'UIView' has been explicitly marked unavailable here
150 |
151 | UIKIT_EXTERN API_AVAILABLE(ios(2.0)) API_UNAVAILABLE(watchos) NS_SWIFT_UI_ACTOR
152 | @interface UIView : UIResponder <NSCoding, UIAppearance, UIAppearanceContainer, UIDynamicItem, UITraitEnvironment, UICoordinateSpace, UIFocusItem, UIFocusItemContainer, CALayerDelegate>
    |            `- note: 'UIView' has been explicitly marked unavailable here
153 |
154 | @property(class, nonatomic, readonly) Class layerClass;                        // default is [CALayer class]. Used when creating the underlying layer for the view.
Failed frontend command:
/Applications/Xcode-27.0.0-Release.Candidate.app/Contents/Developer/Toolchains/XcodeDefault.xctoolchain/usr/bin/swift-frontend -frontend -emit-module -experimental-skip-non-inlinable-function-bodies-without-types /Users/admin/builder/spi-builder-workspace/.dependencies/checkouts/WolfOSBridge/Sources/WolfOSBridge/OSView.swift -target arm64-apple-watchos9.0 -module-can-import-version UIKit 9127.0.84.1 9127.0.84 -disable-cross-import-overlay-search -load-resolved-plugin /Applications/Xcode-27.0.0-Release.Candidate.app/Contents/Developer/Platforms/WatchOS.platform/Developer/usr/lib/swift/host/plugins/libFoundationMacros.dylib\#/Applications/Xcode-27.0.0-Release.Candidate.app/Contents/Developer/Platforms/WatchOS.platform/Developer/usr/bin/swift-plugin-server\#FoundationMacros -load-resolved-plugin /Applications/Xcode-27.0.0-Release.Candidate.app/Contents/Developer/Platforms/WatchOS.platform/Developer/usr/lib/swift/host/plugins/libObservationMacros.dylib\#/Applications/Xcode-27.0.0-Release.Candidate.app/Contents/Developer/Platforms/WatchOS.platform/Developer/usr/bin/swift-plugin-server\#ObservationMacros -load-resolved-plugin /Applications/Xcode-27.0.0-Release.Candidate.app/Contents/Developer/Platforms/WatchOS.platform/Developer/usr/lib/swift/host/plugins/libSwiftMacros.dylib\#/Applications/Xcode-27.0.0-Release.Candidate.app/Contents/Developer/Platforms/WatchOS.platform/Developer/usr/bin/swift-plugin-server\#SwiftMacros -load-resolved-plugin /Applications/Xcode-27.0.0-Release.Candidate.app/Contents/Developer/Platforms/WatchOS.platform/Developer/usr/lib/swift/host/plugins/libSwiftUIMacros.dylib\#/Applications/Xcode-27.0.0-Release.Candidate.app/Contents/Developer/Platforms/WatchOS.platform/Developer/usr/bin/swift-plugin-server\#SwiftUIMacros -disable-implicit-swift-modules -Xcc -fno-implicit-modules -Xcc -fno-implicit-module-maps -explicit-swift-module-map-file /Users/admin/builder/spi-builder-workspace/.derivedData/Build/Intermediates.noindex/WolfOSBridge.build/Debug-watchos/WolfOSBridge-t.build/Objects-normal/arm64/WolfOSBridge-dependencies-2.json -Xllvm -aarch64-use-tbi -enable-objc-interop -stack-check -sdk /Applications/Xcode-27.0.0-Release.Candidate.app/Contents/Developer/Platforms/WatchOS.platform/Developer/SDKs/WatchOS27.0.sdk -I /Users/admin/builder/spi-builder-workspace/.derivedData/Build/Products/Debug-watchos -Isystem /Applications/Xcode-27.0.0-Release.Candidate.app/Contents/Developer/Platforms/WatchOS.platform/Developer/usr/lib -F /Users/admin/builder/spi-builder-workspace/.derivedData/Build/Products/Debug-watchos -F /Applications/Xcode-27.0.0-Release.Candidate.app/Contents/Developer/Platforms/WatchOS.platform/Developer/Library/Frameworks -F /Applications/Xcode-27.0.0-Release.Candidate.app/Contents/Developer/Platforms/WatchOS.platform/Developer/SDKs/WatchOS27.0.sdk/Developer/Library/Frameworks -module-cache-path /Users/admin/builder/spi-builder-workspace/.derivedData/Build/Intermediates.noindex/SwiftExplicitPrecompiledModules -no-color-diagnostics -Xcc -fno-color-diagnostics -enable-testing -g -debug-info-format\=dwarf -dwarf-version\=4 -suppress-warnings -swift-version 5 -Onone -D SWIFT_PACKAGE -D DEBUG -D SWIFT_MODULE_RESOURCE_BUNDLE_UNAVAILABLE -D Xcode -serialize-debugging-options -enable-experimental-feature DebugDescriptionMacro -empty-abi-descriptor -validate-clang-modules-once -clang-build-session-file /Users/admin/builder/spi-builder-workspace/.derivedData/ModuleCache.noindex/Session.modulevalidation -Xcc -working-directory -Xcc /Users/admin/builder/spi-builder-workspace/.swiftpm/xcode -enable-anonymous-context-mangled-names -file-compilation-dir /Users/admin/builder/spi-builder-workspace/.swiftpm/xcode -Xcc -D_LIBCPP_HARDENING_MODE\=_LIBCPP_HARDENING_MODE_DEBUG -Xcc -ivfsstatcache -Xcc /Users/admin/builder/spi-builder-workspace/.derivedData/SDKStatCaches.noindex/watchos27.0-24R360-e829b21a6f8c9b70876ba0858053c04477534ef55a1706bf4c1112bbb242f0a2.sdkstatcache -Xcc -fmodules-prune-interval\=86400 -Xcc -fmodules-prune-after\=345600 -Xcc -I/Users/admin/builder/spi-builder-workspace/.derivedData/Build/Products/Debug-watchos/include -Xcc -I/Users/admin/builder/spi-builder-workspace/.derivedData/Build/Intermediates.noindex/WolfOSBridge.build/Debug-watchos/WolfOSBridge-t.build/DerivedSources-normal/arm64 -Xcc -I/Users/admin/builder/spi-builder-workspace/.derivedData/Build/Intermediates.noindex/WolfOSBridge.build/Debug-watchos/WolfOSBridge-t.build/DerivedSources/arm64 -Xcc -I/Users/admin/builder/spi-builder-workspace/.derivedData/Build/Intermediates.noindex/WolfOSBridge.build/Debug-watchos/WolfOSBridge-t.build/DerivedSources -Xcc -DSWIFT_PACKAGE -Xcc -DDEBUG\=1 -no-auto-bridging-header-chaining -module-name WolfOSBridge -const-gather-protocols-file /Users/admin/builder/spi-builder-workspace/.derivedData/Build/Intermediates.noindex/WolfOSBridge.build/Debug-watchos/WolfOSBridge-t.build/Objects-normal/arm64/WolfOSBridge_const_extract_protocols.json -disable-clang-spi -clang-target arm64-apple-watchos27.0 -target-sdk-version 27.0 -target-sdk-name watchos27.0 -in-process-plugin-server-path /Applications/Xcode-27.0.0-Release.Candidate.app/Contents/Developer/Toolchains/XcodeDefault.xctoolchain/usr/lib/swift/host/libSwiftInProcPluginServer.dylib -emit-module-doc-path /Users/admin/builder/spi-builder-workspace/.derivedData/Build/Intermediates.noindex/WolfOSBridge.build/Debug-watchos/WolfOSBridge-t.build/Objects-normal/arm64/WolfOSBridge.swiftdoc -emit-module-source-info-path /Users/admin/builder/spi-builder-workspace/.derivedData/Build/Intermediates.noindex/WolfOSBridge.build/Debug-watchos/WolfOSBridge-t.build/Objects-normal/arm64/WolfOSBridge.swiftsourceinfo -emit-objc-header-path /Users/admin/builder/spi-builder-workspace/.derivedData/Build/Intermediates.noindex/WolfOSBridge.build/Debug-watchos/WolfOSBridge-t.build/Objects-normal/arm64/WolfOSBridge-Swift.h -serialize-diagnostics-path /Users/admin/builder/spi-builder-workspace/.derivedData/Build/Intermediates.noindex/WolfOSBridge.build/Debug-watchos/WolfOSBridge-t.build/Objects-normal/arm64/WolfOSBridge-primary-emit-module.dia -emit-dependencies-path /Users/admin/builder/spi-builder-workspace/.derivedData/Build/Intermediates.noindex/WolfOSBridge.build/Debug-watchos/WolfOSBridge-t.build/Objects-normal/arm64/WolfOSBridge-primary-emit-module.d -parse-as-library -o /Users/admin/builder/spi-builder-workspace/.derivedData/Build/Intermediates.noindex/WolfOSBridge.build/Debug-watchos/WolfOSBridge-t.build/Objects-normal/arm64/WolfOSBridge.swiftmodule -emit-abi-descriptor-path /Users/admin/builder/spi-builder-workspace/.derivedData/Build/Intermediates.noindex/WolfOSBridge.build/Debug-watchos/WolfOSBridge-t.build/Objects-normal/arm64/WolfOSBridge.abi.json
SwiftCompile normal arm64 (in target 'WolfOSBridge' from project 'WolfOSBridge')
    cd /Users/admin/builder/spi-builder-workspace/.swiftpm/xcode

SwiftCompile normal arm64 Compiling\ OSView.swift /Users/admin/builder/spi-builder-workspace/.dependencies/checkouts/WolfOSBridge/Sources/WolfOSBridge/OSView.swift (in target 'WolfOSBridge' from project 'WolfOSBridge')
/Users/admin/builder/spi-builder-workspace/.dependencies/checkouts/WolfOSBridge/Sources/WolfOSBridge/OSView.swift:28:27: error: 'UIView' is unavailable in watchOS
26 |
27 | import UIKit
28 | public typealias OSView = UIView
   |                           `- error: 'UIView' is unavailable in watchOS
29 | public typealias OSImageView = UIImageView
30 | public typealias OSEdgeInsets = UIEdgeInsets
/Applications/Xcode-27.0.0-Release.Candidate.app/Contents/Developer/Platforms/WatchOS.platform/Developer/SDKs/WatchOS27.0.sdk/System/Library/Frameworks/UIKit.framework/Headers/UIView.h:152:12: note: 'UIView' has been explicitly marked unavailable here
150 |
151 | UIKIT_EXTERN API_AVAILABLE(ios(2.0)) API_UNAVAILABLE(watchos) NS_SWIFT_UI_ACTOR
152 | @interface UIView : UIResponder <NSCoding, UIAppearance, UIAppearanceContainer, UIDynamicItem, UITraitEnvironment, UICoordinateSpace, UIFocusItem, UIFocusItemContainer, CALayerDelegate>
    |            `- note: 'UIView' has been explicitly marked unavailable here
153 |
154 | @property(class, nonatomic, readonly) Class layerClass;                        // default is [CALayer class]. Used when creating the underlying layer for the view.
/Users/admin/builder/spi-builder-workspace/.dependencies/checkouts/WolfOSBridge/Sources/WolfOSBridge/OSView.swift:29:32: error: 'UIImageView' is unavailable in watchOS
27 | import UIKit
28 | public typealias OSView = UIView
29 | public typealias OSImageView = UIImageView
   |                                `- error: 'UIImageView' is unavailable in watchOS
30 | public typealias OSEdgeInsets = UIEdgeInsets
31 | public let OSEdgeInsetsZero = UIEdgeInsets.zero
/Applications/Xcode-27.0.0-Release.Candidate.app/Contents/Developer/Platforms/WatchOS.platform/Developer/SDKs/WatchOS27.0.sdk/System/Library/Frameworks/UIKit.framework/Headers/UIImageView.h:21:12: note: 'UIImageView' has been explicitly marked unavailable here
 19 |
 20 | UIKIT_EXTERN API_AVAILABLE(ios(2.0)) API_UNAVAILABLE(watchos) NS_SWIFT_UI_ACTOR
 21 | @interface UIImageView : UIView
    |            `- note: 'UIImageView' has been explicitly marked unavailable here
 22 |
 23 | - (instancetype)initWithImage:(nullable UIImage *)image;
/Users/admin/builder/spi-builder-workspace/.dependencies/checkouts/WolfOSBridge/Sources/WolfOSBridge/OSView.swift:32:38: error: 'UIView' is unavailable in watchOS
30 | public typealias OSEdgeInsets = UIEdgeInsets
31 | public let OSEdgeInsetsZero = UIEdgeInsets.zero
32 | public let OSViewNoIntrinsicMetric = UIView.noIntrinsicMetric
   |                                      `- error: 'UIView' is unavailable in watchOS
33 | public typealias OSColor = UIColor
34 |
/Applications/Xcode-27.0.0-Release.Candidate.app/Contents/Developer/Platforms/WatchOS.platform/Developer/SDKs/WatchOS27.0.sdk/System/Library/Frameworks/UIKit.framework/Headers/UIView.h:152:12: note: 'UIView' has been explicitly marked unavailable here
150 |
151 | UIKIT_EXTERN API_AVAILABLE(ios(2.0)) API_UNAVAILABLE(watchos) NS_SWIFT_UI_ACTOR
152 | @interface UIView : UIResponder <NSCoding, UIAppearance, UIAppearanceContainer, UIDynamicItem, UITraitEnvironment, UICoordinateSpace, UIFocusItem, UIFocusItemContainer, CALayerDelegate>
    |            `- note: 'UIView' has been explicitly marked unavailable here
153 |
154 | @property(class, nonatomic, readonly) Class layerClass;                        // default is [CALayer class]. Used when creating the underlying layer for the view.
/Users/admin/builder/spi-builder-workspace/.dependencies/checkouts/WolfOSBridge/Sources/WolfOSBridge/OSView.swift:32:45: error: 'noIntrinsicMetric' is unavailable in watchOS
30 | public typealias OSEdgeInsets = UIEdgeInsets
31 | public let OSEdgeInsetsZero = UIEdgeInsets.zero
32 | public let OSViewNoIntrinsicMetric = UIView.noIntrinsicMetric
   |                                             `- error: 'noIntrinsicMetric' is unavailable in watchOS
33 | public typealias OSColor = UIColor
34 |
/Applications/Xcode-27.0.0-Release.Candidate.app/Contents/Developer/Platforms/WatchOS.platform/Developer/SDKs/WatchOS27.0.sdk/System/Library/Frameworks/UIKit.framework/Headers/UIView.h:547:28: note: 'noIntrinsicMetric' has been explicitly marked unavailable here
545 |  Note that not all views have an intrinsicContentSize.  UIView's default implementation is to return (UIViewNoIntrinsicMetric, UIViewNoIntrinsicMetric).  The _intrinsic_ content size is concerned only with data that is in the view itself, not in other views. Remember that you can also set constant width or height constraints on any view, and you don't need to override intrinsicContentSize if these dimensions won't be changing with changing view content.
546 |  */
547 | UIKIT_EXTERN const CGFloat UIViewNoIntrinsicMetric API_AVAILABLE(ios(6.0)) API_UNAVAILABLE(watchos); // -1
    |                            `- note: 'noIntrinsicMetric' has been explicitly marked unavailable here
548 | @property(nonatomic, readonly) CGSize intrinsicContentSize API_AVAILABLE(ios(6.0));
549 | - (void)invalidateIntrinsicContentSize API_AVAILABLE(ios(6.0)); // call this when something changes that affects the intrinsicContentSize.  Otherwise UIKit won't notice that it changed.
SwiftCompile normal arm64 /Users/admin/builder/spi-builder-workspace/.dependencies/checkouts/WolfOSBridge/Sources/WolfOSBridge/OSView.swift (in target 'WolfOSBridge' from project 'WolfOSBridge')
    cd /Users/admin/builder/spi-builder-workspace/.swiftpm/xcode
    builtin-SwiftPerFileCompile OSView.swift
SwiftCompile normal arm64_32 Compiling\ OSView.swift /Users/admin/builder/spi-builder-workspace/.dependencies/checkouts/WolfOSBridge/Sources/WolfOSBridge/OSView.swift (in target 'WolfOSBridge' from project 'WolfOSBridge')
/Users/admin/builder/spi-builder-workspace/.dependencies/checkouts/WolfOSBridge/Sources/WolfOSBridge/OSView.swift:28:27: error: 'UIView' is unavailable in watchOS
26 |
27 | import UIKit
28 | public typealias OSView = UIView
   |                           `- error: 'UIView' is unavailable in watchOS
29 | public typealias OSImageView = UIImageView
30 | public typealias OSEdgeInsets = UIEdgeInsets
/Applications/Xcode-27.0.0-Release.Candidate.app/Contents/Developer/Platforms/WatchOS.platform/Developer/SDKs/WatchOS27.0.sdk/System/Library/Frameworks/UIKit.framework/Headers/UIView.h:152:12: note: 'UIView' has been explicitly marked unavailable here
150 |
151 | UIKIT_EXTERN API_AVAILABLE(ios(2.0)) API_UNAVAILABLE(watchos) NS_SWIFT_UI_ACTOR
152 | @interface UIView : UIResponder <NSCoding, UIAppearance, UIAppearanceContainer, UIDynamicItem, UITraitEnvironment, UICoordinateSpace, UIFocusItem, UIFocusItemContainer, CALayerDelegate>
    |            `- note: 'UIView' has been explicitly marked unavailable here
153 |
154 | @property(class, nonatomic, readonly) Class layerClass;                        // default is [CALayer class]. Used when creating the underlying layer for the view.
/Users/admin/builder/spi-builder-workspace/.dependencies/checkouts/WolfOSBridge/Sources/WolfOSBridge/OSView.swift:29:32: error: 'UIImageView' is unavailable in watchOS
27 | import UIKit
28 | public typealias OSView = UIView
29 | public typealias OSImageView = UIImageView
   |                                `- error: 'UIImageView' is unavailable in watchOS
30 | public typealias OSEdgeInsets = UIEdgeInsets
31 | public let OSEdgeInsetsZero = UIEdgeInsets.zero
/Applications/Xcode-27.0.0-Release.Candidate.app/Contents/Developer/Platforms/WatchOS.platform/Developer/SDKs/WatchOS27.0.sdk/System/Library/Frameworks/UIKit.framework/Headers/UIImageView.h:21:12: note: 'UIImageView' has been explicitly marked unavailable here
 19 |
 20 | UIKIT_EXTERN API_AVAILABLE(ios(2.0)) API_UNAVAILABLE(watchos) NS_SWIFT_UI_ACTOR
 21 | @interface UIImageView : UIView
    |            `- note: 'UIImageView' has been explicitly marked unavailable here
 22 |
 23 | - (instancetype)initWithImage:(nullable UIImage *)image;
/Users/admin/builder/spi-builder-workspace/.dependencies/checkouts/WolfOSBridge/Sources/WolfOSBridge/OSView.swift:32:38: error: 'UIView' is unavailable in watchOS
30 | public typealias OSEdgeInsets = UIEdgeInsets
31 | public let OSEdgeInsetsZero = UIEdgeInsets.zero
32 | public let OSViewNoIntrinsicMetric = UIView.noIntrinsicMetric
   |                                      `- error: 'UIView' is unavailable in watchOS
33 | public typealias OSColor = UIColor
34 |
/Applications/Xcode-27.0.0-Release.Candidate.app/Contents/Developer/Platforms/WatchOS.platform/Developer/SDKs/WatchOS27.0.sdk/System/Library/Frameworks/UIKit.framework/Headers/UIView.h:152:12: note: 'UIView' has been explicitly marked unavailable here
150 |
151 | UIKIT_EXTERN API_AVAILABLE(ios(2.0)) API_UNAVAILABLE(watchos) NS_SWIFT_UI_ACTOR
152 | @interface UIView : UIResponder <NSCoding, UIAppearance, UIAppearanceContainer, UIDynamicItem, UITraitEnvironment, UICoordinateSpace, UIFocusItem, UIFocusItemContainer, CALayerDelegate>
    |            `- note: 'UIView' has been explicitly marked unavailable here
153 |
154 | @property(class, nonatomic, readonly) Class layerClass;                        // default is [CALayer class]. Used when creating the underlying layer for the view.
SwiftCompile normal arm64_32 /Users/admin/builder/spi-builder-workspace/.dependencies/checkouts/WolfOSBridge/Sources/WolfOSBridge/OSView.swift (in target 'WolfOSBridge' from project 'WolfOSBridge')
    cd /Users/admin/builder/spi-builder-workspace/.swiftpm/xcode
    builtin-SwiftPerFileCompile OSView.swift
SwiftExplicitDependencyGeneratePcm arm64 /Users/admin/builder/spi-builder-workspace/.derivedData/SDKExplicitPrecompiledModules/GameKit-2OAP0JW72FQEVKWXEII7VBNN4.pcm
SwiftExplicitDependencyGeneratePcm arm64_32 /Users/admin/builder/spi-builder-workspace/.derivedData/SDKExplicitPrecompiledModules/GameKit-9YARQLRYUQZ38FB377YEWWI4O.pcm
PruneExplicitPrecompiledModules /Users/admin/builder/spi-builder-workspace/.derivedData/Build/Intermediates.noindex/SwiftExplicitPrecompiledModules
PruneExplicitPrecompiledModules /Users/admin/builder/spi-builder-workspace/.derivedData/SDKExplicitPrecompiledModules
PruneExplicitPrecompiledModules /Users/admin/builder/spi-builder-workspace/.derivedData/Build/Intermediates.noindex/ExplicitPrecompiledModules
2026-09-16 03:08:25.305 xcodebuild[1190:6364] [MT] IDERunDestination: Supported platforms for the buildables in the current scheme is empty.
** BUILD FAILED **
The following build commands failed:
	SwiftEmitModule normal arm64 Emitting\ module\ for\ WolfOSBridge (in target 'WolfOSBridge' from project 'WolfOSBridge')
	SwiftCompile normal arm64 (in target 'WolfOSBridge' from project 'WolfOSBridge')
	Building workspace WolfStrings with scheme WolfStrings
(3 failures)
BUILD FAILURE 6.4 watchOS