Build Information
Failed to build WWScrollableMaskImageView, reference main (60d7d7), with Swift 6.4 for watchOS using Xcode 27.0 on 20 Sep 2026 10:45:14 UTC.
Build Command
env DEVELOPER_DIR=/Applications/Xcode-27.0.0-Release.Candidate.app xcrun xcodebuild -IDEClonedSourcePackagesDirPathOverride=$PWD/.dependencies -skipMacroValidation -skipPackagePluginValidation -derivedDataPath $PWD/.derivedData build -scheme WWScrollableMaskImageView -destination generic/platform=watchOSBuild Log
========================================
RunAll
========================================
Builder version: 5.1.0
Interrupt handler set up.
========================================
Checkout
========================================
Clone URL: https://github.com/William-Weng/WWScrollableMaskImageView.git
Reference: main
Initialized empty Git repository in /Users/admin/builder/spi-builder-workspace/.git/
From https://github.com/William-Weng/WWScrollableMaskImageView
* branch main -> FETCH_HEAD
* [new branch] main -> origin/main
HEAD is now at 60d7d76 - 加上PrivacyInfo.xcprivacy - 更新ReadMe
Cloned https://github.com/William-Weng/WWScrollableMaskImageView.git
Revision (git rev-parse @):
60d7d76fa204a55773da935b8662df74ab346d51
SUCCESS checkout https://github.com/William-Weng/WWScrollableMaskImageView.git at main
========================================
Build
========================================
Selected platform: watchOS
Swift version: 6.4
Building package at path: $PWD
https://github.com/William-Weng/WWScrollableMaskImageView.git
Command line invocation:
/Applications/Xcode-27.0.0-Release.Candidate.app/Contents/Developer/usr/bin/xcodebuild -IDEClonedSourcePackagesDirPathOverride=/Users/admin/builder/spi-builder-workspace/.dependencies -resolvePackageDependencies
Resolve Package Graph
Resolve Package Graph
Resolved source packages:
WWScrollableMaskImageView: /Users/admin/builder/spi-builder-workspace
resolved source packages: WWScrollableMaskImageView
2026-09-20 06:44:25.466 xcodebuild[529:3054] [MT] IDERunDestination: Supported platforms for the buildables in the current scheme is empty.
{
"dependencies" : [
],
"manifest_display_name" : "WWScrollableMaskImageView",
"name" : "WWScrollableMaskImageView",
"path" : "/Users/admin/builder/spi-builder-workspace",
"platforms" : [
{
"name" : "ios",
"version" : "14.0"
}
],
"products" : [
{
"name" : "WWScrollableMaskImageView",
"targets" : [
"WWScrollableMaskImageView"
],
"type" : {
"library" : [
"automatic"
]
}
}
],
"swift_languages_versions" : [
"5"
],
"targets" : [
{
"c99name" : "WWScrollableMaskImageView",
"module_type" : "SwiftTarget",
"name" : "WWScrollableMaskImageView",
"path" : "Sources/WWScrollableMaskImageView",
"product_memberships" : [
"WWScrollableMaskImageView"
],
"resources" : [
{
"path" : "/Users/admin/builder/spi-builder-workspace/Sources/WWScrollableMaskImageView/Privacy",
"rule" : {
"copy" : {
}
}
},
{
"path" : "/Users/admin/builder/spi-builder-workspace/Sources/WWScrollableMaskImageView/Xib/WWScrollableMaskImageView.xib",
"rule" : {
"process" : {
}
}
}
],
"sources" : [
"WWScrollableMaskImageView.swift"
],
"type" : "library"
}
],
"tools_version" : "5.6"
}
{
"workspace" : {
"name" : "WWScrollableMaskImageView",
"schemes" : [
"WWScrollableMaskImageView"
]
}
}
2026-09-20 06:45:06.864 xcodebuild[660:4244] [MT] IDERunDestination: Supported platforms for the buildables in the current scheme is empty.
Running build ...
env DEVELOPER_DIR=/Applications/Xcode-27.0.0-Release.Candidate.app xcrun xcodebuild -IDEClonedSourcePackagesDirPathOverride=$PWD/.dependencies -skipMacroValidation -skipPackagePluginValidation -derivedDataPath $PWD/.derivedData build -scheme WWScrollableMaskImageView -destination generic/platform=watchOS
Command line invocation:
/Applications/Xcode-27.0.0-Release.Candidate.app/Contents/Developer/usr/bin/xcodebuild -IDEClonedSourcePackagesDirPathOverride=/Users/admin/builder/spi-builder-workspace/.dependencies -skipMacroValidation -skipPackagePluginValidation -derivedDataPath /Users/admin/builder/spi-builder-workspace/.derivedData build -scheme WWScrollableMaskImageView -destination generic/platform=watchOS
Resolve Package Graph
Resolved source packages:
WWScrollableMaskImageView: /Users/admin/builder/spi-builder-workspace
ComputePackagePrebuildTargetDependencyGraph
Prepare packages
CreateBuildRequest
SendProjectDescription
CreateBuildOperation
ComputeTargetDependencyGraph
note: Building targets in dependency order
note: Target dependency graph (3 targets)
Target 'WWScrollableMaskImageView-product' in project 'WWScrollableMaskImageView'
➜ Explicit dependency on target 'WWScrollableMaskImageView' in project 'WWScrollableMaskImageView'
➜ Explicit dependency on target 'WWScrollableMaskImageView_WWScrollableMaskImageView' in project 'WWScrollableMaskImageView'
Target 'WWScrollableMaskImageView' in project 'WWScrollableMaskImageView'
➜ Explicit dependency on target 'WWScrollableMaskImageView_WWScrollableMaskImageView' in project 'WWScrollableMaskImageView'
Target 'WWScrollableMaskImageView_WWScrollableMaskImageView' in project 'WWScrollableMaskImageView' (no dependencies)
GatherProvisioningInputs
CreateBuildDescription
ExecuteExternalTool /Applications/Xcode-27.0.0-Release.Candidate.app/Contents/Developer/Toolchains/XcodeDefault.xctoolchain/usr/bin/clang -v -E -dM -isysroot /Applications/Xcode-27.0.0-Release.Candidate.app/Contents/Developer/Platforms/WatchOS.platform/Developer/SDKs/WatchOS27.0.sdk -x c -c /dev/null
ExecuteExternalTool /Applications/Xcode-27.0.0-Release.Candidate.app/Contents/Developer/usr/bin/ibtool --version --output-format xml1
ExecuteExternalTool /Applications/Xcode-27.0.0-Release.Candidate.app/Contents/Developer/Toolchains/XcodeDefault.xctoolchain/usr/bin/swiftc --version
ExecuteExternalTool /Applications/Xcode-27.0.0-Release.Candidate.app/Contents/Developer/Toolchains/XcodeDefault.xctoolchain/usr/bin/ld -version_details
Build description signature: d253fde766e1bbd8707f569e2c3167f0
Build description path: /Users/admin/builder/spi-builder-workspace/.derivedData/Build/Intermediates.noindex/XCBuildData/d253fde766e1bbd8707f569e2c3167f0.xcbuilddata
CreateBuildDirectory /Users/admin/builder/spi-builder-workspace/.derivedData/ModuleCache.noindex
cd /Users/admin/builder/spi-builder-workspace/.swiftpm/xcode
builtin-create-build-directory /Users/admin/builder/spi-builder-workspace/.derivedData/ModuleCache.noindex
CreateBuildDirectory /Users/admin/builder/spi-builder-workspace/.derivedData/SDKExplicitPrecompiledModules
cd /Users/admin/builder/spi-builder-workspace/.swiftpm/xcode
builtin-create-build-directory /Users/admin/builder/spi-builder-workspace/.derivedData/SDKExplicitPrecompiledModules
CreateBuildDirectory /Users/admin/builder/spi-builder-workspace/.derivedData/CompilationCache.noindex
cd /Users/admin/builder/spi-builder-workspace/.swiftpm/xcode
builtin-create-build-directory /Users/admin/builder/spi-builder-workspace/.derivedData/CompilationCache.noindex
CreateBuildDirectory /Users/admin/builder/spi-builder-workspace/.derivedData/Build/Products
cd /Users/admin/builder/spi-builder-workspace/.swiftpm/xcode
builtin-create-build-directory /Users/admin/builder/spi-builder-workspace/.derivedData/Build/Products
CreateBuildDirectory /Users/admin/builder/spi-builder-workspace/.derivedData/Build/Intermediates.noindex
cd /Users/admin/builder/spi-builder-workspace/.swiftpm/xcode
builtin-create-build-directory /Users/admin/builder/spi-builder-workspace/.derivedData/Build/Intermediates.noindex
ClangStatCache /Applications/Xcode-27.0.0-Release.Candidate.app/Contents/Developer/Toolchains/XcodeDefault.xctoolchain/usr/bin/clang-stat-cache /Applications/Xcode-27.0.0-Release.Candidate.app/Contents/Developer/Platforms/WatchOS.platform/Developer/SDKs/WatchOS27.0.sdk /Users/admin/builder/spi-builder-workspace/.derivedData/SDKStatCaches.noindex/watchos27.0-24R360-e829b21a6f8c9b70876ba0858053c04477534ef55a1706bf4c1112bbb242f0a2.sdkstatcache
cd /Users/admin/builder/spi-builder-workspace/.swiftpm/xcode
/Applications/Xcode-27.0.0-Release.Candidate.app/Contents/Developer/Toolchains/XcodeDefault.xctoolchain/usr/bin/clang-stat-cache /Applications/Xcode-27.0.0-Release.Candidate.app/Contents/Developer/Platforms/WatchOS.platform/Developer/SDKs/WatchOS27.0.sdk -o /Users/admin/builder/spi-builder-workspace/.derivedData/SDKStatCaches.noindex/watchos27.0-24R360-e829b21a6f8c9b70876ba0858053c04477534ef55a1706bf4c1112bbb242f0a2.sdkstatcache
CreateBuildDirectory /Users/admin/builder/spi-builder-workspace/.derivedData/Build/Intermediates.noindex/SwiftExplicitPrecompiledModules
cd /Users/admin/builder/spi-builder-workspace/.swiftpm/xcode
builtin-create-build-directory /Users/admin/builder/spi-builder-workspace/.derivedData/Build/Intermediates.noindex/SwiftExplicitPrecompiledModules
CreateBuildDirectory /Users/admin/builder/spi-builder-workspace/.derivedData/Build/Products/Debug-watchos
cd /Users/admin/builder/spi-builder-workspace/.swiftpm/xcode
builtin-create-build-directory /Users/admin/builder/spi-builder-workspace/.derivedData/Build/Products/Debug-watchos
CreateBuildDirectory /Users/admin/builder/spi-builder-workspace/.derivedData/Build/Intermediates.noindex/PrecompiledHeaders
cd /Users/admin/builder/spi-builder-workspace/.swiftpm/xcode
builtin-create-build-directory /Users/admin/builder/spi-builder-workspace/.derivedData/Build/Intermediates.noindex/PrecompiledHeaders
CreateBuildDirectory /Users/admin/builder/spi-builder-workspace/.derivedData/Build/Intermediates.noindex/ExplicitPrecompiledModules
cd /Users/admin/builder/spi-builder-workspace/.swiftpm/xcode
builtin-create-build-directory /Users/admin/builder/spi-builder-workspace/.derivedData/Build/Intermediates.noindex/ExplicitPrecompiledModules
CreateBuildDirectory /Users/admin/builder/spi-builder-workspace/.derivedData/Build/Intermediates.noindex/EagerLinkingTBDs/Debug-watchos
cd /Users/admin/builder/spi-builder-workspace/.swiftpm/xcode
builtin-create-build-directory /Users/admin/builder/spi-builder-workspace/.derivedData/Build/Intermediates.noindex/EagerLinkingTBDs/Debug-watchos
CreateBuildDirectory /Users/admin/builder/spi-builder-workspace/.derivedData/Build/Products/Debug-watchos/PackageFrameworks
cd /Users/admin/builder/spi-builder-workspace/.swiftpm/xcode
builtin-create-build-directory /Users/admin/builder/spi-builder-workspace/.derivedData/Build/Products/Debug-watchos/PackageFrameworks
MkDir /Users/admin/builder/spi-builder-workspace/.derivedData/Build/Products/Debug-watchos/WWScrollableMaskImageView_WWScrollableMaskImageView.bundle (in target 'WWScrollableMaskImageView_WWScrollableMaskImageView' from project 'WWScrollableMaskImageView')
cd /Users/admin/builder/spi-builder-workspace
/bin/mkdir -p /Users/admin/builder/spi-builder-workspace/.derivedData/Build/Products/Debug-watchos/WWScrollableMaskImageView_WWScrollableMaskImageView.bundle
WriteAuxiliaryFile /Users/admin/builder/spi-builder-workspace/.derivedData/Build/Intermediates.noindex/WWScrollableMaskImageView.build/Debug-watchos/WWScrollableMaskImageView_WWScrollableMaskImageView-b.build/WWScrollableMaskImageView_WWScrollableMaskImageView.DependencyMetadataFileList (in target 'WWScrollableMaskImageView_WWScrollableMaskImageView' from project 'WWScrollableMaskImageView')
cd /Users/admin/builder/spi-builder-workspace
write-file /Users/admin/builder/spi-builder-workspace/.derivedData/Build/Intermediates.noindex/WWScrollableMaskImageView.build/Debug-watchos/WWScrollableMaskImageView_WWScrollableMaskImageView-b.build/WWScrollableMaskImageView_WWScrollableMaskImageView.DependencyMetadataFileList
WriteAuxiliaryFile /Users/admin/builder/spi-builder-workspace/.derivedData/Build/Intermediates.noindex/WWScrollableMaskImageView.build/Debug-watchos/WWScrollableMaskImageView-t.build/WWScrollableMaskImageView.modulemap (in target 'WWScrollableMaskImageView' from project 'WWScrollableMaskImageView')
cd /Users/admin/builder/spi-builder-workspace
write-file /Users/admin/builder/spi-builder-workspace/.derivedData/Build/Intermediates.noindex/WWScrollableMaskImageView.build/Debug-watchos/WWScrollableMaskImageView-t.build/WWScrollableMaskImageView.modulemap
WriteAuxiliaryFile /Users/admin/builder/spi-builder-workspace/.derivedData/Build/Intermediates.noindex/WWScrollableMaskImageView.build/Debug-watchos/WWScrollableMaskImageView-t.build/WWScrollableMaskImageView.DependencyStaticMetadataFileList (in target 'WWScrollableMaskImageView' from project 'WWScrollableMaskImageView')
cd /Users/admin/builder/spi-builder-workspace
write-file /Users/admin/builder/spi-builder-workspace/.derivedData/Build/Intermediates.noindex/WWScrollableMaskImageView.build/Debug-watchos/WWScrollableMaskImageView-t.build/WWScrollableMaskImageView.DependencyStaticMetadataFileList
WriteAuxiliaryFile /Users/admin/builder/spi-builder-workspace/.derivedData/Build/Intermediates.noindex/WWScrollableMaskImageView.build/Debug-watchos/WWScrollableMaskImageView_WWScrollableMaskImageView-b.build/WWScrollableMaskImageView_WWScrollableMaskImageView.DependencyStaticMetadataFileList (in target 'WWScrollableMaskImageView_WWScrollableMaskImageView' from project 'WWScrollableMaskImageView')
cd /Users/admin/builder/spi-builder-workspace
write-file /Users/admin/builder/spi-builder-workspace/.derivedData/Build/Intermediates.noindex/WWScrollableMaskImageView.build/Debug-watchos/WWScrollableMaskImageView_WWScrollableMaskImageView-b.build/WWScrollableMaskImageView_WWScrollableMaskImageView.DependencyStaticMetadataFileList
WriteAuxiliaryFile /Users/admin/builder/spi-builder-workspace/.derivedData/Build/Intermediates.noindex/WWScrollableMaskImageView.build/Debug-watchos/WWScrollableMaskImageView_WWScrollableMaskImageView-b.build/empty-WWScrollableMaskImageView_WWScrollableMaskImageView.plist (in target 'WWScrollableMaskImageView_WWScrollableMaskImageView' from project 'WWScrollableMaskImageView')
cd /Users/admin/builder/spi-builder-workspace
write-file /Users/admin/builder/spi-builder-workspace/.derivedData/Build/Intermediates.noindex/WWScrollableMaskImageView.build/Debug-watchos/WWScrollableMaskImageView_WWScrollableMaskImageView-b.build/empty-WWScrollableMaskImageView_WWScrollableMaskImageView.plist
WriteAuxiliaryFile /Users/admin/builder/spi-builder-workspace/.derivedData/Build/Intermediates.noindex/WWScrollableMaskImageView.build/Debug-watchos/WWScrollableMaskImageView-t.build/WWScrollableMaskImageView.DependencyMetadataFileList (in target 'WWScrollableMaskImageView' from project 'WWScrollableMaskImageView')
cd /Users/admin/builder/spi-builder-workspace
write-file /Users/admin/builder/spi-builder-workspace/.derivedData/Build/Intermediates.noindex/WWScrollableMaskImageView.build/Debug-watchos/WWScrollableMaskImageView-t.build/WWScrollableMaskImageView.DependencyMetadataFileList
WriteAuxiliaryFile /Users/admin/builder/spi-builder-workspace/.derivedData/Build/Intermediates.noindex/WWScrollableMaskImageView.build/Debug-watchos/WWScrollableMaskImageView-t.build/Objects-normal/arm64_32/WWScrollableMaskImageView.SwiftFileList (in target 'WWScrollableMaskImageView' from project 'WWScrollableMaskImageView')
cd /Users/admin/builder/spi-builder-workspace
write-file /Users/admin/builder/spi-builder-workspace/.derivedData/Build/Intermediates.noindex/WWScrollableMaskImageView.build/Debug-watchos/WWScrollableMaskImageView-t.build/Objects-normal/arm64_32/WWScrollableMaskImageView.SwiftFileList
WriteAuxiliaryFile /Users/admin/builder/spi-builder-workspace/.derivedData/Build/Intermediates.noindex/WWScrollableMaskImageView.build/Debug-watchos/WWScrollableMaskImageView-t.build/Objects-normal/arm64_32/WWScrollableMaskImageView_const_extract_protocols.json (in target 'WWScrollableMaskImageView' from project 'WWScrollableMaskImageView')
cd /Users/admin/builder/spi-builder-workspace
write-file /Users/admin/builder/spi-builder-workspace/.derivedData/Build/Intermediates.noindex/WWScrollableMaskImageView.build/Debug-watchos/WWScrollableMaskImageView-t.build/Objects-normal/arm64_32/WWScrollableMaskImageView_const_extract_protocols.json
WriteAuxiliaryFile /Users/admin/builder/spi-builder-workspace/.derivedData/Build/Intermediates.noindex/WWScrollableMaskImageView.build/Debug-watchos/WWScrollableMaskImageView-t.build/Objects-normal/arm64_32/WWScrollableMaskImageView.SwiftConstValuesFileList (in target 'WWScrollableMaskImageView' from project 'WWScrollableMaskImageView')
cd /Users/admin/builder/spi-builder-workspace
write-file /Users/admin/builder/spi-builder-workspace/.derivedData/Build/Intermediates.noindex/WWScrollableMaskImageView.build/Debug-watchos/WWScrollableMaskImageView-t.build/Objects-normal/arm64_32/WWScrollableMaskImageView.SwiftConstValuesFileList
WriteAuxiliaryFile /Users/admin/builder/spi-builder-workspace/.derivedData/Build/Intermediates.noindex/WWScrollableMaskImageView.build/Debug-watchos/WWScrollableMaskImageView-t.build/Objects-normal/arm64_32/WWScrollableMaskImageView.LinkFileList (in target 'WWScrollableMaskImageView' from project 'WWScrollableMaskImageView')
cd /Users/admin/builder/spi-builder-workspace
write-file /Users/admin/builder/spi-builder-workspace/.derivedData/Build/Intermediates.noindex/WWScrollableMaskImageView.build/Debug-watchos/WWScrollableMaskImageView-t.build/Objects-normal/arm64_32/WWScrollableMaskImageView.LinkFileList
WriteAuxiliaryFile /Users/admin/builder/spi-builder-workspace/.derivedData/Build/Intermediates.noindex/WWScrollableMaskImageView.build/Debug-watchos/WWScrollableMaskImageView-t.build/Objects-normal/arm64_32/WWScrollableMaskImageView-OutputFileMap.json (in target 'WWScrollableMaskImageView' from project 'WWScrollableMaskImageView')
cd /Users/admin/builder/spi-builder-workspace
write-file /Users/admin/builder/spi-builder-workspace/.derivedData/Build/Intermediates.noindex/WWScrollableMaskImageView.build/Debug-watchos/WWScrollableMaskImageView-t.build/Objects-normal/arm64_32/WWScrollableMaskImageView-OutputFileMap.json
WriteAuxiliaryFile /Users/admin/builder/spi-builder-workspace/.derivedData/Build/Intermediates.noindex/WWScrollableMaskImageView.build/Debug-watchos/WWScrollableMaskImageView-t.build/Objects-normal/arm64/WWScrollableMaskImageView_const_extract_protocols.json (in target 'WWScrollableMaskImageView' from project 'WWScrollableMaskImageView')
cd /Users/admin/builder/spi-builder-workspace
write-file /Users/admin/builder/spi-builder-workspace/.derivedData/Build/Intermediates.noindex/WWScrollableMaskImageView.build/Debug-watchos/WWScrollableMaskImageView-t.build/Objects-normal/arm64/WWScrollableMaskImageView_const_extract_protocols.json
WriteAuxiliaryFile /Users/admin/builder/spi-builder-workspace/.derivedData/Build/Intermediates.noindex/WWScrollableMaskImageView.build/Debug-watchos/WWScrollableMaskImageView-t.build/Objects-normal/arm64/WWScrollableMaskImageView.SwiftFileList (in target 'WWScrollableMaskImageView' from project 'WWScrollableMaskImageView')
cd /Users/admin/builder/spi-builder-workspace
write-file /Users/admin/builder/spi-builder-workspace/.derivedData/Build/Intermediates.noindex/WWScrollableMaskImageView.build/Debug-watchos/WWScrollableMaskImageView-t.build/Objects-normal/arm64/WWScrollableMaskImageView.SwiftFileList
WriteAuxiliaryFile /Users/admin/builder/spi-builder-workspace/.derivedData/Build/Intermediates.noindex/WWScrollableMaskImageView.build/Debug-watchos/WWScrollableMaskImageView-t.build/Objects-normal/arm64/WWScrollableMaskImageView.SwiftConstValuesFileList (in target 'WWScrollableMaskImageView' from project 'WWScrollableMaskImageView')
cd /Users/admin/builder/spi-builder-workspace
write-file /Users/admin/builder/spi-builder-workspace/.derivedData/Build/Intermediates.noindex/WWScrollableMaskImageView.build/Debug-watchos/WWScrollableMaskImageView-t.build/Objects-normal/arm64/WWScrollableMaskImageView.SwiftConstValuesFileList
WriteAuxiliaryFile /Users/admin/builder/spi-builder-workspace/.derivedData/Build/Intermediates.noindex/WWScrollableMaskImageView.build/Debug-watchos/WWScrollableMaskImageView-t.build/Objects-normal/arm64/WWScrollableMaskImageView.LinkFileList (in target 'WWScrollableMaskImageView' from project 'WWScrollableMaskImageView')
cd /Users/admin/builder/spi-builder-workspace
write-file /Users/admin/builder/spi-builder-workspace/.derivedData/Build/Intermediates.noindex/WWScrollableMaskImageView.build/Debug-watchos/WWScrollableMaskImageView-t.build/Objects-normal/arm64/WWScrollableMaskImageView.LinkFileList
WriteAuxiliaryFile /Users/admin/builder/spi-builder-workspace/.derivedData/Build/Intermediates.noindex/WWScrollableMaskImageView.build/Debug-watchos/WWScrollableMaskImageView-t.build/Objects-normal/arm64/WWScrollableMaskImageView-OutputFileMap.json (in target 'WWScrollableMaskImageView' from project 'WWScrollableMaskImageView')
cd /Users/admin/builder/spi-builder-workspace
write-file /Users/admin/builder/spi-builder-workspace/.derivedData/Build/Intermediates.noindex/WWScrollableMaskImageView.build/Debug-watchos/WWScrollableMaskImageView-t.build/Objects-normal/arm64/WWScrollableMaskImageView-OutputFileMap.json
Copy /Users/admin/builder/spi-builder-workspace/.derivedData/Build/Intermediates.noindex/GeneratedModuleMaps-watchos/WWScrollableMaskImageView.modulemap /Users/admin/builder/spi-builder-workspace/.derivedData/Build/Intermediates.noindex/WWScrollableMaskImageView.build/Debug-watchos/WWScrollableMaskImageView-t.build/WWScrollableMaskImageView.modulemap (in target 'WWScrollableMaskImageView' from project 'WWScrollableMaskImageView')
cd /Users/admin/builder/spi-builder-workspace
builtin-copy -exclude .DS_Store -exclude CVS -exclude .svn -exclude .git -exclude .hg -resolve-src-symlinks /Users/admin/builder/spi-builder-workspace/.derivedData/Build/Intermediates.noindex/WWScrollableMaskImageView.build/Debug-watchos/WWScrollableMaskImageView-t.build/WWScrollableMaskImageView.modulemap /Users/admin/builder/spi-builder-workspace/.derivedData/Build/Intermediates.noindex/GeneratedModuleMaps-watchos
WriteAuxiliaryFile /Users/admin/builder/spi-builder-workspace/.derivedData/Build/Intermediates.noindex/WWScrollableMaskImageView.build/Debug-watchos/WWScrollableMaskImageView-t.build/DerivedSources/resource_bundle_accessor.swift (in target 'WWScrollableMaskImageView' from project 'WWScrollableMaskImageView')
cd /Users/admin/builder/spi-builder-workspace
write-file /Users/admin/builder/spi-builder-workspace/.derivedData/Build/Intermediates.noindex/WWScrollableMaskImageView.build/Debug-watchos/WWScrollableMaskImageView-t.build/DerivedSources/resource_bundle_accessor.swift
CpResource /Users/admin/builder/spi-builder-workspace/.derivedData/Build/Products/Debug-watchos/WWScrollableMaskImageView_WWScrollableMaskImageView.bundle/Privacy /Users/admin/builder/spi-builder-workspace/Sources/WWScrollableMaskImageView/Privacy (in target 'WWScrollableMaskImageView_WWScrollableMaskImageView' from project 'WWScrollableMaskImageView')
cd /Users/admin/builder/spi-builder-workspace
builtin-copy -exclude .DS_Store -exclude CVS -exclude .svn -exclude .git -exclude .hg -resolve-src-symlinks /Users/admin/builder/spi-builder-workspace/Sources/WWScrollableMaskImageView/Privacy /Users/admin/builder/spi-builder-workspace/.derivedData/Build/Products/Debug-watchos/WWScrollableMaskImageView_WWScrollableMaskImageView.bundle
CompileXIB /Users/admin/builder/spi-builder-workspace/Sources/WWScrollableMaskImageView/Xib/WWScrollableMaskImageView.xib (in target 'WWScrollableMaskImageView_WWScrollableMaskImageView' from project 'WWScrollableMaskImageView')
cd /Users/admin/builder/spi-builder-workspace
/Applications/Xcode-27.0.0-Release.Candidate.app/Contents/Developer/usr/bin/ibtool --errors --warnings --notices --module WWScrollableMaskImageView_WWScrollableMaskImageView --output-partial-info-plist /Users/admin/builder/spi-builder-workspace/.derivedData/Build/Intermediates.noindex/WWScrollableMaskImageView.build/Debug-watchos/WWScrollableMaskImageView_WWScrollableMaskImageView-b.build/WWScrollableMaskImageView-PartialInfo.plist --auto-activate-custom-fonts --target-device watch --minimum-deployment-target 9.0 --output-format human-readable-text --compile /Users/admin/builder/spi-builder-workspace/.derivedData/Build/Products/Debug-watchos/WWScrollableMaskImageView_WWScrollableMaskImageView.bundle/WWScrollableMaskImageView.nib /Users/admin/builder/spi-builder-workspace/Sources/WWScrollableMaskImageView/Xib/WWScrollableMaskImageView.xib
/* com.apple.ibtool.errors */
/Users/admin/builder/spi-builder-workspace/Sources/WWScrollableMaskImageView/Xib/WWScrollableMaskImageView.xib: error: iOS xibs do not support target device type "watch".
PruneExplicitPrecompiledModules /Users/admin/builder/spi-builder-workspace/.derivedData/Build/Intermediates.noindex/ExplicitPrecompiledModules
PruneExplicitPrecompiledModules /Users/admin/builder/spi-builder-workspace/.derivedData/SDKExplicitPrecompiledModules
PruneExplicitPrecompiledModules /Users/admin/builder/spi-builder-workspace/.derivedData/Build/Intermediates.noindex/SwiftExplicitPrecompiledModules
2026-09-20 06:45:08.454 xcodebuild[661:4288] [MT] IDERunDestination: Supported platforms for the buildables in the current scheme is empty.
** BUILD FAILED **
The following build commands failed:
CompileXIB /Users/admin/builder/spi-builder-workspace/Sources/WWScrollableMaskImageView/Xib/WWScrollableMaskImageView.xib (in target 'WWScrollableMaskImageView_WWScrollableMaskImageView' from project 'WWScrollableMaskImageView')
Building workspace WWScrollableMaskImageView with scheme WWScrollableMaskImageView
(2 failures)
Command line invocation:
/Applications/Xcode-27.0.0-Release.Candidate.app/Contents/Developer/usr/bin/xcodebuild -IDEClonedSourcePackagesDirPathOverride=/Users/admin/builder/spi-builder-workspace/.dependencies -resolvePackageDependencies
Resolve Package Graph
Resolved source packages:
WWScrollableMaskImageView: /Users/admin/builder/spi-builder-workspace
resolved source packages: WWScrollableMaskImageView
2026-09-20 06:45:12.011 xcodebuild[680:4443] [MT] IDERunDestination: Supported platforms for the buildables in the current scheme is empty.
{
"dependencies" : [
],
"manifest_display_name" : "WWScrollableMaskImageView",
"name" : "WWScrollableMaskImageView",
"path" : "/Users/admin/builder/spi-builder-workspace",
"platforms" : [
{
"name" : "ios",
"version" : "14.0"
}
],
"products" : [
{
"name" : "WWScrollableMaskImageView",
"targets" : [
"WWScrollableMaskImageView"
],
"type" : {
"library" : [
"automatic"
]
}
}
],
"swift_languages_versions" : [
"5"
],
"targets" : [
{
"c99name" : "WWScrollableMaskImageView",
"module_type" : "SwiftTarget",
"name" : "WWScrollableMaskImageView",
"path" : "Sources/WWScrollableMaskImageView",
"product_memberships" : [
"WWScrollableMaskImageView"
],
"resources" : [
{
"path" : "/Users/admin/builder/spi-builder-workspace/Sources/WWScrollableMaskImageView/Privacy",
"rule" : {
"copy" : {
}
}
},
{
"path" : "/Users/admin/builder/spi-builder-workspace/Sources/WWScrollableMaskImageView/Xib/WWScrollableMaskImageView.xib",
"rule" : {
"process" : {
}
}
}
],
"sources" : [
"WWScrollableMaskImageView.swift"
],
"type" : "library"
}
],
"tools_version" : "5.6"
}
{
"workspace" : {
"name" : "WWScrollableMaskImageView",
"schemes" : [
"WWScrollableMaskImageView"
]
}
}
2026-09-20 06:45:13.215 xcodebuild[688:4500] [MT] IDERunDestination: Supported platforms for the buildables in the current scheme is empty.
Running build ...
env DEVELOPER_DIR=/Applications/Xcode-27.0.0-Release.Candidate.app xcrun xcodebuild -IDEClonedSourcePackagesDirPathOverride=$PWD/.dependencies -skipMacroValidation -skipPackagePluginValidation -derivedDataPath $PWD/.derivedData build -scheme WWScrollableMaskImageView -destination generic/platform=watchOS
Command line invocation:
/Applications/Xcode-27.0.0-Release.Candidate.app/Contents/Developer/usr/bin/xcodebuild -IDEClonedSourcePackagesDirPathOverride=/Users/admin/builder/spi-builder-workspace/.dependencies -skipMacroValidation -skipPackagePluginValidation -derivedDataPath /Users/admin/builder/spi-builder-workspace/.derivedData build -scheme WWScrollableMaskImageView -destination generic/platform=watchOS
Resolve Package Graph
Resolved source packages:
WWScrollableMaskImageView: /Users/admin/builder/spi-builder-workspace
ComputePackagePrebuildTargetDependencyGraph
Prepare packages
CreateBuildRequest
SendProjectDescription
CreateBuildOperation
ComputeTargetDependencyGraph
note: Building targets in dependency order
note: Target dependency graph (3 targets)
Target 'WWScrollableMaskImageView-product' in project 'WWScrollableMaskImageView'
➜ Explicit dependency on target 'WWScrollableMaskImageView' in project 'WWScrollableMaskImageView'
➜ Explicit dependency on target 'WWScrollableMaskImageView_WWScrollableMaskImageView' in project 'WWScrollableMaskImageView'
Target 'WWScrollableMaskImageView' in project 'WWScrollableMaskImageView'
➜ Explicit dependency on target 'WWScrollableMaskImageView_WWScrollableMaskImageView' in project 'WWScrollableMaskImageView'
Target 'WWScrollableMaskImageView_WWScrollableMaskImageView' in project 'WWScrollableMaskImageView' (no dependencies)
GatherProvisioningInputs
CreateBuildDescription
ClangStatCache /Applications/Xcode-27.0.0-Release.Candidate.app/Contents/Developer/Toolchains/XcodeDefault.xctoolchain/usr/bin/clang-stat-cache /Applications/Xcode-27.0.0-Release.Candidate.app/Contents/Developer/Platforms/WatchOS.platform/Developer/SDKs/WatchOS27.0.sdk /Users/admin/builder/spi-builder-workspace/.derivedData/SDKStatCaches.noindex/watchos27.0-24R360-e829b21a6f8c9b70876ba0858053c04477534ef55a1706bf4c1112bbb242f0a2.sdkstatcache
cd /Users/admin/builder/spi-builder-workspace/.swiftpm/xcode
/Applications/Xcode-27.0.0-Release.Candidate.app/Contents/Developer/Toolchains/XcodeDefault.xctoolchain/usr/bin/clang-stat-cache /Applications/Xcode-27.0.0-Release.Candidate.app/Contents/Developer/Platforms/WatchOS.platform/Developer/SDKs/WatchOS27.0.sdk -o /Users/admin/builder/spi-builder-workspace/.derivedData/SDKStatCaches.noindex/watchos27.0-24R360-e829b21a6f8c9b70876ba0858053c04477534ef55a1706bf4c1112bbb242f0a2.sdkstatcache
CompileXIB /Users/admin/builder/spi-builder-workspace/Sources/WWScrollableMaskImageView/Xib/WWScrollableMaskImageView.xib (in target 'WWScrollableMaskImageView_WWScrollableMaskImageView' from project 'WWScrollableMaskImageView')
cd /Users/admin/builder/spi-builder-workspace
/Applications/Xcode-27.0.0-Release.Candidate.app/Contents/Developer/usr/bin/ibtool --errors --warnings --notices --module WWScrollableMaskImageView_WWScrollableMaskImageView --output-partial-info-plist /Users/admin/builder/spi-builder-workspace/.derivedData/Build/Intermediates.noindex/WWScrollableMaskImageView.build/Debug-watchos/WWScrollableMaskImageView_WWScrollableMaskImageView-b.build/WWScrollableMaskImageView-PartialInfo.plist --auto-activate-custom-fonts --target-device watch --minimum-deployment-target 9.0 --output-format human-readable-text --compile /Users/admin/builder/spi-builder-workspace/.derivedData/Build/Products/Debug-watchos/WWScrollableMaskImageView_WWScrollableMaskImageView.bundle/WWScrollableMaskImageView.nib /Users/admin/builder/spi-builder-workspace/Sources/WWScrollableMaskImageView/Xib/WWScrollableMaskImageView.xib
/* com.apple.ibtool.errors */
/Users/admin/builder/spi-builder-workspace/Sources/WWScrollableMaskImageView/Xib/WWScrollableMaskImageView.xib: error: iOS xibs do not support target device type "watch".
PruneExplicitPrecompiledModules /Users/admin/builder/spi-builder-workspace/.derivedData/Build/Intermediates.noindex/ExplicitPrecompiledModules
PruneExplicitPrecompiledModules /Users/admin/builder/spi-builder-workspace/.derivedData/Build/Intermediates.noindex/SwiftExplicitPrecompiledModules
PruneExplicitPrecompiledModules /Users/admin/builder/spi-builder-workspace/.derivedData/SDKExplicitPrecompiledModules
2026-09-20 06:45:14.120 xcodebuild[689:4523] [MT] IDERunDestination: Supported platforms for the buildables in the current scheme is empty.
** BUILD FAILED **
The following build commands failed:
CompileXIB /Users/admin/builder/spi-builder-workspace/Sources/WWScrollableMaskImageView/Xib/WWScrollableMaskImageView.xib (in target 'WWScrollableMaskImageView_WWScrollableMaskImageView' from project 'WWScrollableMaskImageView')
Building workspace WWScrollableMaskImageView with scheme WWScrollableMaskImageView
(2 failures)
BUILD FAILURE 6.4 watchOS