Build Information
Failed to build Red5WebRTCKit, reference 1.0.0 (0ad947), with Swift 6.4 for iOS using Xcode 27.0 on 25 Sep 2026 16:17:37 UTC.
Build Command
env DEVELOPER_DIR=/Applications/Xcode-27.0.0-Release.Candidate.app xcrun xcodebuild -IDEClonedSourcePackagesDirPathOverride=$PWD/.dependencies -skipMacroValidation -skipPackagePluginValidation -derivedDataPath $PWD/.derivedData build -scheme Red5WebRTCKit-Package -destination generic/platform=iOSBuild Log
========================================
RunAll
========================================
Builder version: 5.1.0
Interrupt handler set up.
========================================
Checkout
========================================
Clone URL: https://github.com/red5pro/red5pro-ios-sdk.git
Reference: 1.0.0
Initialized empty Git repository in /Users/admin/builder/spi-builder-workspace/.git/
From https://github.com/red5pro/red5pro-ios-sdk
* tag 1.0.0 -> FETCH_HEAD
HEAD is now at 0ad9474 Release: 1.0.0
Cloned https://github.com/red5pro/red5pro-ios-sdk.git
Revision (git rev-parse @):
0ad947403ca77ce2c3cb89c479590e26031c7ebe
SUCCESS checkout https://github.com/red5pro/red5pro-ios-sdk.git at 1.0.0
========================================
Build
========================================
Selected platform: iOS
Swift version: 6.4
Building package at path: $PWD
https://github.com/red5pro/red5pro-ios-sdk.git
Command line invocation:
/Applications/Xcode-27.0.0-Release.Candidate.app/Contents/Developer/usr/bin/xcodebuild -IDEClonedSourcePackagesDirPathOverride=/Users/admin/builder/spi-builder-workspace/.dependencies -resolvePackageDependencies
Resolve Package Graph
Fetching from https://github.com/stasel/WebRTC.git
Fetching from https://github.com/pubnub/swift.git
Creating working copy of package ‘swift’
Checking out 10.2.0 of package ‘swift’
Creating working copy of package ‘WebRTC’
Checking out 140.0.0 of package ‘WebRTC’
dependency 'webrtc' is not used by any targetResolve Package Graph
dependency 'webrtc' is not used by any target
Resolved source packages:
PubNubSDK: https://github.com/pubnub/swift.git @ 10.2.0
Red5WebRTCKit: /Users/admin/builder/spi-builder-workspace
WebRTC: https://github.com/stasel/WebRTC.git @ 140.0.0
resolved source packages: PubNubSDK, Red5WebRTCKit, WebRTC
2026-09-25 12:16:51.465 xcodebuild[529:3014] [MT] IDERunDestination: Supported platforms for the buildables in the current scheme is empty.
{
"dependencies" : [
{
"identity" : "webrtc",
"requirement" : {
"range" : [
{
"lower_bound" : "140.0.0",
"upper_bound" : "141.0.0"
}
]
},
"type" : "sourceControl",
"url" : "https://github.com/stasel/WebRTC.git"
},
{
"identity" : "swift",
"requirement" : {
"range" : [
{
"lower_bound" : "10.0.1",
"upper_bound" : "11.0.0"
}
]
},
"type" : "sourceControl",
"url" : "https://github.com/pubnub/swift.git"
}
],
"manifest_display_name" : "Red5WebRTCKit",
"name" : "Red5WebRTCKit",
"path" : "/Users/admin/builder/spi-builder-workspace",
"platforms" : [
{
"name" : "ios",
"version" : "15.0"
}
],
"products" : [
{
"name" : "Red5WebRTCKit",
"targets" : [
"Red5WebRTCKit"
],
"type" : {
"library" : [
"automatic"
]
}
},
{
"name" : "Red5PubNubClient",
"targets" : [
"Red5PubNubClient"
],
"type" : {
"library" : [
"automatic"
]
}
}
],
"targets" : [
{
"c99name" : "Red5WebRTCKit",
"module_type" : "BinaryTarget",
"name" : "Red5WebRTCKit",
"path" : "remote/archive/Red5WebRTCKit-1.0.0-release.b7.red5cloud.xcframework.zip",
"product_memberships" : [
"Red5WebRTCKit",
"Red5PubNubClient"
],
"sources" : [
],
"type" : "binary"
},
{
"c99name" : "Red5PubNubClient",
"module_type" : "SwiftTarget",
"name" : "Red5PubNubClient",
"path" : "Sources/Red5PubNubClient",
"product_dependencies" : [
"PubNubSDK"
],
"product_memberships" : [
"Red5PubNubClient"
],
"sources" : [
"Red5PubNubClient.swift",
"Red5PubNubClientListener.swift"
],
"target_dependencies" : [
"Red5WebRTCKit"
],
"type" : "library"
}
],
"tools_version" : "5.9"
}
{
"workspace" : {
"name" : "Red5WebRTCKit",
"schemes" : [
"Red5PubNubClient",
"Red5WebRTCKit",
"Red5WebRTCKit-Package"
]
}
}
2026-09-25 12:17:23.700 xcodebuild[745:4369] [MT] IDERunDestination: Supported platforms for the buildables in the current scheme is empty.
Running build ...
env DEVELOPER_DIR=/Applications/Xcode-27.0.0-Release.Candidate.app xcrun xcodebuild -IDEClonedSourcePackagesDirPathOverride=$PWD/.dependencies -skipMacroValidation -skipPackagePluginValidation -derivedDataPath $PWD/.derivedData build -scheme Red5WebRTCKit-Package -destination generic/platform=iOS
Command line invocation:
/Applications/Xcode-27.0.0-Release.Candidate.app/Contents/Developer/usr/bin/xcodebuild -IDEClonedSourcePackagesDirPathOverride=/Users/admin/builder/spi-builder-workspace/.dependencies -skipMacroValidation -skipPackagePluginValidation -derivedDataPath /Users/admin/builder/spi-builder-workspace/.derivedData build -scheme Red5WebRTCKit-Package -destination generic/platform=iOS
Resolve Package Graph
dependency 'webrtc' is not used by any target
Resolve Package Graph
dependency 'webrtc' is not used by any target
Resolved source packages:
Red5WebRTCKit: /Users/admin/builder/spi-builder-workspace
WebRTC: https://github.com/stasel/WebRTC.git @ 140.0.0
PubNubSDK: https://github.com/pubnub/swift.git @ 10.2.0
ComputePackagePrebuildTargetDependencyGraph
Prepare packages
CreateBuildRequest
SendProjectDescription
CreateBuildOperation
ComputeTargetDependencyGraph
note: Building targets in dependency order
note: Target dependency graph (6 targets)
Target 'Red5PubNubClient-product' in project 'Red5WebRTCKit'
➜ Explicit dependency on target 'Red5PubNubClient' in project 'Red5WebRTCKit'
➜ Explicit dependency on target 'PubNubSDK-product' in project 'PubNubSDK'
Target 'Red5PubNubClient' in project 'Red5WebRTCKit'
➜ Explicit dependency on target 'PubNubSDK-product' in project 'PubNubSDK'
Target 'PubNubSDK-product' in project 'PubNubSDK'
➜ Explicit dependency on target 'PubNubSDK' in project 'PubNubSDK'
➜ Explicit dependency on target 'PubNubSDK_PubNubSDK' in project 'PubNubSDK'
Target 'PubNubSDK' in project 'PubNubSDK'
➜ Explicit dependency on target 'PubNubSDK_PubNubSDK' in project 'PubNubSDK'
Target 'PubNubSDK_PubNubSDK' in project 'PubNubSDK' (no dependencies)
Target 'Red5WebRTCKit-product' in project 'Red5WebRTCKit' (no dependencies)
GatherProvisioningInputs
CreateBuildDescription
ExecuteExternalTool /Applications/Xcode-27.0.0-Release.Candidate.app/Contents/Developer/Toolchains/XcodeDefault.xctoolchain/usr/bin/clang -v -E -dM -isysroot /Applications/Xcode-27.0.0-Release.Candidate.app/Contents/Developer/Platforms/iPhoneOS.platform/Developer/SDKs/iPhoneOS27.0.sdk -x c -c /dev/null
ExecuteExternalTool /Applications/Xcode-27.0.0-Release.Candidate.app/Contents/Developer/Toolchains/XcodeDefault.xctoolchain/usr/bin/swiftc --version
ExecuteExternalTool /Applications/Xcode-27.0.0-Release.Candidate.app/Contents/Developer/Toolchains/XcodeDefault.xctoolchain/usr/bin/ld -version_details
Build description signature: 2c72043b3f4b6a31b6d5adebc5899875
Build description path: /Users/admin/builder/spi-builder-workspace/.derivedData/Build/Intermediates.noindex/XCBuildData/2c72043b3f4b6a31b6d5adebc5899875.xcbuilddata
CreateBuildDirectory /Users/admin/builder/spi-builder-workspace/.derivedData/SDKExplicitPrecompiledModules
cd /Users/admin/builder/spi-builder-workspace/.swiftpm/xcode
builtin-create-build-directory /Users/admin/builder/spi-builder-workspace/.derivedData/SDKExplicitPrecompiledModules
CreateBuildDirectory /Users/admin/builder/spi-builder-workspace/.derivedData/ModuleCache.noindex
cd /Users/admin/builder/spi-builder-workspace/.swiftpm/xcode
builtin-create-build-directory /Users/admin/builder/spi-builder-workspace/.derivedData/ModuleCache.noindex
CreateBuildDirectory /Users/admin/builder/spi-builder-workspace/.derivedData/CompilationCache.noindex
cd /Users/admin/builder/spi-builder-workspace/.swiftpm/xcode
builtin-create-build-directory /Users/admin/builder/spi-builder-workspace/.derivedData/CompilationCache.noindex
ClangStatCache /Applications/Xcode-27.0.0-Release.Candidate.app/Contents/Developer/Toolchains/XcodeDefault.xctoolchain/usr/bin/clang-stat-cache /Applications/Xcode-27.0.0-Release.Candidate.app/Contents/Developer/Platforms/iPhoneOS.platform/Developer/SDKs/iPhoneOS27.0.sdk /Users/admin/builder/spi-builder-workspace/.derivedData/SDKStatCaches.noindex/iphoneos27.0-24A430-e829b21a6f8c9b70876ba0858053c04440ceaa042ed91876912b2eeea4e3aa14.sdkstatcache
cd /Users/admin/builder/spi-builder-workspace/.swiftpm/xcode
/Applications/Xcode-27.0.0-Release.Candidate.app/Contents/Developer/Toolchains/XcodeDefault.xctoolchain/usr/bin/clang-stat-cache /Applications/Xcode-27.0.0-Release.Candidate.app/Contents/Developer/Platforms/iPhoneOS.platform/Developer/SDKs/iPhoneOS27.0.sdk -o /Users/admin/builder/spi-builder-workspace/.derivedData/SDKStatCaches.noindex/iphoneos27.0-24A430-e829b21a6f8c9b70876ba0858053c04440ceaa042ed91876912b2eeea4e3aa14.sdkstatcache
CreateBuildDirectory /Users/admin/builder/spi-builder-workspace/.derivedData/Build/Products
cd /Users/admin/builder/spi-builder-workspace/.swiftpm/xcode
builtin-create-build-directory /Users/admin/builder/spi-builder-workspace/.derivedData/Build/Products
CreateBuildDirectory /Users/admin/builder/spi-builder-workspace/.derivedData/Build/Intermediates.noindex
cd /Users/admin/builder/spi-builder-workspace/.swiftpm/xcode
builtin-create-build-directory /Users/admin/builder/spi-builder-workspace/.derivedData/Build/Intermediates.noindex
CreateBuildDirectory /Users/admin/builder/spi-builder-workspace/.derivedData/Build/Intermediates.noindex/SwiftExplicitPrecompiledModules
cd /Users/admin/builder/spi-builder-workspace/.swiftpm/xcode
builtin-create-build-directory /Users/admin/builder/spi-builder-workspace/.derivedData/Build/Intermediates.noindex/SwiftExplicitPrecompiledModules
CreateBuildDirectory /Users/admin/builder/spi-builder-workspace/.derivedData/Build/Intermediates.noindex/PrecompiledHeaders
cd /Users/admin/builder/spi-builder-workspace/.swiftpm/xcode
builtin-create-build-directory /Users/admin/builder/spi-builder-workspace/.derivedData/Build/Intermediates.noindex/PrecompiledHeaders
CreateBuildDirectory /Users/admin/builder/spi-builder-workspace/.derivedData/Build/Intermediates.noindex/ExplicitPrecompiledModules
cd /Users/admin/builder/spi-builder-workspace/.swiftpm/xcode
builtin-create-build-directory /Users/admin/builder/spi-builder-workspace/.derivedData/Build/Intermediates.noindex/ExplicitPrecompiledModules
CreateBuildDirectory /Users/admin/builder/spi-builder-workspace/.derivedData/Build/Intermediates.noindex/EagerLinkingTBDs/Debug-iphoneos
cd /Users/admin/builder/spi-builder-workspace/.swiftpm/xcode
builtin-create-build-directory /Users/admin/builder/spi-builder-workspace/.derivedData/Build/Intermediates.noindex/EagerLinkingTBDs/Debug-iphoneos
CreateBuildDirectory /Users/admin/builder/spi-builder-workspace/.derivedData/Build/Products/Debug-iphoneos
cd /Users/admin/builder/spi-builder-workspace/.swiftpm/xcode
builtin-create-build-directory /Users/admin/builder/spi-builder-workspace/.derivedData/Build/Products/Debug-iphoneos
CreateBuildDirectory /Users/admin/builder/spi-builder-workspace/.derivedData/Build/Products/Debug-iphoneos/PackageFrameworks
cd /Users/admin/builder/spi-builder-workspace/.swiftpm/xcode
builtin-create-build-directory /Users/admin/builder/spi-builder-workspace/.derivedData/Build/Products/Debug-iphoneos/PackageFrameworks
ProcessXCFramework /Users/admin/builder/spi-builder-workspace/.dependencies/artifacts/spi-builder-workspace/Red5WebRTCKit/Red5WebRTCKit.xcframework /Users/admin/builder/spi-builder-workspace/.derivedData/Build/Products/Debug-iphoneos/Red5WebRTCKit.framework ios
cd /Users/admin/builder/spi-builder-workspace/.swiftpm/xcode
builtin-process-xcframework --xcframework /Users/admin/builder/spi-builder-workspace/.dependencies/artifacts/spi-builder-workspace/Red5WebRTCKit/Red5WebRTCKit.xcframework --platform ios --target-path /Users/admin/builder/spi-builder-workspace/.derivedData/Build/Products/Debug-iphoneos
WriteAuxiliaryFile /Users/admin/builder/spi-builder-workspace/.derivedData/Build/Intermediates.noindex/PubNubSDK.build/Debug-iphoneos/PubNubSDK_PubNubSDK-b.build/PubNubSDK_PubNubSDK.DependencyStaticMetadataFileList (in target 'PubNubSDK_PubNubSDK' from project 'PubNubSDK')
cd /Users/admin/builder/spi-builder-workspace/.dependencies/checkouts/swift
write-file /Users/admin/builder/spi-builder-workspace/.derivedData/Build/Intermediates.noindex/PubNubSDK.build/Debug-iphoneos/PubNubSDK_PubNubSDK-b.build/PubNubSDK_PubNubSDK.DependencyStaticMetadataFileList
WriteAuxiliaryFile /Users/admin/builder/spi-builder-workspace/.derivedData/Build/Intermediates.noindex/PubNubSDK.build/Debug-iphoneos/PubNubSDK-t.build/PubNubSDK.modulemap (in target 'PubNubSDK' from project 'PubNubSDK')
cd /Users/admin/builder/spi-builder-workspace/.dependencies/checkouts/swift
write-file /Users/admin/builder/spi-builder-workspace/.derivedData/Build/Intermediates.noindex/PubNubSDK.build/Debug-iphoneos/PubNubSDK-t.build/PubNubSDK.modulemap
WriteAuxiliaryFile /Users/admin/builder/spi-builder-workspace/.derivedData/Build/Intermediates.noindex/PubNubSDK.build/Debug-iphoneos/PubNubSDK_PubNubSDK-b.build/empty-PubNubSDK_PubNubSDK.plist (in target 'PubNubSDK_PubNubSDK' from project 'PubNubSDK')
cd /Users/admin/builder/spi-builder-workspace/.dependencies/checkouts/swift
write-file /Users/admin/builder/spi-builder-workspace/.derivedData/Build/Intermediates.noindex/PubNubSDK.build/Debug-iphoneos/PubNubSDK_PubNubSDK-b.build/empty-PubNubSDK_PubNubSDK.plist
WriteAuxiliaryFile /Users/admin/builder/spi-builder-workspace/.derivedData/Build/Intermediates.noindex/PubNubSDK.build/Debug-iphoneos/PubNubSDK_PubNubSDK-b.build/PubNubSDK_PubNubSDK.DependencyMetadataFileList (in target 'PubNubSDK_PubNubSDK' from project 'PubNubSDK')
cd /Users/admin/builder/spi-builder-workspace/.dependencies/checkouts/swift
write-file /Users/admin/builder/spi-builder-workspace/.derivedData/Build/Intermediates.noindex/PubNubSDK.build/Debug-iphoneos/PubNubSDK_PubNubSDK-b.build/PubNubSDK_PubNubSDK.DependencyMetadataFileList
WriteAuxiliaryFile /Users/admin/builder/spi-builder-workspace/.derivedData/Build/Intermediates.noindex/PubNubSDK.build/Debug-iphoneos/PubNubSDK-t.build/PubNubSDK.DependencyMetadataFileList (in target 'PubNubSDK' from project 'PubNubSDK')
cd /Users/admin/builder/spi-builder-workspace/.dependencies/checkouts/swift
write-file /Users/admin/builder/spi-builder-workspace/.derivedData/Build/Intermediates.noindex/PubNubSDK.build/Debug-iphoneos/PubNubSDK-t.build/PubNubSDK.DependencyMetadataFileList
WriteAuxiliaryFile /Users/admin/builder/spi-builder-workspace/.derivedData/Build/Intermediates.noindex/PubNubSDK.build/Debug-iphoneos/PubNubSDK-t.build/PubNubSDK.DependencyStaticMetadataFileList (in target 'PubNubSDK' from project 'PubNubSDK')
cd /Users/admin/builder/spi-builder-workspace/.dependencies/checkouts/swift
write-file /Users/admin/builder/spi-builder-workspace/.derivedData/Build/Intermediates.noindex/PubNubSDK.build/Debug-iphoneos/PubNubSDK-t.build/PubNubSDK.DependencyStaticMetadataFileList
WriteAuxiliaryFile /Users/admin/builder/spi-builder-workspace/.derivedData/Build/Intermediates.noindex/PubNubSDK.build/Debug-iphoneos/PubNubSDK-t.build/Objects-normal/arm64/PubNubSDK_const_extract_protocols.json (in target 'PubNubSDK' from project 'PubNubSDK')
cd /Users/admin/builder/spi-builder-workspace/.dependencies/checkouts/swift
write-file /Users/admin/builder/spi-builder-workspace/.derivedData/Build/Intermediates.noindex/PubNubSDK.build/Debug-iphoneos/PubNubSDK-t.build/Objects-normal/arm64/PubNubSDK_const_extract_protocols.json
WriteAuxiliaryFile /Users/admin/builder/spi-builder-workspace/.derivedData/Build/Intermediates.noindex/PubNubSDK.build/Debug-iphoneos/PubNubSDK-t.build/Objects-normal/arm64/PubNubSDK.SwiftFileList (in target 'PubNubSDK' from project 'PubNubSDK')
cd /Users/admin/builder/spi-builder-workspace/.dependencies/checkouts/swift
write-file /Users/admin/builder/spi-builder-workspace/.derivedData/Build/Intermediates.noindex/PubNubSDK.build/Debug-iphoneos/PubNubSDK-t.build/Objects-normal/arm64/PubNubSDK.SwiftFileList
WriteAuxiliaryFile /Users/admin/builder/spi-builder-workspace/.derivedData/Build/Intermediates.noindex/PubNubSDK.build/Debug-iphoneos/PubNubSDK-t.build/Objects-normal/arm64/PubNubSDK.SwiftConstValuesFileList (in target 'PubNubSDK' from project 'PubNubSDK')
cd /Users/admin/builder/spi-builder-workspace/.dependencies/checkouts/swift
write-file /Users/admin/builder/spi-builder-workspace/.derivedData/Build/Intermediates.noindex/PubNubSDK.build/Debug-iphoneos/PubNubSDK-t.build/Objects-normal/arm64/PubNubSDK.SwiftConstValuesFileList
WriteAuxiliaryFile /Users/admin/builder/spi-builder-workspace/.derivedData/Build/Intermediates.noindex/PubNubSDK.build/Debug-iphoneos/PubNubSDK-t.build/Objects-normal/arm64/PubNubSDK.LinkFileList (in target 'PubNubSDK' from project 'PubNubSDK')
cd /Users/admin/builder/spi-builder-workspace/.dependencies/checkouts/swift
write-file /Users/admin/builder/spi-builder-workspace/.derivedData/Build/Intermediates.noindex/PubNubSDK.build/Debug-iphoneos/PubNubSDK-t.build/Objects-normal/arm64/PubNubSDK.LinkFileList
WriteAuxiliaryFile /Users/admin/builder/spi-builder-workspace/.derivedData/Build/Intermediates.noindex/PubNubSDK.build/Debug-iphoneos/PubNubSDK-t.build/Objects-normal/arm64/PubNubSDK-OutputFileMap.json (in target 'PubNubSDK' from project 'PubNubSDK')
cd /Users/admin/builder/spi-builder-workspace/.dependencies/checkouts/swift
write-file /Users/admin/builder/spi-builder-workspace/.derivedData/Build/Intermediates.noindex/PubNubSDK.build/Debug-iphoneos/PubNubSDK-t.build/Objects-normal/arm64/PubNubSDK-OutputFileMap.json
MkDir /Users/admin/builder/spi-builder-workspace/.derivedData/Build/Products/Debug-iphoneos/PubNubSDK_PubNubSDK.bundle (in target 'PubNubSDK_PubNubSDK' from project 'PubNubSDK')
cd /Users/admin/builder/spi-builder-workspace/.dependencies/checkouts/swift
/bin/mkdir -p /Users/admin/builder/spi-builder-workspace/.derivedData/Build/Products/Debug-iphoneos/PubNubSDK_PubNubSDK.bundle
WriteAuxiliaryFile /Users/admin/builder/spi-builder-workspace/.derivedData/Build/Intermediates.noindex/PubNubSDK.build/Debug-iphoneos/PubNubSDK-t.build/DerivedSources/resource_bundle_accessor.swift (in target 'PubNubSDK' from project 'PubNubSDK')
cd /Users/admin/builder/spi-builder-workspace/.dependencies/checkouts/swift
write-file /Users/admin/builder/spi-builder-workspace/.derivedData/Build/Intermediates.noindex/PubNubSDK.build/Debug-iphoneos/PubNubSDK-t.build/DerivedSources/resource_bundle_accessor.swift
Copy /Users/admin/builder/spi-builder-workspace/.derivedData/Build/Intermediates.noindex/GeneratedModuleMaps-iphoneos/PubNubSDK.modulemap /Users/admin/builder/spi-builder-workspace/.derivedData/Build/Intermediates.noindex/PubNubSDK.build/Debug-iphoneos/PubNubSDK-t.build/PubNubSDK.modulemap (in target 'PubNubSDK' from project 'PubNubSDK')
cd /Users/admin/builder/spi-builder-workspace/.dependencies/checkouts/swift
builtin-copy -exclude .DS_Store -exclude CVS -exclude .svn -exclude .git -exclude .hg -resolve-src-symlinks /Users/admin/builder/spi-builder-workspace/.derivedData/Build/Intermediates.noindex/PubNubSDK.build/Debug-iphoneos/PubNubSDK-t.build/PubNubSDK.modulemap /Users/admin/builder/spi-builder-workspace/.derivedData/Build/Intermediates.noindex/GeneratedModuleMaps-iphoneos
ProcessInfoPlistFile /Users/admin/builder/spi-builder-workspace/.derivedData/Build/Products/Debug-iphoneos/PubNubSDK_PubNubSDK.bundle/Info.plist /Users/admin/builder/spi-builder-workspace/.derivedData/Build/Intermediates.noindex/PubNubSDK.build/Debug-iphoneos/PubNubSDK_PubNubSDK-b.build/empty-PubNubSDK_PubNubSDK.plist (in target 'PubNubSDK_PubNubSDK' from project 'PubNubSDK')
cd /Users/admin/builder/spi-builder-workspace/.dependencies/checkouts/swift
builtin-infoPlistUtility /Users/admin/builder/spi-builder-workspace/.derivedData/Build/Intermediates.noindex/PubNubSDK.build/Debug-iphoneos/PubNubSDK_PubNubSDK-b.build/empty-PubNubSDK_PubNubSDK.plist -producttype com.apple.product-type.bundle -expandbuildsettings -format binary -platform iphoneos -requiredArchitecture arm64 -o /Users/admin/builder/spi-builder-workspace/.derivedData/Build/Products/Debug-iphoneos/PubNubSDK_PubNubSDK.bundle/Info.plist
CpResource /Users/admin/builder/spi-builder-workspace/.derivedData/Build/Products/Debug-iphoneos/PubNubSDK_PubNubSDK.bundle/PrivacyInfo.xcprivacy /Users/admin/builder/spi-builder-workspace/.dependencies/checkouts/swift/Sources/PubNub/PrivacyInfo.xcprivacy (in target 'PubNubSDK_PubNubSDK' from project 'PubNubSDK')
cd /Users/admin/builder/spi-builder-workspace/.dependencies/checkouts/swift
builtin-copy -exclude .DS_Store -exclude CVS -exclude .svn -exclude .git -exclude .hg -resolve-src-symlinks /Users/admin/builder/spi-builder-workspace/.dependencies/checkouts/swift/Sources/PubNub/PrivacyInfo.xcprivacy /Users/admin/builder/spi-builder-workspace/.derivedData/Build/Products/Debug-iphoneos/PubNubSDK_PubNubSDK.bundle
RegisterExecutionPolicyException /Users/admin/builder/spi-builder-workspace/.derivedData/Build/Products/Debug-iphoneos/PubNubSDK_PubNubSDK.bundle (in target 'PubNubSDK_PubNubSDK' from project 'PubNubSDK')
cd /Users/admin/builder/spi-builder-workspace/.dependencies/checkouts/swift
builtin-RegisterExecutionPolicyException /Users/admin/builder/spi-builder-workspace/.derivedData/Build/Products/Debug-iphoneos/PubNubSDK_PubNubSDK.bundle
Touch /Users/admin/builder/spi-builder-workspace/.derivedData/Build/Products/Debug-iphoneos/PubNubSDK_PubNubSDK.bundle (in target 'PubNubSDK_PubNubSDK' from project 'PubNubSDK')
cd /Users/admin/builder/spi-builder-workspace/.dependencies/checkouts/swift
/usr/bin/touch -c /Users/admin/builder/spi-builder-workspace/.derivedData/Build/Products/Debug-iphoneos/PubNubSDK_PubNubSDK.bundle
WriteAuxiliaryFile /Users/admin/builder/spi-builder-workspace/.derivedData/Build/Intermediates.noindex/Red5WebRTCKit.build/Debug-iphoneos/Red5PubNubClient-t.build/Red5PubNubClient.modulemap (in target 'Red5PubNubClient' from project 'Red5WebRTCKit')
cd /Users/admin/builder/spi-builder-workspace
write-file /Users/admin/builder/spi-builder-workspace/.derivedData/Build/Intermediates.noindex/Red5WebRTCKit.build/Debug-iphoneos/Red5PubNubClient-t.build/Red5PubNubClient.modulemap
WriteAuxiliaryFile /Users/admin/builder/spi-builder-workspace/.derivedData/Build/Intermediates.noindex/Red5WebRTCKit.build/Debug-iphoneos/Red5PubNubClient-t.build/Red5PubNubClient.DependencyMetadataFileList (in target 'Red5PubNubClient' from project 'Red5WebRTCKit')
cd /Users/admin/builder/spi-builder-workspace
write-file /Users/admin/builder/spi-builder-workspace/.derivedData/Build/Intermediates.noindex/Red5WebRTCKit.build/Debug-iphoneos/Red5PubNubClient-t.build/Red5PubNubClient.DependencyMetadataFileList
WriteAuxiliaryFile /Users/admin/builder/spi-builder-workspace/.derivedData/Build/Intermediates.noindex/Red5WebRTCKit.build/Debug-iphoneos/Red5PubNubClient-t.build/Red5PubNubClient.DependencyStaticMetadataFileList (in target 'Red5PubNubClient' from project 'Red5WebRTCKit')
cd /Users/admin/builder/spi-builder-workspace
write-file /Users/admin/builder/spi-builder-workspace/.derivedData/Build/Intermediates.noindex/Red5WebRTCKit.build/Debug-iphoneos/Red5PubNubClient-t.build/Red5PubNubClient.DependencyStaticMetadataFileList
WriteAuxiliaryFile /Users/admin/builder/spi-builder-workspace/.derivedData/Build/Intermediates.noindex/Red5WebRTCKit.build/Debug-iphoneos/Red5PubNubClient-t.build/Objects-normal/arm64/Red5PubNubClient.SwiftConstValuesFileList (in target 'Red5PubNubClient' from project 'Red5WebRTCKit')
cd /Users/admin/builder/spi-builder-workspace
write-file /Users/admin/builder/spi-builder-workspace/.derivedData/Build/Intermediates.noindex/Red5WebRTCKit.build/Debug-iphoneos/Red5PubNubClient-t.build/Objects-normal/arm64/Red5PubNubClient.SwiftConstValuesFileList
WriteAuxiliaryFile /Users/admin/builder/spi-builder-workspace/.derivedData/Build/Intermediates.noindex/Red5WebRTCKit.build/Debug-iphoneos/Red5PubNubClient-t.build/Objects-normal/arm64/Red5PubNubClient_const_extract_protocols.json (in target 'Red5PubNubClient' from project 'Red5WebRTCKit')
cd /Users/admin/builder/spi-builder-workspace
write-file /Users/admin/builder/spi-builder-workspace/.derivedData/Build/Intermediates.noindex/Red5WebRTCKit.build/Debug-iphoneos/Red5PubNubClient-t.build/Objects-normal/arm64/Red5PubNubClient_const_extract_protocols.json
WriteAuxiliaryFile /Users/admin/builder/spi-builder-workspace/.derivedData/Build/Intermediates.noindex/Red5WebRTCKit.build/Debug-iphoneos/Red5PubNubClient-t.build/Objects-normal/arm64/Red5PubNubClient.SwiftFileList (in target 'Red5PubNubClient' from project 'Red5WebRTCKit')
cd /Users/admin/builder/spi-builder-workspace
write-file /Users/admin/builder/spi-builder-workspace/.derivedData/Build/Intermediates.noindex/Red5WebRTCKit.build/Debug-iphoneos/Red5PubNubClient-t.build/Objects-normal/arm64/Red5PubNubClient.SwiftFileList
WriteAuxiliaryFile /Users/admin/builder/spi-builder-workspace/.derivedData/Build/Intermediates.noindex/Red5WebRTCKit.build/Debug-iphoneos/Red5PubNubClient-t.build/Objects-normal/arm64/Red5PubNubClient.LinkFileList (in target 'Red5PubNubClient' from project 'Red5WebRTCKit')
cd /Users/admin/builder/spi-builder-workspace
write-file /Users/admin/builder/spi-builder-workspace/.derivedData/Build/Intermediates.noindex/Red5WebRTCKit.build/Debug-iphoneos/Red5PubNubClient-t.build/Objects-normal/arm64/Red5PubNubClient.LinkFileList
WriteAuxiliaryFile /Users/admin/builder/spi-builder-workspace/.derivedData/Build/Intermediates.noindex/Red5WebRTCKit.build/Debug-iphoneos/Red5PubNubClient-t.build/Objects-normal/arm64/Red5PubNubClient-OutputFileMap.json (in target 'Red5PubNubClient' from project 'Red5WebRTCKit')
cd /Users/admin/builder/spi-builder-workspace
write-file /Users/admin/builder/spi-builder-workspace/.derivedData/Build/Intermediates.noindex/Red5WebRTCKit.build/Debug-iphoneos/Red5PubNubClient-t.build/Objects-normal/arm64/Red5PubNubClient-OutputFileMap.json
Copy /Users/admin/builder/spi-builder-workspace/.derivedData/Build/Intermediates.noindex/GeneratedModuleMaps-iphoneos/Red5PubNubClient.modulemap /Users/admin/builder/spi-builder-workspace/.derivedData/Build/Intermediates.noindex/Red5WebRTCKit.build/Debug-iphoneos/Red5PubNubClient-t.build/Red5PubNubClient.modulemap (in target 'Red5PubNubClient' from project 'Red5WebRTCKit')
cd /Users/admin/builder/spi-builder-workspace
builtin-copy -exclude .DS_Store -exclude CVS -exclude .svn -exclude .git -exclude .hg -resolve-src-symlinks /Users/admin/builder/spi-builder-workspace/.derivedData/Build/Intermediates.noindex/Red5WebRTCKit.build/Debug-iphoneos/Red5PubNubClient-t.build/Red5PubNubClient.modulemap /Users/admin/builder/spi-builder-workspace/.derivedData/Build/Intermediates.noindex/GeneratedModuleMaps-iphoneos
SwiftDriver PubNubSDK normal arm64 com.apple.xcode.tools.swift.compiler (in target 'PubNubSDK' from project 'PubNubSDK')
cd /Users/admin/builder/spi-builder-workspace/.swiftpm/xcode
builtin-SwiftDriver -- /Applications/Xcode-27.0.0-Release.Candidate.app/Contents/Developer/Toolchains/XcodeDefault.xctoolchain/usr/bin/swiftc -parse-as-library -module-name PubNubSDK -Onone @/Users/admin/builder/spi-builder-workspace/.derivedData/Build/Intermediates.noindex/PubNubSDK.build/Debug-iphoneos/PubNubSDK-t.build/Objects-normal/arm64/PubNubSDK.SwiftFileList -DSWIFT_PACKAGE -DDEBUG -DSWIFT_MODULE_RESOURCE_BUNDLE_AVAILABLE -DXcode -plugin-path /Applications/Xcode-27.0.0-Release.Candidate.app/Contents/Developer/Toolchains/XcodeDefault.xctoolchain/usr/lib/swift/host/plugins/testing -enable-experimental-feature DebugDescriptionMacro -sdk /Applications/Xcode-27.0.0-Release.Candidate.app/Contents/Developer/Platforms/iPhoneOS.platform/Developer/SDKs/iPhoneOS27.0.sdk -target arm64-apple-ios15.0 -g -module-cache-path /Users/admin/builder/spi-builder-workspace/.derivedData/ModuleCache.noindex -Xfrontend -serialize-debugging-options -enable-testing -suppress-warnings -index-store-path /Users/admin/builder/spi-builder-workspace/.derivedData/Index.noindex/DataStore -Xcc -D_LIBCPP_HARDENING_MODE\=_LIBCPP_HARDENING_MODE_DEBUG -swift-version 5 -I /Users/admin/builder/spi-builder-workspace/.derivedData/Build/Products/Debug-iphoneos -Isystem /Applications/Xcode-27.0.0-Release.Candidate.app/Contents/Developer/Platforms/iPhoneOS.platform/Developer/usr/lib -F /Users/admin/builder/spi-builder-workspace/.derivedData/Build/Products/Debug-iphoneos -F /Applications/Xcode-27.0.0-Release.Candidate.app/Contents/Developer/Platforms/iPhoneOS.platform/Developer/Library/Frameworks -F /Applications/Xcode-27.0.0-Release.Candidate.app/Contents/Developer/Platforms/iPhoneOS.platform/Developer/SDKs/iPhoneOS27.0.sdk/Developer/Library/Frameworks -c -j10 -enable-batch-mode -incremental -Xcc -ivfsstatcache -Xcc /Users/admin/builder/spi-builder-workspace/.derivedData/SDKStatCaches.noindex/iphoneos27.0-24A430-e829b21a6f8c9b70876ba0858053c04440ceaa042ed91876912b2eeea4e3aa14.sdkstatcache -output-file-map /Users/admin/builder/spi-builder-workspace/.derivedData/Build/Intermediates.noindex/PubNubSDK.build/Debug-iphoneos/PubNubSDK-t.build/Objects-normal/arm64/PubNubSDK-OutputFileMap.json -save-temps -no-color-diagnostics -explicit-module-build -module-cache-path /Users/admin/builder/spi-builder-workspace/.derivedData/Build/Intermediates.noindex/SwiftExplicitPrecompiledModules -clang-scanner-module-cache-path /Users/admin/builder/spi-builder-workspace/.derivedData/ModuleCache.noindex -sdk-module-cache-path /Users/admin/builder/spi-builder-workspace/.derivedData/SDKExplicitPrecompiledModules -emit-dependencies -emit-module -emit-module-path /Users/admin/builder/spi-builder-workspace/.derivedData/Build/Intermediates.noindex/PubNubSDK.build/Debug-iphoneos/PubNubSDK-t.build/Objects-normal/arm64/PubNubSDK.swiftmodule -serialize-diagnostics -dependency-scan-serialize-diagnostics-path /Users/admin/builder/spi-builder-workspace/.derivedData/Build/Intermediates.noindex/PubNubSDK.build/Debug-iphoneos/PubNubSDK-t.build/Objects-normal/arm64/PubNubSDK-dependency-scan.dia -validate-clang-modules-once -clang-build-session-file /Users/admin/builder/spi-builder-workspace/.derivedData/ModuleCache.noindex/Session.modulevalidation -Xcc -fmodules-prune-interval\=86400 -Xcc -fmodules-prune-after\=345600 -package-name swift -emit-const-values -const-gather-protocols-list /Users/admin/builder/spi-builder-workspace/.derivedData/Build/Intermediates.noindex/PubNubSDK.build/Debug-iphoneos/PubNubSDK-t.build/Objects-normal/arm64/PubNubSDK_const_extract_protocols.json -Xcc -I/Users/admin/builder/spi-builder-workspace/.derivedData/Build/Products/Debug-iphoneos/include -Xcc -I/Users/admin/builder/spi-builder-workspace/.derivedData/Build/Intermediates.noindex/PubNubSDK.build/Debug-iphoneos/PubNubSDK-t.build/DerivedSources-normal/arm64 -Xcc -I/Users/admin/builder/spi-builder-workspace/.derivedData/Build/Intermediates.noindex/PubNubSDK.build/Debug-iphoneos/PubNubSDK-t.build/DerivedSources/arm64 -Xcc -I/Users/admin/builder/spi-builder-workspace/.derivedData/Build/Intermediates.noindex/PubNubSDK.build/Debug-iphoneos/PubNubSDK-t.build/DerivedSources -Xcc -DSWIFT_PACKAGE -Xcc -DDEBUG\=1 -emit-objc-header -emit-objc-header-path /Users/admin/builder/spi-builder-workspace/.derivedData/Build/Intermediates.noindex/PubNubSDK.build/Debug-iphoneos/PubNubSDK-t.build/Objects-normal/arm64/PubNubSDK-Swift.h -working-directory /Users/admin/builder/spi-builder-workspace/.swiftpm/xcode -experimental-emit-module-separately -disable-cmo
SwiftExplicitDependencyGeneratePcm arm64 /Users/admin/builder/spi-builder-workspace/.derivedData/SDKExplicitPrecompiledModules/_Builtin_stdarg-353X4HCQ4QM1XN1RGUYE5DJXQ.pcm
SwiftExplicitDependencyGeneratePcm arm64 /Users/admin/builder/spi-builder-workspace/.derivedData/SDKExplicitPrecompiledModules/SwiftShims-9ZM475TB9FF7V697OJNYX6RO9.pcm
SwiftExplicitDependencyGeneratePcm arm64 /Users/admin/builder/spi-builder-workspace/.derivedData/SDKExplicitPrecompiledModules/ptrcheck-BEJ25RSXHVJMS8GY54A7TIDQC.pcm
SwiftExplicitDependencyGeneratePcm arm64 /Users/admin/builder/spi-builder-workspace/.derivedData/SDKExplicitPrecompiledModules/_SwiftConcurrencyShims-46VMPHZN3071T5WUKTVKV81O6.pcm
SwiftExplicitDependencyGeneratePcm arm64 /Users/admin/builder/spi-builder-workspace/.derivedData/SDKExplicitPrecompiledModules/_AvailabilityInternal-A68EWFTK1KMCWXEVQVUVX32IF.pcm
SwiftExplicitDependencyGeneratePcm arm64 /Users/admin/builder/spi-builder-workspace/.derivedData/SDKExplicitPrecompiledModules/ptrauth-ELWSSDP0MKO9UN7OCGHYENU4N.pcm
SwiftExplicitDependencyGeneratePcm arm64 /Users/admin/builder/spi-builder-workspace/.derivedData/SDKExplicitPrecompiledModules/_Builtin_stddef-9M60LQ19IG7KF2I6MAZT1EE2L.pcm
SwiftExplicitDependencyGeneratePcm arm64 /Users/admin/builder/spi-builder-workspace/.derivedData/SDKExplicitPrecompiledModules/_Builtin_stdbool-DS3M26O02MEUZY8PORVO63UN8.pcm
SwiftExplicitDependencyGeneratePcm arm64 /Users/admin/builder/spi-builder-workspace/.derivedData/SDKExplicitPrecompiledModules/_Builtin_float-A3OTZIBNLUK4KRPK79SR9VALR.pcm
SwiftExplicitDependencyGeneratePcm arm64 /Users/admin/builder/spi-builder-workspace/.derivedData/SDKExplicitPrecompiledModules/_DarwinFoundation1-6AS4X33TU1806YATN4YELVHNM.pcm
SwiftExplicitDependencyGeneratePcm arm64 /Users/admin/builder/spi-builder-workspace/.derivedData/SDKExplicitPrecompiledModules/_DarwinFoundation2-DBOBRBKI8YXN3X7HCIRAXFELN.pcm
SwiftExplicitDependencyGeneratePcm arm64 /Users/admin/builder/spi-builder-workspace/.derivedData/SDKExplicitPrecompiledModules/_Builtin_limits-BR17857KX1560DFAJ8X0RLP2X.pcm
SwiftExplicitDependencyGeneratePcm arm64 /Users/admin/builder/spi-builder-workspace/.derivedData/SDKExplicitPrecompiledModules/string_h-4SPNE64SFJA0QV142KR6FB8H.pcm
SwiftExplicitDependencyGeneratePcm arm64 /Users/admin/builder/spi-builder-workspace/.derivedData/SDKExplicitPrecompiledModules/sys_types-4H7GQGME5X7WUG5O55QKSXPG0.pcm
SwiftExplicitDependencyGeneratePcm arm64 /Users/admin/builder/spi-builder-workspace/.derivedData/SDKExplicitPrecompiledModules/_Builtin_stdint-3VRVITBSRYCNS1X3HOZPXQS3E.pcm
SwiftExplicitDependencyGeneratePcm arm64 /Users/admin/builder/spi-builder-workspace/.derivedData/SDKExplicitPrecompiledModules/_Builtin_stdatomic-CLJVNIOHLPNAVPMY1PCE07PC6.pcm
SwiftExplicitDependencyGeneratePcm arm64 /Users/admin/builder/spi-builder-workspace/.derivedData/SDKExplicitPrecompiledModules/_DarwinFoundation3-BWQ9HHUEF00PLTWBF6Y3RFT1Q.pcm
SwiftExplicitDependencyGeneratePcm arm64 /Users/admin/builder/spi-builder-workspace/.derivedData/SDKExplicitPrecompiledModules/_Builtin_inttypes-F02YQXAV70SBQYNR1TCILSZQC.pcm
SwiftExplicitDependencyGeneratePcm arm64 /Users/admin/builder/spi-builder-workspace/.derivedData/SDKExplicitPrecompiledModules/CommonCrypto-36JYYPZGKD58L3YKET01C35I6.pcm
SwiftExplicitDependencyGeneratePcm arm64 /Users/admin/builder/spi-builder-workspace/.derivedData/SDKExplicitPrecompiledModules/Darwin-BI81F3DSM7GNALREB2L4UAO3K.pcm
SwiftExplicitDependencyGeneratePcm arm64 /Users/admin/builder/spi-builder-workspace/.derivedData/SDKExplicitPrecompiledModules/MachO-4OVT5NEPGSOC5S7WJ8A4CI9HQ.pcm
SwiftExplicitDependencyGeneratePcm arm64 /Users/admin/builder/spi-builder-workspace/.derivedData/SDKExplicitPrecompiledModules/ObjectiveC-B11KXH0CHRPAR6DL0V15OUWX.pcm
SwiftExplicitDependencyGeneratePcm arm64 /Users/admin/builder/spi-builder-workspace/.derivedData/SDKExplicitPrecompiledModules/os_object-39R6K1ZW4M0CXKJ1WMJZK8M2C.pcm
SwiftExplicitDependencyGeneratePcm arm64 /Users/admin/builder/spi-builder-workspace/.derivedData/SDKExplicitPrecompiledModules/os_workgroup-24KM5066VOM199SLPK0FMLPYP.pcm
SwiftExplicitDependencyGeneratePcm arm64 /Users/admin/builder/spi-builder-workspace/.derivedData/SDKExplicitPrecompiledModules/Dispatch-ATYRC6ZTNZOFUFVI4AZT0N36L.pcm
SwiftExplicitDependencyGeneratePcm arm64 /Users/admin/builder/spi-builder-workspace/.derivedData/SDKExplicitPrecompiledModules/XPC-2B8LCRX5U2HGX5DUXAJMAUYF5.pcm
SwiftExplicitDependencyGeneratePcm arm64 /Users/admin/builder/spi-builder-workspace/.derivedData/SDKExplicitPrecompiledModules/CoreFoundation-6RZ7WG7C70RNLQ7W9TEHN64U.pcm
SwiftExplicitDependencyGeneratePcm arm64 /Users/admin/builder/spi-builder-workspace/.derivedData/SDKExplicitPrecompiledModules/os-D19NGWGGCIMHTFO5YUINIK4A7.pcm
SwiftExplicitDependencyGeneratePcm arm64 /Users/admin/builder/spi-builder-workspace/.derivedData/SDKExplicitPrecompiledModules/CFNetwork-CKHY0HEWI1S67QSGB5QKT2KK1.pcm
SwiftExplicitDependencyGeneratePcm arm64 /Users/admin/builder/spi-builder-workspace/.derivedData/SDKExplicitPrecompiledModules/CoreServices-87A2TL125ZQ2BKWPRXYI5U9BF.pcm
SwiftExplicitDependencyGeneratePcm arm64 /Users/admin/builder/spi-builder-workspace/.derivedData/SDKExplicitPrecompiledModules/Security-38LZ2U8T2TAJNP8SDQ1CJJE3F.pcm
SwiftExplicitDependencyGeneratePcm arm64 /Users/admin/builder/spi-builder-workspace/.derivedData/SDKExplicitPrecompiledModules/MobileCoreServices-DE3CVFS81A7XRZKYK3FJRFTI6.pcm
SwiftExplicitDependencyGeneratePcm arm64 /Users/admin/builder/spi-builder-workspace/.derivedData/SDKExplicitPrecompiledModules/Foundation-1A84M7V1QOXIBMN0W05H3CVWO.pcm
SwiftExplicitDependencyGeneratePcm arm64 /Users/admin/builder/spi-builder-workspace/.derivedData/SDKExplicitPrecompiledModules/UniformTypeIdentifiers-BAZNP8JOBB5DGLB3JJRQE38CC.pcm
SwiftEmitModule normal arm64 Emitting\ module\ for\ PubNubSDK (in target 'PubNubSDK' from project 'PubNubSDK')
SwiftCompile normal arm64 (in target 'PubNubSDK' from project 'PubNubSDK')
cd /Users/admin/builder/spi-builder-workspace/.swiftpm/xcode
SwiftCompile normal arm64 Compiling\ KMPStatusListener.swift,\ KMPSubscription.swift,\ KMPUploadable.swift,\ LogMessage.swift,\ LogMessageConvertible.swift,\ LogWriter.swift,\ OSLogger+PubNub.swift,\ PubNubLogger.swift,\ PubNubAPNSPayload.swift,\ PubNubChannelMetadata.swift,\ FCMAndroidPayload.swift,\ FCMWebpushPayload.swift,\ PubNubFCMPayload.swift,\ PubNubFile.swift,\ PubNubMembershipMetadata.swift,\ PubNubMessage.swift,\ PubNubMessageAction.swift,\ PubNubObjectMetadataPatcher.swift,\ PubNubPage.swift /Users/admin/builder/spi-builder-workspace/.dependencies/checkouts/swift/Sources/PubNub/KMP/Wrappers/KMPStatusListener.swift /Users/admin/builder/spi-builder-workspace/.dependencies/checkouts/swift/Sources/PubNub/KMP/Wrappers/KMPSubscription.swift /Users/admin/builder/spi-builder-workspace/.dependencies/checkouts/swift/Sources/PubNub/KMP/Wrappers/KMPUploadable.swift /Users/admin/builder/spi-builder-workspace/.dependencies/checkouts/swift/Sources/PubNub/Logging/LogMessage.swift /Users/admin/builder/spi-builder-workspace/.dependencies/checkouts/swift/Sources/PubNub/Logging/LogMessageConvertible.swift /Users/admin/builder/spi-builder-workspace/.dependencies/checkouts/swift/Sources/PubNub/Logging/LogWriter.swift /Users/admin/builder/spi-builder-workspace/.dependencies/checkouts/swift/Sources/PubNub/Logging/OSLogger+PubNub.swift /Users/admin/builder/spi-builder-workspace/.dependencies/checkouts/swift/Sources/PubNub/Logging/PubNubLogger.swift /Users/admin/builder/spi-builder-workspace/.dependencies/checkouts/swift/Sources/PubNub/Models/PubNubAPNSPayload.swift /Users/admin/builder/spi-builder-workspace/.dependencies/checkouts/swift/Sources/PubNub/Models/PubNubChannelMetadata.swift /Users/admin/builder/spi-builder-workspace/.dependencies/checkouts/swift/Sources/PubNub/Models/PubNubFCMPayload/FCMAndroidPayload.swift /Users/admin/builder/spi-builder-workspace/.dependencies/checkouts/swift/Sources/PubNub/Models/PubNubFCMPayload/FCMWebpushPayload.swift /Users/admin/builder/spi-builder-workspace/.dependencies/checkouts/swift/Sources/PubNub/Models/PubNubFCMPayload/PubNubFCMPayload.swift /Users/admin/builder/spi-builder-workspace/.dependencies/checkouts/swift/Sources/PubNub/Models/PubNubFile.swift /Users/admin/builder/spi-builder-workspace/.dependencies/checkouts/swift/Sources/PubNub/Models/PubNubMembershipMetadata.swift /Users/admin/builder/spi-builder-workspace/.dependencies/checkouts/swift/Sources/PubNub/Models/PubNubMessage.swift /Users/admin/builder/spi-builder-workspace/.dependencies/checkouts/swift/Sources/PubNub/Models/PubNubMessageAction.swift /Users/admin/builder/spi-builder-workspace/.dependencies/checkouts/swift/Sources/PubNub/Models/PubNubObjectMetadataPatcher.swift /Users/admin/builder/spi-builder-workspace/.dependencies/checkouts/swift/Sources/PubNub/Models/PubNubPage.swift (in target 'PubNubSDK' from project 'PubNubSDK')
SwiftCompile normal arm64 /Users/admin/builder/spi-builder-workspace/.dependencies/checkouts/swift/Sources/PubNub/KMP/Wrappers/KMPStatusListener.swift (in target 'PubNubSDK' from project 'PubNubSDK')
cd /Users/admin/builder/spi-builder-workspace/.swiftpm/xcode
builtin-SwiftPerFileCompile KMPStatusListener.swift
SwiftCompile normal arm64 /Users/admin/builder/spi-builder-workspace/.dependencies/checkouts/swift/Sources/PubNub/KMP/Wrappers/KMPSubscription.swift (in target 'PubNubSDK' from project 'PubNubSDK')
cd /Users/admin/builder/spi-builder-workspace/.swiftpm/xcode
builtin-SwiftPerFileCompile KMPSubscription.swift
SwiftCompile normal arm64 /Users/admin/builder/spi-builder-workspace/.dependencies/checkouts/swift/Sources/PubNub/KMP/Wrappers/KMPUploadable.swift (in target 'PubNubSDK' from project 'PubNubSDK')
cd /Users/admin/builder/spi-builder-workspace/.swiftpm/xcode
builtin-SwiftPerFileCompile KMPUploadable.swift
SwiftCompile normal arm64 /Users/admin/builder/spi-builder-workspace/.dependencies/checkouts/swift/Sources/PubNub/Logging/LogMessage.swift (in target 'PubNubSDK' from project 'PubNubSDK')
cd /Users/admin/builder/spi-builder-workspace/.swiftpm/xcode
builtin-SwiftPerFileCompile LogMessage.swift
SwiftCompile normal arm64 /Users/admin/builder/spi-builder-workspace/.dependencies/checkouts/swift/Sources/PubNub/Logging/LogMessageConvertible.swift (in target 'PubNubSDK' from project 'PubNubSDK')
cd /Users/admin/builder/spi-builder-workspace/.swiftpm/xcode
builtin-SwiftPerFileCompile LogMessageConvertible.swift
SwiftCompile normal arm64 /Users/admin/builder/spi-builder-workspace/.dependencies/checkouts/swift/Sources/PubNub/Logging/LogWriter.swift (in target 'PubNubSDK' from project 'PubNubSDK')
cd /Users/admin/builder/spi-builder-workspace/.swiftpm/xcode
builtin-SwiftPerFileCompile LogWriter.swift
SwiftCompile normal arm64 /Users/admin/builder/spi-builder-workspace/.dependencies/checkouts/swift/Sources/PubNub/Logging/OSLogger+PubNub.swift (in target 'PubNubSDK' from project 'PubNubSDK')
cd /Users/admin/builder/spi-builder-workspace/.swiftpm/xcode
builtin-SwiftPerFileCompile OSLogger+PubNub.swift
SwiftCompile normal arm64 /Users/admin/builder/spi-builder-workspace/.dependencies/checkouts/swift/Sources/PubNub/Logging/PubNubLogger.swift (in target 'PubNubSDK' from project 'PubNubSDK')
cd /Users/admin/builder/spi-builder-workspace/.swiftpm/xcode
builtin-SwiftPerFileCompile PubNubLogger.swift
SwiftCompile normal arm64 /Users/admin/builder/spi-builder-workspace/.dependencies/checkouts/swift/Sources/PubNub/Models/PubNubAPNSPayload.swift (in target 'PubNubSDK' from project 'PubNubSDK')
cd /Users/admin/builder/spi-builder-workspace/.swiftpm/xcode
builtin-SwiftPerFileCompile PubNubAPNSPayload.swift
SwiftCompile normal arm64 /Users/admin/builder/spi-builder-workspace/.dependencies/checkouts/swift/Sources/PubNub/Models/PubNubChannelMetadata.swift (in target 'PubNubSDK' from project 'PubNubSDK')
cd /Users/admin/builder/spi-builder-workspace/.swiftpm/xcode
builtin-SwiftPerFileCompile PubNubChannelMetadata.swift
SwiftCompile normal arm64 /Users/admin/builder/spi-builder-workspace/.dependencies/checkouts/swift/Sources/PubNub/Models/PubNubFCMPayload/FCMAndroidPayload.swift (in target 'PubNubSDK' from project 'PubNubSDK')
cd /Users/admin/builder/spi-builder-workspace/.swiftpm/xcode
builtin-SwiftPerFileCompile FCMAndroidPayload.swift
SwiftCompile normal arm64 /Users/admin/builder/spi-builder-workspace/.dependencies/checkouts/swift/Sources/PubNub/Models/PubNubFCMPayload/FCMWebpushPayload.swift (in target 'PubNubSDK' from project 'PubNubSDK')
cd /Users/admin/builder/spi-builder-workspace/.swiftpm/xcode
builtin-SwiftPerFileCompile FCMWebpushPayload.swift
SwiftCompile normal arm64 /Users/admin/builder/spi-builder-workspace/.dependencies/checkouts/swift/Sources/PubNub/Models/PubNubFCMPayload/PubNubFCMPayload.swift (in target 'PubNubSDK' from project 'PubNubSDK')
cd /Users/admin/builder/spi-builder-workspace/.swiftpm/xcode
builtin-SwiftPerFileCompile PubNubFCMPayload.swift
SwiftCompile normal arm64 /Users/admin/builder/spi-builder-workspace/.dependencies/checkouts/swift/Sources/PubNub/Models/PubNubFile.swift (in target 'PubNubSDK' from project 'PubNubSDK')
cd /Users/admin/builder/spi-builder-workspace/.swiftpm/xcode
builtin-SwiftPerFileCompile PubNubFile.swift
SwiftCompile normal arm64 /Users/admin/builder/spi-builder-workspace/.dependencies/checkouts/swift/Sources/PubNub/Models/PubNubMembershipMetadata.swift (in target 'PubNubSDK' from project 'PubNubSDK')
cd /Users/admin/builder/spi-builder-workspace/.swiftpm/xcode
builtin-SwiftPerFileCompile PubNubMembershipMetadata.swift
SwiftCompile normal arm64 /Users/admin/builder/spi-builder-workspace/.dependencies/checkouts/swift/Sources/PubNub/Models/PubNubMessage.swift (in target 'PubNubSDK' from project 'PubNubSDK')
cd /Users/admin/builder/spi-builder-workspace/.swiftpm/xcode
builtin-SwiftPerFileCompile PubNubMessage.swift
SwiftCompile normal arm64 /Users/admin/builder/spi-builder-workspace/.dependencies/checkouts/swift/Sources/PubNub/Models/PubNubMessageAction.swift (in target 'PubNubSDK' from project 'PubNubSDK')
cd /Users/admin/builder/spi-builder-workspace/.swiftpm/xcode
builtin-SwiftPerFileCompile PubNubMessageAction.swift
SwiftCompile normal arm64 /Users/admin/builder/spi-builder-workspace/.dependencies/checkouts/swift/Sources/PubNub/Models/PubNubObjectMetadataPatcher.swift (in target 'PubNubSDK' from project 'PubNubSDK')
cd /Users/admin/builder/spi-builder-workspace/.swiftpm/xcode
builtin-SwiftPerFileCompile PubNubObjectMetadataPatcher.swift
SwiftCompile normal arm64 /Users/admin/builder/spi-builder-workspace/.dependencies/checkouts/swift/Sources/PubNub/Models/PubNubPage.swift (in target 'PubNubSDK' from project 'PubNubSDK')
cd /Users/admin/builder/spi-builder-workspace/.swiftpm/xcode
builtin-SwiftPerFileCompile PubNubPage.swift
SwiftCompile normal arm64 Compiling\ Typealias+PubNub.swift,\ Validated.swift,\ WeakBox.swift,\ XMLDecoder.swift,\ XMLSerialization.swift,\ AnyJSON.swift,\ AnyJSONType.swift,\ FlatJSONCodable.swift,\ JSONCodable.swift,\ Dictionary+ObjCRepresentable.swift,\ Int+NSNumber.swift,\ PubNub+URL.swift,\ KMPPubNub+AppContext.swift,\ KMPPubNub+ChannelGroups.swift,\ KMPPubNub+Files.swift,\ KMPPubNub+History.swift,\ KMPPubNub+Listeners.swift,\ KMPPubNub+MessageActions.swift,\ KMPPubNub+Presence.swift,\ KMPPubNub+Publish.swift /Users/admin/builder/spi-builder-workspace/.dependencies/checkouts/swift/Sources/PubNub/Helpers/Typealias+PubNub.swift /Users/admin/builder/spi-builder-workspace/.dependencies/checkouts/swift/Sources/PubNub/Helpers/Validated.swift /Users/admin/builder/spi-builder-workspace/.dependencies/checkouts/swift/Sources/PubNub/Helpers/WeakBox.swift /Users/admin/builder/spi-builder-workspace/.dependencies/checkouts/swift/Sources/PubNub/Helpers/XML/XMLDecoder.swift /Users/admin/builder/spi-builder-workspace/.dependencies/checkouts/swift/Sources/PubNub/Helpers/XML/XMLSerialization.swift /Users/admin/builder/spi-builder-workspace/.dependencies/checkouts/swift/Sources/PubNub/JSON/AnyJSON.swift /Users/admin/builder/spi-builder-workspace/.dependencies/checkouts/swift/Sources/PubNub/JSON/AnyJSONType.swift /Users/admin/builder/spi-builder-workspace/.dependencies/checkouts/swift/Sources/PubNub/JSON/FlatJSONCodable.swift /Users/admin/builder/spi-builder-workspace/.dependencies/checkouts/swift/Sources/PubNub/JSON/JSONCodable.swift /Users/admin/builder/spi-builder-workspace/.dependencies/checkouts/swift/Sources/PubNub/KMP/Helpers/Dictionary+ObjCRepresentable.swift /Users/admin/builder/spi-builder-workspace/.dependencies/checkouts/swift/Sources/PubNub/KMP/Helpers/Int+NSNumber.swift /Users/admin/builder/spi-builder-workspace/.dependencies/checkouts/swift/Sources/PubNub/KMP/Helpers/PubNub+URL.swift /Users/admin/builder/spi-builder-workspace/.dependencies/checkouts/swift/Sources/PubNub/KMP/KMPPubNub+AppContext.swift /Users/admin/builder/spi-builder-workspace/.dependencies/checkouts/swift/Sources/PubNub/KMP/KMPPubNub+ChannelGroups.swift /Users/admin/builder/spi-builder-workspace/.dependencies/checkouts/swift/Sources/PubNub/KMP/KMPPubNub+Files.swift /Users/admin/builder/spi-builder-workspace/.dependencies/checkouts/swift/Sources/PubNub/KMP/KMPPubNub+History.swift /Users/admin/builder/spi-builder-workspace/.dependencies/checkouts/swift/Sources/PubNub/KMP/KMPPubNub+Listeners.swift /Users/admin/builder/spi-builder-workspace/.dependencies/checkouts/swift/Sources/PubNub/KMP/KMPPubNub+MessageActions.swift /Users/admin/builder/spi-builder-workspace/.dependencies/checkouts/swift/Sources/PubNub/KMP/KMPPubNub+Presence.swift /Users/admin/builder/spi-builder-workspace/.dependencies/checkouts/swift/Sources/PubNub/KMP/KMPPubNub+Publish.swift (in target 'PubNubSDK' from project 'PubNubSDK')
SwiftCompile normal arm64 /Users/admin/builder/spi-builder-workspace/.dependencies/checkouts/swift/Sources/PubNub/Helpers/Typealias+PubNub.swift (in target 'PubNubSDK' from project 'PubNubSDK')
cd /Users/admin/builder/spi-builder-workspace/.swiftpm/xcode
builtin-SwiftPerFileCompile Typealias+PubNub.swift
SwiftCompile normal arm64 /Users/admin/builder/spi-builder-workspace/.dependencies/checkouts/swift/Sources/PubNub/Helpers/Validated.swift (in target 'PubNubSDK' from project 'PubNubSDK')
cd /Users/admin/builder/spi-builder-workspace/.swiftpm/xcode
builtin-SwiftPerFileCompile Validated.swift
SwiftCompile normal arm64 /Users/admin/builder/spi-builder-workspace/.dependencies/checkouts/swift/Sources/PubNub/Helpers/WeakBox.swift (in target 'PubNubSDK' from project 'PubNubSDK')
cd /Users/admin/builder/spi-builder-workspace/.swiftpm/xcode
builtin-SwiftPerFileCompile WeakBox.swift
SwiftCompile normal arm64 /Users/admin/builder/spi-builder-workspace/.dependencies/checkouts/swift/Sources/PubNub/Helpers/XML/XMLDecoder.swift (in target 'PubNubSDK' from project 'PubNubSDK')
cd /Users/admin/builder/spi-builder-workspace/.swiftpm/xcode
builtin-SwiftPerFileCompile XMLDecoder.swift
SwiftCompile normal arm64 /Users/admin/builder/spi-builder-workspace/.dependencies/checkouts/swift/Sources/PubNub/Helpers/XML/XMLSerialization.swift (in target 'PubNubSDK' from project 'PubNubSDK')
cd /Users/admin/builder/spi-builder-workspace/.swiftpm/xcode
builtin-SwiftPerFileCompile XMLSerialization.swift
SwiftCompile normal arm64 /Users/admin/builder/spi-builder-workspace/.dependencies/checkouts/swift/Sources/PubNub/JSON/AnyJSON.swift (in target 'PubNubSDK' from project 'PubNubSDK')
cd /Users/admin/builder/spi-builder-workspace/.swiftpm/xcode
builtin-SwiftPerFileCompile AnyJSON.swift
SwiftCompile normal arm64 /Users/admin/builder/spi-builder-workspace/.dependencies/checkouts/swift/Sources/PubNub/JSON/AnyJSONType.swift (in target 'PubNubSDK' from project 'PubNubSDK')
cd /Users/admin/builder/spi-builder-workspace/.swiftpm/xcode
builtin-SwiftPerFileCompile AnyJSONType.swift
SwiftCompile normal arm64 /Users/admin/builder/spi-builder-workspace/.dependencies/checkouts/swift/Sources/PubNub/JSON/FlatJSONCodable.swift (in target 'PubNubSDK' from project 'PubNubSDK')
cd /Users/admin/builder/spi-builder-workspace/.swiftpm/xcode
builtin-SwiftPerFileCompile FlatJSONCodable.swift
SwiftCompile normal arm64 /Users/admin/builder/spi-builder-workspace/.dependencies/checkouts/swift/Sources/PubNub/JSON/JSONCodable.swift (in target 'PubNubSDK' from project 'PubNubSDK')
cd /Users/admin/builder/spi-builder-workspace/.swiftpm/xcode
builtin-SwiftPerFileCompile JSONCodable.swift
SwiftCompile normal arm64 /Users/admin/builder/spi-builder-workspace/.dependencies/checkouts/swift/Sources/PubNub/KMP/Helpers/Dictionary+ObjCRepresentable.swift (in target 'PubNubSDK' from project 'PubNubSDK')
cd /Users/admin/builder/spi-builder-workspace/.swiftpm/xcode
builtin-SwiftPerFileCompile Dictionary+ObjCRepresentable.swift
SwiftCompile normal arm64 /Users/admin/builder/spi-builder-workspace/.dependencies/checkouts/swift/Sources/PubNub/KMP/Helpers/Int+NSNumber.swift (in target 'PubNubSDK' from project 'PubNubSDK')
cd /Users/admin/builder/spi-builder-workspace/.swiftpm/xcode
builtin-SwiftPerFileCompile Int+NSNumber.swift
SwiftCompile normal arm64 /Users/admin/builder/spi-builder-workspace/.dependencies/checkouts/swift/Sources/PubNub/KMP/Helpers/PubNub+URL.swift (in target 'PubNubSDK' from project 'PubNubSDK')
cd /Users/admin/builder/spi-builder-workspace/.swiftpm/xcode
builtin-SwiftPerFileCompile PubNub+URL.swift
SwiftCompile normal arm64 /Users/admin/builder/spi-builder-workspace/.dependencies/checkouts/swift/Sources/PubNub/KMP/KMPPubNub+AppContext.swift (in target 'PubNubSDK' from project 'PubNubSDK')
cd /Users/admin/builder/spi-builder-workspace/.swiftpm/xcode
builtin-SwiftPerFileCompile KMPPubNub+AppContext.swift
SwiftCompile normal arm64 /Users/admin/builder/spi-builder-workspace/.dependencies/checkouts/swift/Sources/PubNub/KMP/KMPPubNub+ChannelGroups.swift (in target 'PubNubSDK' from project 'PubNubSDK')
cd /Users/admin/builder/spi-builder-workspace/.swiftpm/xcode
builtin-SwiftPerFileCompile KMPPubNub+ChannelGroups.swift
SwiftCompile normal arm64 /Users/admin/builder/spi-builder-workspace/.dependencies/checkouts/swift/Sources/PubNub/KMP/KMPPubNub+Files.swift (in target 'PubNubSDK' from project 'PubNubSDK')
cd /Users/admin/builder/spi-builder-workspace/.swiftpm/xcode
builtin-SwiftPerFileCompile KMPPubNub+Files.swift
SwiftCompile normal arm64 /Users/admin/builder/spi-builder-workspace/.dependencies/checkouts/swift/Sources/PubNub/KMP/KMPPubNub+History.swift (in target 'PubNubSDK' from project 'PubNubSDK')
cd /Users/admin/builder/spi-builder-workspace/.swiftpm/xcode
builtin-SwiftPerFileCompile KMPPubNub+History.swift
SwiftCompile normal arm64 /Users/admin/builder/spi-builder-workspace/.dependencies/checkouts/swift/Sources/PubNub/KMP/KMPPubNub+Listeners.swift (in target 'PubNubSDK' from project 'PubNubSDK')
cd /Users/admin/builder/spi-builder-workspace/.swiftpm/xcode
builtin-SwiftPerFileCompile KMPPubNub+Listeners.swift
SwiftCompile normal arm64 /Users/admin/builder/spi-builder-workspace/.dependencies/checkouts/swift/Sources/PubNub/KMP/KMPPubNub+MessageActions.swift (in target 'PubNubSDK' from project 'PubNubSDK')
cd /Users/admin/builder/spi-builder-workspace/.swiftpm/xcode
builtin-SwiftPerFileCompile KMPPubNub+MessageActions.swift
SwiftCompile normal arm64 /Users/admin/builder/spi-builder-workspace/.dependencies/checkouts/swift/Sources/PubNub/KMP/KMPPubNub+Presence.swift (in target 'PubNubSDK' from project 'PubNubSDK')
cd /Users/admin/builder/spi-builder-workspace/.swiftpm/xcode
builtin-SwiftPerFileCompile KMPPubNub+Presence.swift
SwiftCompile normal arm64 /Users/admin/builder/spi-builder-workspace/.dependencies/checkouts/swift/Sources/PubNub/KMP/KMPPubNub+Publish.swift (in target 'PubNubSDK' from project 'PubNubSDK')
cd /Users/admin/builder/spi-builder-workspace/.swiftpm/xcode
builtin-SwiftPerFileCompile KMPPubNub+Publish.swift
SwiftCompile normal arm64 Compiling\ DateFormatter+PubNub.swift,\ DecodingError+PubNub.swift,\ DispatchQueue+PubNub.swift,\ Encodable+PubNub.swift,\ Error+PubNub.swift,\ FileManager+PubNub.swift,\ Float32+PubNub.swift,\ HTTPURLResponse+PubNub.swift,\ InputStream+PubNub.swift,\ Int+PubNub.swift,\ NSLocking+PubNub.swift,\ NSNumber+PubNub.swift,\ OperationQueue+PubNub.swift,\ Set+PubNub.swift,\ String+PubNub.swift,\ Thread+PubNub.swift,\ URL+PubNub.swift,\ URLQueryItem+PubNub.swift,\ URLRequest+PubNub.swift,\ URLSessionConfiguration+PubNub.swift /Users/admin/builder/spi-builder-workspace/.dependencies/checkouts/swift/Sources/PubNub/Extensions/DateFormatter+PubNub.swift /Users/admin/builder/spi-builder-workspace/.dependencies/checkouts/swift/Sources/PubNub/Extensions/DecodingError+PubNub.swift /Users/admin/builder/spi-builder-workspace/.dependencies/checkouts/swift/Sources/PubNub/Extensions/DispatchQueue+PubNub.swift /Users/admin/builder/spi-builder-workspace/.dependencies/checkouts/swift/Sources/PubNub/Extensions/Encodable+PubNub.swift /Users/admin/builder/spi-builder-workspace/.dependencies/checkouts/swift/Sources/PubNub/Extensions/Error+PubNub.swift /Users/admin/builder/spi-builder-workspace/.dependencies/checkouts/swift/Sources/PubNub/Extensions/FileManager+PubNub.swift /Users/admin/builder/spi-builder-workspace/.dependencies/checkouts/swift/Sources/PubNub/Extensions/Float32+PubNub.swift /Users/admin/builder/spi-builder-workspace/.dependencies/checkouts/swift/Sources/PubNub/Extensions/HTTPURLResponse+PubNub.swift /Users/admin/builder/spi-builder-workspace/.dependencies/checkouts/swift/Sources/PubNub/Extensions/InputStream+PubNub.swift /Users/admin/builder/spi-builder-workspace/.dependencies/checkouts/swift/Sources/PubNub/Extensions/Int+PubNub.swift /Users/admin/builder/spi-builder-workspace/.dependencies/checkouts/swift/Sources/PubNub/Extensions/NSLocking+PubNub.swift /Users/admin/builder/spi-builder-workspace/.dependencies/checkouts/swift/Sources/PubNub/Extensions/NSNumber+PubNub.swift /Users/admin/builder/spi-builder-workspace/.dependencies/checkouts/swift/Sources/PubNub/Extensions/OperationQueue+PubNub.swift /Users/admin/builder/spi-builder-workspace/.dependencies/checkouts/swift/Sources/PubNub/Extensions/Set+PubNub.swift /Users/admin/builder/spi-builder-workspace/.dependencies/checkouts/swift/Sources/PubNub/Extensions/String+PubNub.swift /Users/admin/builder/spi-builder-workspace/.dependencies/checkouts/swift/Sources/PubNub/Extensions/Thread+PubNub.swift /Users/admin/builder/spi-builder-workspace/.dependencies/checkouts/swift/Sources/PubNub/Extensions/URL+PubNub.swift /Users/admin/builder/spi-builder-workspace/.dependencies/checkouts/swift/Sources/PubNub/Extensions/URLQueryItem+PubNub.swift /Users/admin/builder/spi-builder-workspace/.dependencies/checkouts/swift/Sources/PubNub/Extensions/URLRequest+PubNub.swift /Users/admin/builder/spi-builder-workspace/.dependencies/checkouts/swift/Sources/PubNub/Extensions/URLSessionConfiguration+PubNub.swift (in target 'PubNubSDK' from project 'PubNubSDK')
SwiftCompile normal arm64 /Users/admin/builder/spi-builder-workspace/.dependencies/checkouts/swift/Sources/PubNub/Extensions/DateFormatter+PubNub.swift (in target 'PubNubSDK' from project 'PubNubSDK')
cd /Users/admin/builder/spi-builder-workspace/.swiftpm/xcode
builtin-SwiftPerFileCompile DateFormatter+PubNub.swift
SwiftCompile normal arm64 /Users/admin/builder/spi-builder-workspace/.dependencies/checkouts/swift/Sources/PubNub/Extensions/DecodingError+PubNub.swift (in target 'PubNubSDK' from project 'PubNubSDK')
cd /Users/admin/builder/spi-builder-workspace/.swiftpm/xcode
builtin-SwiftPerFileCompile DecodingError+PubNub.swift
SwiftCompile normal arm64 /Users/admin/builder/spi-builder-workspace/.dependencies/checkouts/swift/Sources/PubNub/Extensions/DispatchQueue+PubNub.swift (in target 'PubNubSDK' from project 'PubNubSDK')
cd /Users/admin/builder/spi-builder-workspace/.swiftpm/xcode
builtin-SwiftPerFileCompile DispatchQueue+PubNub.swift
SwiftCompile normal arm64 /Users/admin/builder/spi-builder-workspace/.dependencies/checkouts/swift/Sources/PubNub/Extensions/Encodable+PubNub.swift (in target 'PubNubSDK' from project 'PubNubSDK')
cd /Users/admin/builder/spi-builder-workspace/.swiftpm/xcode
builtin-SwiftPerFileCompile Encodable+PubNub.swift
SwiftCompile normal arm64 /Users/admin/builder/spi-builder-workspace/.dependencies/checkouts/swift/Sources/PubNub/Extensions/Error+PubNub.swift (in target 'PubNubSDK' from project 'PubNubSDK')
cd /Users/admin/builder/spi-builder-workspace/.swiftpm/xcode
builtin-SwiftPerFileCompile Error+PubNub.swift
SwiftCompile normal arm64 /Users/admin/builder/spi-builder-workspace/.dependencies/checkouts/swift/Sources/PubNub/Extensions/FileManager+PubNub.swift (in target 'PubNubSDK' from project 'PubNubSDK')
cd /Users/admin/builder/spi-builder-workspace/.swiftpm/xcode
builtin-SwiftPerFileCompile FileManager+PubNub.swift
SwiftCompile normal arm64 /Users/admin/builder/spi-builder-workspace/.dependencies/checkouts/swift/Sources/PubNub/Extensions/Float32+PubNub.swift (in target 'PubNubSDK' from project 'PubNubSDK')
cd /Users/admin/builder/spi-builder-workspace/.swiftpm/xcode
builtin-SwiftPerFileCompile Float32+PubNub.swift
SwiftCompile normal arm64 /Users/admin/builder/spi-builder-workspace/.dependencies/checkouts/swift/Sources/PubNub/Extensions/HTTPURLResponse+PubNub.swift (in target 'PubNubSDK' from project 'PubNubSDK')
cd /Users/admin/builder/spi-builder-workspace/.swiftpm/xcode
builtin-SwiftPerFileCompile HTTPURLResponse+PubNub.swift
SwiftCompile normal arm64 /Users/admin/builder/spi-builder-workspace/.dependencies/checkouts/swift/Sources/PubNub/Extensions/InputStream+PubNub.swift (in target 'PubNubSDK' from project 'PubNubSDK')
cd /Users/admin/builder/spi-builder-workspace/.swiftpm/xcode
builtin-SwiftPerFileCompile InputStream+PubNub.swift
SwiftCompile normal arm64 /Users/admin/builder/spi-builder-workspace/.dependencies/checkouts/swift/Sources/PubNub/Extensions/Int+PubNub.swift (in target 'PubNubSDK' from project 'PubNubSDK')
cd /Users/admin/builder/spi-builder-workspace/.swiftpm/xcode
builtin-SwiftPerFileCompile Int+PubNub.swift
SwiftCompile normal arm64 /Users/admin/builder/spi-builder-workspace/.dependencies/checkouts/swift/Sources/PubNub/Extensions/NSLocking+PubNub.swift (in target 'PubNubSDK' from project 'PubNubSDK')
cd /Users/admin/builder/spi-builder-workspace/.swiftpm/xcode
builtin-SwiftPerFileCompile NSLocking+PubNub.swift
SwiftCompile normal arm64 /Users/admin/builder/spi-builder-workspace/.dependencies/checkouts/swift/Sources/PubNub/Extensions/NSNumber+PubNub.swift (in target 'PubNubSDK' from project 'PubNubSDK')
cd /Users/admin/builder/spi-builder-workspace/.swiftpm/xcode
builtin-SwiftPerFileCompile NSNumber+PubNub.swift
SwiftCompile normal arm64 /Users/admin/builder/spi-builder-workspace/.dependencies/checkouts/swift/Sources/PubNub/Extensions/OperationQueue+PubNub.swift (in target 'PubNubSDK' from project 'PubNubSDK')
cd /Users/admin/builder/spi-builder-workspace/.swiftpm/xcode
builtin-SwiftPerFileCompile OperationQueue+PubNub.swift
SwiftCompile normal arm64 /Users/admin/builder/spi-builder-workspace/.dependencies/checkouts/swift/Sources/PubNub/Extensions/Set+PubNub.swift (in target 'PubNubSDK' from project 'PubNubSDK')
cd /Users/admin/builder/spi-builder-workspace/.swiftpm/xcode
builtin-SwiftPerFileCompile Set+PubNub.swift
SwiftCompile normal arm64 /Users/admin/builder/spi-builder-workspace/.dependencies/checkouts/swift/Sources/PubNub/Extensions/String+PubNub.swift (in target 'PubNubSDK' from project 'PubNubSDK')
cd /Users/admin/builder/spi-builder-workspace/.swiftpm/xcode
builtin-SwiftPerFileCompile String+PubNub.swift
SwiftCompile normal arm64 /Users/admin/builder/spi-builder-workspace/.dependencies/checkouts/swift/Sources/PubNub/Extensions/Thread+PubNub.swift (in target 'PubNubSDK' from project 'PubNubSDK')
cd /Users/admin/builder/spi-builder-workspace/.swiftpm/xcode
builtin-SwiftPerFileCompile Thread+PubNub.swift
SwiftCompile normal arm64 /Users/admin/builder/spi-builder-workspace/.dependencies/checkouts/swift/Sources/PubNub/Extensions/URL+PubNub.swift (in target 'PubNubSDK' from project 'PubNubSDK')
cd /Users/admin/builder/spi-builder-workspace/.swiftpm/xcode
builtin-SwiftPerFileCompile URL+PubNub.swift
SwiftCompile normal arm64 /Users/admin/builder/spi-builder-workspace/.dependencies/checkouts/swift/Sources/PubNub/Extensions/URLQueryItem+PubNub.swift (in target 'PubNubSDK' from project 'PubNubSDK')
cd /Users/admin/builder/spi-builder-workspace/.swiftpm/xcode
builtin-SwiftPerFileCompile URLQueryItem+PubNub.swift
SwiftCompile normal arm64 /Users/admin/builder/spi-builder-workspace/.dependencies/checkouts/swift/Sources/PubNub/Extensions/URLRequest+PubNub.swift (in target 'PubNubSDK' from project 'PubNubSDK')
cd /Users/admin/builder/spi-builder-workspace/.swiftpm/xcode
builtin-SwiftPerFileCompile URLRequest+PubNub.swift
SwiftCompile normal arm64 /Users/admin/builder/spi-builder-workspace/.dependencies/checkouts/swift/Sources/PubNub/Extensions/URLSessionConfiguration+PubNub.swift (in target 'PubNubSDK' from project 'PubNubSDK')
cd /Users/admin/builder/spi-builder-workspace/.swiftpm/xcode
builtin-SwiftPerFileCompile URLSessionConfiguration+PubNub.swift
SwiftCompile normal arm64 Compiling\ resource_bundle_accessor.swift,\ ChannelGroups+PubNub.swift,\ Crypto+PubNub.swift,\ File+PubNub.swift,\ History+PubNub.swift,\ MessageActions+PubNub.swift,\ Objects+PubNub.swift,\ PAM+PubNub.swift,\ Presence+PubNub.swift,\ Publish+PubNub.swift,\ Push+PubNub.swift,\ Time+PubNub.swift,\ DependencyContainer.swift,\ ErrorDescription.swift,\ PubNubError.swift,\ Dispatcher.swift,\ EffectHandler.swift,\ EventEngine.swift,\ TransitionProtocol.swift,\ HeartbeatEffect.swift /Users/admin/builder/spi-builder-workspace/.derivedData/Build/Intermediates.noindex/PubNubSDK.build/Debug-iphoneos/PubNubSDK-t.build/DerivedSources/resource_bundle_accessor.swift /Users/admin/builder/spi-builder-workspace/.dependencies/checkouts/swift/Sources/PubNub/APIs/ChannelGroups+PubNub.swift /Users/admin/builder/spi-builder-workspace/.dependencies/checkouts/swift/Sources/PubNub/APIs/Crypto+PubNub.swift /Users/admin/builder/spi-builder-workspace/.dependencies/checkouts/swift/Sources/PubNub/APIs/File+PubNub.swift /Users/admin/builder/spi-builder-workspace/.dependencies/checkouts/swift/Sources/PubNub/APIs/History+PubNub.swift /Users/admin/builder/spi-builder-workspace/.dependencies/checkouts/swift/Sources/PubNub/APIs/MessageActions+PubNub.swift /Users/admin/builder/spi-builder-workspace/.dependencies/checkouts/swift/Sources/PubNub/APIs/Objects+PubNub.swift /Users/admin/builder/spi-builder-workspace/.dependencies/checkouts/swift/Sources/PubNub/APIs/PAM+PubNub.swift /Users/admin/builder/spi-builder-workspace/.dependencies/checkouts/swift/Sources/PubNub/APIs/Presence+PubNub.swift /Users/admin/builder/spi-builder-workspace/.dependencies/checkouts/swift/Sources/PubNub/APIs/Publish+PubNub.swift /Users/admin/builder/spi-builder-workspace/.dependencies/checkouts/swift/Sources/PubNub/APIs/Push+PubNub.swift /Users/admin/builder/spi-builder-workspace/.dependencies/checkouts/swift/Sources/PubNub/APIs/Time+PubNub.swift /Users/admin/builder/spi-builder-workspace/.dependencies/checkouts/swift/Sources/PubNub/DependencyContainer/DependencyContainer.swift /Users/admin/builder/spi-builder-workspace/.dependencies/checkouts/swift/Sources/PubNub/Errors/ErrorDescription.swift /Users/admin/builder/spi-builder-workspace/.dependencies/checkouts/swift/Sources/PubNub/Errors/PubNubError.swift /Users/admin/builder/spi-builder-workspace/.dependencies/checkouts/swift/Sources/PubNub/EventEngine/Core/Dispatcher.swift /Users/admin/builder/spi-builder-workspace/.dependencies/checkouts/swift/Sources/PubNub/EventEngine/Core/EffectHandler.swift /Users/admin/builder/spi-builder-workspace/.dependencies/checkouts/swift/Sources/PubNub/EventEngine/Core/EventEngine.swift /Users/admin/builder/spi-builder-workspace/.dependencies/checkouts/swift/Sources/PubNub/EventEngine/Core/TransitionProtocol.swift /Users/admin/builder/spi-builder-workspace/.dependencies/checkouts/swift/Sources/PubNub/EventEngine/Presence/Effects/HeartbeatEffect.swift (in target 'PubNubSDK' from project 'PubNubSDK')
SwiftCompile normal arm64 /Users/admin/builder/spi-builder-workspace/.derivedData/Build/Intermediates.noindex/PubNubSDK.build/Debug-iphoneos/PubNubSDK-t.build/DerivedSources/resource_bundle_accessor.swift (in target 'PubNubSDK' from project 'PubNubSDK')
cd /Users/admin/builder/spi-builder-workspace/.swiftpm/xcode
builtin-SwiftPerFileCompile resource_bundle_accessor.swift
SwiftCompile normal arm64 /Users/admin/builder/spi-builder-workspace/.dependencies/checkouts/swift/Sources/PubNub/APIs/ChannelGroups+PubNub.swift (in target 'PubNubSDK' from project 'PubNubSDK')
cd /Users/admin/builder/spi-builder-workspace/.swiftpm/xcode
builtin-SwiftPerFileCompile ChannelGroups+PubNub.swift
SwiftCompile normal arm64 /Users/admin/builder/spi-builder-workspace/.dependencies/checkouts/swift/Sources/PubNub/APIs/Crypto+PubNub.swift (in target 'PubNubSDK' from project 'PubNubSDK')
cd /Users/admin/builder/spi-builder-workspace/.swiftpm/xcode
builtin-SwiftPerFileCompile Crypto+PubNub.swift
SwiftCompile normal arm64 /Users/admin/builder/spi-builder-workspace/.dependencies/checkouts/swift/Sources/PubNub/APIs/File+PubNub.swift (in target 'PubNubSDK' from project 'PubNubSDK')
cd /Users/admin/builder/spi-builder-workspace/.swiftpm/xcode
builtin-SwiftPerFileCompile File+PubNub.swift
SwiftCompile normal arm64 /Users/admin/builder/spi-builder-workspace/.dependencies/checkouts/swift/Sources/PubNub/APIs/History+PubNub.swift (in target 'PubNubSDK' from project 'PubNubSDK')
cd /Users/admin/builder/spi-builder-workspace/.swiftpm/xcode
builtin-SwiftPerFileCompile History+PubNub.swift
SwiftCompile normal arm64 /Users/admin/builder/spi-builder-workspace/.dependencies/checkouts/swift/Sources/PubNub/APIs/MessageActions+PubNub.swift (in target 'PubNubSDK' from project 'PubNubSDK')
cd /Users/admin/builder/spi-builder-workspace/.swiftpm/xcode
builtin-SwiftPerFileCompile MessageActions+PubNub.swift
SwiftCompile normal arm64 /Users/admin/builder/spi-builder-workspace/.dependencies/checkouts/swift/Sources/PubNub/APIs/Objects+PubNub.swift (in target 'PubNubSDK' from project 'PubNubSDK')
cd /Users/admin/builder/spi-builder-workspace/.swiftpm/xcode
builtin-SwiftPerFileCompile Objects+PubNub.swift
SwiftCompile normal arm64 /Users/admin/builder/spi-builder-workspace/.dependencies/checkouts/swift/Sources/PubNub/APIs/PAM+PubNub.swift (in target 'PubNubSDK' from project 'PubNubSDK')
cd /Users/admin/builder/spi-builder-workspace/.swiftpm/xcode
builtin-SwiftPerFileCompile PAM+PubNub.swift
SwiftCompile normal arm64 /Users/admin/builder/spi-builder-workspace/.dependencies/checkouts/swift/Sources/PubNub/APIs/Presence+PubNub.swift (in target 'PubNubSDK' from project 'PubNubSDK')
cd /Users/admin/builder/spi-builder-workspace/.swiftpm/xcode
builtin-SwiftPerFileCompile Presence+PubNub.swift
SwiftCompile normal arm64 /Users/admin/builder/spi-builder-workspace/.dependencies/checkouts/swift/Sources/PubNub/APIs/Publish+PubNub.swift (in target 'PubNubSDK' from project 'PubNubSDK')
cd /Users/admin/builder/spi-builder-workspace/.swiftpm/xcode
builtin-SwiftPerFileCompile Publish+PubNub.swift
SwiftCompile normal arm64 /Users/admin/builder/spi-builder-workspace/.dependencies/checkouts/swift/Sources/PubNub/APIs/Push+PubNub.swift (in target 'PubNubSDK' from project 'PubNubSDK')
cd /Users/admin/builder/spi-builder-workspace/.swiftpm/xcode
builtin-SwiftPerFileCompile Push+PubNub.swift
SwiftCompile normal arm64 /Users/admin/builder/spi-builder-workspace/.dependencies/checkouts/swift/Sources/PubNub/APIs/Time+PubNub.swift (in target 'PubNubSDK' from project 'PubNubSDK')
cd /Users/admin/builder/spi-builder-workspace/.swiftpm/xcode
builtin-SwiftPerFileCompile Time+PubNub.swift
SwiftCompile normal arm64 /Users/admin/builder/spi-builder-workspace/.dependencies/checkouts/swift/Sources/PubNub/DependencyContainer/DependencyContainer.swift (in target 'PubNubSDK' from project 'PubNubSDK')
cd /Users/admin/builder/spi-builder-workspace/.swiftpm/xcode
builtin-SwiftPerFileCompile DependencyContainer.swift
SwiftCompile normal arm64 /Users/admin/builder/spi-builder-workspace/.dependencies/checkouts/swift/Sources/PubNub/Errors/ErrorDescription.swift (in target 'PubNubSDK' from project 'PubNubSDK')
cd /Users/admin/builder/spi-builder-workspace/.swiftpm/xcode
builtin-SwiftPerFileCompile ErrorDescription.swift
SwiftCompile normal arm64 /Users/admin/builder/spi-builder-workspace/.dependencies/checkouts/swift/Sources/PubNub/Errors/PubNubError.swift (in target 'PubNubSDK' from project 'PubNubSDK')
cd /Users/admin/builder/spi-builder-workspace/.swiftpm/xcode
builtin-SwiftPerFileCompile PubNubError.swift
SwiftCompile normal arm64 /Users/admin/builder/spi-builder-workspace/.dependencies/checkouts/swift/Sources/PubNub/EventEngine/Core/Dispatcher.swift (in target 'PubNubSDK' from project 'PubNubSDK')
cd /Users/admin/builder/spi-builder-workspace/.swiftpm/xcode
builtin-SwiftPerFileCompile Dispatcher.swift
SwiftCompile normal arm64 /Users/admin/builder/spi-builder-workspace/.dependencies/checkouts/swift/Sources/PubNub/EventEngine/Core/EffectHandler.swift (in target 'PubNubSDK' from project 'PubNubSDK')
cd /Users/admin/builder/spi-builder-workspace/.swiftpm/xcode
builtin-SwiftPerFileCompile EffectHandler.swift
SwiftCompile normal arm64 /Users/admin/builder/spi-builder-workspace/.dependencies/checkouts/swift/Sources/PubNub/EventEngine/Core/EventEngine.swift (in target 'PubNubSDK' from project 'PubNubSDK')
cd /Users/admin/builder/spi-builder-workspace/.swiftpm/xcode
builtin-SwiftPerFileCompile EventEngine.swift
SwiftCompile normal arm64 /Users/admin/builder/spi-builder-workspace/.dependencies/checkouts/swift/Sources/PubNub/EventEngine/Core/TransitionProtocol.swift (in target 'PubNubSDK' from project 'PubNubSDK')
cd /Users/admin/builder/spi-builder-workspace/.swiftpm/xcode
builtin-SwiftPerFileCompile TransitionProtocol.swift
SwiftCompile normal arm64 /Users/admin/builder/spi-builder-workspace/.dependencies/checkouts/swift/Sources/PubNub/EventEngine/Presence/Effects/HeartbeatEffect.swift (in target 'PubNubSDK' from project 'PubNubSDK')
cd /Users/admin/builder/spi-builder-workspace/.swiftpm/xcode
builtin-SwiftPerFileCompile HeartbeatEffect.swift
SwiftCompile normal arm64 Compiling\ KMPPubNub+Push.swift,\ KMPPubNub+Subscribe.swift,\ KMPPubNub+Time.swift,\ KMPPubNub.swift,\ KMPAnyJSON.swift,\ KMPAppContextEventResult.swift,\ KMPAppContextIncludeFields.swift,\ KMPEntity.swift,\ KMPError.swift,\ KMPEventListener.swift,\ KMPFetchMessagesResult.swift,\ KMPFileChangeEvent.swift,\ KMPHashedPage.swift,\ KMPHereNowResult.swift,\ KMPLogLevel.swift,\ KMPMessage.swift,\ KMPMessageAction.swift,\ KMPPAMToken.swift,\ KMPPresenceChange.swift /Users/admin/builder/spi-builder-workspace/.dependencies/checkouts/swift/Sources/PubNub/KMP/KMPPubNub+Push.swift /Users/admin/builder/spi-builder-workspace/.dependencies/checkouts/swift/Sources/PubNub/KMP/KMPPubNub+Subscribe.swift /Users/admin/builder/spi-builder-workspace/.dependencies/checkouts/swift/Sources/PubNub/KMP/KMPPubNub+Time.swift /Users/admin/builder/spi-builder-workspace/.dependencies/checkouts/swift/Sources/PubNub/KMP/KMPPubNub.swift /Users/admin/builder/spi-builder-workspace/.dependencies/checkouts/swift/Sources/PubNub/KMP/Wrappers/KMPAnyJSON.swift /Users/admin/builder/spi-builder-workspace/.dependencies/checkouts/swift/Sources/PubNub/KMP/Wrappers/KMPAppContextEventResult.swift /Users/admin/builder/spi-builder-workspace/.dependencies/checkouts/swift/Sources/PubNub/KMP/Wrappers/KMPAppContextIncludeFields.swift /Users/admin/builder/spi-builder-workspace/.dependencies/checkouts/swift/Sources/PubNub/KMP/Wrappers/KMPEntity.swift /Users/admin/builder/spi-builder-workspace/.dependencies/checkouts/swift/Sources/PubNub/KMP/Wrappers/KMPError.swift /Users/admin/builder/spi-builder-workspace/.dependencies/checkouts/swift/Sources/PubNub/KMP/Wrappers/KMPEventListener.swift /Users/admin/builder/spi-builder-workspace/.dependencies/checkouts/swift/Sources/PubNub/KMP/Wrappers/KMPFetchMessagesResult.swift /Users/admin/builder/spi-builder-workspace/.dependencies/checkouts/swift/Sources/PubNub/KMP/Wrappers/KMPFileChangeEvent.swift /Users/admin/builder/spi-builder-workspace/.dependencies/checkouts/swift/Sources/PubNub/KMP/Wrappers/KMPHashedPage.swift /Users/admin/builder/spi-builder-workspace/.dependencies/checkouts/swift/Sources/PubNub/KMP/Wrappers/KMPHereNowResult.swift /Users/admin/builder/spi-builder-workspace/.dependencies/checkouts/swift/Sources/PubNub/KMP/Wrappers/KMPLogLevel.swift /Users/admin/builder/spi-builder-workspace/.dependencies/checkouts/swift/Sources/PubNub/KMP/Wrappers/KMPMessage.swift /Users/admin/builder/spi-builder-workspace/.dependencies/checkouts/swift/Sources/PubNub/KMP/Wrappers/KMPMessageAction.swift /Users/admin/builder/spi-builder-workspace/.dependencies/checkouts/swift/Sources/PubNub/KMP/Wrappers/KMPPAMToken.swift /Users/admin/builder/spi-builder-workspace/.dependencies/checkouts/swift/Sources/PubNub/KMP/Wrappers/KMPPresenceChange.swift (in target 'PubNubSDK' from project 'PubNubSDK')
SwiftCompile normal arm64 /Users/admin/builder/spi-builder-workspace/.dependencies/checkouts/swift/Sources/PubNub/KMP/KMPPubNub+Push.swift (in target 'PubNubSDK' from project 'PubNubSDK')
cd /Users/admin/builder/spi-builder-workspace/.swiftpm/xcode
builtin-SwiftPerFileCompile KMPPubNub+Push.swift
SwiftCompile normal arm64 /Users/admin/builder/spi-builder-workspace/.dependencies/checkouts/swift/Sources/PubNub/KMP/KMPPubNub+Subscribe.swift (in target 'PubNubSDK' from project 'PubNubSDK')
cd /Users/admin/builder/spi-builder-workspace/.swiftpm/xcode
builtin-SwiftPerFileCompile KMPPubNub+Subscribe.swift
SwiftCompile normal arm64 /Users/admin/builder/spi-builder-workspace/.dependencies/checkouts/swift/Sources/PubNub/KMP/KMPPubNub+Time.swift (in target 'PubNubSDK' from project 'PubNubSDK')
cd /Users/admin/builder/spi-builder-workspace/.swiftpm/xcode
builtin-SwiftPerFileCompile KMPPubNub+Time.swift
SwiftCompile normal arm64 /Users/admin/builder/spi-builder-workspace/.dependencies/checkouts/swift/Sources/PubNub/KMP/KMPPubNub.swift (in target 'PubNubSDK' from project 'PubNubSDK')
cd /Users/admin/builder/spi-builder-workspace/.swiftpm/xcode
builtin-SwiftPerFileCompile KMPPubNub.swift
SwiftCompile normal arm64 /Users/admin/builder/spi-builder-workspace/.dependencies/checkouts/swift/Sources/PubNub/KMP/Wrappers/KMPAnyJSON.swift (in target 'PubNubSDK' from project 'PubNubSDK')
cd /Users/admin/builder/spi-builder-workspace/.swiftpm/xcode
builtin-SwiftPerFileCompile KMPAnyJSON.swift
SwiftCompile normal arm64 /Users/admin/builder/spi-builder-workspace/.dependencies/checkouts/swift/Sources/PubNub/KMP/Wrappers/KMPAppContextEventResult.swift (in target 'PubNubSDK' from project 'PubNubSDK')
cd /Users/admin/builder/spi-builder-workspace/.swiftpm/xcode
builtin-SwiftPerFileCompile KMPAppContextEventResult.swift
SwiftCompile normal arm64 /Users/admin/builder/spi-builder-workspace/.dependencies/checkouts/swift/Sources/PubNub/KMP/Wrappers/KMPAppContextIncludeFields.swift (in target 'PubNubSDK' from project 'PubNubSDK')
cd /Users/admin/builder/spi-builder-workspace/.swiftpm/xcode
builtin-SwiftPerFileCompile KMPAppContextIncludeFields.swift
SwiftCompile normal arm64 /Users/admin/builder/spi-builder-workspace/.dependencies/checkouts/swift/Sources/PubNub/KMP/Wrappers/KMPEntity.swift (in target 'PubNubSDK' from project 'PubNubSDK')
cd /Users/admin/builder/spi-builder-workspace/.swiftpm/xcode
builtin-SwiftPerFileCompile KMPEntity.swift
SwiftCompile normal arm64 /Users/admin/builder/spi-builder-workspace/.dependencies/checkouts/swift/Sources/PubNub/KMP/Wrappers/KMPError.swift (in target 'PubNubSDK' from project 'PubNubSDK')
cd /Users/admin/builder/spi-builder-workspace/.swiftpm/xcode
builtin-SwiftPerFileCompile KMPError.swift
SwiftCompile normal arm64 /Users/admin/builder/spi-builder-workspace/.dependencies/checkouts/swift/Sources/PubNub/KMP/Wrappers/KMPEventListener.swift (in target 'PubNubSDK' from project 'PubNubSDK')
cd /Users/admin/builder/spi-builder-workspace/.swiftpm/xcode
builtin-SwiftPerFileCompile KMPEventListener.swift
SwiftCompile normal arm64 /Users/admin/builder/spi-builder-workspace/.dependencies/checkouts/swift/Sources/PubNub/KMP/Wrappers/KMPFetchMessagesResult.swift (in target 'PubNubSDK' from project 'PubNubSDK')
cd /Users/admin/builder/spi-builder-workspace/.swiftpm/xcode
builtin-SwiftPerFileCompile KMPFetchMessagesResult.swift
SwiftCompile normal arm64 /Users/admin/builder/spi-builder-workspace/.dependencies/checkouts/swift/Sources/PubNub/KMP/Wrappers/KMPFileChangeEvent.swift (in target 'PubNubSDK' from project 'PubNubSDK')
cd /Users/admin/builder/spi-builder-workspace/.swiftpm/xcode
builtin-SwiftPerFileCompile KMPFileChangeEvent.swift
SwiftCompile normal arm64 /Users/admin/builder/spi-builder-workspace/.dependencies/checkouts/swift/Sources/PubNub/KMP/Wrappers/KMPHashedPage.swift (in target 'PubNubSDK' from project 'PubNubSDK')
cd /Users/admin/builder/spi-builder-workspace/.swiftpm/xcode
builtin-SwiftPerFileCompile KMPHashedPage.swift
SwiftCompile normal arm64 /Users/admin/builder/spi-builder-workspace/.dependencies/checkouts/swift/Sources/PubNub/KMP/Wrappers/KMPHereNowResult.swift (in target 'PubNubSDK' from project 'PubNubSDK')
cd /Users/admin/builder/spi-builder-workspace/.swiftpm/xcode
builtin-SwiftPerFileCompile KMPHereNowResult.swift
SwiftCompile normal arm64 /Users/admin/builder/spi-builder-workspace/.dependencies/checkouts/swift/Sources/PubNub/KMP/Wrappers/KMPLogLevel.swift (in target 'PubNubSDK' from project 'PubNubSDK')
cd /Users/admin/builder/spi-builder-workspace/.swiftpm/xcode
builtin-SwiftPerFileCompile KMPLogLevel.swift
SwiftCompile normal arm64 /Users/admin/builder/spi-builder-workspace/.dependencies/checkouts/swift/Sources/PubNub/KMP/Wrappers/KMPMessage.swift (in target 'PubNubSDK' from project 'PubNubSDK')
cd /Users/admin/builder/spi-builder-workspace/.swiftpm/xcode
builtin-SwiftPerFileCompile KMPMessage.swift
SwiftCompile normal arm64 /Users/admin/builder/spi-builder-workspace/.dependencies/checkouts/swift/Sources/PubNub/KMP/Wrappers/KMPMessageAction.swift (in target 'PubNubSDK' from project 'PubNubSDK')
cd /Users/admin/builder/spi-builder-workspace/.swiftpm/xcode
builtin-SwiftPerFileCompile KMPMessageAction.swift
SwiftCompile normal arm64 /Users/admin/builder/spi-builder-workspace/.dependencies/checkouts/swift/Sources/PubNub/KMP/Wrappers/KMPPAMToken.swift (in target 'PubNubSDK' from project 'PubNubSDK')
cd /Users/admin/builder/spi-builder-workspace/.swiftpm/xcode
builtin-SwiftPerFileCompile KMPPAMToken.swift
SwiftCompile normal arm64 /Users/admin/builder/spi-builder-workspace/.dependencies/checkouts/swift/Sources/PubNub/KMP/Wrappers/KMPPresenceChange.swift (in target 'PubNubSDK' from project 'PubNubSDK')
cd /Users/admin/builder/spi-builder-workspace/.swiftpm/xcode
builtin-SwiftPerFileCompile KMPPresenceChange.swift
SwiftCompile normal arm64 Compiling\ Atomic.swift,\ CBORDecoder.swift,\ CBORSerialization.swift,\ CaseAccessible.swift,\ Constants.swift,\ Crypto.swift,\ CryptoModule.swift,\ AESCBCCryptor.swift,\ Cryptor.swift,\ LegacyCryptor.swift,\ CryptorHeader.swift,\ CryptorHeaderWithinStreamFinder.swift,\ CryptoInputStream.swift,\ CryptoStream.swift,\ CryptorUtils.swift,\ CryptorVector.swift,\ Data+CommonCrypto.swift,\ OptionalChange.swift,\ PAMToken.swift,\ MultipartInputStream.swift /Users/admin/builder/spi-builder-workspace/.dependencies/checkouts/swift/Sources/PubNub/Helpers/Atomic.swift /Users/admin/builder/spi-builder-workspace/.dependencies/checkouts/swift/Sources/PubNub/Helpers/CBOR/CBORDecoder.swift /Users/admin/builder/spi-builder-workspace/.dependencies/checkouts/swift/Sources/PubNub/Helpers/CBOR/CBORSerialization.swift /Users/admin/builder/spi-builder-workspace/.dependencies/checkouts/swift/Sources/PubNub/Helpers/CaseAccessible.swift /Users/admin/builder/spi-builder-workspace/.dependencies/checkouts/swift/Sources/PubNub/Helpers/Constants.swift /Users/admin/builder/spi-builder-workspace/.dependencies/checkouts/swift/Sources/PubNub/Helpers/Crypto/Crypto.swift /Users/admin/builder/spi-builder-workspace/.dependencies/checkouts/swift/Sources/PubNub/Helpers/Crypto/CryptoModule.swift /Users/admin/builder/spi-builder-workspace/.dependencies/checkouts/swift/Sources/PubNub/Helpers/Crypto/Cryptors/AESCBCCryptor.swift /Users/admin/builder/spi-builder-workspace/.dependencies/checkouts/swift/Sources/PubNub/Helpers/Crypto/Cryptors/Cryptor.swift /Users/admin/builder/spi-builder-workspace/.dependencies/checkouts/swift/Sources/PubNub/Helpers/Crypto/Cryptors/LegacyCryptor.swift /Users/admin/builder/spi-builder-workspace/.dependencies/checkouts/swift/Sources/PubNub/Helpers/Crypto/Header/CryptorHeader.swift /Users/admin/builder/spi-builder-workspace/.dependencies/checkouts/swift/Sources/PubNub/Helpers/Crypto/Header/CryptorHeaderWithinStreamFinder.swift /Users/admin/builder/spi-builder-workspace/.dependencies/checkouts/swift/Sources/PubNub/Helpers/Crypto/Miscellaneous/CryptoInputStream.swift /Users/admin/builder/spi-builder-workspace/.dependencies/checkouts/swift/Sources/PubNub/Helpers/Crypto/Miscellaneous/CryptoStream.swift /Users/admin/builder/spi-builder-workspace/.dependencies/checkouts/swift/Sources/PubNub/Helpers/Crypto/Miscellaneous/CryptorUtils.swift /Users/admin/builder/spi-builder-workspace/.dependencies/checkouts/swift/Sources/PubNub/Helpers/Crypto/Miscellaneous/CryptorVector.swift /Users/admin/builder/spi-builder-workspace/.dependencies/checkouts/swift/Sources/PubNub/Helpers/Crypto/Miscellaneous/Data+CommonCrypto.swift /Users/admin/builder/spi-builder-workspace/.dependencies/checkouts/swift/Sources/PubNub/Helpers/OptionalChange.swift /Users/admin/builder/spi-builder-workspace/.dependencies/checkouts/swift/Sources/PubNub/Helpers/PAMToken.swift /Users/admin/builder/spi-builder-workspace/.dependencies/checkouts/swift/Sources/PubNub/Helpers/Streams/MultipartInputStream.swift (in target 'PubNubSDK' from project 'PubNubSDK')
SwiftCompile normal arm64 /Users/admin/builder/spi-builder-workspace/.dependencies/checkouts/swift/Sources/PubNub/Helpers/Atomic.swift (in target 'PubNubSDK' from project 'PubNubSDK')
cd /Users/admin/builder/spi-builder-workspace/.swiftpm/xcode
builtin-SwiftPerFileCompile Atomic.swift
SwiftCompile normal arm64 /Users/admin/builder/spi-builder-workspace/.dependencies/checkouts/swift/Sources/PubNub/Helpers/CBOR/CBORDecoder.swift (in target 'PubNubSDK' from project 'PubNubSDK')
cd /Users/admin/builder/spi-builder-workspace/.swiftpm/xcode
builtin-SwiftPerFileCompile CBORDecoder.swift
SwiftCompile normal arm64 /Users/admin/builder/spi-builder-workspace/.dependencies/checkouts/swift/Sources/PubNub/Helpers/CBOR/CBORSerialization.swift (in target 'PubNubSDK' from project 'PubNubSDK')
cd /Users/admin/builder/spi-builder-workspace/.swiftpm/xcode
builtin-SwiftPerFileCompile CBORSerialization.swift
SwiftCompile normal arm64 /Users/admin/builder/spi-builder-workspace/.dependencies/checkouts/swift/Sources/PubNub/Helpers/CaseAccessible.swift (in target 'PubNubSDK' from project 'PubNubSDK')
cd /Users/admin/builder/spi-builder-workspace/.swiftpm/xcode
builtin-SwiftPerFileCompile CaseAccessible.swift
SwiftCompile normal arm64 /Users/admin/builder/spi-builder-workspace/.dependencies/checkouts/swift/Sources/PubNub/Helpers/Constants.swift (in target 'PubNubSDK' from project 'PubNubSDK')
cd /Users/admin/builder/spi-builder-workspace/.swiftpm/xcode
builtin-SwiftPerFileCompile Constants.swift
SwiftCompile normal arm64 /Users/admin/builder/spi-builder-workspace/.dependencies/checkouts/swift/Sources/PubNub/Helpers/Crypto/Crypto.swift (in target 'PubNubSDK' from project 'PubNubSDK')
cd /Users/admin/builder/spi-builder-workspace/.swiftpm/xcode
builtin-SwiftPerFileCompile Crypto.swift
SwiftCompile normal arm64 /Users/admin/builder/spi-builder-workspace/.dependencies/checkouts/swift/Sources/PubNub/Helpers/Crypto/CryptoModule.swift (in target 'PubNubSDK' from project 'PubNubSDK')
cd /Users/admin/builder/spi-builder-workspace/.swiftpm/xcode
builtin-SwiftPerFileCompile CryptoModule.swift
SwiftCompile normal arm64 /Users/admin/builder/spi-builder-workspace/.dependencies/checkouts/swift/Sources/PubNub/Helpers/Crypto/Cryptors/AESCBCCryptor.swift (in target 'PubNubSDK' from project 'PubNubSDK')
cd /Users/admin/builder/spi-builder-workspace/.swiftpm/xcode
builtin-SwiftPerFileCompile AESCBCCryptor.swift
SwiftCompile normal arm64 /Users/admin/builder/spi-builder-workspace/.dependencies/checkouts/swift/Sources/PubNub/Helpers/Crypto/Cryptors/Cryptor.swift (in target 'PubNubSDK' from project 'PubNubSDK')
cd /Users/admin/builder/spi-builder-workspace/.swiftpm/xcode
builtin-SwiftPerFileCompile Cryptor.swift
SwiftCompile normal arm64 /Users/admin/builder/spi-builder-workspace/.dependencies/checkouts/swift/Sources/PubNub/Helpers/Crypto/Cryptors/LegacyCryptor.swift (in target 'PubNubSDK' from project 'PubNubSDK')
cd /Users/admin/builder/spi-builder-workspace/.swiftpm/xcode
builtin-SwiftPerFileCompile LegacyCryptor.swift
SwiftCompile normal arm64 /Users/admin/builder/spi-builder-workspace/.dependencies/checkouts/swift/Sources/PubNub/Helpers/Crypto/Header/CryptorHeader.swift (in target 'PubNubSDK' from project 'PubNubSDK')
cd /Users/admin/builder/spi-builder-workspace/.swiftpm/xcode
builtin-SwiftPerFileCompile CryptorHeader.swift
SwiftCompile normal arm64 /Users/admin/builder/spi-builder-workspace/.dependencies/checkouts/swift/Sources/PubNub/Helpers/Crypto/Header/CryptorHeaderWithinStreamFinder.swift (in target 'PubNubSDK' from project 'PubNubSDK')
cd /Users/admin/builder/spi-builder-workspace/.swiftpm/xcode
builtin-SwiftPerFileCompile CryptorHeaderWithinStreamFinder.swift
SwiftCompile normal arm64 /Users/admin/builder/spi-builder-workspace/.dependencies/checkouts/swift/Sources/PubNub/Helpers/Crypto/Miscellaneous/CryptoInputStream.swift (in target 'PubNubSDK' from project 'PubNubSDK')
cd /Users/admin/builder/spi-builder-workspace/.swiftpm/xcode
builtin-SwiftPerFileCompile CryptoInputStream.swift
SwiftCompile normal arm64 /Users/admin/builder/spi-builder-workspace/.dependencies/checkouts/swift/Sources/PubNub/Helpers/Crypto/Miscellaneous/CryptoStream.swift (in target 'PubNubSDK' from project 'PubNubSDK')
cd /Users/admin/builder/spi-builder-workspace/.swiftpm/xcode
builtin-SwiftPerFileCompile CryptoStream.swift
SwiftCompile normal arm64 /Users/admin/builder/spi-builder-workspace/.dependencies/checkouts/swift/Sources/PubNub/Helpers/Crypto/Miscellaneous/CryptorUtils.swift (in target 'PubNubSDK' from project 'PubNubSDK')
cd /Users/admin/builder/spi-builder-workspace/.swiftpm/xcode
builtin-SwiftPerFileCompile CryptorUtils.swift
SwiftCompile normal arm64 /Users/admin/builder/spi-builder-workspace/.dependencies/checkouts/swift/Sources/PubNub/Helpers/Crypto/Miscellaneous/CryptorVector.swift (in target 'PubNubSDK' from project 'PubNubSDK')
cd /Users/admin/builder/spi-builder-workspace/.swiftpm/xcode
builtin-SwiftPerFileCompile CryptorVector.swift
SwiftCompile normal arm64 /Users/admin/builder/spi-builder-workspace/.dependencies/checkouts/swift/Sources/PubNub/Helpers/Crypto/Miscellaneous/Data+CommonCrypto.swift (in target 'PubNubSDK' from project 'PubNubSDK')
cd /Users/admin/builder/spi-builder-workspace/.swiftpm/xcode
builtin-SwiftPerFileCompile Data+CommonCrypto.swift
SwiftCompile normal arm64 /Users/admin/builder/spi-builder-workspace/.dependencies/checkouts/swift/Sources/PubNub/Helpers/OptionalChange.swift (in target 'PubNubSDK' from project 'PubNubSDK')
cd /Users/admin/builder/spi-builder-workspace/.swiftpm/xcode
builtin-SwiftPerFileCompile OptionalChange.swift
SwiftCompile normal arm64 /Users/admin/builder/spi-builder-workspace/.dependencies/checkouts/swift/Sources/PubNub/Helpers/PAMToken.swift (in target 'PubNubSDK' from project 'PubNubSDK')
cd /Users/admin/builder/spi-builder-workspace/.swiftpm/xcode
builtin-SwiftPerFileCompile PAMToken.swift
SwiftCompile normal arm64 /Users/admin/builder/spi-builder-workspace/.dependencies/checkouts/swift/Sources/PubNub/Helpers/Streams/MultipartInputStream.swift (in target 'PubNubSDK' from project 'PubNubSDK')
cd /Users/admin/builder/spi-builder-workspace/.swiftpm/xcode
builtin-SwiftPerFileCompile MultipartInputStream.swift
SwiftCompile normal arm64 Compiling\ PubNubPresence.swift,\ PubNubPushMessage.swift,\ PubNubUserMetadata.swift,\ Convertibles+PubNub.swift,\ HTTPFileTask.swift,\ HTTPRouter.swift,\ HTTPSession.swift,\ HTTPSessionDelegate.swift,\ Replaceables+PubNub.swift,\ AutomaticRetry.swift,\ InstanceIdOperator.swift,\ RequestIdOperator.swift,\ Request.swift,\ RequestOperator.swift,\ EndpointResponse.swift,\ GenericServicePayloadResponse.swift,\ ResponseOperator.swift,\ ChannelGroupsRouter.swift,\ FileManagementRouter.swift /Users/admin/builder/spi-builder-workspace/.dependencies/checkouts/swift/Sources/PubNub/Models/PubNubPresence.swift /Users/admin/builder/spi-builder-workspace/.dependencies/checkouts/swift/Sources/PubNub/Models/PubNubPushMessage.swift /Users/admin/builder/spi-builder-workspace/.dependencies/checkouts/swift/Sources/PubNub/Models/PubNubUserMetadata.swift /Users/admin/builder/spi-builder-workspace/.dependencies/checkouts/swift/Sources/PubNub/Networking/Convertibles+PubNub.swift /Users/admin/builder/spi-builder-workspace/.dependencies/checkouts/swift/Sources/PubNub/Networking/HTTPFileTask.swift /Users/admin/builder/spi-builder-workspace/.dependencies/checkouts/swift/Sources/PubNub/Networking/HTTPRouter.swift /Users/admin/builder/spi-builder-workspace/.dependencies/checkouts/swift/Sources/PubNub/Networking/HTTPSession.swift /Users/admin/builder/spi-builder-workspace/.dependencies/checkouts/swift/Sources/PubNub/Networking/HTTPSessionDelegate.swift /Users/admin/builder/spi-builder-workspace/.dependencies/checkouts/swift/Sources/PubNub/Networking/Replaceables+PubNub.swift /Users/admin/builder/spi-builder-workspace/.dependencies/checkouts/swift/Sources/PubNub/Networking/Request/Operators/AutomaticRetry.swift /Users/admin/builder/spi-builder-workspace/.dependencies/checkouts/swift/Sources/PubNub/Networking/Request/Operators/InstanceIdOperator.swift /Users/admin/builder/spi-builder-workspace/.dependencies/checkouts/swift/Sources/PubNub/Networking/Request/Operators/RequestIdOperator.swift /Users/admin/builder/spi-builder-workspace/.dependencies/checkouts/swift/Sources/PubNub/Networking/Request/Request.swift /Users/admin/builder/spi-builder-workspace/.dependencies/checkouts/swift/Sources/PubNub/Networking/Request/RequestOperator.swift /Users/admin/builder/spi-builder-workspace/.dependencies/checkouts/swift/Sources/PubNub/Networking/Response/EndpointResponse.swift /Users/admin/builder/spi-builder-workspace/.dependencies/checkouts/swift/Sources/PubNub/Networking/Response/GenericServicePayloadResponse.swift /Users/admin/builder/spi-builder-workspace/.dependencies/checkouts/swift/Sources/PubNub/Networking/Response/ResponseOperator.swift /Users/admin/builder/spi-builder-workspace/.dependencies/checkouts/swift/Sources/PubNub/Networking/Routers/ChannelGroupsRouter.swift /Users/admin/builder/spi-builder-workspace/.dependencies/checkouts/swift/Sources/PubNub/Networking/Routers/FileManagementRouter.swift (in target 'PubNubSDK' from project 'PubNubSDK')
SwiftCompile normal arm64 /Users/admin/builder/spi-builder-workspace/.dependencies/checkouts/swift/Sources/PubNub/Models/PubNubPresence.swift (in target 'PubNubSDK' from project 'PubNubSDK')
cd /Users/admin/builder/spi-builder-workspace/.swiftpm/xcode
builtin-SwiftPerFileCompile PubNubPresence.swift
SwiftCompile normal arm64 /Users/admin/builder/spi-builder-workspace/.dependencies/checkouts/swift/Sources/PubNub/Models/PubNubPushMessage.swift (in target 'PubNubSDK' from project 'PubNubSDK')
cd /Users/admin/builder/spi-builder-workspace/.swiftpm/xcode
builtin-SwiftPerFileCompile PubNubPushMessage.swift
SwiftCompile normal arm64 /Users/admin/builder/spi-builder-workspace/.dependencies/checkouts/swift/Sources/PubNub/Models/PubNubUserMetadata.swift (in target 'PubNubSDK' from project 'PubNubSDK')
cd /Users/admin/builder/spi-builder-workspace/.swiftpm/xcode
builtin-SwiftPerFileCompile PubNubUserMetadata.swift
SwiftCompile normal arm64 /Users/admin/builder/spi-builder-workspace/.dependencies/checkouts/swift/Sources/PubNub/Networking/Convertibles+PubNub.swift (in target 'PubNubSDK' from project 'PubNubSDK')
cd /Users/admin/builder/spi-builder-workspace/.swiftpm/xcode
builtin-SwiftPerFileCompile Convertibles+PubNub.swift
SwiftCompile normal arm64 /Users/admin/builder/spi-builder-workspace/.dependencies/checkouts/swift/Sources/PubNub/Networking/HTTPFileTask.swift (in target 'PubNubSDK' from project 'PubNubSDK')
cd /Users/admin/builder/spi-builder-workspace/.swiftpm/xcode
builtin-SwiftPerFileCompile HTTPFileTask.swift
SwiftCompile normal arm64 /Users/admin/builder/spi-builder-workspace/.dependencies/checkouts/swift/Sources/PubNub/Networking/HTTPRouter.swift (in target 'PubNubSDK' from project 'PubNubSDK')
cd /Users/admin/builder/spi-builder-workspace/.swiftpm/xcode
builtin-SwiftPerFileCompile HTTPRouter.swift
SwiftCompile normal arm64 /Users/admin/builder/spi-builder-workspace/.dependencies/checkouts/swift/Sources/PubNub/Networking/HTTPSession.swift (in target 'PubNubSDK' from project 'PubNubSDK')
cd /Users/admin/builder/spi-builder-workspace/.swiftpm/xcode
builtin-SwiftPerFileCompile HTTPSession.swift
SwiftCompile normal arm64 /Users/admin/builder/spi-builder-workspace/.dependencies/checkouts/swift/Sources/PubNub/Networking/HTTPSessionDelegate.swift (in target 'PubNubSDK' from project 'PubNubSDK')
cd /Users/admin/builder/spi-builder-workspace/.swiftpm/xcode
builtin-SwiftPerFileCompile HTTPSessionDelegate.swift
SwiftCompile normal arm64 /Users/admin/builder/spi-builder-workspace/.dependencies/checkouts/swift/Sources/PubNub/Networking/Replaceables+PubNub.swift (in target 'PubNubSDK' from project 'PubNubSDK')
cd /Users/admin/builder/spi-builder-workspace/.swiftpm/xcode
builtin-SwiftPerFileCompile Replaceables+PubNub.swift
SwiftCompile normal arm64 /Users/admin/builder/spi-builder-workspace/.dependencies/checkouts/swift/Sources/PubNub/Networking/Request/Operators/AutomaticRetry.swift (in target 'PubNubSDK' from project 'PubNubSDK')
cd /Users/admin/builder/spi-builder-workspace/.swiftpm/xcode
builtin-SwiftPerFileCompile AutomaticRetry.swift
SwiftCompile normal arm64 /Users/admin/builder/spi-builder-workspace/.dependencies/checkouts/swift/Sources/PubNub/Networking/Request/Operators/InstanceIdOperator.swift (in target 'PubNubSDK' from project 'PubNubSDK')
cd /Users/admin/builder/spi-builder-workspace/.swiftpm/xcode
builtin-SwiftPerFileCompile InstanceIdOperator.swift
SwiftCompile normal arm64 /Users/admin/builder/spi-builder-workspace/.dependencies/checkouts/swift/Sources/PubNub/Networking/Request/Operators/RequestIdOperator.swift (in target 'PubNubSDK' from project 'PubNubSDK')
cd /Users/admin/builder/spi-builder-workspace/.swiftpm/xcode
builtin-SwiftPerFileCompile RequestIdOperator.swift
SwiftCompile normal arm64 /Users/admin/builder/spi-builder-workspace/.dependencies/checkouts/swift/Sources/PubNub/Networking/Request/Request.swift (in target 'PubNubSDK' from project 'PubNubSDK')
cd /Users/admin/builder/spi-builder-workspace/.swiftpm/xcode
builtin-SwiftPerFileCompile Request.swift
SwiftCompile normal arm64 /Users/admin/builder/spi-builder-workspace/.dependencies/checkouts/swift/Sources/PubNub/Networking/Request/RequestOperator.swift (in target 'PubNubSDK' from project 'PubNubSDK')
cd /Users/admin/builder/spi-builder-workspace/.swiftpm/xcode
builtin-SwiftPerFileCompile RequestOperator.swift
SwiftCompile normal arm64 /Users/admin/builder/spi-builder-workspace/.dependencies/checkouts/swift/Sources/PubNub/Networking/Response/EndpointResponse.swift (in target 'PubNubSDK' from project 'PubNubSDK')
cd /Users/admin/builder/spi-builder-workspace/.swiftpm/xcode
builtin-SwiftPerFileCompile EndpointResponse.swift
SwiftCompile normal arm64 /Users/admin/builder/spi-builder-workspace/.dependencies/checkouts/swift/Sources/PubNub/Networking/Response/GenericServicePayloadResponse.swift (in target 'PubNubSDK' from project 'PubNubSDK')
cd /Users/admin/builder/spi-builder-workspace/.swiftpm/xcode
builtin-SwiftPerFileCompile GenericServicePayloadResponse.swift
SwiftCompile normal arm64 /Users/admin/builder/spi-builder-workspace/.dependencies/checkouts/swift/Sources/PubNub/Networking/Response/ResponseOperator.swift (in target 'PubNubSDK' from project 'PubNubSDK')
cd /Users/admin/builder/spi-builder-workspace/.swiftpm/xcode
builtin-SwiftPerFileCompile ResponseOperator.swift
SwiftCompile normal arm64 /Users/admin/builder/spi-builder-workspace/.dependencies/checkouts/swift/Sources/PubNub/Networking/Routers/ChannelGroupsRouter.swift (in target 'PubNubSDK' from project 'PubNubSDK')
cd /Users/admin/builder/spi-builder-workspace/.swiftpm/xcode
builtin-SwiftPerFileCompile ChannelGroupsRouter.swift
SwiftCompile normal arm64 /Users/admin/builder/spi-builder-workspace/.dependencies/checkouts/swift/Sources/PubNub/Networking/Routers/FileManagementRouter.swift (in target 'PubNubSDK' from project 'PubNubSDK')
cd /Users/admin/builder/spi-builder-workspace/.swiftpm/xcode
builtin-SwiftPerFileCompile FileManagementRouter.swift
SwiftCompile normal arm64 Compiling\ HistoryRouter.swift,\ MessageActionsRouter.swift,\ ObjectsChannelRouter.swift,\ ObjectsMembershipsRouter.swift,\ ObjectsUserRouter.swift,\ PresenceRouter.swift,\ PublishRouter.swift,\ PushRouter.swift,\ SubscribeMessageActionPayload.swift,\ SubscribeObjectPayload.swift,\ SubscribePresencePayload.swift,\ SubscribeRouter.swift,\ TimeRouter.swift,\ SessionStream.swift,\ BoundedValue.swift,\ PubNub.swift,\ PubNubConfiguration.swift,\ EntityCreator.swift,\ EntitySubscribable.swift /Users/admin/builder/spi-builder-workspace/.dependencies/checkouts/swift/Sources/PubNub/Networking/Routers/HistoryRouter.swift /Users/admin/builder/spi-builder-workspace/.dependencies/checkouts/swift/Sources/PubNub/Networking/Routers/MessageActionsRouter.swift /Users/admin/builder/spi-builder-workspace/.dependencies/checkouts/swift/Sources/PubNub/Networking/Routers/ObjectsChannelRouter.swift /Users/admin/builder/spi-builder-workspace/.dependencies/checkouts/swift/Sources/PubNub/Networking/Routers/ObjectsMembershipsRouter.swift /Users/admin/builder/spi-builder-workspace/.dependencies/checkouts/swift/Sources/PubNub/Networking/Routers/ObjectsUserRouter.swift /Users/admin/builder/spi-builder-workspace/.dependencies/checkouts/swift/Sources/PubNub/Networking/Routers/PresenceRouter.swift /Users/admin/builder/spi-builder-workspace/.dependencies/checkouts/swift/Sources/PubNub/Networking/Routers/PublishRouter.swift /Users/admin/builder/spi-builder-workspace/.dependencies/checkouts/swift/Sources/PubNub/Networking/Routers/PushRouter.swift /Users/admin/builder/spi-builder-workspace/.dependencies/checkouts/swift/Sources/PubNub/Networking/Routers/Subscribe\ Payloads/SubscribeMessageActionPayload.swift /Users/admin/builder/spi-builder-workspace/.dependencies/checkouts/swift/Sources/PubNub/Networking/Routers/Subscribe\ Payloads/SubscribeObjectPayload.swift /Users/admin/builder/spi-builder-workspace/.dependencies/checkouts/swift/Sources/PubNub/Networking/Routers/Subscribe\ Payloads/SubscribePresencePayload.swift /Users/admin/builder/spi-builder-workspace/.dependencies/checkouts/swift/Sources/PubNub/Networking/Routers/SubscribeRouter.swift /Users/admin/builder/spi-builder-workspace/.dependencies/checkouts/swift/Sources/PubNub/Networking/Routers/TimeRouter.swift /Users/admin/builder/spi-builder-workspace/.dependencies/checkouts/swift/Sources/PubNub/Networking/Session/SessionStream.swift /Users/admin/builder/spi-builder-workspace/.dependencies/checkouts/swift/Sources/PubNub/PropertyWrappers/BoundedValue.swift /Users/admin/builder/spi-builder-workspace/.dependencies/checkouts/swift/Sources/PubNub/PubNub.swift /Users/admin/builder/spi-builder-workspace/.dependencies/checkouts/swift/Sources/PubNub/PubNubConfiguration.swift /Users/admin/builder/spi-builder-workspace/.dependencies/checkouts/swift/Sources/PubNub/Subscribe/API/EntityCreator.swift /Users/admin/builder/spi-builder-workspace/.dependencies/checkouts/swift/Sources/PubNub/Subscribe/API/EntitySubscribable.swift (in target 'PubNubSDK' from project 'PubNubSDK')
SwiftCompile normal arm64 /Users/admin/builder/spi-builder-workspace/.dependencies/checkouts/swift/Sources/PubNub/Networking/Routers/HistoryRouter.swift (in target 'PubNubSDK' from project 'PubNubSDK')
cd /Users/admin/builder/spi-builder-workspace/.swiftpm/xcode
builtin-SwiftPerFileCompile HistoryRouter.swift
SwiftCompile normal arm64 /Users/admin/builder/spi-builder-workspace/.dependencies/checkouts/swift/Sources/PubNub/Networking/Routers/MessageActionsRouter.swift (in target 'PubNubSDK' from project 'PubNubSDK')
cd /Users/admin/builder/spi-builder-workspace/.swiftpm/xcode
builtin-SwiftPerFileCompile MessageActionsRouter.swift
SwiftCompile normal arm64 /Users/admin/builder/spi-builder-workspace/.dependencies/checkouts/swift/Sources/PubNub/Networking/Routers/ObjectsChannelRouter.swift (in target 'PubNubSDK' from project 'PubNubSDK')
cd /Users/admin/builder/spi-builder-workspace/.swiftpm/xcode
builtin-SwiftPerFileCompile ObjectsChannelRouter.swift
SwiftCompile normal arm64 /Users/admin/builder/spi-builder-workspace/.dependencies/checkouts/swift/Sources/PubNub/Networking/Routers/ObjectsMembershipsRouter.swift (in target 'PubNubSDK' from project 'PubNubSDK')
cd /Users/admin/builder/spi-builder-workspace/.swiftpm/xcode
builtin-SwiftPerFileCompile ObjectsMembershipsRouter.swift
SwiftCompile normal arm64 /Users/admin/builder/spi-builder-workspace/.dependencies/checkouts/swift/Sources/PubNub/Networking/Routers/ObjectsUserRouter.swift (in target 'PubNubSDK' from project 'PubNubSDK')
cd /Users/admin/builder/spi-builder-workspace/.swiftpm/xcode
builtin-SwiftPerFileCompile ObjectsUserRouter.swift
SwiftCompile normal arm64 /Users/admin/builder/spi-builder-workspace/.dependencies/checkouts/swift/Sources/PubNub/Networking/Routers/PresenceRouter.swift (in target 'PubNubSDK' from project 'PubNubSDK')
cd /Users/admin/builder/spi-builder-workspace/.swiftpm/xcode
builtin-SwiftPerFileCompile PresenceRouter.swift
SwiftCompile normal arm64 /Users/admin/builder/spi-builder-workspace/.dependencies/checkouts/swift/Sources/PubNub/Networking/Routers/PublishRouter.swift (in target 'PubNubSDK' from project 'PubNubSDK')
cd /Users/admin/builder/spi-builder-workspace/.swiftpm/xcode
builtin-SwiftPerFileCompile PublishRouter.swift
SwiftCompile normal arm64 /Users/admin/builder/spi-builder-workspace/.dependencies/checkouts/swift/Sources/PubNub/Networking/Routers/PushRouter.swift (in target 'PubNubSDK' from project 'PubNubSDK')
cd /Users/admin/builder/spi-builder-workspace/.swiftpm/xcode
builtin-SwiftPerFileCompile PushRouter.swift
SwiftCompile normal arm64 /Users/admin/builder/spi-builder-workspace/.dependencies/checkouts/swift/Sources/PubNub/Networking/Routers/Subscribe\ Payloads/SubscribeMessageActionPayload.swift (in target 'PubNubSDK' from project 'PubNubSDK')
cd /Users/admin/builder/spi-builder-workspace/.swiftpm/xcode
builtin-SwiftPerFileCompile SubscribeMessageActionPayload.swift
SwiftCompile normal arm64 /Users/admin/builder/spi-builder-workspace/.dependencies/checkouts/swift/Sources/PubNub/Networking/Routers/Subscribe\ Payloads/SubscribeObjectPayload.swift (in target 'PubNubSDK' from project 'PubNubSDK')
cd /Users/admin/builder/spi-builder-workspace/.swiftpm/xcode
builtin-SwiftPerFileCompile SubscribeObjectPayload.swift
SwiftCompile normal arm64 /Users/admin/builder/spi-builder-workspace/.dependencies/checkouts/swift/Sources/PubNub/Networking/Routers/Subscribe\ Payloads/SubscribePresencePayload.swift (in target 'PubNubSDK' from project 'PubNubSDK')
cd /Users/admin/builder/spi-builder-workspace/.swiftpm/xcode
builtin-SwiftPerFileCompile SubscribePresencePayload.swift
SwiftCompile normal arm64 /Users/admin/builder/spi-builder-workspace/.dependencies/checkouts/swift/Sources/PubNub/Networking/Routers/SubscribeRouter.swift (in target 'PubNubSDK' from project 'PubNubSDK')
cd /Users/admin/builder/spi-builder-workspace/.swiftpm/xcode
builtin-SwiftPerFileCompile SubscribeRouter.swift
SwiftCompile normal arm64 /Users/admin/builder/spi-builder-workspace/.dependencies/checkouts/swift/Sources/PubNub/Networking/Routers/TimeRouter.swift (in target 'PubNubSDK' from project 'PubNubSDK')
cd /Users/admin/builder/spi-builder-workspace/.swiftpm/xcode
builtin-SwiftPerFileCompile TimeRouter.swift
SwiftCompile normal arm64 /Users/admin/builder/spi-builder-workspace/.dependencies/checkouts/swift/Sources/PubNub/Networking/Session/SessionStream.swift (in target 'PubNubSDK' from project 'PubNubSDK')
cd /Users/admin/builder/spi-builder-workspace/.swiftpm/xcode
builtin-SwiftPerFileCompile SessionStream.swift
SwiftCompile normal arm64 /Users/admin/builder/spi-builder-workspace/.dependencies/checkouts/swift/Sources/PubNub/PropertyWrappers/BoundedValue.swift (in target 'PubNubSDK' from project 'PubNubSDK')
cd /Users/admin/builder/spi-builder-workspace/.swiftpm/xcode
builtin-SwiftPerFileCompile BoundedValue.swift
SwiftCompile normal arm64 /Users/admin/builder/spi-builder-workspace/.dependencies/checkouts/swift/Sources/PubNub/PubNub.swift (in target 'PubNubSDK' from project 'PubNubSDK')
cd /Users/admin/builder/spi-builder-workspace/.swiftpm/xcode
builtin-SwiftPerFileCompile PubNub.swift
SwiftCompile normal arm64 /Users/admin/builder/spi-builder-workspace/.dependencies/checkouts/swift/Sources/PubNub/PubNubConfiguration.swift (in target 'PubNubSDK' from project 'PubNubSDK')
cd /Users/admin/builder/spi-builder-workspace/.swiftpm/xcode
builtin-SwiftPerFileCompile PubNubConfiguration.swift
SwiftCompile normal arm64 /Users/admin/builder/spi-builder-workspace/.dependencies/checkouts/swift/Sources/PubNub/Subscribe/API/EntityCreator.swift (in target 'PubNubSDK' from project 'PubNubSDK')
cd /Users/admin/builder/spi-builder-workspace/.swiftpm/xcode
builtin-SwiftPerFileCompile EntityCreator.swift
SwiftCompile normal arm64 /Users/admin/builder/spi-builder-workspace/.dependencies/checkouts/swift/Sources/PubNub/Subscribe/API/EntitySubscribable.swift (in target 'PubNubSDK' from project 'PubNubSDK')
cd /Users/admin/builder/spi-builder-workspace/.swiftpm/xcode
builtin-SwiftPerFileCompile EntitySubscribable.swift
SwiftCompile normal arm64 Compiling\ EventListener.swift,\ PubNubEvent.swift,\ Subscribable.swift,\ Subscription.swift,\ SubscriptionListenersContainer.swift,\ SubscriptionOptions.swift,\ SubscriptionSet.swift,\ ConnectionStatus.swift,\ EventEngineSubscriptionSessionStrategy.swift,\ PubNubChannel.swift,\ SubscriptionSession.swift,\ SubscriptionSessionStrategy.swift,\ EventStream.swift,\ LegacySubscriptionSessionStrategy+Presence.swift,\ LegacySubscriptionSessionStrategy.swift,\ PubNubEntityEvent.swift,\ SubscriptionState.swift,\ SubscriptionStream.swift,\ SubscribeMessagePayload+PubNubEvent.swift /Users/admin/builder/spi-builder-workspace/.dependencies/checkouts/swift/Sources/PubNub/Subscribe/API/EventListener.swift /Users/admin/builder/spi-builder-workspace/.dependencies/checkouts/swift/Sources/PubNub/Subscribe/API/PubNubEvent.swift /Users/admin/builder/spi-builder-workspace/.dependencies/checkouts/swift/Sources/PubNub/Subscribe/API/Subscribable.swift /Users/admin/builder/spi-builder-workspace/.dependencies/checkouts/swift/Sources/PubNub/Subscribe/API/Subscription.swift /Users/admin/builder/spi-builder-workspace/.dependencies/checkouts/swift/Sources/PubNub/Subscribe/API/SubscriptionListenersContainer.swift /Users/admin/builder/spi-builder-workspace/.dependencies/checkouts/swift/Sources/PubNub/Subscribe/API/SubscriptionOptions.swift /Users/admin/builder/spi-builder-workspace/.dependencies/checkouts/swift/Sources/PubNub/Subscribe/API/SubscriptionSet.swift /Users/admin/builder/spi-builder-workspace/.dependencies/checkouts/swift/Sources/PubNub/Subscribe/Core/ConnectionStatus.swift /Users/admin/builder/spi-builder-workspace/.dependencies/checkouts/swift/Sources/PubNub/Subscribe/Core/EventEngineSubscriptionSessionStrategy.swift /Users/admin/builder/spi-builder-workspace/.dependencies/checkouts/swift/Sources/PubNub/Subscribe/Core/PubNubChannel.swift /Users/admin/builder/spi-builder-workspace/.dependencies/checkouts/swift/Sources/PubNub/Subscribe/Core/SubscriptionSession.swift /Users/admin/builder/spi-builder-workspace/.dependencies/checkouts/swift/Sources/PubNub/Subscribe/Core/SubscriptionSessionStrategy.swift /Users/admin/builder/spi-builder-workspace/.dependencies/checkouts/swift/Sources/PubNub/Subscribe/Legacy/EventStream.swift /Users/admin/builder/spi-builder-workspace/.dependencies/checkouts/swift/Sources/PubNub/Subscribe/Legacy/LegacySubscriptionSessionStrategy+Presence.swift /Users/admin/builder/spi-builder-workspace/.dependencies/checkouts/swift/Sources/PubNub/Subscribe/Legacy/LegacySubscriptionSessionStrategy.swift /Users/admin/builder/spi-builder-workspace/.dependencies/checkouts/swift/Sources/PubNub/Subscribe/Legacy/PubNubEntityEvent.swift /Users/admin/builder/spi-builder-workspace/.dependencies/checkouts/swift/Sources/PubNub/Subscribe/Legacy/SubscriptionState.swift /Users/admin/builder/spi-builder-workspace/.dependencies/checkouts/swift/Sources/PubNub/Subscribe/Legacy/SubscriptionStream.swift /Users/admin/builder/spi-builder-workspace/.dependencies/checkouts/swift/Sources/PubNub/Subscribe/Mapping/SubscribeMessagePayload+PubNubEvent.swift (in target 'PubNubSDK' from project 'PubNubSDK')
SwiftCompile normal arm64 /Users/admin/builder/spi-builder-workspace/.dependencies/checkouts/swift/Sources/PubNub/Subscribe/API/EventListener.swift (in target 'PubNubSDK' from project 'PubNubSDK')
cd /Users/admin/builder/spi-builder-workspace/.swiftpm/xcode
builtin-SwiftPerFileCompile EventListener.swift
SwiftCompile normal arm64 /Users/admin/builder/spi-builder-workspace/.dependencies/checkouts/swift/Sources/PubNub/Subscribe/API/PubNubEvent.swift (in target 'PubNubSDK' from project 'PubNubSDK')
cd /Users/admin/builder/spi-builder-workspace/.swiftpm/xcode
builtin-SwiftPerFileCompile PubNubEvent.swift
SwiftCompile normal arm64 /Users/admin/builder/spi-builder-workspace/.dependencies/checkouts/swift/Sources/PubNub/Subscribe/API/Subscribable.swift (in target 'PubNubSDK' from project 'PubNubSDK')
cd /Users/admin/builder/spi-builder-workspace/.swiftpm/xcode
builtin-SwiftPerFileCompile Subscribable.swift
SwiftCompile normal arm64 /Users/admin/builder/spi-builder-workspace/.dependencies/checkouts/swift/Sources/PubNub/Subscribe/API/Subscription.swift (in target 'PubNubSDK' from project 'PubNubSDK')
cd /Users/admin/builder/spi-builder-workspace/.swiftpm/xcode
builtin-SwiftPerFileCompile Subscription.swift
SwiftCompile normal arm64 /Users/admin/builder/spi-builder-workspace/.dependencies/checkouts/swift/Sources/PubNub/Subscribe/API/SubscriptionListenersContainer.swift (in target 'PubNubSDK' from project 'PubNubSDK')
cd /Users/admin/builder/spi-builder-workspace/.swiftpm/xcode
builtin-SwiftPerFileCompile SubscriptionListenersContainer.swift
SwiftCompile normal arm64 /Users/admin/builder/spi-builder-workspace/.dependencies/checkouts/swift/Sources/PubNub/Subscribe/API/SubscriptionOptions.swift (in target 'PubNubSDK' from project 'PubNubSDK')
cd /Users/admin/builder/spi-builder-workspace/.swiftpm/xcode
builtin-SwiftPerFileCompile SubscriptionOptions.swift
SwiftCompile normal arm64 /Users/admin/builder/spi-builder-workspace/.dependencies/checkouts/swift/Sources/PubNub/Subscribe/API/SubscriptionSet.swift (in target 'PubNubSDK' from project 'PubNubSDK')
cd /Users/admin/builder/spi-builder-workspace/.swiftpm/xcode
builtin-SwiftPerFileCompile SubscriptionSet.swift
SwiftCompile normal arm64 /Users/admin/builder/spi-builder-workspace/.dependencies/checkouts/swift/Sources/PubNub/Subscribe/Core/ConnectionStatus.swift (in target 'PubNubSDK' from project 'PubNubSDK')
cd /Users/admin/builder/spi-builder-workspace/.swiftpm/xcode
builtin-SwiftPerFileCompile ConnectionStatus.swift
SwiftCompile normal arm64 /Users/admin/builder/spi-builder-workspace/.dependencies/checkouts/swift/Sources/PubNub/Subscribe/Core/EventEngineSubscriptionSessionStrategy.swift (in target 'PubNubSDK' from project 'PubNubSDK')
cd /Users/admin/builder/spi-builder-workspace/.swiftpm/xcode
builtin-SwiftPerFileCompile EventEngineSubscriptionSessionStrategy.swift
SwiftCompile normal arm64 /Users/admin/builder/spi-builder-workspace/.dependencies/checkouts/swift/Sources/PubNub/Subscribe/Core/PubNubChannel.swift (in target 'PubNubSDK' from project 'PubNubSDK')
cd /Users/admin/builder/spi-builder-workspace/.swiftpm/xcode
builtin-SwiftPerFileCompile PubNubChannel.swift
SwiftCompile normal arm64 /Users/admin/builder/spi-builder-workspace/.dependencies/checkouts/swift/Sources/PubNub/Subscribe/Core/SubscriptionSession.swift (in target 'PubNubSDK' from project 'PubNubSDK')
cd /Users/admin/builder/spi-builder-workspace/.swiftpm/xcode
builtin-SwiftPerFileCompile SubscriptionSession.swift
SwiftCompile normal arm64 /Users/admin/builder/spi-builder-workspace/.dependencies/checkouts/swift/Sources/PubNub/Subscribe/Core/SubscriptionSessionStrategy.swift (in target 'PubNubSDK' from project 'PubNubSDK')
cd /Users/admin/builder/spi-builder-workspace/.swiftpm/xcode
builtin-SwiftPerFileCompile SubscriptionSessionStrategy.swift
SwiftCompile normal arm64 /Users/admin/builder/spi-builder-workspace/.dependencies/checkouts/swift/Sources/PubNub/Subscribe/Legacy/EventStream.swift (in target 'PubNubSDK' from project 'PubNubSDK')
cd /Users/admin/builder/spi-builder-workspace/.swiftpm/xcode
builtin-SwiftPerFileCompile EventStream.swift
SwiftCompile normal arm64 /Users/admin/builder/spi-builder-workspace/.dependencies/checkouts/swift/Sources/PubNub/Subscribe/Legacy/LegacySubscriptionSessionStrategy+Presence.swift (in target 'PubNubSDK' from project 'PubNubSDK')
cd /Users/admin/builder/spi-builder-workspace/.swiftpm/xcode
builtin-SwiftPerFileCompile LegacySubscriptionSessionStrategy+Presence.swift
SwiftCompile normal arm64 /Users/admin/builder/spi-builder-workspace/.dependencies/checkouts/swift/Sources/PubNub/Subscribe/Legacy/LegacySubscriptionSessionStrategy.swift (in target 'PubNubSDK' from project 'PubNubSDK')
cd /Users/admin/builder/spi-builder-workspace/.swiftpm/xcode
builtin-SwiftPerFileCompile LegacySubscriptionSessionStrategy.swift
SwiftCompile normal arm64 /Users/admin/builder/spi-builder-workspace/.dependencies/checkouts/swift/Sources/PubNub/Subscribe/Legacy/PubNubEntityEvent.swift (in target 'PubNubSDK' from project 'PubNubSDK')
cd /Users/admin/builder/spi-builder-workspace/.swiftpm/xcode
builtin-SwiftPerFileCompile PubNubEntityEvent.swift
SwiftCompile normal arm64 /Users/admin/builder/spi-builder-workspace/.dependencies/checkouts/swift/Sources/PubNub/Subscribe/Legacy/SubscriptionState.swift (in target 'PubNubSDK' from project 'PubNubSDK')
cd /Users/admin/builder/spi-builder-workspace/.swiftpm/xcode
builtin-SwiftPerFileCompile SubscriptionState.swift
SwiftCompile normal arm64 /Users/admin/builder/spi-builder-workspace/.dependencies/checkouts/swift/Sources/PubNub/Subscribe/Legacy/SubscriptionStream.swift (in target 'PubNubSDK' from project 'PubNubSDK')
cd /Users/admin/builder/spi-builder-workspace/.swiftpm/xcode
builtin-SwiftPerFileCompile SubscriptionStream.swift
SwiftCompile normal arm64 /Users/admin/builder/spi-builder-workspace/.dependencies/checkouts/swift/Sources/PubNub/Subscribe/Mapping/SubscribeMessagePayload+PubNubEvent.swift (in target 'PubNubSDK' from project 'PubNubSDK')
cd /Users/admin/builder/spi-builder-workspace/.swiftpm/xcode
builtin-SwiftPerFileCompile SubscribeMessagePayload+PubNubEvent.swift
SwiftCompile normal arm64 Compiling\ LeaveEffect.swift,\ PresenceEffectFactory.swift,\ WaitEffect.swift,\ PresenceHeartbeatRequest.swift,\ PresenceInput.swift,\ PresenceLeaveRequest.swift,\ Presence.swift,\ PresenceTransition.swift,\ PubNubPresenceStateContainer.swift,\ EmitMessagesEffect.swift,\ EmitStatusEffect.swift,\ SubscribeEffectFactory.swift,\ SubscribeEffects.swift,\ SubscribeInput.swift,\ SubscribeRequest.swift,\ Subscribe.swift,\ SubscribeTransition.swift,\ Bool+PubNub.swift,\ Collection+PubNub.swift,\ Data+PubNub.swift /Users/admin/builder/spi-builder-workspace/.dependencies/checkouts/swift/Sources/PubNub/EventEngine/Presence/Effects/LeaveEffect.swift /Users/admin/builder/spi-builder-workspace/.dependencies/checkouts/swift/Sources/PubNub/EventEngine/Presence/Effects/PresenceEffectFactory.swift /Users/admin/builder/spi-builder-workspace/.dependencies/checkouts/swift/Sources/PubNub/EventEngine/Presence/Effects/WaitEffect.swift /Users/admin/builder/spi-builder-workspace/.dependencies/checkouts/swift/Sources/PubNub/EventEngine/Presence/Helpers/PresenceHeartbeatRequest.swift /Users/admin/builder/spi-builder-workspace/.dependencies/checkouts/swift/Sources/PubNub/EventEngine/Presence/Helpers/PresenceInput.swift /Users/admin/builder/spi-builder-workspace/.dependencies/checkouts/swift/Sources/PubNub/EventEngine/Presence/Helpers/PresenceLeaveRequest.swift /Users/admin/builder/spi-builder-workspace/.dependencies/checkouts/swift/Sources/PubNub/EventEngine/Presence/Presence.swift /Users/admin/builder/spi-builder-workspace/.dependencies/checkouts/swift/Sources/PubNub/EventEngine/Presence/PresenceTransition.swift /Users/admin/builder/spi-builder-workspace/.dependencies/checkouts/swift/Sources/PubNub/EventEngine/Presence/PubNubPresenceStateContainer.swift /Users/admin/builder/spi-builder-workspace/.dependencies/checkouts/swift/Sources/PubNub/EventEngine/Subscribe/Effects/EmitMessagesEffect.swift /Users/admin/builder/spi-builder-workspace/.dependencies/checkouts/swift/Sources/PubNub/EventEngine/Subscribe/Effects/EmitStatusEffect.swift /Users/admin/builder/spi-builder-workspace/.dependencies/checkouts/swift/Sources/PubNub/EventEngine/Subscribe/Effects/SubscribeEffectFactory.swift /Users/admin/builder/spi-builder-workspace/.dependencies/checkouts/swift/Sources/PubNub/EventEngine/Subscribe/Effects/SubscribeEffects.swift /Users/admin/builder/spi-builder-workspace/.dependencies/checkouts/swift/Sources/PubNub/EventEngine/Subscribe/Helpers/SubscribeInput.swift /Users/admin/builder/spi-builder-workspace/.dependencies/checkouts/swift/Sources/PubNub/EventEngine/Subscribe/Helpers/SubscribeRequest.swift /Users/admin/builder/spi-builder-workspace/.dependencies/checkouts/swift/Sources/PubNub/EventEngine/Subscribe/Subscribe.swift /Users/admin/builder/spi-builder-workspace/.dependencies/checkouts/swift/Sources/PubNub/EventEngine/Subscribe/SubscribeTransition.swift /Users/admin/builder/spi-builder-workspace/.dependencies/checkouts/swift/Sources/PubNub/Extensions/Bool+PubNub.swift /Users/admin/builder/spi-builder-workspace/.dependencies/checkouts/swift/Sources/PubNub/Extensions/Collection+PubNub.swift /Users/admin/builder/spi-builder-workspace/.dependencies/checkouts/swift/Sources/PubNub/Extensions/Data+PubNub.swift (in target 'PubNubSDK' from project 'PubNubSDK')
SwiftCompile normal arm64 /Users/admin/builder/spi-builder-workspace/.dependencies/checkouts/swift/Sources/PubNub/EventEngine/Presence/Effects/LeaveEffect.swift (in target 'PubNubSDK' from project 'PubNubSDK')
cd /Users/admin/builder/spi-builder-workspace/.swiftpm/xcode
builtin-SwiftPerFileCompile LeaveEffect.swift
SwiftCompile normal arm64 /Users/admin/builder/spi-builder-workspace/.dependencies/checkouts/swift/Sources/PubNub/EventEngine/Presence/Effects/PresenceEffectFactory.swift (in target 'PubNubSDK' from project 'PubNubSDK')
cd /Users/admin/builder/spi-builder-workspace/.swiftpm/xcode
builtin-SwiftPerFileCompile PresenceEffectFactory.swift
SwiftCompile normal arm64 /Users/admin/builder/spi-builder-workspace/.dependencies/checkouts/swift/Sources/PubNub/EventEngine/Presence/Effects/WaitEffect.swift (in target 'PubNubSDK' from project 'PubNubSDK')
cd /Users/admin/builder/spi-builder-workspace/.swiftpm/xcode
builtin-SwiftPerFileCompile WaitEffect.swift
SwiftCompile normal arm64 /Users/admin/builder/spi-builder-workspace/.dependencies/checkouts/swift/Sources/PubNub/EventEngine/Presence/Helpers/PresenceHeartbeatRequest.swift (in target 'PubNubSDK' from project 'PubNubSDK')
cd /Users/admin/builder/spi-builder-workspace/.swiftpm/xcode
builtin-SwiftPerFileCompile PresenceHeartbeatRequest.swift
SwiftCompile normal arm64 /Users/admin/builder/spi-builder-workspace/.dependencies/checkouts/swift/Sources/PubNub/EventEngine/Presence/Helpers/PresenceInput.swift (in target 'PubNubSDK' from project 'PubNubSDK')
cd /Users/admin/builder/spi-builder-workspace/.swiftpm/xcode
builtin-SwiftPerFileCompile PresenceInput.swift
SwiftCompile normal arm64 /Users/admin/builder/spi-builder-workspace/.dependencies/checkouts/swift/Sources/PubNub/EventEngine/Presence/Helpers/PresenceLeaveRequest.swift (in target 'PubNubSDK' from project 'PubNubSDK')
cd /Users/admin/builder/spi-builder-workspace/.swiftpm/xcode
builtin-SwiftPerFileCompile PresenceLeaveRequest.swift
SwiftCompile normal arm64 /Users/admin/builder/spi-builder-workspace/.dependencies/checkouts/swift/Sources/PubNub/EventEngine/Presence/Presence.swift (in target 'PubNubSDK' from project 'PubNubSDK')
cd /Users/admin/builder/spi-builder-workspace/.swiftpm/xcode
builtin-SwiftPerFileCompile Presence.swift
SwiftCompile normal arm64 /Users/admin/builder/spi-builder-workspace/.dependencies/checkouts/swift/Sources/PubNub/EventEngine/Presence/PresenceTransition.swift (in target 'PubNubSDK' from project 'PubNubSDK')
cd /Users/admin/builder/spi-builder-workspace/.swiftpm/xcode
builtin-SwiftPerFileCompile PresenceTransition.swift
SwiftCompile normal arm64 /Users/admin/builder/spi-builder-workspace/.dependencies/checkouts/swift/Sources/PubNub/EventEngine/Presence/PubNubPresenceStateContainer.swift (in target 'PubNubSDK' from project 'PubNubSDK')
cd /Users/admin/builder/spi-builder-workspace/.swiftpm/xcode
builtin-SwiftPerFileCompile PubNubPresenceStateContainer.swift
SwiftCompile normal arm64 /Users/admin/builder/spi-builder-workspace/.dependencies/checkouts/swift/Sources/PubNub/EventEngine/Subscribe/Effects/EmitMessagesEffect.swift (in target 'PubNubSDK' from project 'PubNubSDK')
cd /Users/admin/builder/spi-builder-workspace/.swiftpm/xcode
builtin-SwiftPerFileCompile EmitMessagesEffect.swift
SwiftCompile normal arm64 /Users/admin/builder/spi-builder-workspace/.dependencies/checkouts/swift/Sources/PubNub/EventEngine/Subscribe/Effects/EmitStatusEffect.swift (in target 'PubNubSDK' from project 'PubNubSDK')
cd /Users/admin/builder/spi-builder-workspace/.swiftpm/xcode
builtin-SwiftPerFileCompile EmitStatusEffect.swift
SwiftCompile normal arm64 /Users/admin/builder/spi-builder-workspace/.dependencies/checkouts/swift/Sources/PubNub/EventEngine/Subscribe/Effects/SubscribeEffectFactory.swift (in target 'PubNubSDK' from project 'PubNubSDK')
cd /Users/admin/builder/spi-builder-workspace/.swiftpm/xcode
builtin-SwiftPerFileCompile SubscribeEffectFactory.swift
SwiftCompile normal arm64 /Users/admin/builder/spi-builder-workspace/.dependencies/checkouts/swift/Sources/PubNub/EventEngine/Subscribe/Effects/SubscribeEffects.swift (in target 'PubNubSDK' from project 'PubNubSDK')
cd /Users/admin/builder/spi-builder-workspace/.swiftpm/xcode
builtin-SwiftPerFileCompile SubscribeEffects.swift
SwiftCompile normal arm64 /Users/admin/builder/spi-builder-workspace/.dependencies/checkouts/swift/Sources/PubNub/EventEngine/Subscribe/Helpers/SubscribeInput.swift (in target 'PubNubSDK' from project 'PubNubSDK')
cd /Users/admin/builder/spi-builder-workspace/.swiftpm/xcode
builtin-SwiftPerFileCompile SubscribeInput.swift
SwiftCompile normal arm64 /Users/admin/builder/spi-builder-workspace/.dependencies/checkouts/swift/Sources/PubNub/EventEngine/Subscribe/Helpers/SubscribeRequest.swift (in target 'PubNubSDK' from project 'PubNubSDK')
cd /Users/admin/builder/spi-builder-workspace/.swiftpm/xcode
builtin-SwiftPerFileCompile SubscribeRequest.swift
SwiftCompile normal arm64 /Users/admin/builder/spi-builder-workspace/.dependencies/checkouts/swift/Sources/PubNub/EventEngine/Subscribe/Subscribe.swift (in target 'PubNubSDK' from project 'PubNubSDK')
cd /Users/admin/builder/spi-builder-workspace/.swiftpm/xcode
builtin-SwiftPerFileCompile Subscribe.swift
SwiftCompile normal arm64 /Users/admin/builder/spi-builder-workspace/.dependencies/checkouts/swift/Sources/PubNub/EventEngine/Subscribe/SubscribeTransition.swift (in target 'PubNubSDK' from project 'PubNubSDK')
cd /Users/admin/builder/spi-builder-workspace/.swiftpm/xcode
builtin-SwiftPerFileCompile SubscribeTransition.swift
SwiftCompile normal arm64 /Users/admin/builder/spi-builder-workspace/.dependencies/checkouts/swift/Sources/PubNub/Extensions/Bool+PubNub.swift (in target 'PubNubSDK' from project 'PubNubSDK')
cd /Users/admin/builder/spi-builder-workspace/.swiftpm/xcode
builtin-SwiftPerFileCompile Bool+PubNub.swift
SwiftCompile normal arm64 /Users/admin/builder/spi-builder-workspace/.dependencies/checkouts/swift/Sources/PubNub/Extensions/Collection+PubNub.swift (in target 'PubNubSDK' from project 'PubNubSDK')
cd /Users/admin/builder/spi-builder-workspace/.swiftpm/xcode
builtin-SwiftPerFileCompile Collection+PubNub.swift
SwiftCompile normal arm64 /Users/admin/builder/spi-builder-workspace/.dependencies/checkouts/swift/Sources/PubNub/Extensions/Data+PubNub.swift (in target 'PubNubSDK' from project 'PubNubSDK')
cd /Users/admin/builder/spi-builder-workspace/.swiftpm/xcode
builtin-SwiftPerFileCompile Data+PubNub.swift
SwiftDriverJobDiscovery normal arm64 Emitting module for PubNubSDK (in target 'PubNubSDK' from project 'PubNubSDK')
SwiftDriverJobDiscovery normal arm64 Compiling KMPPubNub+Push.swift, KMPPubNub+Subscribe.swift, KMPPubNub+Time.swift, KMPPubNub.swift, KMPAnyJSON.swift, KMPAppContextEventResult.swift, KMPAppContextIncludeFields.swift, KMPEntity.swift, KMPError.swift, KMPEventListener.swift, KMPFetchMessagesResult.swift, KMPFileChangeEvent.swift, KMPHashedPage.swift, KMPHereNowResult.swift, KMPLogLevel.swift, KMPMessage.swift, KMPMessageAction.swift, KMPPAMToken.swift, KMPPresenceChange.swift (in target 'PubNubSDK' from project 'PubNubSDK')
SwiftDriver\ Compilation\ Requirements PubNubSDK normal arm64 com.apple.xcode.tools.swift.compiler (in target 'PubNubSDK' from project 'PubNubSDK')
cd /Users/admin/builder/spi-builder-workspace/.swiftpm/xcode
builtin-Swift-Compilation-Requirements -- /Applications/Xcode-27.0.0-Release.Candidate.app/Contents/Developer/Toolchains/XcodeDefault.xctoolchain/usr/bin/swiftc -parse-as-library -module-name PubNubSDK -Onone @/Users/admin/builder/spi-builder-workspace/.derivedData/Build/Intermediates.noindex/PubNubSDK.build/Debug-iphoneos/PubNubSDK-t.build/Objects-normal/arm64/PubNubSDK.SwiftFileList -DSWIFT_PACKAGE -DDEBUG -DSWIFT_MODULE_RESOURCE_BUNDLE_AVAILABLE -DXcode -plugin-path /Applications/Xcode-27.0.0-Release.Candidate.app/Contents/Developer/Toolchains/XcodeDefault.xctoolchain/usr/lib/swift/host/plugins/testing -enable-experimental-feature DebugDescriptionMacro -sdk /Applications/Xcode-27.0.0-Release.Candidate.app/Contents/Developer/Platforms/iPhoneOS.platform/Developer/SDKs/iPhoneOS27.0.sdk -target arm64-apple-ios15.0 -g -module-cache-path /Users/admin/builder/spi-builder-workspace/.derivedData/ModuleCache.noindex -Xfrontend -serialize-debugging-options -enable-testing -suppress-warnings -index-store-path /Users/admin/builder/spi-builder-workspace/.derivedData/Index.noindex/DataStore -Xcc -D_LIBCPP_HARDENING_MODE\=_LIBCPP_HARDENING_MODE_DEBUG -swift-version 5 -I /Users/admin/builder/spi-builder-workspace/.derivedData/Build/Products/Debug-iphoneos -Isystem /Applications/Xcode-27.0.0-Release.Candidate.app/Contents/Developer/Platforms/iPhoneOS.platform/Developer/usr/lib -F /Users/admin/builder/spi-builder-workspace/.derivedData/Build/Products/Debug-iphoneos -F /Applications/Xcode-27.0.0-Release.Candidate.app/Contents/Developer/Platforms/iPhoneOS.platform/Developer/Library/Frameworks -F /Applications/Xcode-27.0.0-Release.Candidate.app/Contents/Developer/Platforms/iPhoneOS.platform/Developer/SDKs/iPhoneOS27.0.sdk/Developer/Library/Frameworks -c -j10 -enable-batch-mode -incremental -Xcc -ivfsstatcache -Xcc /Users/admin/builder/spi-builder-workspace/.derivedData/SDKStatCaches.noindex/iphoneos27.0-24A430-e829b21a6f8c9b70876ba0858053c04440ceaa042ed91876912b2eeea4e3aa14.sdkstatcache -output-file-map /Users/admin/builder/spi-builder-workspace/.derivedData/Build/Intermediates.noindex/PubNubSDK.build/Debug-iphoneos/PubNubSDK-t.build/Objects-normal/arm64/PubNubSDK-OutputFileMap.json -save-temps -no-color-diagnostics -explicit-module-build -module-cache-path /Users/admin/builder/spi-builder-workspace/.derivedData/Build/Intermediates.noindex/SwiftExplicitPrecompiledModules -clang-scanner-module-cache-path /Users/admin/builder/spi-builder-workspace/.derivedData/ModuleCache.noindex -sdk-module-cache-path /Users/admin/builder/spi-builder-workspace/.derivedData/SDKExplicitPrecompiledModules -emit-dependencies -emit-module -emit-module-path /Users/admin/builder/spi-builder-workspace/.derivedData/Build/Intermediates.noindex/PubNubSDK.build/Debug-iphoneos/PubNubSDK-t.build/Objects-normal/arm64/PubNubSDK.swiftmodule -serialize-diagnostics -dependency-scan-serialize-diagnostics-path /Users/admin/builder/spi-builder-workspace/.derivedData/Build/Intermediates.noindex/PubNubSDK.build/Debug-iphoneos/PubNubSDK-t.build/Objects-normal/arm64/PubNubSDK-dependency-scan.dia -validate-clang-modules-once -clang-build-session-file /Users/admin/builder/spi-builder-workspace/.derivedData/ModuleCache.noindex/Session.modulevalidation -Xcc -fmodules-prune-interval\=86400 -Xcc -fmodules-prune-after\=345600 -package-name swift -emit-const-values -const-gather-protocols-list /Users/admin/builder/spi-builder-workspace/.derivedData/Build/Intermediates.noindex/PubNubSDK.build/Debug-iphoneos/PubNubSDK-t.build/Objects-normal/arm64/PubNubSDK_const_extract_protocols.json -Xcc -I/Users/admin/builder/spi-builder-workspace/.derivedData/Build/Products/Debug-iphoneos/include -Xcc -I/Users/admin/builder/spi-builder-workspace/.derivedData/Build/Intermediates.noindex/PubNubSDK.build/Debug-iphoneos/PubNubSDK-t.build/DerivedSources-normal/arm64 -Xcc -I/Users/admin/builder/spi-builder-workspace/.derivedData/Build/Intermediates.noindex/PubNubSDK.build/Debug-iphoneos/PubNubSDK-t.build/DerivedSources/arm64 -Xcc -I/Users/admin/builder/spi-builder-workspace/.derivedData/Build/Intermediates.noindex/PubNubSDK.build/Debug-iphoneos/PubNubSDK-t.build/DerivedSources -Xcc -DSWIFT_PACKAGE -Xcc -DDEBUG\=1 -emit-objc-header -emit-objc-header-path /Users/admin/builder/spi-builder-workspace/.derivedData/Build/Intermediates.noindex/PubNubSDK.build/Debug-iphoneos/PubNubSDK-t.build/Objects-normal/arm64/PubNubSDK-Swift.h -working-directory /Users/admin/builder/spi-builder-workspace/.swiftpm/xcode -experimental-emit-module-separately -disable-cmo
SwiftDriverJobDiscovery normal arm64 Compiling DateFormatter+PubNub.swift, DecodingError+PubNub.swift, DispatchQueue+PubNub.swift, Encodable+PubNub.swift, Error+PubNub.swift, FileManager+PubNub.swift, Float32+PubNub.swift, HTTPURLResponse+PubNub.swift, InputStream+PubNub.swift, Int+PubNub.swift, NSLocking+PubNub.swift, NSNumber+PubNub.swift, OperationQueue+PubNub.swift, Set+PubNub.swift, String+PubNub.swift, Thread+PubNub.swift, URL+PubNub.swift, URLQueryItem+PubNub.swift, URLRequest+PubNub.swift, URLSessionConfiguration+PubNub.swift (in target 'PubNubSDK' from project 'PubNubSDK')
SwiftDriverJobDiscovery normal arm64 Compiling EventListener.swift, PubNubEvent.swift, Subscribable.swift, Subscription.swift, SubscriptionListenersContainer.swift, SubscriptionOptions.swift, SubscriptionSet.swift, ConnectionStatus.swift, EventEngineSubscriptionSessionStrategy.swift, PubNubChannel.swift, SubscriptionSession.swift, SubscriptionSessionStrategy.swift, EventStream.swift, LegacySubscriptionSessionStrategy+Presence.swift, LegacySubscriptionSessionStrategy.swift, PubNubEntityEvent.swift, SubscriptionState.swift, SubscriptionStream.swift, SubscribeMessagePayload+PubNubEvent.swift (in target 'PubNubSDK' from project 'PubNubSDK')
SwiftMergeGeneratedHeaders /Users/admin/builder/spi-builder-workspace/.derivedData/Build/Intermediates.noindex/GeneratedModuleMaps-iphoneos/PubNubSDK-Swift.h /Users/admin/builder/spi-builder-workspace/.derivedData/Build/Intermediates.noindex/PubNubSDK.build/Debug-iphoneos/PubNubSDK-t.build/Objects-normal/arm64/PubNubSDK-Swift.h (in target 'PubNubSDK' from project 'PubNubSDK')
cd /Users/admin/builder/spi-builder-workspace/.dependencies/checkouts/swift
builtin-swiftHeaderTool -arch arm64 /Users/admin/builder/spi-builder-workspace/.derivedData/Build/Intermediates.noindex/PubNubSDK.build/Debug-iphoneos/PubNubSDK-t.build/Objects-normal/arm64/PubNubSDK-Swift.h -o /Users/admin/builder/spi-builder-workspace/.derivedData/Build/Intermediates.noindex/GeneratedModuleMaps-iphoneos/PubNubSDK-Swift.h
Copy /Users/admin/builder/spi-builder-workspace/.derivedData/Build/Products/Debug-iphoneos/PubNubSDK.swiftmodule/arm64-apple-ios.swiftmodule /Users/admin/builder/spi-builder-workspace/.derivedData/Build/Intermediates.noindex/PubNubSDK.build/Debug-iphoneos/PubNubSDK-t.build/Objects-normal/arm64/PubNubSDK.swiftmodule (in target 'PubNubSDK' from project 'PubNubSDK')
cd /Users/admin/builder/spi-builder-workspace/.dependencies/checkouts/swift
builtin-copy -exclude .DS_Store -exclude CVS -exclude .svn -exclude .git -exclude .hg -resolve-src-symlinks -rename /Users/admin/builder/spi-builder-workspace/.derivedData/Build/Intermediates.noindex/PubNubSDK.build/Debug-iphoneos/PubNubSDK-t.build/Objects-normal/arm64/PubNubSDK.swiftmodule /Users/admin/builder/spi-builder-workspace/.derivedData/Build/Products/Debug-iphoneos/PubNubSDK.swiftmodule/arm64-apple-ios.swiftmodule
Copy /Users/admin/builder/spi-builder-workspace/.derivedData/Build/Products/Debug-iphoneos/PubNubSDK.swiftmodule/arm64-apple-ios.swiftdoc /Users/admin/builder/spi-builder-workspace/.derivedData/Build/Intermediates.noindex/PubNubSDK.build/Debug-iphoneos/PubNubSDK-t.build/Objects-normal/arm64/PubNubSDK.swiftdoc (in target 'PubNubSDK' from project 'PubNubSDK')
cd /Users/admin/builder/spi-builder-workspace/.dependencies/checkouts/swift
builtin-copy -exclude .DS_Store -exclude CVS -exclude .svn -exclude .git -exclude .hg -resolve-src-symlinks -rename /Users/admin/builder/spi-builder-workspace/.derivedData/Build/Intermediates.noindex/PubNubSDK.build/Debug-iphoneos/PubNubSDK-t.build/Objects-normal/arm64/PubNubSDK.swiftdoc /Users/admin/builder/spi-builder-workspace/.derivedData/Build/Products/Debug-iphoneos/PubNubSDK.swiftmodule/arm64-apple-ios.swiftdoc
Copy /Users/admin/builder/spi-builder-workspace/.derivedData/Build/Products/Debug-iphoneos/PubNubSDK.swiftmodule/arm64-apple-ios.abi.json /Users/admin/builder/spi-builder-workspace/.derivedData/Build/Intermediates.noindex/PubNubSDK.build/Debug-iphoneos/PubNubSDK-t.build/Objects-normal/arm64/PubNubSDK.abi.json (in target 'PubNubSDK' from project 'PubNubSDK')
cd /Users/admin/builder/spi-builder-workspace/.dependencies/checkouts/swift
builtin-copy -exclude .DS_Store -exclude CVS -exclude .svn -exclude .git -exclude .hg -resolve-src-symlinks -rename /Users/admin/builder/spi-builder-workspace/.derivedData/Build/Intermediates.noindex/PubNubSDK.build/Debug-iphoneos/PubNubSDK-t.build/Objects-normal/arm64/PubNubSDK.abi.json /Users/admin/builder/spi-builder-workspace/.derivedData/Build/Products/Debug-iphoneos/PubNubSDK.swiftmodule/arm64-apple-ios.abi.json
Copy /Users/admin/builder/spi-builder-workspace/.derivedData/Build/Products/Debug-iphoneos/PubNubSDK.swiftmodule/Project/arm64-apple-ios.swiftsourceinfo /Users/admin/builder/spi-builder-workspace/.derivedData/Build/Intermediates.noindex/PubNubSDK.build/Debug-iphoneos/PubNubSDK-t.build/Objects-normal/arm64/PubNubSDK.swiftsourceinfo (in target 'PubNubSDK' from project 'PubNubSDK')
cd /Users/admin/builder/spi-builder-workspace/.dependencies/checkouts/swift
builtin-copy -exclude .DS_Store -exclude CVS -exclude .svn -exclude .git -exclude .hg -resolve-src-symlinks -rename /Users/admin/builder/spi-builder-workspace/.derivedData/Build/Intermediates.noindex/PubNubSDK.build/Debug-iphoneos/PubNubSDK-t.build/Objects-normal/arm64/PubNubSDK.swiftsourceinfo /Users/admin/builder/spi-builder-workspace/.derivedData/Build/Products/Debug-iphoneos/PubNubSDK.swiftmodule/Project/arm64-apple-ios.swiftsourceinfo
SwiftDriver Red5PubNubClient normal arm64 com.apple.xcode.tools.swift.compiler (in target 'Red5PubNubClient' from project 'Red5WebRTCKit')
cd /Users/admin/builder/spi-builder-workspace/.swiftpm/xcode
builtin-SwiftDriver -- /Applications/Xcode-27.0.0-Release.Candidate.app/Contents/Developer/Toolchains/XcodeDefault.xctoolchain/usr/bin/swiftc -parse-as-library -module-name Red5PubNubClient -Onone @/Users/admin/builder/spi-builder-workspace/.derivedData/Build/Intermediates.noindex/Red5WebRTCKit.build/Debug-iphoneos/Red5PubNubClient-t.build/Objects-normal/arm64/Red5PubNubClient.SwiftFileList -DSWIFT_PACKAGE -DDEBUG -DSWIFT_MODULE_RESOURCE_BUNDLE_UNAVAILABLE -DXcode -plugin-path /Applications/Xcode-27.0.0-Release.Candidate.app/Contents/Developer/Toolchains/XcodeDefault.xctoolchain/usr/lib/swift/host/plugins/testing -enable-experimental-feature DebugDescriptionMacro -sdk /Applications/Xcode-27.0.0-Release.Candidate.app/Contents/Developer/Platforms/iPhoneOS.platform/Developer/SDKs/iPhoneOS27.0.sdk -target arm64-apple-ios15.0 -g -module-cache-path /Users/admin/builder/spi-builder-workspace/.derivedData/ModuleCache.noindex -Xfrontend -serialize-debugging-options -enable-testing -index-store-path /Users/admin/builder/spi-builder-workspace/.derivedData/Index.noindex/DataStore -Xcc -D_LIBCPP_HARDENING_MODE\=_LIBCPP_HARDENING_MODE_DEBUG -swift-version 5 -I /Users/admin/builder/spi-builder-workspace/.derivedData/Build/Products/Debug-iphoneos -Isystem /Applications/Xcode-27.0.0-Release.Candidate.app/Contents/Developer/Platforms/iPhoneOS.platform/Developer/usr/lib -F /Users/admin/builder/spi-builder-workspace/.derivedData/Build/Products/Debug-iphoneos/PackageFrameworks -F /Users/admin/builder/spi-builder-workspace/.derivedData/Build/Products/Debug-iphoneos -F /Applications/Xcode-27.0.0-Release.Candidate.app/Contents/Developer/Platforms/iPhoneOS.platform/Developer/Library/Frameworks -F /Applications/Xcode-27.0.0-Release.Candidate.app/Contents/Developer/Platforms/iPhoneOS.platform/Developer/SDKs/iPhoneOS27.0.sdk/Developer/Library/Frameworks -c -j10 -enable-batch-mode -incremental -Xcc -ivfsstatcache -Xcc /Users/admin/builder/spi-builder-workspace/.derivedData/SDKStatCaches.noindex/iphoneos27.0-24A430-e829b21a6f8c9b70876ba0858053c04440ceaa042ed91876912b2eeea4e3aa14.sdkstatcache -output-file-map /Users/admin/builder/spi-builder-workspace/.derivedData/Build/Intermediates.noindex/Red5WebRTCKit.build/Debug-iphoneos/Red5PubNubClient-t.build/Objects-normal/arm64/Red5PubNubClient-OutputFileMap.json -save-temps -no-color-diagnostics -explicit-module-build -module-cache-path /Users/admin/builder/spi-builder-workspace/.derivedData/Build/Intermediates.noindex/SwiftExplicitPrecompiledModules -clang-scanner-module-cache-path /Users/admin/builder/spi-builder-workspace/.derivedData/ModuleCache.noindex -sdk-module-cache-path /Users/admin/builder/spi-builder-workspace/.derivedData/SDKExplicitPrecompiledModules -emit-dependencies -emit-module -emit-module-path /Users/admin/builder/spi-builder-workspace/.derivedData/Build/Intermediates.noindex/Red5WebRTCKit.build/Debug-iphoneos/Red5PubNubClient-t.build/Objects-normal/arm64/Red5PubNubClient.swiftmodule -serialize-diagnostics -dependency-scan-serialize-diagnostics-path /Users/admin/builder/spi-builder-workspace/.derivedData/Build/Intermediates.noindex/Red5WebRTCKit.build/Debug-iphoneos/Red5PubNubClient-t.build/Objects-normal/arm64/Red5PubNubClient-dependency-scan.dia -validate-clang-modules-once -clang-build-session-file /Users/admin/builder/spi-builder-workspace/.derivedData/ModuleCache.noindex/Session.modulevalidation -Xcc -fmodules-prune-interval\=86400 -Xcc -fmodules-prune-after\=345600 -package-name spi_builder_workspace -emit-const-values -const-gather-protocols-list /Users/admin/builder/spi-builder-workspace/.derivedData/Build/Intermediates.noindex/Red5WebRTCKit.build/Debug-iphoneos/Red5PubNubClient-t.build/Objects-normal/arm64/Red5PubNubClient_const_extract_protocols.json -Xcc -I/Users/admin/builder/spi-builder-workspace/.derivedData/Build/Products/Debug-iphoneos/include -Xcc -I/Users/admin/builder/spi-builder-workspace/.derivedData/Build/Intermediates.noindex/Red5WebRTCKit.build/Debug-iphoneos/Red5PubNubClient-t.build/DerivedSources-normal/arm64 -Xcc -I/Users/admin/builder/spi-builder-workspace/.derivedData/Build/Intermediates.noindex/Red5WebRTCKit.build/Debug-iphoneos/Red5PubNubClient-t.build/DerivedSources/arm64 -Xcc -I/Users/admin/builder/spi-builder-workspace/.derivedData/Build/Intermediates.noindex/Red5WebRTCKit.build/Debug-iphoneos/Red5PubNubClient-t.build/DerivedSources -Xcc -DSWIFT_PACKAGE -Xcc -DDEBUG\=1 -emit-objc-header -emit-objc-header-path /Users/admin/builder/spi-builder-workspace/.derivedData/Build/Intermediates.noindex/Red5WebRTCKit.build/Debug-iphoneos/Red5PubNubClient-t.build/Objects-normal/arm64/Red5PubNubClient-Swift.h -working-directory /Users/admin/builder/spi-builder-workspace/.swiftpm/xcode -experimental-emit-module-separately -disable-cmo
error: Clang dependency scanning failure: (in target 'Red5PubNubClient' from project 'Red5WebRTCKit')
/Users/admin/builder/spi-builder-workspace/.derivedData/Build/Products/Debug-iphoneos/Red5WebRTCKit.framework/Modules/Red5WebRTCKit.swiftmodule/arm64-apple-ios.private.swiftinterface:13:8: error: Unable to resolve module dependency: 'WebRTC' (in target 'Red5PubNubClient' from project 'Red5WebRTCKit')
note: A dependency of Swift module 'Red5WebRTCKit': '/Users/admin/builder/spi-builder-workspace/.derivedData/Build/Products/Debug-iphoneos/Red5WebRTCKit.framework/Modules/Red5WebRTCKit.swiftmodule/arm64-apple-ios.private.swiftinterface'
note: A dependency of main module 'Red5PubNubClient'
/Users/admin/builder/spi-builder-workspace/.derivedData/Build/Products/Debug-iphoneos/Red5WebRTCKit.framework/Modules/Red5WebRTCKit.swiftmodule/arm64-apple-ios.private.swiftinterface:13:8: note: A dependency of Swift module 'Red5WebRTCKit': '/Users/admin/builder/spi-builder-workspace/.derivedData/Build/Products/Debug-iphoneos/Red5WebRTCKit.framework/Modules/Red5WebRTCKit.swiftmodule/arm64-apple-ios.private.swiftinterface'
import WebRTC
^ (in target 'Red5PubNubClient' from project 'Red5WebRTCKit')
/Users/admin/builder/spi-builder-workspace/.derivedData/Build/Products/Debug-iphoneos/Red5WebRTCKit.framework/Modules/Red5WebRTCKit.swiftmodule/arm64-apple-ios.private.swiftinterface:13:8: note: A dependency of main module 'Red5PubNubClient'
import WebRTC
^ (in target 'Red5PubNubClient' from project 'Red5WebRTCKit')
SwiftDriverJobDiscovery normal arm64 Compiling Typealias+PubNub.swift, Validated.swift, WeakBox.swift, XMLDecoder.swift, XMLSerialization.swift, AnyJSON.swift, AnyJSONType.swift, FlatJSONCodable.swift, JSONCodable.swift, Dictionary+ObjCRepresentable.swift, Int+NSNumber.swift, PubNub+URL.swift, KMPPubNub+AppContext.swift, KMPPubNub+ChannelGroups.swift, KMPPubNub+Files.swift, KMPPubNub+History.swift, KMPPubNub+Listeners.swift, KMPPubNub+MessageActions.swift, KMPPubNub+Presence.swift, KMPPubNub+Publish.swift (in target 'PubNubSDK' from project 'PubNubSDK')
SwiftDriverJobDiscovery normal arm64 Compiling resource_bundle_accessor.swift, ChannelGroups+PubNub.swift, Crypto+PubNub.swift, File+PubNub.swift, History+PubNub.swift, MessageActions+PubNub.swift, Objects+PubNub.swift, PAM+PubNub.swift, Presence+PubNub.swift, Publish+PubNub.swift, Push+PubNub.swift, Time+PubNub.swift, DependencyContainer.swift, ErrorDescription.swift, PubNubError.swift, Dispatcher.swift, EffectHandler.swift, EventEngine.swift, TransitionProtocol.swift, HeartbeatEffect.swift (in target 'PubNubSDK' from project 'PubNubSDK')
SwiftDriverJobDiscovery normal arm64 Compiling PubNubPresence.swift, PubNubPushMessage.swift, PubNubUserMetadata.swift, Convertibles+PubNub.swift, HTTPFileTask.swift, HTTPRouter.swift, HTTPSession.swift, HTTPSessionDelegate.swift, Replaceables+PubNub.swift, AutomaticRetry.swift, InstanceIdOperator.swift, RequestIdOperator.swift, Request.swift, RequestOperator.swift, EndpointResponse.swift, GenericServicePayloadResponse.swift, ResponseOperator.swift, ChannelGroupsRouter.swift, FileManagementRouter.swift (in target 'PubNubSDK' from project 'PubNubSDK')
SwiftDriverJobDiscovery normal arm64 Compiling Atomic.swift, CBORDecoder.swift, CBORSerialization.swift, CaseAccessible.swift, Constants.swift, Crypto.swift, CryptoModule.swift, AESCBCCryptor.swift, Cryptor.swift, LegacyCryptor.swift, CryptorHeader.swift, CryptorHeaderWithinStreamFinder.swift, CryptoInputStream.swift, CryptoStream.swift, CryptorUtils.swift, CryptorVector.swift, Data+CommonCrypto.swift, OptionalChange.swift, PAMToken.swift, MultipartInputStream.swift (in target 'PubNubSDK' from project 'PubNubSDK')
PruneExplicitPrecompiledModules /Users/admin/builder/spi-builder-workspace/.derivedData/Build/Intermediates.noindex/ExplicitPrecompiledModules
PruneExplicitPrecompiledModules /Users/admin/builder/spi-builder-workspace/.derivedData/SDKExplicitPrecompiledModules
PruneExplicitPrecompiledModules /Users/admin/builder/spi-builder-workspace/.derivedData/Build/Intermediates.noindex/SwiftExplicitPrecompiledModules
2026-09-25 12:17:26.312 xcodebuild[746:4413] [MT] IDERunDestination: Supported platforms for the buildables in the current scheme is empty.
** BUILD FAILED **
The following build commands failed:
SwiftDriver Red5PubNubClient normal arm64 com.apple.xcode.tools.swift.compiler (in target 'Red5PubNubClient' from project 'Red5WebRTCKit')
Building workspace Red5WebRTCKit with scheme Red5WebRTCKit-Package
(2 failures)
Command line invocation:
/Applications/Xcode-27.0.0-Release.Candidate.app/Contents/Developer/usr/bin/xcodebuild -IDEClonedSourcePackagesDirPathOverride=/Users/admin/builder/spi-builder-workspace/.dependencies -resolvePackageDependencies
Resolve Package Graph
dependency 'webrtc' is not used by any target
Resolved source packages:
Red5WebRTCKit: /Users/admin/builder/spi-builder-workspace
PubNubSDK: https://github.com/pubnub/swift.git @ 10.2.0
WebRTC: https://github.com/stasel/WebRTC.git @ 140.0.0
resolved source packages: Red5WebRTCKit, PubNubSDK, WebRTC
2026-09-25 12:17:33.992 xcodebuild[825:5060] [MT] IDERunDestination: Supported platforms for the buildables in the current scheme is empty.
{
"dependencies" : [
{
"identity" : "webrtc",
"requirement" : {
"range" : [
{
"lower_bound" : "140.0.0",
"upper_bound" : "141.0.0"
}
]
},
"type" : "sourceControl",
"url" : "https://github.com/stasel/WebRTC.git"
},
{
"identity" : "swift",
"requirement" : {
"range" : [
{
"lower_bound" : "10.0.1",
"upper_bound" : "11.0.0"
}
]
},
"type" : "sourceControl",
"url" : "https://github.com/pubnub/swift.git"
}
],
"manifest_display_name" : "Red5WebRTCKit",
"name" : "Red5WebRTCKit",
"path" : "/Users/admin/builder/spi-builder-workspace",
"platforms" : [
{
"name" : "ios",
"version" : "15.0"
}
],
"products" : [
{
"name" : "Red5WebRTCKit",
"targets" : [
"Red5WebRTCKit"
],
"type" : {
"library" : [
"automatic"
]
}
},
{
"name" : "Red5PubNubClient",
"targets" : [
"Red5PubNubClient"
],
"type" : {
"library" : [
"automatic"
]
}
}
],
"targets" : [
{
"c99name" : "Red5WebRTCKit",
"module_type" : "BinaryTarget",
"name" : "Red5WebRTCKit",
"path" : "remote/archive/Red5WebRTCKit-1.0.0-release.b7.red5cloud.xcframework.zip",
"product_memberships" : [
"Red5WebRTCKit",
"Red5PubNubClient"
],
"sources" : [
],
"type" : "binary"
},
{
"c99name" : "Red5PubNubClient",
"module_type" : "SwiftTarget",
"name" : "Red5PubNubClient",
"path" : "Sources/Red5PubNubClient",
"product_dependencies" : [
"PubNubSDK"
],
"product_memberships" : [
"Red5PubNubClient"
],
"sources" : [
"Red5PubNubClient.swift",
"Red5PubNubClientListener.swift"
],
"target_dependencies" : [
"Red5WebRTCKit"
],
"type" : "library"
}
],
"tools_version" : "5.9"
}
{
"workspace" : {
"name" : "Red5WebRTCKit",
"schemes" : [
"Red5PubNubClient",
"Red5WebRTCKit",
"Red5WebRTCKit-Package"
]
}
}
2026-09-25 12:17:35.347 xcodebuild[833:5127] [MT] IDERunDestination: Supported platforms for the buildables in the current scheme is empty.
Running build ...
env DEVELOPER_DIR=/Applications/Xcode-27.0.0-Release.Candidate.app xcrun xcodebuild -IDEClonedSourcePackagesDirPathOverride=$PWD/.dependencies -skipMacroValidation -skipPackagePluginValidation -derivedDataPath $PWD/.derivedData build -scheme Red5WebRTCKit-Package -destination generic/platform=iOS
Command line invocation:
/Applications/Xcode-27.0.0-Release.Candidate.app/Contents/Developer/usr/bin/xcodebuild -IDEClonedSourcePackagesDirPathOverride=/Users/admin/builder/spi-builder-workspace/.dependencies -skipMacroValidation -skipPackagePluginValidation -derivedDataPath /Users/admin/builder/spi-builder-workspace/.derivedData build -scheme Red5WebRTCKit-Package -destination generic/platform=iOS
Resolve Package Graph
dependency 'webrtc' is not used by any target
Resolved source packages:
Red5WebRTCKit: /Users/admin/builder/spi-builder-workspace
WebRTC: https://github.com/stasel/WebRTC.git @ 140.0.0
PubNubSDK: https://github.com/pubnub/swift.git @ 10.2.0
ComputePackagePrebuildTargetDependencyGraph
Prepare packages
CreateBuildRequest
SendProjectDescription
CreateBuildOperation
ComputeTargetDependencyGraph
note: Building targets in dependency order
note: Target dependency graph (6 targets)
Target 'Red5PubNubClient-product' in project 'Red5WebRTCKit'
➜ Explicit dependency on target 'Red5PubNubClient' in project 'Red5WebRTCKit'
➜ Explicit dependency on target 'PubNubSDK-product' in project 'PubNubSDK'
Target 'Red5PubNubClient' in project 'Red5WebRTCKit'
➜ Explicit dependency on target 'PubNubSDK-product' in project 'PubNubSDK'
Target 'PubNubSDK-product' in project 'PubNubSDK'
➜ Explicit dependency on target 'PubNubSDK' in project 'PubNubSDK'
➜ Explicit dependency on target 'PubNubSDK_PubNubSDK' in project 'PubNubSDK'
Target 'PubNubSDK' in project 'PubNubSDK'
➜ Explicit dependency on target 'PubNubSDK_PubNubSDK' in project 'PubNubSDK'
Target 'PubNubSDK_PubNubSDK' in project 'PubNubSDK' (no dependencies)
Target 'Red5WebRTCKit-product' in project 'Red5WebRTCKit' (no dependencies)
GatherProvisioningInputs
CreateBuildDescription
ClangStatCache /Applications/Xcode-27.0.0-Release.Candidate.app/Contents/Developer/Toolchains/XcodeDefault.xctoolchain/usr/bin/clang-stat-cache /Applications/Xcode-27.0.0-Release.Candidate.app/Contents/Developer/Platforms/iPhoneOS.platform/Developer/SDKs/iPhoneOS27.0.sdk /Users/admin/builder/spi-builder-workspace/.derivedData/SDKStatCaches.noindex/iphoneos27.0-24A430-e829b21a6f8c9b70876ba0858053c04440ceaa042ed91876912b2eeea4e3aa14.sdkstatcache
cd /Users/admin/builder/spi-builder-workspace/.swiftpm/xcode
/Applications/Xcode-27.0.0-Release.Candidate.app/Contents/Developer/Toolchains/XcodeDefault.xctoolchain/usr/bin/clang-stat-cache /Applications/Xcode-27.0.0-Release.Candidate.app/Contents/Developer/Platforms/iPhoneOS.platform/Developer/SDKs/iPhoneOS27.0.sdk -o /Users/admin/builder/spi-builder-workspace/.derivedData/SDKStatCaches.noindex/iphoneos27.0-24A430-e829b21a6f8c9b70876ba0858053c04440ceaa042ed91876912b2eeea4e3aa14.sdkstatcache
SwiftDriver PubNubSDK normal arm64 com.apple.xcode.tools.swift.compiler (in target 'PubNubSDK' from project 'PubNubSDK')
cd /Users/admin/builder/spi-builder-workspace/.swiftpm/xcode
builtin-SwiftDriver -- /Applications/Xcode-27.0.0-Release.Candidate.app/Contents/Developer/Toolchains/XcodeDefault.xctoolchain/usr/bin/swiftc -parse-as-library -module-name PubNubSDK -Onone @/Users/admin/builder/spi-builder-workspace/.derivedData/Build/Intermediates.noindex/PubNubSDK.build/Debug-iphoneos/PubNubSDK-t.build/Objects-normal/arm64/PubNubSDK.SwiftFileList -DSWIFT_PACKAGE -DDEBUG -DSWIFT_MODULE_RESOURCE_BUNDLE_AVAILABLE -DXcode -plugin-path /Applications/Xcode-27.0.0-Release.Candidate.app/Contents/Developer/Toolchains/XcodeDefault.xctoolchain/usr/lib/swift/host/plugins/testing -enable-experimental-feature DebugDescriptionMacro -sdk /Applications/Xcode-27.0.0-Release.Candidate.app/Contents/Developer/Platforms/iPhoneOS.platform/Developer/SDKs/iPhoneOS27.0.sdk -target arm64-apple-ios15.0 -g -module-cache-path /Users/admin/builder/spi-builder-workspace/.derivedData/ModuleCache.noindex -Xfrontend -serialize-debugging-options -enable-testing -suppress-warnings -index-store-path /Users/admin/builder/spi-builder-workspace/.derivedData/Index.noindex/DataStore -Xcc -D_LIBCPP_HARDENING_MODE\=_LIBCPP_HARDENING_MODE_DEBUG -swift-version 5 -I /Users/admin/builder/spi-builder-workspace/.derivedData/Build/Products/Debug-iphoneos -Isystem /Applications/Xcode-27.0.0-Release.Candidate.app/Contents/Developer/Platforms/iPhoneOS.platform/Developer/usr/lib -F /Users/admin/builder/spi-builder-workspace/.derivedData/Build/Products/Debug-iphoneos -F /Applications/Xcode-27.0.0-Release.Candidate.app/Contents/Developer/Platforms/iPhoneOS.platform/Developer/Library/Frameworks -F /Applications/Xcode-27.0.0-Release.Candidate.app/Contents/Developer/Platforms/iPhoneOS.platform/Developer/SDKs/iPhoneOS27.0.sdk/Developer/Library/Frameworks -c -j10 -enable-batch-mode -incremental -Xcc -ivfsstatcache -Xcc /Users/admin/builder/spi-builder-workspace/.derivedData/SDKStatCaches.noindex/iphoneos27.0-24A430-e829b21a6f8c9b70876ba0858053c04440ceaa042ed91876912b2eeea4e3aa14.sdkstatcache -output-file-map /Users/admin/builder/spi-builder-workspace/.derivedData/Build/Intermediates.noindex/PubNubSDK.build/Debug-iphoneos/PubNubSDK-t.build/Objects-normal/arm64/PubNubSDK-OutputFileMap.json -save-temps -no-color-diagnostics -explicit-module-build -module-cache-path /Users/admin/builder/spi-builder-workspace/.derivedData/Build/Intermediates.noindex/SwiftExplicitPrecompiledModules -clang-scanner-module-cache-path /Users/admin/builder/spi-builder-workspace/.derivedData/ModuleCache.noindex -sdk-module-cache-path /Users/admin/builder/spi-builder-workspace/.derivedData/SDKExplicitPrecompiledModules -emit-dependencies -emit-module -emit-module-path /Users/admin/builder/spi-builder-workspace/.derivedData/Build/Intermediates.noindex/PubNubSDK.build/Debug-iphoneos/PubNubSDK-t.build/Objects-normal/arm64/PubNubSDK.swiftmodule -serialize-diagnostics -dependency-scan-serialize-diagnostics-path /Users/admin/builder/spi-builder-workspace/.derivedData/Build/Intermediates.noindex/PubNubSDK.build/Debug-iphoneos/PubNubSDK-t.build/Objects-normal/arm64/PubNubSDK-dependency-scan.dia -validate-clang-modules-once -clang-build-session-file /Users/admin/builder/spi-builder-workspace/.derivedData/ModuleCache.noindex/Session.modulevalidation -Xcc -fmodules-prune-interval\=86400 -Xcc -fmodules-prune-after\=345600 -package-name swift -emit-const-values -const-gather-protocols-list /Users/admin/builder/spi-builder-workspace/.derivedData/Build/Intermediates.noindex/PubNubSDK.build/Debug-iphoneos/PubNubSDK-t.build/Objects-normal/arm64/PubNubSDK_const_extract_protocols.json -Xcc -I/Users/admin/builder/spi-builder-workspace/.derivedData/Build/Products/Debug-iphoneos/include -Xcc -I/Users/admin/builder/spi-builder-workspace/.derivedData/Build/Intermediates.noindex/PubNubSDK.build/Debug-iphoneos/PubNubSDK-t.build/DerivedSources-normal/arm64 -Xcc -I/Users/admin/builder/spi-builder-workspace/.derivedData/Build/Intermediates.noindex/PubNubSDK.build/Debug-iphoneos/PubNubSDK-t.build/DerivedSources/arm64 -Xcc -I/Users/admin/builder/spi-builder-workspace/.derivedData/Build/Intermediates.noindex/PubNubSDK.build/Debug-iphoneos/PubNubSDK-t.build/DerivedSources -Xcc -DSWIFT_PACKAGE -Xcc -DDEBUG\=1 -emit-objc-header -emit-objc-header-path /Users/admin/builder/spi-builder-workspace/.derivedData/Build/Intermediates.noindex/PubNubSDK.build/Debug-iphoneos/PubNubSDK-t.build/Objects-normal/arm64/PubNubSDK-Swift.h -working-directory /Users/admin/builder/spi-builder-workspace/.swiftpm/xcode -experimental-emit-module-separately -disable-cmo
SwiftDriver Red5PubNubClient normal arm64 com.apple.xcode.tools.swift.compiler (in target 'Red5PubNubClient' from project 'Red5WebRTCKit')
cd /Users/admin/builder/spi-builder-workspace/.swiftpm/xcode
builtin-SwiftDriver -- /Applications/Xcode-27.0.0-Release.Candidate.app/Contents/Developer/Toolchains/XcodeDefault.xctoolchain/usr/bin/swiftc -parse-as-library -module-name Red5PubNubClient -Onone @/Users/admin/builder/spi-builder-workspace/.derivedData/Build/Intermediates.noindex/Red5WebRTCKit.build/Debug-iphoneos/Red5PubNubClient-t.build/Objects-normal/arm64/Red5PubNubClient.SwiftFileList -DSWIFT_PACKAGE -DDEBUG -DSWIFT_MODULE_RESOURCE_BUNDLE_UNAVAILABLE -DXcode -plugin-path /Applications/Xcode-27.0.0-Release.Candidate.app/Contents/Developer/Toolchains/XcodeDefault.xctoolchain/usr/lib/swift/host/plugins/testing -enable-experimental-feature DebugDescriptionMacro -sdk /Applications/Xcode-27.0.0-Release.Candidate.app/Contents/Developer/Platforms/iPhoneOS.platform/Developer/SDKs/iPhoneOS27.0.sdk -target arm64-apple-ios15.0 -g -module-cache-path /Users/admin/builder/spi-builder-workspace/.derivedData/ModuleCache.noindex -Xfrontend -serialize-debugging-options -enable-testing -index-store-path /Users/admin/builder/spi-builder-workspace/.derivedData/Index.noindex/DataStore -Xcc -D_LIBCPP_HARDENING_MODE\=_LIBCPP_HARDENING_MODE_DEBUG -swift-version 5 -I /Users/admin/builder/spi-builder-workspace/.derivedData/Build/Products/Debug-iphoneos -Isystem /Applications/Xcode-27.0.0-Release.Candidate.app/Contents/Developer/Platforms/iPhoneOS.platform/Developer/usr/lib -F /Users/admin/builder/spi-builder-workspace/.derivedData/Build/Products/Debug-iphoneos/PackageFrameworks -F /Users/admin/builder/spi-builder-workspace/.derivedData/Build/Products/Debug-iphoneos -F /Applications/Xcode-27.0.0-Release.Candidate.app/Contents/Developer/Platforms/iPhoneOS.platform/Developer/Library/Frameworks -F /Applications/Xcode-27.0.0-Release.Candidate.app/Contents/Developer/Platforms/iPhoneOS.platform/Developer/SDKs/iPhoneOS27.0.sdk/Developer/Library/Frameworks -c -j10 -enable-batch-mode -incremental -Xcc -ivfsstatcache -Xcc /Users/admin/builder/spi-builder-workspace/.derivedData/SDKStatCaches.noindex/iphoneos27.0-24A430-e829b21a6f8c9b70876ba0858053c04440ceaa042ed91876912b2eeea4e3aa14.sdkstatcache -output-file-map /Users/admin/builder/spi-builder-workspace/.derivedData/Build/Intermediates.noindex/Red5WebRTCKit.build/Debug-iphoneos/Red5PubNubClient-t.build/Objects-normal/arm64/Red5PubNubClient-OutputFileMap.json -save-temps -no-color-diagnostics -explicit-module-build -module-cache-path /Users/admin/builder/spi-builder-workspace/.derivedData/Build/Intermediates.noindex/SwiftExplicitPrecompiledModules -clang-scanner-module-cache-path /Users/admin/builder/spi-builder-workspace/.derivedData/ModuleCache.noindex -sdk-module-cache-path /Users/admin/builder/spi-builder-workspace/.derivedData/SDKExplicitPrecompiledModules -emit-dependencies -emit-module -emit-module-path /Users/admin/builder/spi-builder-workspace/.derivedData/Build/Intermediates.noindex/Red5WebRTCKit.build/Debug-iphoneos/Red5PubNubClient-t.build/Objects-normal/arm64/Red5PubNubClient.swiftmodule -serialize-diagnostics -dependency-scan-serialize-diagnostics-path /Users/admin/builder/spi-builder-workspace/.derivedData/Build/Intermediates.noindex/Red5WebRTCKit.build/Debug-iphoneos/Red5PubNubClient-t.build/Objects-normal/arm64/Red5PubNubClient-dependency-scan.dia -validate-clang-modules-once -clang-build-session-file /Users/admin/builder/spi-builder-workspace/.derivedData/ModuleCache.noindex/Session.modulevalidation -Xcc -fmodules-prune-interval\=86400 -Xcc -fmodules-prune-after\=345600 -package-name spi_builder_workspace -emit-const-values -const-gather-protocols-list /Users/admin/builder/spi-builder-workspace/.derivedData/Build/Intermediates.noindex/Red5WebRTCKit.build/Debug-iphoneos/Red5PubNubClient-t.build/Objects-normal/arm64/Red5PubNubClient_const_extract_protocols.json -Xcc -I/Users/admin/builder/spi-builder-workspace/.derivedData/Build/Products/Debug-iphoneos/include -Xcc -I/Users/admin/builder/spi-builder-workspace/.derivedData/Build/Intermediates.noindex/Red5WebRTCKit.build/Debug-iphoneos/Red5PubNubClient-t.build/DerivedSources-normal/arm64 -Xcc -I/Users/admin/builder/spi-builder-workspace/.derivedData/Build/Intermediates.noindex/Red5WebRTCKit.build/Debug-iphoneos/Red5PubNubClient-t.build/DerivedSources/arm64 -Xcc -I/Users/admin/builder/spi-builder-workspace/.derivedData/Build/Intermediates.noindex/Red5WebRTCKit.build/Debug-iphoneos/Red5PubNubClient-t.build/DerivedSources -Xcc -DSWIFT_PACKAGE -Xcc -DDEBUG\=1 -emit-objc-header -emit-objc-header-path /Users/admin/builder/spi-builder-workspace/.derivedData/Build/Intermediates.noindex/Red5WebRTCKit.build/Debug-iphoneos/Red5PubNubClient-t.build/Objects-normal/arm64/Red5PubNubClient-Swift.h -working-directory /Users/admin/builder/spi-builder-workspace/.swiftpm/xcode -experimental-emit-module-separately -disable-cmo
/Users/admin/builder/spi-builder-workspace/.derivedData/Build/Products/Debug-iphoneos/Red5WebRTCKit.framework/Modules/Red5WebRTCKit.swiftmodule/arm64-apple-ios.private.swiftinterface:13:8: error: Unable to resolve module dependency: 'WebRTC' (in target 'Red5PubNubClient' from project 'Red5WebRTCKit')
note: A dependency of Swift module 'Red5WebRTCKit': '/Users/admin/builder/spi-builder-workspace/.derivedData/Build/Products/Debug-iphoneos/Red5WebRTCKit.framework/Modules/Red5WebRTCKit.swiftmodule/arm64-apple-ios.private.swiftinterface'
note: A dependency of main module 'Red5PubNubClient'
/Users/admin/builder/spi-builder-workspace/.derivedData/Build/Products/Debug-iphoneos/Red5WebRTCKit.framework/Modules/Red5WebRTCKit.swiftmodule/arm64-apple-ios.private.swiftinterface:13:8: note: A dependency of Swift module 'Red5WebRTCKit': '/Users/admin/builder/spi-builder-workspace/.derivedData/Build/Products/Debug-iphoneos/Red5WebRTCKit.framework/Modules/Red5WebRTCKit.swiftmodule/arm64-apple-ios.private.swiftinterface'
import WebRTC
^ (in target 'Red5PubNubClient' from project 'Red5WebRTCKit')
/Users/admin/builder/spi-builder-workspace/.derivedData/Build/Products/Debug-iphoneos/Red5WebRTCKit.framework/Modules/Red5WebRTCKit.swiftmodule/arm64-apple-ios.private.swiftinterface:13:8: note: A dependency of main module 'Red5PubNubClient'
import WebRTC
^ (in target 'Red5PubNubClient' from project 'Red5WebRTCKit')
PruneExplicitPrecompiledModules /Users/admin/builder/spi-builder-workspace/.derivedData/Build/Intermediates.noindex/ExplicitPrecompiledModules
PruneExplicitPrecompiledModules /Users/admin/builder/spi-builder-workspace/.derivedData/Build/Intermediates.noindex/SwiftExplicitPrecompiledModules
PruneExplicitPrecompiledModules /Users/admin/builder/spi-builder-workspace/.derivedData/SDKExplicitPrecompiledModules
2026-09-25 12:17:36.451 xcodebuild[834:5153] [MT] IDERunDestination: Supported platforms for the buildables in the current scheme is empty.
** BUILD FAILED **
The following build commands failed:
SwiftDriver Red5PubNubClient normal arm64 com.apple.xcode.tools.swift.compiler (in target 'Red5PubNubClient' from project 'Red5WebRTCKit')
Building workspace Red5WebRTCKit with scheme Red5WebRTCKit-Package
(2 failures)
BUILD FAILURE 6.4 iOS