The Swift Package Index logo.Swift Package Index

Build Information

Failed to build DigiaEngage, reference 4.1.0 (b22ff1), with Swift 6.2 for Android on 22 Oct 2026 23:35:39 UTC.

Build Command

bash -c docker run --pull=always --rm -v "checkouts-54344849-0":/host -w "$PWD" -e JAVA_HOME="/root/.sdkman/candidates/java/current" -e SPI_BUILD="1" -e SPI_PROCESSING="1" registry.gitlab.com/saguaro1/spi-images:android-6.2-latest swift build --swift-sdk aarch64-unknown-linux-android28 2>&1

Build Log

========================================
RunAll
========================================
Builder version: 5.1.3
Interrupt handler set up.
========================================
Checkout
========================================
Clone URL: https://github.com/Digia-Technology-Private-Limited/de_ios_core.git
Reference: 4.1.0
Initialized empty Git repository in /host/spi-builder-workspace/.git/
hint: Using 'master' as the name for the initial branch. This default branch name
hint: is subject to change. To configure the initial branch name to use in all
hint: of your new repositories, which will suppress this warning, call:
hint:
hint: 	git config --global init.defaultBranch <name>
hint:
hint: Names commonly chosen instead of 'master' are 'main', 'trunk' and
hint: 'development'. The just-created branch can be renamed via this command:
hint:
hint: 	git branch -m <name>
From https://github.com/Digia-Technology-Private-Limited/de_ios_core
 * tag               4.1.0      -> FETCH_HEAD
HEAD is now at b22ff17 chore: version bump to 4.1.0
Cloned https://github.com/Digia-Technology-Private-Limited/de_ios_core.git
Revision (git rev-parse @):
b22ff17c673f1c031be822530befb26f7f68da02
SUCCESS checkout https://github.com/Digia-Technology-Private-Limited/de_ios_core.git at 4.1.0
========================================
Build
========================================
Selected platform:         android
Swift version:             6.2
Building package at path:  $PWD
https://github.com/Digia-Technology-Private-Limited/de_ios_core.git
Running build ...
bash -c docker run --pull=always --rm -v "checkouts-54344849-0":/host -w "$PWD" -e JAVA_HOME="/root/.sdkman/candidates/java/current" -e SPI_BUILD="1" -e SPI_PROCESSING="1" registry.gitlab.com/saguaro1/spi-images:android-6.2-latest swift build --swift-sdk aarch64-unknown-linux-android28 2>&1
android-6.2-latest: Pulling from saguaro1/spi-images
Digest: sha256:d84c435a77e30f1b4b40344b42d2ce7e8dc33d04eebdaebfb0e2bc42b4ff2af5
Status: Image is up to date for registry.gitlab.com/saguaro1/spi-images:android-6.2-latest
Fetching https://github.com/SDWebImage/SDWebImageSwiftUI.git
Fetching https://github.com/SDWebImage/SDWebImageSVGCoder.git
Fetching https://github.com/airbnb/lottie-spm.git
Fetching https://github.com/pointfreeco/swift-snapshot-testing.git
[1/609] Fetching lottie-spm
[32/1310] Fetching lottie-spm, sdwebimagesvgcoder
[180/5330] Fetching lottie-spm, sdwebimagesvgcoder, sdwebimageswiftui
[4946/21919] Fetching lottie-spm, sdwebimagesvgcoder, sdwebimageswiftui, swift-snapshot-testing
Fetched https://github.com/SDWebImage/SDWebImageSVGCoder.git from cache (2.49s)
Fetched https://github.com/SDWebImage/SDWebImageSwiftUI.git from cache (2.50s)
Fetched https://github.com/pointfreeco/swift-snapshot-testing.git from cache (2.53s)
Fetched https://github.com/airbnb/lottie-spm.git from cache (2.54s)
Computing version for https://github.com/SDWebImage/SDWebImageSVGCoder.git
Computed https://github.com/SDWebImage/SDWebImageSVGCoder.git at 1.8.0 (3.41s)
Fetching https://github.com/SDWebImage/SDWebImage.git
[1/26073] Fetching sdwebimage
Fetched https://github.com/SDWebImage/SDWebImage.git from cache (1.39s)
Computing version for https://github.com/SDWebImage/SDWebImageSwiftUI.git
Computed https://github.com/SDWebImage/SDWebImageSwiftUI.git at 3.1.4 (1.57s)
Computing version for https://github.com/airbnb/lottie-spm.git
Computed https://github.com/airbnb/lottie-spm.git at 4.6.1 (0.13s)
Computing version for https://github.com/SDWebImage/SDWebImage.git
Computed https://github.com/SDWebImage/SDWebImage.git at 5.21.7 (0.15s)
Computing version for https://github.com/pointfreeco/swift-snapshot-testing.git
Computed https://github.com/pointfreeco/swift-snapshot-testing.git at 1.19.7 (0.13s)
Fetching https://github.com/swiftlang/swift-syntax
Fetching https://github.com/pointfreeco/swift-custom-dump
[1/5669] Fetching swift-custom-dump
[5670/86641] Fetching swift-custom-dump, swift-syntax
Fetched https://github.com/pointfreeco/swift-custom-dump from cache (3.23s)
Fetched https://github.com/swiftlang/swift-syntax from cache (3.25s)
Computing version for https://github.com/pointfreeco/swift-custom-dump
Computed https://github.com/pointfreeco/swift-custom-dump at 1.7.3 (3.41s)
Fetching https://github.com/pointfreeco/xctest-dynamic-overlay
[1/2727] Fetching xctest-dynamic-overlay
Fetched https://github.com/pointfreeco/xctest-dynamic-overlay from cache (0.59s)
Computing version for https://github.com/pointfreeco/xctest-dynamic-overlay
Computed https://github.com/pointfreeco/xctest-dynamic-overlay at 1.13.1 (1.48s)
Computing version for https://github.com/swiftlang/swift-syntax
Computed https://github.com/swiftlang/swift-syntax at 604.0.0 (0.24s)
Creating working copy for https://github.com/SDWebImage/SDWebImage.git
Working copy of https://github.com/SDWebImage/SDWebImage.git resolved at 5.21.7
Creating working copy for https://github.com/pointfreeco/swift-custom-dump
Working copy of https://github.com/pointfreeco/swift-custom-dump resolved at 1.7.3
Creating working copy for https://github.com/pointfreeco/xctest-dynamic-overlay
Working copy of https://github.com/pointfreeco/xctest-dynamic-overlay resolved at 1.13.1
Creating working copy for https://github.com/SDWebImage/SDWebImageSVGCoder.git
Working copy of https://github.com/SDWebImage/SDWebImageSVGCoder.git resolved at 1.8.0
Creating working copy for https://github.com/SDWebImage/SDWebImageSwiftUI.git
Working copy of https://github.com/SDWebImage/SDWebImageSwiftUI.git resolved at 3.1.4
Creating working copy for https://github.com/airbnb/lottie-spm.git
Working copy of https://github.com/airbnb/lottie-spm.git resolved at 4.6.1
Creating working copy for https://github.com/pointfreeco/swift-snapshot-testing.git
Working copy of https://github.com/pointfreeco/swift-snapshot-testing.git resolved at 1.19.7
Creating working copy for https://github.com/swiftlang/swift-syntax
Working copy of https://github.com/swiftlang/swift-syntax resolved at 604.0.0
Downloading binary artifact https://github.com/airbnb/lottie-ios/releases/download/4.6.1/Lottie.xcframework.zip
[2209/55189302] Downloading https://github.com/airbnb/lottie-ios/releases/download/4.6.1/Lottie.xcframework.zip
Downloaded https://github.com/airbnb/lottie-ios/releases/download/4.6.1/Lottie.xcframework.zip (3.29s)
warning: 'sdwebimageswiftui': found 1 file(s) which are unhandled; explicitly declare them as resources or exclude from the target
    /host/spi-builder-workspace/.build/checkouts/SDWebImageSwiftUI/SDWebImageSwiftUI/Module/Info.plist
Building for debugging...
[0/86] Write sources
[0/86] Copying PrivacyInfo.xcprivacy
[0/86] Write sources
[0/86] Copying PrivacyInfo.xcprivacy
[0/86] Copying de_reaction_very_sad.png
[0/86] Copying de_reaction_neutral.png
[0/86] Copying de_reaction_smile.png
[0/86] Copying de_reaction_heart_eyes.png
[0/86] Copying de_reaction_sad.png
[8/86] Write sources
In file included from <built-in>:1:
/host/spi-builder-workspace/.build/aarch64-unknown-linux-android28/debug/SDWebImage.build/DerivedSources/resource_bundle_accessor.h:2:9: fatal error: 'Foundation/Foundation.h' file not found
    2 | #import <Foundation/Foundation.h>
      |         ^~~~~~~~~~~~~~~~~~~~~~~~~
1 error generated.
[10/86] Compiling SDWebImage resource_bundle_accessor.m
In file included from <built-in>:1:
/host/spi-builder-workspace/.build/aarch64-unknown-linux-android28/debug/SDWebImage.build/DerivedSources/resource_bundle_accessor.h:2:9: fatal error: 'Foundation/Foundation.h' file not found
    2 | #import <Foundation/Foundation.h>
      |         ^~~~~~~~~~~~~~~~~~~~~~~~~
1 error generated.
[10/86] Compiling SDWeakProxy.m
In file included from <built-in>:1:
/host/spi-builder-workspace/.build/aarch64-unknown-linux-android28/debug/SDWebImage.build/DerivedSources/resource_bundle_accessor.h:2:9: fatal error: 'Foundation/Foundation.h' file not found
    2 | #import <Foundation/Foundation.h>
      |         ^~~~~~~~~~~~~~~~~~~~~~~~~
1 error generated.
[10/86] Compiling UIColor+SDHexString.m
In file included from <built-in>:1:
/host/spi-builder-workspace/.build/aarch64-unknown-linux-android28/debug/SDWebImage.build/DerivedSources/resource_bundle_accessor.h:2:9: fatal error: 'Foundation/Foundation.h' file not found
    2 | #import <Foundation/Foundation.h>
      |         ^~~~~~~~~~~~~~~~~~~~~~~~~
1 error generated.
[10/86] Compiling SDInternalMacros.m
In file included from <built-in>:1:
/host/spi-builder-workspace/.build/aarch64-unknown-linux-android28/debug/SDWebImage.build/DerivedSources/resource_bundle_accessor.h:2:9: fatal error: 'Foundation/Foundation.h' file not found
    2 | #import <Foundation/Foundation.h>
      |         ^~~~~~~~~~~~~~~~~~~~~~~~~
[10/86] Compiling SDImageFramePool.m
In file included from /host/spi-builder-workspace/.build/checkouts/SDWebImageSVGCoder/SDWebImageSVGCoder/Classes/SDImageSVGCoder.m:8:
In file included from /host/spi-builder-workspace/.build/checkouts/SDWebImageSVGCoder/SDWebImageSVGCoder/Classes/SDImageSVGCoder.h:9:
In file included from /host/spi-builder-workspace/.build/checkouts/SDWebImage/SDWebImage/include/SDWebImage/SDWebImage.h:10:
/host/spi-builder-workspace/.build/checkouts/SDWebImage/SDWebImage/include/SDWebImage/SDWebImageCompat.h:10:9: fatal error: 'TargetConditionals.h' file not found
   10 | #import <TargetConditionals.h>
      |         ^~~~~~~~~~~~~~~~~~~~~~
[10/86] Compiling SDImageSVGCoder.m
In file included from /host/spi-builder-workspace/.build/checkouts/SDWebImageSVGCoder/SDWebImageSVGCoder/Classes/SDWebImageSVGCoderDefine.m:8:
In file included from /host/spi-builder-workspace/.build/checkouts/SDWebImageSVGCoder/SDWebImageSVGCoder/Classes/SDWebImageSVGCoderDefine.h:9:
In file included from /host/spi-builder-workspace/.build/checkouts/SDWebImage/SDWebImage/include/SDWebImage/SDWebImage.h:10:
/host/spi-builder-workspace/.build/checkouts/SDWebImage/SDWebImage/include/SDWebImage/SDWebImageCompat.h:10:9: fatal error: 'TargetConditionals.h' file not found
   10 | #import <TargetConditionals.h>
      |         ^~~~~~~~~~~~~~~~~~~~~~
[10/86] Compiling SDWebImageSVGCoderDefine.m
[10/86] Write swift-version--11D90AFD9DD3AB2.txt
BUILD FAILURE 6.2 android