The Swift Package Index logo.Swift Package Index

Build Information

Failed to build quiver-cookbook, reference main (d13e6d), with Swift 6.1 for watchOS using Xcode 16.3 on 23 Oct 2026 20:51:38 UTC.

Build Command

env DEVELOPER_DIR=/Applications/Xcode-16.3.0.app xcrun xcodebuild -IDEClonedSourcePackagesDirPathOverride=$PWD/.dependencies -skipMacroValidation -skipPackagePluginValidation -derivedDataPath $PWD/.derivedData build -scheme quiver-cookbook-Package -destination generic/platform=watchOS

Build Log

    cd /Users/admin/builder/spi-builder-workspace/.swiftpm/xcode

SwiftCompile normal arm64_32 /Users/admin/builder/spi-builder-workspace/.dependencies/checkouts/quiver/Sources/Quiver/Core/_VectorComparable.swift (in target 'Quiver' from project 'Quiver')
    cd /Users/admin/builder/spi-builder-workspace/.swiftpm/xcode

SwiftCompile normal arm64_32 /Users/admin/builder/spi-builder-workspace/.dependencies/checkouts/quiver/Sources/Quiver/Core/_VectorGeneration.swift (in target 'Quiver' from project 'Quiver')
    cd /Users/admin/builder/spi-builder-workspace/.swiftpm/xcode

SwiftCompile normal arm64_32 /Users/admin/builder/spi-builder-workspace/.dependencies/checkouts/quiver/Sources/Quiver/Core/_VectorMetrics.swift (in target 'Quiver' from project 'Quiver')
    cd /Users/admin/builder/spi-builder-workspace/.swiftpm/xcode

SwiftDriverJobDiscovery normal arm64_32 Compiling EmbeddingIndex.swift, LUDecomposition.swift, LogDeterminant.swift, MatrixError.swift, MatrixExpression.swift, MatrixSolve.swift, VectorForm.swift, VectorOperations.swift, Quiver.swift (in target 'Quiver' from project 'Quiver')
SwiftCompile normal arm64_32 Compiling\ SkewnessAgreement.swift,\ SkewnessReport.swift,\ Bayes.swift,\ Distributions.swift,\ ArrayGeneration.swift,\ ArrayRandom.swift,\ ArrayReshape.swift,\ SeededRandomNumberGenerator.swift,\ Classification.swift,\ Classifier.swift /Users/admin/builder/spi-builder-workspace/.dependencies/checkouts/quiver/Sources/Quiver/Extensions/Data/SkewnessAgreement.swift /Users/admin/builder/spi-builder-workspace/.dependencies/checkouts/quiver/Sources/Quiver/Extensions/Data/SkewnessReport.swift /Users/admin/builder/spi-builder-workspace/.dependencies/checkouts/quiver/Sources/Quiver/Extensions/Distributions/Bayes.swift /Users/admin/builder/spi-builder-workspace/.dependencies/checkouts/quiver/Sources/Quiver/Extensions/Distributions/Distributions.swift /Users/admin/builder/spi-builder-workspace/.dependencies/checkouts/quiver/Sources/Quiver/Extensions/Generation/ArrayGeneration.swift /Users/admin/builder/spi-builder-workspace/.dependencies/checkouts/quiver/Sources/Quiver/Extensions/Generation/ArrayRandom.swift /Users/admin/builder/spi-builder-workspace/.dependencies/checkouts/quiver/Sources/Quiver/Extensions/Generation/ArrayReshape.swift /Users/admin/builder/spi-builder-workspace/.dependencies/checkouts/quiver/Sources/Quiver/Extensions/Generation/SeededRandomNumberGenerator.swift /Users/admin/builder/spi-builder-workspace/.dependencies/checkouts/quiver/Sources/Quiver/Extensions/Models/Classification.swift /Users/admin/builder/spi-builder-workspace/.dependencies/checkouts/quiver/Sources/Quiver/Extensions/Models/Classifier.swift (in target 'Quiver' from project 'Quiver')
SwiftCompile normal arm64_32 /Users/admin/builder/spi-builder-workspace/.dependencies/checkouts/quiver/Sources/Quiver/Extensions/Data/SkewnessAgreement.swift (in target 'Quiver' from project 'Quiver')
    cd /Users/admin/builder/spi-builder-workspace/.swiftpm/xcode

SwiftCompile normal arm64_32 /Users/admin/builder/spi-builder-workspace/.dependencies/checkouts/quiver/Sources/Quiver/Extensions/Data/SkewnessReport.swift (in target 'Quiver' from project 'Quiver')
    cd /Users/admin/builder/spi-builder-workspace/.swiftpm/xcode

SwiftCompile normal arm64_32 /Users/admin/builder/spi-builder-workspace/.dependencies/checkouts/quiver/Sources/Quiver/Extensions/Distributions/Bayes.swift (in target 'Quiver' from project 'Quiver')
    cd /Users/admin/builder/spi-builder-workspace/.swiftpm/xcode

SwiftCompile normal arm64_32 /Users/admin/builder/spi-builder-workspace/.dependencies/checkouts/quiver/Sources/Quiver/Extensions/Distributions/Distributions.swift (in target 'Quiver' from project 'Quiver')
    cd /Users/admin/builder/spi-builder-workspace/.swiftpm/xcode

SwiftCompile normal arm64_32 /Users/admin/builder/spi-builder-workspace/.dependencies/checkouts/quiver/Sources/Quiver/Extensions/Generation/ArrayGeneration.swift (in target 'Quiver' from project 'Quiver')
    cd /Users/admin/builder/spi-builder-workspace/.swiftpm/xcode

SwiftCompile normal arm64_32 /Users/admin/builder/spi-builder-workspace/.dependencies/checkouts/quiver/Sources/Quiver/Extensions/Generation/ArrayRandom.swift (in target 'Quiver' from project 'Quiver')
    cd /Users/admin/builder/spi-builder-workspace/.swiftpm/xcode

SwiftCompile normal arm64_32 /Users/admin/builder/spi-builder-workspace/.dependencies/checkouts/quiver/Sources/Quiver/Extensions/Generation/ArrayReshape.swift (in target 'Quiver' from project 'Quiver')
    cd /Users/admin/builder/spi-builder-workspace/.swiftpm/xcode

SwiftCompile normal arm64_32 /Users/admin/builder/spi-builder-workspace/.dependencies/checkouts/quiver/Sources/Quiver/Extensions/Generation/SeededRandomNumberGenerator.swift (in target 'Quiver' from project 'Quiver')
    cd /Users/admin/builder/spi-builder-workspace/.swiftpm/xcode

SwiftCompile normal arm64_32 /Users/admin/builder/spi-builder-workspace/.dependencies/checkouts/quiver/Sources/Quiver/Extensions/Models/Classification.swift (in target 'Quiver' from project 'Quiver')
    cd /Users/admin/builder/spi-builder-workspace/.swiftpm/xcode

SwiftCompile normal arm64_32 /Users/admin/builder/spi-builder-workspace/.dependencies/checkouts/quiver/Sources/Quiver/Extensions/Models/Classifier.swift (in target 'Quiver' from project 'Quiver')
    cd /Users/admin/builder/spi-builder-workspace/.swiftpm/xcode

SwiftDriverJobDiscovery normal armv7k Compiling Polynomial.swift, ArrayFourier.swift, ArrayIntegration.swift, ArrayInfo.swift, Fraction.swift, StringExtensions.swift, UnicodeMath.swift, ArrayAngles.swift, ArrayArithmetic.swift, ArrayBoolean.swift (in target 'Quiver' from project 'Quiver')
SwiftCompile normal arm64 Compiling\ Polynomial.swift,\ ArrayFourier.swift,\ ArrayIntegration.swift,\ ArrayInfo.swift,\ Fraction.swift,\ StringExtensions.swift,\ UnicodeMath.swift,\ ArrayAngles.swift,\ ArrayArithmetic.swift,\ ArrayBoolean.swift /Users/admin/builder/spi-builder-workspace/.dependencies/checkouts/quiver/Sources/Quiver/Extensions/Polynomial/Polynomial.swift /Users/admin/builder/spi-builder-workspace/.dependencies/checkouts/quiver/Sources/Quiver/Extensions/Signal/ArrayFourier.swift /Users/admin/builder/spi-builder-workspace/.dependencies/checkouts/quiver/Sources/Quiver/Extensions/Signal/ArrayIntegration.swift /Users/admin/builder/spi-builder-workspace/.dependencies/checkouts/quiver/Sources/Quiver/Extensions/Utilities/ArrayInfo.swift /Users/admin/builder/spi-builder-workspace/.dependencies/checkouts/quiver/Sources/Quiver/Extensions/Utilities/Fraction.swift /Users/admin/builder/spi-builder-workspace/.dependencies/checkouts/quiver/Sources/Quiver/Extensions/Utilities/StringExtensions.swift /Users/admin/builder/spi-builder-workspace/.dependencies/checkouts/quiver/Sources/Quiver/Extensions/Utilities/UnicodeMath.swift /Users/admin/builder/spi-builder-workspace/.dependencies/checkouts/quiver/Sources/Quiver/Extensions/Vectors/ArrayAngles.swift /Users/admin/builder/spi-builder-workspace/.dependencies/checkouts/quiver/Sources/Quiver/Extensions/Vectors/ArrayArithmetic.swift /Users/admin/builder/spi-builder-workspace/.dependencies/checkouts/quiver/Sources/Quiver/Extensions/Vectors/ArrayBoolean.swift (in target 'Quiver' from project 'Quiver')
SwiftCompile normal arm64 /Users/admin/builder/spi-builder-workspace/.dependencies/checkouts/quiver/Sources/Quiver/Extensions/Polynomial/Polynomial.swift (in target 'Quiver' from project 'Quiver')
    cd /Users/admin/builder/spi-builder-workspace/.swiftpm/xcode

SwiftCompile normal arm64 /Users/admin/builder/spi-builder-workspace/.dependencies/checkouts/quiver/Sources/Quiver/Extensions/Signal/ArrayFourier.swift (in target 'Quiver' from project 'Quiver')
    cd /Users/admin/builder/spi-builder-workspace/.swiftpm/xcode

SwiftCompile normal arm64 /Users/admin/builder/spi-builder-workspace/.dependencies/checkouts/quiver/Sources/Quiver/Extensions/Signal/ArrayIntegration.swift (in target 'Quiver' from project 'Quiver')
    cd /Users/admin/builder/spi-builder-workspace/.swiftpm/xcode

SwiftCompile normal arm64 /Users/admin/builder/spi-builder-workspace/.dependencies/checkouts/quiver/Sources/Quiver/Extensions/Utilities/ArrayInfo.swift (in target 'Quiver' from project 'Quiver')
    cd /Users/admin/builder/spi-builder-workspace/.swiftpm/xcode

SwiftCompile normal arm64 /Users/admin/builder/spi-builder-workspace/.dependencies/checkouts/quiver/Sources/Quiver/Extensions/Utilities/Fraction.swift (in target 'Quiver' from project 'Quiver')
    cd /Users/admin/builder/spi-builder-workspace/.swiftpm/xcode

SwiftCompile normal arm64 /Users/admin/builder/spi-builder-workspace/.dependencies/checkouts/quiver/Sources/Quiver/Extensions/Utilities/StringExtensions.swift (in target 'Quiver' from project 'Quiver')
    cd /Users/admin/builder/spi-builder-workspace/.swiftpm/xcode

SwiftCompile normal arm64 /Users/admin/builder/spi-builder-workspace/.dependencies/checkouts/quiver/Sources/Quiver/Extensions/Utilities/UnicodeMath.swift (in target 'Quiver' from project 'Quiver')
    cd /Users/admin/builder/spi-builder-workspace/.swiftpm/xcode

SwiftCompile normal arm64 /Users/admin/builder/spi-builder-workspace/.dependencies/checkouts/quiver/Sources/Quiver/Extensions/Vectors/ArrayAngles.swift (in target 'Quiver' from project 'Quiver')
    cd /Users/admin/builder/spi-builder-workspace/.swiftpm/xcode

SwiftCompile normal arm64 /Users/admin/builder/spi-builder-workspace/.dependencies/checkouts/quiver/Sources/Quiver/Extensions/Vectors/ArrayArithmetic.swift (in target 'Quiver' from project 'Quiver')
    cd /Users/admin/builder/spi-builder-workspace/.swiftpm/xcode

SwiftCompile normal arm64 /Users/admin/builder/spi-builder-workspace/.dependencies/checkouts/quiver/Sources/Quiver/Extensions/Vectors/ArrayBoolean.swift (in target 'Quiver' from project 'Quiver')
    cd /Users/admin/builder/spi-builder-workspace/.swiftpm/xcode

SwiftDriverJobDiscovery normal armv7k Compiling PowerSpectrum.swift, _Bayes.swift, _Eigen.swift, _Fourier.swift, _GradientDescent.swift, _LogisticRegression.swift, _Vector.swift, _VectorComparable.swift, _VectorGeneration.swift, _VectorMetrics.swift (in target 'Quiver' from project 'Quiver')
SwiftCompile normal armv7k Compiling\ LogisticRegression.swift,\ PCA.swift,\ Pipeline.swift,\ Regressor.swift,\ ResidualModel.swift,\ Ridge.swift,\ StandardScaler.swift,\ Anchors.swift,\ EffortClass.swift,\ EffortSignals.swift /Users/admin/builder/spi-builder-workspace/.dependencies/checkouts/quiver/Sources/Quiver/Extensions/Models/LogisticRegression.swift /Users/admin/builder/spi-builder-workspace/.dependencies/checkouts/quiver/Sources/Quiver/Extensions/Models/PCA.swift /Users/admin/builder/spi-builder-workspace/.dependencies/checkouts/quiver/Sources/Quiver/Extensions/Models/Pipeline.swift /Users/admin/builder/spi-builder-workspace/.dependencies/checkouts/quiver/Sources/Quiver/Extensions/Models/Regressor.swift /Users/admin/builder/spi-builder-workspace/.dependencies/checkouts/quiver/Sources/Quiver/Extensions/Models/ResidualModel.swift /Users/admin/builder/spi-builder-workspace/.dependencies/checkouts/quiver/Sources/Quiver/Extensions/Models/Ridge.swift /Users/admin/builder/spi-builder-workspace/.dependencies/checkouts/quiver/Sources/Quiver/Extensions/Models/StandardScaler.swift /Users/admin/builder/spi-builder-workspace/.dependencies/checkouts/quiver/Sources/Quiver/Extensions/Models/TES/Anchors.swift /Users/admin/builder/spi-builder-workspace/.dependencies/checkouts/quiver/Sources/Quiver/Extensions/Models/TES/EffortClass.swift /Users/admin/builder/spi-builder-workspace/.dependencies/checkouts/quiver/Sources/Quiver/Extensions/Models/TES/EffortSignals.swift (in target 'Quiver' from project 'Quiver')
SwiftCompile normal armv7k /Users/admin/builder/spi-builder-workspace/.dependencies/checkouts/quiver/Sources/Quiver/Extensions/Models/LogisticRegression.swift (in target 'Quiver' from project 'Quiver')
    cd /Users/admin/builder/spi-builder-workspace/.swiftpm/xcode

SwiftCompile normal armv7k /Users/admin/builder/spi-builder-workspace/.dependencies/checkouts/quiver/Sources/Quiver/Extensions/Models/PCA.swift (in target 'Quiver' from project 'Quiver')
    cd /Users/admin/builder/spi-builder-workspace/.swiftpm/xcode

SwiftCompile normal armv7k /Users/admin/builder/spi-builder-workspace/.dependencies/checkouts/quiver/Sources/Quiver/Extensions/Models/Pipeline.swift (in target 'Quiver' from project 'Quiver')
    cd /Users/admin/builder/spi-builder-workspace/.swiftpm/xcode

SwiftCompile normal armv7k /Users/admin/builder/spi-builder-workspace/.dependencies/checkouts/quiver/Sources/Quiver/Extensions/Models/Regressor.swift (in target 'Quiver' from project 'Quiver')
    cd /Users/admin/builder/spi-builder-workspace/.swiftpm/xcode

SwiftCompile normal armv7k /Users/admin/builder/spi-builder-workspace/.dependencies/checkouts/quiver/Sources/Quiver/Extensions/Models/ResidualModel.swift (in target 'Quiver' from project 'Quiver')
    cd /Users/admin/builder/spi-builder-workspace/.swiftpm/xcode

SwiftCompile normal armv7k /Users/admin/builder/spi-builder-workspace/.dependencies/checkouts/quiver/Sources/Quiver/Extensions/Models/Ridge.swift (in target 'Quiver' from project 'Quiver')
    cd /Users/admin/builder/spi-builder-workspace/.swiftpm/xcode

SwiftCompile normal armv7k /Users/admin/builder/spi-builder-workspace/.dependencies/checkouts/quiver/Sources/Quiver/Extensions/Models/StandardScaler.swift (in target 'Quiver' from project 'Quiver')
    cd /Users/admin/builder/spi-builder-workspace/.swiftpm/xcode

SwiftCompile normal armv7k /Users/admin/builder/spi-builder-workspace/.dependencies/checkouts/quiver/Sources/Quiver/Extensions/Models/TES/Anchors.swift (in target 'Quiver' from project 'Quiver')
    cd /Users/admin/builder/spi-builder-workspace/.swiftpm/xcode

SwiftCompile normal armv7k /Users/admin/builder/spi-builder-workspace/.dependencies/checkouts/quiver/Sources/Quiver/Extensions/Models/TES/EffortClass.swift (in target 'Quiver' from project 'Quiver')
    cd /Users/admin/builder/spi-builder-workspace/.swiftpm/xcode

SwiftCompile normal armv7k /Users/admin/builder/spi-builder-workspace/.dependencies/checkouts/quiver/Sources/Quiver/Extensions/Models/TES/EffortSignals.swift (in target 'Quiver' from project 'Quiver')
    cd /Users/admin/builder/spi-builder-workspace/.swiftpm/xcode

SwiftDriverJobDiscovery normal armv7k Compiling BinRule.swift, ClassificationReport.swift, ColumnSummary.swift, ContingencyTable.swift, EmpiricalRule.swift, Frequency.swift, Panel.swift, PanelSummary.swift, Quartiles.swift, RegressionSummary.swift (in target 'Quiver' from project 'Quiver')
SwiftCompile normal armv7k Compiling\ EmbeddingIndex.swift,\ LUDecomposition.swift,\ LogDeterminant.swift,\ MatrixError.swift,\ MatrixExpression.swift,\ MatrixSolve.swift,\ VectorForm.swift,\ VectorOperations.swift,\ Quiver.swift /Users/admin/builder/spi-builder-workspace/.dependencies/checkouts/quiver/Sources/Quiver/Extensions/Vectors/EmbeddingIndex.swift /Users/admin/builder/spi-builder-workspace/.dependencies/checkouts/quiver/Sources/Quiver/Extensions/Vectors/LUDecomposition.swift /Users/admin/builder/spi-builder-workspace/.dependencies/checkouts/quiver/Sources/Quiver/Extensions/Vectors/LogDeterminant.swift /Users/admin/builder/spi-builder-workspace/.dependencies/checkouts/quiver/Sources/Quiver/Extensions/Vectors/MatrixError.swift /Users/admin/builder/spi-builder-workspace/.dependencies/checkouts/quiver/Sources/Quiver/Extensions/Vectors/MatrixExpression.swift /Users/admin/builder/spi-builder-workspace/.dependencies/checkouts/quiver/Sources/Quiver/Extensions/Vectors/MatrixSolve.swift /Users/admin/builder/spi-builder-workspace/.dependencies/checkouts/quiver/Sources/Quiver/Extensions/Vectors/VectorForm.swift /Users/admin/builder/spi-builder-workspace/.dependencies/checkouts/quiver/Sources/Quiver/Extensions/Vectors/VectorOperations.swift /Users/admin/builder/spi-builder-workspace/.dependencies/checkouts/quiver/Sources/Quiver/Quiver.swift (in target 'Quiver' from project 'Quiver')
SwiftCompile normal armv7k /Users/admin/builder/spi-builder-workspace/.dependencies/checkouts/quiver/Sources/Quiver/Extensions/Vectors/EmbeddingIndex.swift (in target 'Quiver' from project 'Quiver')
    cd /Users/admin/builder/spi-builder-workspace/.swiftpm/xcode

SwiftCompile normal armv7k /Users/admin/builder/spi-builder-workspace/.dependencies/checkouts/quiver/Sources/Quiver/Extensions/Vectors/LUDecomposition.swift (in target 'Quiver' from project 'Quiver')
    cd /Users/admin/builder/spi-builder-workspace/.swiftpm/xcode

SwiftCompile normal armv7k /Users/admin/builder/spi-builder-workspace/.dependencies/checkouts/quiver/Sources/Quiver/Extensions/Vectors/LogDeterminant.swift (in target 'Quiver' from project 'Quiver')
    cd /Users/admin/builder/spi-builder-workspace/.swiftpm/xcode

SwiftCompile normal armv7k /Users/admin/builder/spi-builder-workspace/.dependencies/checkouts/quiver/Sources/Quiver/Extensions/Vectors/MatrixError.swift (in target 'Quiver' from project 'Quiver')
    cd /Users/admin/builder/spi-builder-workspace/.swiftpm/xcode

SwiftCompile normal armv7k /Users/admin/builder/spi-builder-workspace/.dependencies/checkouts/quiver/Sources/Quiver/Extensions/Vectors/MatrixExpression.swift (in target 'Quiver' from project 'Quiver')
    cd /Users/admin/builder/spi-builder-workspace/.swiftpm/xcode

SwiftCompile normal armv7k /Users/admin/builder/spi-builder-workspace/.dependencies/checkouts/quiver/Sources/Quiver/Extensions/Vectors/MatrixSolve.swift (in target 'Quiver' from project 'Quiver')
    cd /Users/admin/builder/spi-builder-workspace/.swiftpm/xcode

SwiftCompile normal armv7k /Users/admin/builder/spi-builder-workspace/.dependencies/checkouts/quiver/Sources/Quiver/Extensions/Vectors/VectorForm.swift (in target 'Quiver' from project 'Quiver')
    cd /Users/admin/builder/spi-builder-workspace/.swiftpm/xcode

SwiftCompile normal armv7k /Users/admin/builder/spi-builder-workspace/.dependencies/checkouts/quiver/Sources/Quiver/Extensions/Vectors/VectorOperations.swift (in target 'Quiver' from project 'Quiver')
    cd /Users/admin/builder/spi-builder-workspace/.swiftpm/xcode

SwiftCompile normal armv7k /Users/admin/builder/spi-builder-workspace/.dependencies/checkouts/quiver/Sources/Quiver/Quiver.swift (in target 'Quiver' from project 'Quiver')
    cd /Users/admin/builder/spi-builder-workspace/.swiftpm/xcode

SwiftDriverJobDiscovery normal armv7k Compiling Cluster.swift, Coefficients.swift, DistanceMetric.swift, FeatureScaler.swift, GaussianNaiveBayes.swift, GradientDescent.swift, GradientDescentError.swift, KMeansClustering.swift, KNearestNeighbors.swift, LinearRegression.swift (in target 'Quiver' from project 'Quiver')
SwiftDriverJobDiscovery normal armv7k Compiling SkewnessAgreement.swift, SkewnessReport.swift, Bayes.swift, Distributions.swift, ArrayGeneration.swift, ArrayRandom.swift, ArrayReshape.swift, SeededRandomNumberGenerator.swift, Classification.swift, Classifier.swift (in target 'Quiver' from project 'Quiver')
SwiftDriver Recipes normal armv7k com.apple.xcode.tools.swift.compiler (in target 'Recipes' from project 'quiver-cookbook')
    cd /Users/admin/builder/spi-builder-workspace/.swiftpm/xcode
    builtin-SwiftDriver -- /Applications/Xcode-16.3.0.app/Contents/Developer/Toolchains/XcodeDefault.xctoolchain/usr/bin/swiftc -module-name Recipes -Onone -enforce-exclusivity\=checked @/Users/admin/builder/spi-builder-workspace/.derivedData/Build/Intermediates.noindex/quiver-cookbook.build/Debug-watchos/Recipes.build/Objects-normal/armv7k/Recipes.SwiftFileList -DSWIFT_PACKAGE -DDEBUG -stats-output-dir .stats -strict-concurrency\=complete -enable-upcoming-feature StrictConcurrency -enable-upcoming-feature DisableOutwardActorInference -enable-upcoming-feature GlobalActorIsolatedTypesUsability -enable-upcoming-feature InferSendableFromCaptures -plugin-path /Applications/Xcode-16.3.0.app/Contents/Developer/Toolchains/XcodeDefault.xctoolchain/usr/lib/swift/host/plugins/testing -enable-experimental-feature DebugDescriptionMacro -sdk /Applications/Xcode-16.3.0.app/Contents/Developer/Platforms/WatchOS.platform/Developer/SDKs/WatchOS11.4.sdk -target armv7k-apple-watchos8.0 -g -module-cache-path /Users/admin/builder/spi-builder-workspace/.derivedData/ModuleCache.noindex -Xfrontend -serialize-debugging-options -enable-testing -index-store-path /Users/admin/builder/spi-builder-workspace/.derivedData/Index.noindex/DataStore -swift-version 5 -I /Users/admin/builder/spi-builder-workspace/.derivedData/Build/Products/Debug-watchos -I /Applications/Xcode-16.3.0.app/Contents/Developer/Platforms/WatchOS.platform/Developer/usr/lib -F /Users/admin/builder/spi-builder-workspace/.derivedData/Build/Products/Debug-watchos/PackageFrameworks -F /Users/admin/builder/spi-builder-workspace/.derivedData/Build/Products/Debug-watchos -F /Applications/Xcode-16.3.0.app/Contents/Developer/Platforms/WatchOS.platform/Developer/Library/Frameworks -F /Applications/Xcode-16.3.0.app/Contents/Developer/Platforms/WatchOS.platform/Developer/SDKs/WatchOS11.4.sdk/Developer/Library/Frameworks -c -j10 -enable-batch-mode -incremental -Xcc -ivfsstatcache -Xcc /Users/admin/builder/spi-builder-workspace/.derivedData/SDKStatCaches.noindex/watchos11.4-22T246-43efb940ff07ba2497b70ec94253f576.sdkstatcache -output-file-map /Users/admin/builder/spi-builder-workspace/.derivedData/Build/Intermediates.noindex/quiver-cookbook.build/Debug-watchos/Recipes.build/Objects-normal/armv7k/Recipes-OutputFileMap.json -use-frontend-parseable-output -save-temps -no-color-diagnostics -serialize-diagnostics -emit-dependencies -emit-module -emit-module-path /Users/admin/builder/spi-builder-workspace/.derivedData/Build/Intermediates.noindex/quiver-cookbook.build/Debug-watchos/Recipes.build/Objects-normal/armv7k/Recipes.swiftmodule -validate-clang-modules-once -clang-build-session-file /Users/admin/builder/spi-builder-workspace/.derivedData/ModuleCache.noindex/Session.modulevalidation -package-name spi_builder_workspace -Xcc -I/Users/admin/builder/spi-builder-workspace/.derivedData/Build/Intermediates.noindex/quiver-cookbook.build/Debug-watchos/Recipes.build/swift-overrides.hmap -emit-const-values -Xfrontend -const-gather-protocols-file -Xfrontend /Users/admin/builder/spi-builder-workspace/.derivedData/Build/Intermediates.noindex/quiver-cookbook.build/Debug-watchos/Recipes.build/Objects-normal/armv7k/Recipes_const_extract_protocols.json -Xcc -I/Users/admin/builder/spi-builder-workspace/.derivedData/Build/Products/Debug-watchos/include -Xcc -I/Users/admin/builder/spi-builder-workspace/.derivedData/Build/Intermediates.noindex/quiver-cookbook.build/Debug-watchos/Recipes.build/DerivedSources-normal/armv7k -Xcc -I/Users/admin/builder/spi-builder-workspace/.derivedData/Build/Intermediates.noindex/quiver-cookbook.build/Debug-watchos/Recipes.build/DerivedSources/armv7k -Xcc -I/Users/admin/builder/spi-builder-workspace/.derivedData/Build/Intermediates.noindex/quiver-cookbook.build/Debug-watchos/Recipes.build/DerivedSources -Xcc -DSWIFT_PACKAGE -Xcc -DDEBUG\=1 -emit-objc-header -emit-objc-header-path /Users/admin/builder/spi-builder-workspace/.derivedData/Build/Intermediates.noindex/quiver-cookbook.build/Debug-watchos/Recipes.build/Objects-normal/armv7k/Recipes-Swift.h -working-directory /Users/admin/builder/spi-builder-workspace/.swiftpm/xcode -experimental-emit-module-separately -disable-cmo
SwiftDriver Recipes normal arm64 com.apple.xcode.tools.swift.compiler (in target 'Recipes' from project 'quiver-cookbook')
    cd /Users/admin/builder/spi-builder-workspace/.swiftpm/xcode
    builtin-SwiftDriver -- /Applications/Xcode-16.3.0.app/Contents/Developer/Toolchains/XcodeDefault.xctoolchain/usr/bin/swiftc -module-name Recipes -Onone -enforce-exclusivity\=checked @/Users/admin/builder/spi-builder-workspace/.derivedData/Build/Intermediates.noindex/quiver-cookbook.build/Debug-watchos/Recipes.build/Objects-normal/arm64/Recipes.SwiftFileList -DSWIFT_PACKAGE -DDEBUG -stats-output-dir .stats -strict-concurrency\=complete -enable-upcoming-feature StrictConcurrency -enable-upcoming-feature DisableOutwardActorInference -enable-upcoming-feature GlobalActorIsolatedTypesUsability -enable-upcoming-feature InferSendableFromCaptures -plugin-path /Applications/Xcode-16.3.0.app/Contents/Developer/Toolchains/XcodeDefault.xctoolchain/usr/lib/swift/host/plugins/testing -enable-experimental-feature DebugDescriptionMacro -sdk /Applications/Xcode-16.3.0.app/Contents/Developer/Platforms/WatchOS.platform/Developer/SDKs/WatchOS11.4.sdk -target arm64-apple-watchos8.0 -g -module-cache-path /Users/admin/builder/spi-builder-workspace/.derivedData/ModuleCache.noindex -Xfrontend -serialize-debugging-options -enable-testing -index-store-path /Users/admin/builder/spi-builder-workspace/.derivedData/Index.noindex/DataStore -swift-version 5 -I /Users/admin/builder/spi-builder-workspace/.derivedData/Build/Products/Debug-watchos -I /Applications/Xcode-16.3.0.app/Contents/Developer/Platforms/WatchOS.platform/Developer/usr/lib -F /Users/admin/builder/spi-builder-workspace/.derivedData/Build/Products/Debug-watchos/PackageFrameworks -F /Users/admin/builder/spi-builder-workspace/.derivedData/Build/Products/Debug-watchos -F /Applications/Xcode-16.3.0.app/Contents/Developer/Platforms/WatchOS.platform/Developer/Library/Frameworks -F /Applications/Xcode-16.3.0.app/Contents/Developer/Platforms/WatchOS.platform/Developer/SDKs/WatchOS11.4.sdk/Developer/Library/Frameworks -c -j10 -enable-batch-mode -incremental -Xcc -ivfsstatcache -Xcc /Users/admin/builder/spi-builder-workspace/.derivedData/SDKStatCaches.noindex/watchos11.4-22T246-43efb940ff07ba2497b70ec94253f576.sdkstatcache -output-file-map /Users/admin/builder/spi-builder-workspace/.derivedData/Build/Intermediates.noindex/quiver-cookbook.build/Debug-watchos/Recipes.build/Objects-normal/arm64/Recipes-OutputFileMap.json -use-frontend-parseable-output -save-temps -no-color-diagnostics -serialize-diagnostics -emit-dependencies -emit-module -emit-module-path /Users/admin/builder/spi-builder-workspace/.derivedData/Build/Intermediates.noindex/quiver-cookbook.build/Debug-watchos/Recipes.build/Objects-normal/arm64/Recipes.swiftmodule -validate-clang-modules-once -clang-build-session-file /Users/admin/builder/spi-builder-workspace/.derivedData/ModuleCache.noindex/Session.modulevalidation -package-name spi_builder_workspace -Xcc -I/Users/admin/builder/spi-builder-workspace/.derivedData/Build/Intermediates.noindex/quiver-cookbook.build/Debug-watchos/Recipes.build/swift-overrides.hmap -emit-const-values -Xfrontend -const-gather-protocols-file -Xfrontend /Users/admin/builder/spi-builder-workspace/.derivedData/Build/Intermediates.noindex/quiver-cookbook.build/Debug-watchos/Recipes.build/Objects-normal/arm64/Recipes_const_extract_protocols.json -Xcc -I/Users/admin/builder/spi-builder-workspace/.derivedData/Build/Products/Debug-watchos/include -Xcc -I/Users/admin/builder/spi-builder-workspace/.derivedData/Build/Intermediates.noindex/quiver-cookbook.build/Debug-watchos/Recipes.build/DerivedSources-normal/arm64 -Xcc -I/Users/admin/builder/spi-builder-workspace/.derivedData/Build/Intermediates.noindex/quiver-cookbook.build/Debug-watchos/Recipes.build/DerivedSources/arm64 -Xcc -I/Users/admin/builder/spi-builder-workspace/.derivedData/Build/Intermediates.noindex/quiver-cookbook.build/Debug-watchos/Recipes.build/DerivedSources -Xcc -DSWIFT_PACKAGE -Xcc -DDEBUG\=1 -emit-objc-header -emit-objc-header-path /Users/admin/builder/spi-builder-workspace/.derivedData/Build/Intermediates.noindex/quiver-cookbook.build/Debug-watchos/Recipes.build/Objects-normal/arm64/Recipes-Swift.h -working-directory /Users/admin/builder/spi-builder-workspace/.swiftpm/xcode -experimental-emit-module-separately -disable-cmo
SwiftEmitModule normal armv7k Emitting\ module\ for\ Recipes (in target 'Recipes' from project 'quiver-cookbook')
Failed frontend command:
/Applications/Xcode-16.3.0.app/Contents/Developer/Toolchains/XcodeDefault.xctoolchain/usr/bin/swift-frontend -frontend -emit-module -experimental-skip-non-inlinable-function-bodies-without-types /Users/admin/builder/spi-builder-workspace/Sources/Recipes/01-how-far-is-home.swift /Users/admin/builder/spi-builder-workspace/Sources/Recipes/02-normalize-a-direction.swift /Users/admin/builder/spi-builder-workspace/Sources/Recipes/03-are-these-perpendicular.swift /Users/admin/builder/spi-builder-workspace/Sources/Recipes/04-find-the-most-similar-item.swift /Users/admin/builder/spi-builder-workspace/Sources/Recipes/05-king-minus-man-plus-woman.swift /Users/admin/builder/spi-builder-workspace/Sources/Recipes/06-detect-near-duplicates.swift /Users/admin/builder/spi-builder-workspace/Sources/Recipes/07-describe-a-dataset.swift /Users/admin/builder/spi-builder-workspace/Sources/Recipes/08-find-the-outliers.swift /Users/admin/builder/spi-builder-workspace/Sources/Recipes/09-smooth-a-noisy-signal.swift /Users/admin/builder/spi-builder-workspace/Sources/Recipes/10-build-a-histogram.swift /Users/admin/builder/spi-builder-workspace/Sources/Recipes/11-reshape-without-losing-data.swift /Users/admin/builder/spi-builder-workspace/Sources/Recipes/12-rotate-a-point.swift /Users/admin/builder/spi-builder-workspace/Sources/Recipes/13-multiply-two-matrices.swift /Users/admin/builder/spi-builder-workspace/Sources/Recipes/14-can-this-matrix-be-inverted.swift /Users/admin/builder/spi-builder-workspace/Sources/Recipes/15-predict-a-house-price.swift /Users/admin/builder/spi-builder-workspace/Sources/Recipes/16-classify-with-naive-bayes.swift /Users/admin/builder/spi-builder-workspace/Sources/Recipes/17-find-the-nearest-neighbor.swift /Users/admin/builder/spi-builder-workspace/Sources/Recipes/18-cluster-without-labels.swift /Users/admin/builder/spi-builder-workspace/Sources/Recipes/19-scale-features-before-training.swift /Users/admin/builder/spi-builder-workspace/Sources/Recipes/20-split-train-evaluate.swift /Users/admin/builder/spi-builder-workspace/Sources/Recipes/21-search-by-meaning.swift /Users/admin/builder/spi-builder-workspace/Sources/Recipes/22-organize-data-with-panel.swift /Users/admin/builder/spi-builder-workspace/Sources/Recipes/23-project-a-vector.swift /Users/admin/builder/spi-builder-workspace/Sources/Recipes/24-from-scores-to-probabilities.swift /Users/admin/builder/spi-builder-workspace/Sources/Recipes/25-evaluate-a-classifier.swift /Users/admin/builder/spi-builder-workspace/Sources/Recipes/26-evaluate-a-regression.swift /Users/admin/builder/spi-builder-workspace/Sources/Recipes/27-correlation-matrix.swift /Users/admin/builder/spi-builder-workspace/Sources/Recipes/28-solve-a-linear-system.swift /Users/admin/builder/spi-builder-workspace/Sources/Recipes/29-find-the-best-k.swift /Users/admin/builder/spi-builder-workspace/Sources/Recipes/30-generate-arrays.swift /Users/admin/builder/spi-builder-workspace/Sources/Recipes/31-broadcasting.swift /Users/admin/builder/spi-builder-workspace/Sources/Recipes/32-stratified-split.swift /Users/admin/builder/spi-builder-workspace/Sources/Recipes/34-balance-imbalanced-data.swift /Users/admin/builder/spi-builder-workspace/Sources/Recipes/35-save-and-load-a-model.swift /Users/admin/builder/spi-builder-workspace/Sources/Recipes/36-can-swift-drive-a-car.swift /Users/admin/builder/spi-builder-workspace/Sources/Recipes/37-wing-panel-rivet-inspection.swift /Users/admin/builder/spi-builder-workspace/Sources/Recipes/38-wind-tunnel-lift-predictor.swift /Users/admin/builder/spi-builder-workspace/Sources/Recipes/41-recovery-prediction.swift /Users/admin/builder/spi-builder-workspace/Sources/Recipes/42-delivery-route-optimizer.swift /Users/admin/builder/spi-builder-workspace/Sources/Recipes/45-find-the-nearest-word.swift /Users/admin/builder/spi-builder-workspace/Sources/Recipes/46-save-and-load-a-pipeline.swift /Users/admin/builder/spi-builder-workspace/Sources/Recipes/47-pipeline-for-linear-regression.swift /Users/admin/builder/spi-builder-workspace/Sources/Recipes/49-find-the-dominant-frequency.swift /Users/admin/builder/spi-builder-workspace/Sources/Recipes/50-print-a-frequency-spectrum.swift /Users/admin/builder/spi-builder-workspace/Sources/Recipes/51-one-primitive-two-sensors.swift /Users/admin/builder/spi-builder-workspace/Sources/Recipes/53-fit-a-curve-with-polyfit.swift /Users/admin/builder/spi-builder-workspace/Sources/Recipes/54-velocity-and-acceleration.swift /Users/admin/builder/spi-builder-workspace/Sources/Recipes/55-the-normal-distribution.swift /Users/admin/builder/spi-builder-workspace/Sources/Recipes/56-confidence-intervals-with-the-bootstrap.swift /Users/admin/builder/spi-builder-workspace/Sources/Recipes/58-calibrated-class-probabilities.swift /Users/admin/builder/spi-builder-workspace/Sources/Recipes/59-grade-from-elevation.swift /Users/admin/builder/spi-builder-workspace/Sources/Recipes/60-read-a-regression-summary.swift /Users/admin/builder/spi-builder-workspace/Sources/Recipes/61-standard-error-vs-standard-deviation.swift /Users/admin/builder/spi-builder-workspace/Sources/Recipes/62-one-sample-t-test.swift /Users/admin/builder/spi-builder-workspace/Sources/Recipes/63-chi-squared-goodness-of-fit.swift /Users/admin/builder/spi-builder-workspace/Sources/Recipes/64-bimodal-detection-with-mode.swift /Users/admin/builder/spi-builder-workspace/Sources/Recipes/65-parametric-ci-for-the-mean.swift /Users/admin/builder/spi-builder-workspace/Sources/Recipes/66-sampling-distribution-of-the-median.swift /Users/admin/builder/spi-builder-workspace/Sources/Recipes/67-sampling-distribution-of-standard-deviation.swift /Users/admin/builder/spi-builder-workspace/Sources/Recipes/68-clt-for-a-non-normal-source.swift /Users/admin/builder/spi-builder-workspace/Sources/Recipes/69-inter-arrival-times.swift /Users/admin/builder/spi-builder-workspace/Sources/Recipes/70-ab-test-with-randombinomial.swift /Users/admin/builder/spi-builder-workspace/Sources/Recipes/71-reproducibility-with-a-seeded-rng.swift /Users/admin/builder/spi-builder-workspace/Sources/Recipes/72-gradient-descent-on-house-prices.swift /Users/admin/builder/spi-builder-workspace/Sources/Recipes/73-classify-with-logistic-regression.swift /Users/admin/builder/spi-builder-workspace/Sources/Recipes/74-predict-class-probabilities.swift /Users/admin/builder/spi-builder-workspace/Sources/Recipes/75-find-the-decision-boundary.swift /Users/admin/builder/spi-builder-workspace/Sources/Recipes/76-analyze-regression-residuals.swift /Users/admin/builder/spi-builder-workspace/Sources/Recipes/77-rank-by-meaning-any-source.swift /Users/admin/builder/spi-builder-workspace/Sources/Recipes/78-retrieve-a-passage-for-a-question.swift /Users/admin/builder/spi-builder-workspace/Sources/Recipes/79-decide-when-retrieval-is-good-enough.swift /Users/admin/builder/spi-builder-workspace/Sources/Recipes/80-score-a-run-with-true-effort-score.swift /Users/admin/builder/spi-builder-workspace/Sources/Recipes/81-compress-a-dataset-with-pca.swift -target armv7k-apple-watchos8.0 -enable-objc-interop -stack-check -sdk /Applications/Xcode-16.3.0.app/Contents/Developer/Platforms/WatchOS.platform/Developer/SDKs/WatchOS11.4.sdk -I /Users/admin/builder/spi-builder-workspace/.derivedData/Build/Products/Debug-watchos -I /Applications/Xcode-16.3.0.app/Contents/Developer/Platforms/WatchOS.platform/Developer/usr/lib -F /Users/admin/builder/spi-builder-workspace/.derivedData/Build/Products/Debug-watchos/PackageFrameworks -F /Users/admin/builder/spi-builder-workspace/.derivedData/Build/Products/Debug-watchos -F /Applications/Xcode-16.3.0.app/Contents/Developer/Platforms/WatchOS.platform/Developer/Library/Frameworks -F /Applications/Xcode-16.3.0.app/Contents/Developer/Platforms/WatchOS.platform/Developer/SDKs/WatchOS11.4.sdk/Developer/Library/Frameworks -no-color-diagnostics -enable-testing -g -debug-info-format\=dwarf -dwarf-version\=4 -module-cache-path /Users/admin/builder/spi-builder-workspace/.derivedData/ModuleCache.noindex -swift-version 5 -enforce-exclusivity\=checked -stats-output-dir /Users/admin/builder/spi-builder-workspace/.swiftpm/xcode/.stats -Onone -D SWIFT_PACKAGE -D DEBUG -serialize-debugging-options -const-gather-protocols-file /Users/admin/builder/spi-builder-workspace/.derivedData/Build/Intermediates.noindex/quiver-cookbook.build/Debug-watchos/Recipes.build/Objects-normal/armv7k/Recipes_const_extract_protocols.json -enable-upcoming-feature StrictConcurrency -enable-upcoming-feature DisableOutwardActorInference -enable-upcoming-feature GlobalActorIsolatedTypesUsability -enable-upcoming-feature InferSendableFromCaptures -enable-experimental-feature DebugDescriptionMacro -strict-concurrency\=complete -empty-abi-descriptor -plugin-path /Applications/Xcode-16.3.0.app/Contents/Developer/Toolchains/XcodeDefault.xctoolchain/usr/lib/swift/host/plugins/testing -validate-clang-modules-once -clang-build-session-file /Users/admin/builder/spi-builder-workspace/.derivedData/ModuleCache.noindex/Session.modulevalidation -Xcc -working-directory -Xcc /Users/admin/builder/spi-builder-workspace/.swiftpm/xcode -resource-dir /Applications/Xcode-16.3.0.app/Contents/Developer/Toolchains/XcodeDefault.xctoolchain/usr/lib/swift -enable-anonymous-context-mangled-names -file-compilation-dir /Users/admin/builder/spi-builder-workspace/.swiftpm/xcode -Xcc -ivfsstatcache -Xcc /Users/admin/builder/spi-builder-workspace/.derivedData/SDKStatCaches.noindex/watchos11.4-22T246-43efb940ff07ba2497b70ec94253f576.sdkstatcache -Xcc -I/Users/admin/builder/spi-builder-workspace/.derivedData/Build/Intermediates.noindex/quiver-cookbook.build/Debug-watchos/Recipes.build/swift-overrides.hmap -Xcc -I/Users/admin/builder/spi-builder-workspace/.derivedData/Build/Products/Debug-watchos/include -Xcc -I/Users/admin/builder/spi-builder-workspace/.derivedData/Build/Intermediates.noindex/quiver-cookbook.build/Debug-watchos/Recipes.build/DerivedSources-normal/armv7k -Xcc -I/Users/admin/builder/spi-builder-workspace/.derivedData/Build/Intermediates.noindex/quiver-cookbook.build/Debug-watchos/Recipes.build/DerivedSources/armv7k -Xcc -I/Users/admin/builder/spi-builder-workspace/.derivedData/Build/Intermediates.noindex/quiver-cookbook.build/Debug-watchos/Recipes.build/DerivedSources -Xcc -DSWIFT_PACKAGE -Xcc -DDEBUG\=1 -module-name Recipes -package-name spi_builder_workspace -frontend-parseable-output -disable-clang-spi -target-sdk-version 11.4 -target-sdk-name watchos11.4 -external-plugin-path /Applications/Xcode-16.3.0.app/Contents/Developer/Platforms/WatchOS.platform/Developer/usr/lib/swift/host/plugins\#/Applications/Xcode-16.3.0.app/Contents/Developer/Platforms/WatchOS.platform/Developer/usr/bin/swift-plugin-server -external-plugin-path /Applications/Xcode-16.3.0.app/Contents/Developer/Platforms/WatchOS.platform/Developer/usr/local/lib/swift/host/plugins\#/Applications/Xcode-16.3.0.app/Contents/Developer/Platforms/WatchOS.platform/Developer/usr/bin/swift-plugin-server -in-process-plugin-server-path /Applications/Xcode-16.3.0.app/Contents/Developer/Toolchains/XcodeDefault.xctoolchain/usr/lib/swift/host/libSwiftInProcPluginServer.dylib -plugin-path /Applications/Xcode-16.3.0.app/Contents/Developer/Toolchains/XcodeDefault.xctoolchain/usr/lib/swift/host/plugins -plugin-path /Applications/Xcode-16.3.0.app/Contents/Developer/Toolchains/XcodeDefault.xctoolchain/usr/local/lib/swift/host/plugins -emit-module-doc-path /Users/admin/builder/spi-builder-workspace/.derivedData/Build/Intermediates.noindex/quiver-cookbook.build/Debug-watchos/Recipes.build/Objects-normal/armv7k/Recipes.swiftdoc -emit-module-source-info-path /Users/admin/builder/spi-builder-workspace/.derivedData/Build/Intermediates.noindex/quiver-cookbook.build/Debug-watchos/Recipes.build/Objects-normal/armv7k/Recipes.swiftsourceinfo -emit-objc-header-path /Users/admin/builder/spi-builder-workspace/.derivedData/Build/Intermediates.noindex/quiver-cookbook.build/Debug-watchos/Recipes.build/Objects-normal/armv7k/Recipes-Swift.h -serialize-diagnostics-path /Users/admin/builder/spi-builder-workspace/.derivedData/Build/Intermediates.noindex/quiver-cookbook.build/Debug-watchos/Recipes.build/Objects-normal/armv7k/Recipes-master-emit-module.dia -emit-dependencies-path /Users/admin/builder/spi-builder-workspace/.derivedData/Build/Intermediates.noindex/quiver-cookbook.build/Debug-watchos/Recipes.build/Objects-normal/armv7k/Recipes-master-emit-module.d -o /Users/admin/builder/spi-builder-workspace/.derivedData/Build/Intermediates.noindex/quiver-cookbook.build/Debug-watchos/Recipes.build/Objects-normal/armv7k/Recipes.swiftmodule -emit-abi-descriptor-path /Users/admin/builder/spi-builder-workspace/.derivedData/Build/Intermediates.noindex/quiver-cookbook.build/Debug-watchos/Recipes.build/Objects-normal/armv7k/Recipes.abi.json
EmitSwiftModule normal armv7k (in target 'Recipes' from project 'quiver-cookbook')
    cd /Users/admin/builder/spi-builder-workspace/.swiftpm/xcode

/Users/admin/builder/spi-builder-workspace/Sources/Recipes/01-how-far-is-home.swift:1:8: error: no such module 'Playgrounds'
import Playgrounds
       ^
SwiftEmitModule normal arm64 Emitting\ module\ for\ Recipes (in target 'Recipes' from project 'quiver-cookbook')
EmitSwiftModule normal arm64 (in target 'Recipes' from project 'quiver-cookbook')
    cd /Users/admin/builder/spi-builder-workspace/.swiftpm/xcode

SwiftDriverJobDiscovery normal arm64_32 Compiling PowerSpectrum.swift, _Bayes.swift, _Eigen.swift, _Fourier.swift, _GradientDescent.swift, _LogisticRegression.swift, _Vector.swift, _VectorComparable.swift, _VectorGeneration.swift, _VectorMetrics.swift (in target 'Quiver' from project 'Quiver')
SwiftDriver Recipes normal arm64_32 com.apple.xcode.tools.swift.compiler (in target 'Recipes' from project 'quiver-cookbook')
    cd /Users/admin/builder/spi-builder-workspace/.swiftpm/xcode
    builtin-SwiftDriver -- /Applications/Xcode-16.3.0.app/Contents/Developer/Toolchains/XcodeDefault.xctoolchain/usr/bin/swiftc -module-name Recipes -Onone -enforce-exclusivity\=checked @/Users/admin/builder/spi-builder-workspace/.derivedData/Build/Intermediates.noindex/quiver-cookbook.build/Debug-watchos/Recipes.build/Objects-normal/arm64_32/Recipes.SwiftFileList -DSWIFT_PACKAGE -DDEBUG -stats-output-dir .stats -strict-concurrency\=complete -enable-upcoming-feature StrictConcurrency -enable-upcoming-feature DisableOutwardActorInference -enable-upcoming-feature GlobalActorIsolatedTypesUsability -enable-upcoming-feature InferSendableFromCaptures -plugin-path /Applications/Xcode-16.3.0.app/Contents/Developer/Toolchains/XcodeDefault.xctoolchain/usr/lib/swift/host/plugins/testing -enable-experimental-feature DebugDescriptionMacro -sdk /Applications/Xcode-16.3.0.app/Contents/Developer/Platforms/WatchOS.platform/Developer/SDKs/WatchOS11.4.sdk -target arm64_32-apple-watchos8.0 -g -module-cache-path /Users/admin/builder/spi-builder-workspace/.derivedData/ModuleCache.noindex -Xfrontend -serialize-debugging-options -enable-testing -index-store-path /Users/admin/builder/spi-builder-workspace/.derivedData/Index.noindex/DataStore -swift-version 5 -I /Users/admin/builder/spi-builder-workspace/.derivedData/Build/Products/Debug-watchos -I /Applications/Xcode-16.3.0.app/Contents/Developer/Platforms/WatchOS.platform/Developer/usr/lib -F /Users/admin/builder/spi-builder-workspace/.derivedData/Build/Products/Debug-watchos/PackageFrameworks -F /Users/admin/builder/spi-builder-workspace/.derivedData/Build/Products/Debug-watchos -F /Applications/Xcode-16.3.0.app/Contents/Developer/Platforms/WatchOS.platform/Developer/Library/Frameworks -F /Applications/Xcode-16.3.0.app/Contents/Developer/Platforms/WatchOS.platform/Developer/SDKs/WatchOS11.4.sdk/Developer/Library/Frameworks -c -j10 -enable-batch-mode -incremental -Xcc -ivfsstatcache -Xcc /Users/admin/builder/spi-builder-workspace/.derivedData/SDKStatCaches.noindex/watchos11.4-22T246-43efb940ff07ba2497b70ec94253f576.sdkstatcache -output-file-map /Users/admin/builder/spi-builder-workspace/.derivedData/Build/Intermediates.noindex/quiver-cookbook.build/Debug-watchos/Recipes.build/Objects-normal/arm64_32/Recipes-OutputFileMap.json -use-frontend-parseable-output -save-temps -no-color-diagnostics -serialize-diagnostics -emit-dependencies -emit-module -emit-module-path /Users/admin/builder/spi-builder-workspace/.derivedData/Build/Intermediates.noindex/quiver-cookbook.build/Debug-watchos/Recipes.build/Objects-normal/arm64_32/Recipes.swiftmodule -validate-clang-modules-once -clang-build-session-file /Users/admin/builder/spi-builder-workspace/.derivedData/ModuleCache.noindex/Session.modulevalidation -package-name spi_builder_workspace -Xcc -I/Users/admin/builder/spi-builder-workspace/.derivedData/Build/Intermediates.noindex/quiver-cookbook.build/Debug-watchos/Recipes.build/swift-overrides.hmap -emit-const-values -Xfrontend -const-gather-protocols-file -Xfrontend /Users/admin/builder/spi-builder-workspace/.derivedData/Build/Intermediates.noindex/quiver-cookbook.build/Debug-watchos/Recipes.build/Objects-normal/arm64_32/Recipes_const_extract_protocols.json -Xcc -I/Users/admin/builder/spi-builder-workspace/.derivedData/Build/Products/Debug-watchos/include -Xcc -I/Users/admin/builder/spi-builder-workspace/.derivedData/Build/Intermediates.noindex/quiver-cookbook.build/Debug-watchos/Recipes.build/DerivedSources-normal/arm64_32 -Xcc -I/Users/admin/builder/spi-builder-workspace/.derivedData/Build/Intermediates.noindex/quiver-cookbook.build/Debug-watchos/Recipes.build/DerivedSources/arm64_32 -Xcc -I/Users/admin/builder/spi-builder-workspace/.derivedData/Build/Intermediates.noindex/quiver-cookbook.build/Debug-watchos/Recipes.build/DerivedSources -Xcc -DSWIFT_PACKAGE -Xcc -DDEBUG\=1 -emit-objc-header -emit-objc-header-path /Users/admin/builder/spi-builder-workspace/.derivedData/Build/Intermediates.noindex/quiver-cookbook.build/Debug-watchos/Recipes.build/Objects-normal/arm64_32/Recipes-Swift.h -working-directory /Users/admin/builder/spi-builder-workspace/.swiftpm/xcode -experimental-emit-module-separately -disable-cmo
** BUILD FAILED **
The following build commands failed:
	SwiftEmitModule normal armv7k Emitting\ module\ for\ Recipes (in target 'Recipes' from project 'quiver-cookbook')
	EmitSwiftModule normal armv7k (in target 'Recipes' from project 'quiver-cookbook')
	Building workspace spi-builder-workspace with scheme quiver-cookbook-Package
(3 failures)
Command line invocation:
    /Applications/Xcode-16.3.0.app/Contents/Developer/usr/bin/xcodebuild -IDEClonedSourcePackagesDirPathOverride=/Users/admin/builder/spi-builder-workspace/.dependencies -resolvePackageDependencies
Resolve Package Graph
Resolved source packages:
  quiver-cookbook: /Users/admin/builder/spi-builder-workspace
  Quiver: https://github.com/waynewbishop/quiver.git @ 1.6.0
resolved source packages: quiver-cookbook, Quiver
{
  "dependencies" : [
    {
      "identity" : "quiver",
      "requirement" : {
        "range" : [
          {
            "lower_bound" : "1.6.0",
            "upper_bound" : "2.0.0"
          }
        ]
      },
      "type" : "sourceControl",
      "url" : "https://github.com/waynewbishop/quiver.git"
    }
  ],
  "manifest_display_name" : "quiver-cookbook",
  "name" : "quiver-cookbook",
  "path" : "/Users/admin/builder/spi-builder-workspace",
  "platforms" : [
    {
      "name" : "macos",
      "version" : "12.0"
    },
    {
      "name" : "ios",
      "version" : "15.0"
    }
  ],
  "products" : [
  ],
  "targets" : [
    {
      "c99name" : "Recipes",
      "module_type" : "SwiftTarget",
      "name" : "Recipes",
      "path" : "Sources/Recipes",
      "product_dependencies" : [
        "Quiver"
      ],
      "sources" : [
        "01-how-far-is-home.swift",
        "02-normalize-a-direction.swift",
        "03-are-these-perpendicular.swift",
        "04-find-the-most-similar-item.swift",
        "05-king-minus-man-plus-woman.swift",
        "06-detect-near-duplicates.swift",
        "07-describe-a-dataset.swift",
        "08-find-the-outliers.swift",
        "09-smooth-a-noisy-signal.swift",
        "10-build-a-histogram.swift",
        "11-reshape-without-losing-data.swift",
        "12-rotate-a-point.swift",
        "13-multiply-two-matrices.swift",
        "14-can-this-matrix-be-inverted.swift",
        "15-predict-a-house-price.swift",
        "16-classify-with-naive-bayes.swift",
        "17-find-the-nearest-neighbor.swift",
        "18-cluster-without-labels.swift",
        "19-scale-features-before-training.swift",
        "20-split-train-evaluate.swift",
        "21-search-by-meaning.swift",
        "22-organize-data-with-panel.swift",
        "23-project-a-vector.swift",
        "24-from-scores-to-probabilities.swift",
        "25-evaluate-a-classifier.swift",
        "26-evaluate-a-regression.swift",
        "27-correlation-matrix.swift",
        "28-solve-a-linear-system.swift",
        "29-find-the-best-k.swift",
        "30-generate-arrays.swift",
        "31-broadcasting.swift",
        "32-stratified-split.swift",
        "34-balance-imbalanced-data.swift",
        "35-save-and-load-a-model.swift",
        "36-can-swift-drive-a-car.swift",
        "37-wing-panel-rivet-inspection.swift",
        "38-wind-tunnel-lift-predictor.swift",
        "41-recovery-prediction.swift",
        "42-delivery-route-optimizer.swift",
        "45-find-the-nearest-word.swift",
        "46-save-and-load-a-pipeline.swift",
        "47-pipeline-for-linear-regression.swift",
        "49-find-the-dominant-frequency.swift",
        "50-print-a-frequency-spectrum.swift",
        "51-one-primitive-two-sensors.swift",
        "53-fit-a-curve-with-polyfit.swift",
        "54-velocity-and-acceleration.swift",
        "55-the-normal-distribution.swift",
        "56-confidence-intervals-with-the-bootstrap.swift",
        "58-calibrated-class-probabilities.swift",
        "59-grade-from-elevation.swift",
        "60-read-a-regression-summary.swift",
        "61-standard-error-vs-standard-deviation.swift",
        "62-one-sample-t-test.swift",
        "63-chi-squared-goodness-of-fit.swift",
        "64-bimodal-detection-with-mode.swift",
        "65-parametric-ci-for-the-mean.swift",
        "66-sampling-distribution-of-the-median.swift",
        "67-sampling-distribution-of-standard-deviation.swift",
        "68-clt-for-a-non-normal-source.swift",
        "69-inter-arrival-times.swift",
        "70-ab-test-with-randombinomial.swift",
        "71-reproducibility-with-a-seeded-rng.swift",
        "72-gradient-descent-on-house-prices.swift",
        "73-classify-with-logistic-regression.swift",
        "74-predict-class-probabilities.swift",
        "75-find-the-decision-boundary.swift",
        "76-analyze-regression-residuals.swift",
        "77-rank-by-meaning-any-source.swift",
        "78-retrieve-a-passage-for-a-question.swift",
        "79-decide-when-retrieval-is-good-enough.swift",
        "80-score-a-run-with-true-effort-score.swift",
        "81-compress-a-dataset-with-pca.swift"
      ],
      "type" : "library"
    }
  ],
  "tools_version" : "5.9"
}
{
  "workspace" : {
    "name" : "spi-builder-workspace",
    "schemes" : [
      "quiver-cookbook-Package"
    ]
  }
}
Running build ...
env DEVELOPER_DIR=/Applications/Xcode-16.3.0.app xcrun xcodebuild -IDEClonedSourcePackagesDirPathOverride=$PWD/.dependencies -skipMacroValidation -skipPackagePluginValidation -derivedDataPath $PWD/.derivedData build -scheme quiver-cookbook-Package -destination generic/platform=watchOS
Command line invocation:
    /Applications/Xcode-16.3.0.app/Contents/Developer/usr/bin/xcodebuild -IDEClonedSourcePackagesDirPathOverride=/Users/admin/builder/spi-builder-workspace/.dependencies -skipMacroValidation -skipPackagePluginValidation -derivedDataPath /Users/admin/builder/spi-builder-workspace/.derivedData build -scheme quiver-cookbook-Package -destination generic/platform=watchOS
Resolve Package Graph
Resolved source packages:
  quiver-cookbook: /Users/admin/builder/spi-builder-workspace
  Quiver: https://github.com/waynewbishop/quiver.git @ 1.6.0
ComputePackagePrebuildTargetDependencyGraph
Prepare packages
CreateBuildRequest
SendProjectDescription
CreateBuildOperation
ComputeTargetDependencyGraph
note: Building targets in dependency order
note: Target dependency graph (3 targets)
    Target 'Recipes' in project 'quiver-cookbook'
        ➜ Explicit dependency on target 'Quiver' in project 'Quiver'
    Target 'Quiver' in project 'Quiver'
        ➜ Explicit dependency on target 'Quiver' in project 'Quiver'
    Target 'Quiver' in project 'Quiver' (no dependencies)
GatherProvisioningInputs
CreateBuildDescription
ExecuteExternalTool /Applications/Xcode-16.3.0.app/Contents/Developer/Toolchains/XcodeDefault.xctoolchain/usr/bin/clang -v -E -dM -isysroot /Applications/Xcode-16.3.0.app/Contents/Developer/Platforms/WatchOS.platform/Developer/SDKs/WatchOS11.4.sdk -x c -c /dev/null
ExecuteExternalTool /Applications/Xcode-16.3.0.app/Contents/Developer/Toolchains/XcodeDefault.xctoolchain/usr/bin/swiftc --version
ExecuteExternalTool /Applications/Xcode-16.3.0.app/Contents/Developer/Toolchains/XcodeDefault.xctoolchain/usr/bin/ld -version_details
ReadFileContents /Applications/Xcode-16.3.0.app/Contents/Developer/Toolchains/XcodeDefault.xctoolchain/usr/share/docc/features.json
Build description signature: acdee635f7839e6c45f47452bfabb3af
Build description path: /Users/admin/builder/spi-builder-workspace/.derivedData/Build/Intermediates.noindex/XCBuildData/acdee635f7839e6c45f47452bfabb3af.xcbuilddata
ClangStatCache /Applications/Xcode-16.3.0.app/Contents/Developer/Toolchains/XcodeDefault.xctoolchain/usr/bin/clang-stat-cache /Applications/Xcode-16.3.0.app/Contents/Developer/Platforms/WatchOS.platform/Developer/SDKs/WatchOS11.4.sdk /Users/admin/builder/spi-builder-workspace/.derivedData/SDKStatCaches.noindex/watchos11.4-22T246-43efb940ff07ba2497b70ec94253f576.sdkstatcache
    cd /Users/admin/builder/spi-builder-workspace/.swiftpm/xcode
    /Applications/Xcode-16.3.0.app/Contents/Developer/Toolchains/XcodeDefault.xctoolchain/usr/bin/clang-stat-cache /Applications/Xcode-16.3.0.app/Contents/Developer/Platforms/WatchOS.platform/Developer/SDKs/WatchOS11.4.sdk -o /Users/admin/builder/spi-builder-workspace/.derivedData/SDKStatCaches.noindex/watchos11.4-22T246-43efb940ff07ba2497b70ec94253f576.sdkstatcache
SwiftDriver Quiver normal arm64 com.apple.xcode.tools.swift.compiler (in target 'Quiver' from project 'Quiver')
    cd /Users/admin/builder/spi-builder-workspace/.swiftpm/xcode
    builtin-SwiftDriver -- /Applications/Xcode-16.3.0.app/Contents/Developer/Toolchains/XcodeDefault.xctoolchain/usr/bin/swiftc -module-name Quiver -Onone -enforce-exclusivity\=checked @/Users/admin/builder/spi-builder-workspace/.derivedData/Build/Intermediates.noindex/Quiver.build/Debug-watchos/Quiver.build/Objects-normal/arm64/Quiver.SwiftFileList -DSWIFT_PACKAGE -DDEBUG -DXcode -plugin-path /Applications/Xcode-16.3.0.app/Contents/Developer/Toolchains/XcodeDefault.xctoolchain/usr/lib/swift/host/plugins/testing -enable-experimental-feature DebugDescriptionMacro -sdk /Applications/Xcode-16.3.0.app/Contents/Developer/Platforms/WatchOS.platform/Developer/SDKs/WatchOS11.4.sdk -target arm64-apple-watchos8.0 -g -module-cache-path /Users/admin/builder/spi-builder-workspace/.derivedData/ModuleCache.noindex -Xfrontend -serialize-debugging-options -enable-testing -suppress-warnings -index-store-path /Users/admin/builder/spi-builder-workspace/.derivedData/Index.noindex/DataStore -swift-version 5 -I /Users/admin/builder/spi-builder-workspace/.derivedData/Build/Products/Debug-watchos -I /Applications/Xcode-16.3.0.app/Contents/Developer/Platforms/WatchOS.platform/Developer/usr/lib -F /Users/admin/builder/spi-builder-workspace/.derivedData/Build/Products/Debug-watchos -F /Applications/Xcode-16.3.0.app/Contents/Developer/Platforms/WatchOS.platform/Developer/Library/Frameworks -F /Applications/Xcode-16.3.0.app/Contents/Developer/Platforms/WatchOS.platform/Developer/SDKs/WatchOS11.4.sdk/Developer/Library/Frameworks -c -j10 -enable-batch-mode -incremental -Xcc -ivfsstatcache -Xcc /Users/admin/builder/spi-builder-workspace/.derivedData/SDKStatCaches.noindex/watchos11.4-22T246-43efb940ff07ba2497b70ec94253f576.sdkstatcache -output-file-map /Users/admin/builder/spi-builder-workspace/.derivedData/Build/Intermediates.noindex/Quiver.build/Debug-watchos/Quiver.build/Objects-normal/arm64/Quiver-OutputFileMap.json -use-frontend-parseable-output -save-temps -no-color-diagnostics -serialize-diagnostics -emit-dependencies -emit-module -emit-module-path /Users/admin/builder/spi-builder-workspace/.derivedData/Build/Intermediates.noindex/Quiver.build/Debug-watchos/Quiver.build/Objects-normal/arm64/Quiver.swiftmodule -validate-clang-modules-once -clang-build-session-file /Users/admin/builder/spi-builder-workspace/.derivedData/ModuleCache.noindex/Session.modulevalidation -package-name quiver -Xcc -I/Users/admin/builder/spi-builder-workspace/.derivedData/Build/Intermediates.noindex/Quiver.build/Debug-watchos/Quiver.build/swift-overrides.hmap -emit-const-values -Xfrontend -const-gather-protocols-file -Xfrontend /Users/admin/builder/spi-builder-workspace/.derivedData/Build/Intermediates.noindex/Quiver.build/Debug-watchos/Quiver.build/Objects-normal/arm64/Quiver_const_extract_protocols.json -Xcc -I/Users/admin/builder/spi-builder-workspace/.derivedData/Build/Products/Debug-watchos/include -Xcc -I/Users/admin/builder/spi-builder-workspace/.derivedData/Build/Intermediates.noindex/Quiver.build/Debug-watchos/Quiver.build/DerivedSources-normal/arm64 -Xcc -I/Users/admin/builder/spi-builder-workspace/.derivedData/Build/Intermediates.noindex/Quiver.build/Debug-watchos/Quiver.build/DerivedSources/arm64 -Xcc -I/Users/admin/builder/spi-builder-workspace/.derivedData/Build/Intermediates.noindex/Quiver.build/Debug-watchos/Quiver.build/DerivedSources -Xcc -DSWIFT_PACKAGE -Xcc -DDEBUG\=1 -emit-objc-header -emit-objc-header-path /Users/admin/builder/spi-builder-workspace/.derivedData/Build/Intermediates.noindex/Quiver.build/Debug-watchos/Quiver.build/Objects-normal/arm64/Quiver-Swift.h -working-directory /Users/admin/builder/spi-builder-workspace/.swiftpm/xcode -experimental-emit-module-separately -disable-cmo
SwiftDriver Quiver normal armv7k com.apple.xcode.tools.swift.compiler (in target 'Quiver' from project 'Quiver')
    cd /Users/admin/builder/spi-builder-workspace/.swiftpm/xcode
    builtin-SwiftDriver -- /Applications/Xcode-16.3.0.app/Contents/Developer/Toolchains/XcodeDefault.xctoolchain/usr/bin/swiftc -module-name Quiver -Onone -enforce-exclusivity\=checked @/Users/admin/builder/spi-builder-workspace/.derivedData/Build/Intermediates.noindex/Quiver.build/Debug-watchos/Quiver.build/Objects-normal/armv7k/Quiver.SwiftFileList -DSWIFT_PACKAGE -DDEBUG -DXcode -plugin-path /Applications/Xcode-16.3.0.app/Contents/Developer/Toolchains/XcodeDefault.xctoolchain/usr/lib/swift/host/plugins/testing -enable-experimental-feature DebugDescriptionMacro -sdk /Applications/Xcode-16.3.0.app/Contents/Developer/Platforms/WatchOS.platform/Developer/SDKs/WatchOS11.4.sdk -target armv7k-apple-watchos8.0 -g -module-cache-path /Users/admin/builder/spi-builder-workspace/.derivedData/ModuleCache.noindex -Xfrontend -serialize-debugging-options -enable-testing -suppress-warnings -index-store-path /Users/admin/builder/spi-builder-workspace/.derivedData/Index.noindex/DataStore -swift-version 5 -I /Users/admin/builder/spi-builder-workspace/.derivedData/Build/Products/Debug-watchos -I /Applications/Xcode-16.3.0.app/Contents/Developer/Platforms/WatchOS.platform/Developer/usr/lib -F /Users/admin/builder/spi-builder-workspace/.derivedData/Build/Products/Debug-watchos -F /Applications/Xcode-16.3.0.app/Contents/Developer/Platforms/WatchOS.platform/Developer/Library/Frameworks -F /Applications/Xcode-16.3.0.app/Contents/Developer/Platforms/WatchOS.platform/Developer/SDKs/WatchOS11.4.sdk/Developer/Library/Frameworks -c -j10 -enable-batch-mode -incremental -Xcc -ivfsstatcache -Xcc /Users/admin/builder/spi-builder-workspace/.derivedData/SDKStatCaches.noindex/watchos11.4-22T246-43efb940ff07ba2497b70ec94253f576.sdkstatcache -output-file-map /Users/admin/builder/spi-builder-workspace/.derivedData/Build/Intermediates.noindex/Quiver.build/Debug-watchos/Quiver.build/Objects-normal/armv7k/Quiver-OutputFileMap.json -use-frontend-parseable-output -save-temps -no-color-diagnostics -serialize-diagnostics -emit-dependencies -emit-module -emit-module-path /Users/admin/builder/spi-builder-workspace/.derivedData/Build/Intermediates.noindex/Quiver.build/Debug-watchos/Quiver.build/Objects-normal/armv7k/Quiver.swiftmodule -validate-clang-modules-once -clang-build-session-file /Users/admin/builder/spi-builder-workspace/.derivedData/ModuleCache.noindex/Session.modulevalidation -package-name quiver -Xcc -I/Users/admin/builder/spi-builder-workspace/.derivedData/Build/Intermediates.noindex/Quiver.build/Debug-watchos/Quiver.build/swift-overrides.hmap -emit-const-values -Xfrontend -const-gather-protocols-file -Xfrontend /Users/admin/builder/spi-builder-workspace/.derivedData/Build/Intermediates.noindex/Quiver.build/Debug-watchos/Quiver.build/Objects-normal/armv7k/Quiver_const_extract_protocols.json -Xcc -I/Users/admin/builder/spi-builder-workspace/.derivedData/Build/Products/Debug-watchos/include -Xcc -I/Users/admin/builder/spi-builder-workspace/.derivedData/Build/Intermediates.noindex/Quiver.build/Debug-watchos/Quiver.build/DerivedSources-normal/armv7k -Xcc -I/Users/admin/builder/spi-builder-workspace/.derivedData/Build/Intermediates.noindex/Quiver.build/Debug-watchos/Quiver.build/DerivedSources/armv7k -Xcc -I/Users/admin/builder/spi-builder-workspace/.derivedData/Build/Intermediates.noindex/Quiver.build/Debug-watchos/Quiver.build/DerivedSources -Xcc -DSWIFT_PACKAGE -Xcc -DDEBUG\=1 -emit-objc-header -emit-objc-header-path /Users/admin/builder/spi-builder-workspace/.derivedData/Build/Intermediates.noindex/Quiver.build/Debug-watchos/Quiver.build/Objects-normal/armv7k/Quiver-Swift.h -working-directory /Users/admin/builder/spi-builder-workspace/.swiftpm/xcode -experimental-emit-module-separately -disable-cmo
SwiftDriver Quiver normal arm64_32 com.apple.xcode.tools.swift.compiler (in target 'Quiver' from project 'Quiver')
    cd /Users/admin/builder/spi-builder-workspace/.swiftpm/xcode
    builtin-SwiftDriver -- /Applications/Xcode-16.3.0.app/Contents/Developer/Toolchains/XcodeDefault.xctoolchain/usr/bin/swiftc -module-name Quiver -Onone -enforce-exclusivity\=checked @/Users/admin/builder/spi-builder-workspace/.derivedData/Build/Intermediates.noindex/Quiver.build/Debug-watchos/Quiver.build/Objects-normal/arm64_32/Quiver.SwiftFileList -DSWIFT_PACKAGE -DDEBUG -DXcode -plugin-path /Applications/Xcode-16.3.0.app/Contents/Developer/Toolchains/XcodeDefault.xctoolchain/usr/lib/swift/host/plugins/testing -enable-experimental-feature DebugDescriptionMacro -sdk /Applications/Xcode-16.3.0.app/Contents/Developer/Platforms/WatchOS.platform/Developer/SDKs/WatchOS11.4.sdk -target arm64_32-apple-watchos8.0 -g -module-cache-path /Users/admin/builder/spi-builder-workspace/.derivedData/ModuleCache.noindex -Xfrontend -serialize-debugging-options -enable-testing -suppress-warnings -index-store-path /Users/admin/builder/spi-builder-workspace/.derivedData/Index.noindex/DataStore -swift-version 5 -I /Users/admin/builder/spi-builder-workspace/.derivedData/Build/Products/Debug-watchos -I /Applications/Xcode-16.3.0.app/Contents/Developer/Platforms/WatchOS.platform/Developer/usr/lib -F /Users/admin/builder/spi-builder-workspace/.derivedData/Build/Products/Debug-watchos -F /Applications/Xcode-16.3.0.app/Contents/Developer/Platforms/WatchOS.platform/Developer/Library/Frameworks -F /Applications/Xcode-16.3.0.app/Contents/Developer/Platforms/WatchOS.platform/Developer/SDKs/WatchOS11.4.sdk/Developer/Library/Frameworks -c -j10 -enable-batch-mode -incremental -Xcc -ivfsstatcache -Xcc /Users/admin/builder/spi-builder-workspace/.derivedData/SDKStatCaches.noindex/watchos11.4-22T246-43efb940ff07ba2497b70ec94253f576.sdkstatcache -output-file-map /Users/admin/builder/spi-builder-workspace/.derivedData/Build/Intermediates.noindex/Quiver.build/Debug-watchos/Quiver.build/Objects-normal/arm64_32/Quiver-OutputFileMap.json -use-frontend-parseable-output -save-temps -no-color-diagnostics -serialize-diagnostics -emit-dependencies -emit-module -emit-module-path /Users/admin/builder/spi-builder-workspace/.derivedData/Build/Intermediates.noindex/Quiver.build/Debug-watchos/Quiver.build/Objects-normal/arm64_32/Quiver.swiftmodule -validate-clang-modules-once -clang-build-session-file /Users/admin/builder/spi-builder-workspace/.derivedData/ModuleCache.noindex/Session.modulevalidation -package-name quiver -Xcc -I/Users/admin/builder/spi-builder-workspace/.derivedData/Build/Intermediates.noindex/Quiver.build/Debug-watchos/Quiver.build/swift-overrides.hmap -emit-const-values -Xfrontend -const-gather-protocols-file -Xfrontend /Users/admin/builder/spi-builder-workspace/.derivedData/Build/Intermediates.noindex/Quiver.build/Debug-watchos/Quiver.build/Objects-normal/arm64_32/Quiver_const_extract_protocols.json -Xcc -I/Users/admin/builder/spi-builder-workspace/.derivedData/Build/Products/Debug-watchos/include -Xcc -I/Users/admin/builder/spi-builder-workspace/.derivedData/Build/Intermediates.noindex/Quiver.build/Debug-watchos/Quiver.build/DerivedSources-normal/arm64_32 -Xcc -I/Users/admin/builder/spi-builder-workspace/.derivedData/Build/Intermediates.noindex/Quiver.build/Debug-watchos/Quiver.build/DerivedSources/arm64_32 -Xcc -I/Users/admin/builder/spi-builder-workspace/.derivedData/Build/Intermediates.noindex/Quiver.build/Debug-watchos/Quiver.build/DerivedSources -Xcc -DSWIFT_PACKAGE -Xcc -DDEBUG\=1 -emit-objc-header -emit-objc-header-path /Users/admin/builder/spi-builder-workspace/.derivedData/Build/Intermediates.noindex/Quiver.build/Debug-watchos/Quiver.build/Objects-normal/arm64_32/Quiver-Swift.h -working-directory /Users/admin/builder/spi-builder-workspace/.swiftpm/xcode -experimental-emit-module-separately -disable-cmo
SwiftCompile normal arm64 Compiling\ BinRule.swift,\ ClassificationReport.swift,\ ColumnSummary.swift,\ ContingencyTable.swift,\ EmpiricalRule.swift,\ Frequency.swift,\ Panel.swift,\ PanelSummary.swift,\ Quartiles.swift,\ RegressionSummary.swift /Users/admin/builder/spi-builder-workspace/.dependencies/checkouts/quiver/Sources/Quiver/Extensions/Data/BinRule.swift /Users/admin/builder/spi-builder-workspace/.dependencies/checkouts/quiver/Sources/Quiver/Extensions/Data/ClassificationReport.swift /Users/admin/builder/spi-builder-workspace/.dependencies/checkouts/quiver/Sources/Quiver/Extensions/Data/ColumnSummary.swift /Users/admin/builder/spi-builder-workspace/.dependencies/checkouts/quiver/Sources/Quiver/Extensions/Data/ContingencyTable.swift /Users/admin/builder/spi-builder-workspace/.dependencies/checkouts/quiver/Sources/Quiver/Extensions/Data/EmpiricalRule.swift /Users/admin/builder/spi-builder-workspace/.dependencies/checkouts/quiver/Sources/Quiver/Extensions/Data/Frequency.swift /Users/admin/builder/spi-builder-workspace/.dependencies/checkouts/quiver/Sources/Quiver/Extensions/Data/Panel.swift /Users/admin/builder/spi-builder-workspace/.dependencies/checkouts/quiver/Sources/Quiver/Extensions/Data/PanelSummary.swift /Users/admin/builder/spi-builder-workspace/.dependencies/checkouts/quiver/Sources/Quiver/Extensions/Data/Quartiles.swift /Users/admin/builder/spi-builder-workspace/.dependencies/checkouts/quiver/Sources/Quiver/Extensions/Data/RegressionSummary.swift (in target 'Quiver' from project 'Quiver')
SwiftCompile normal arm64 /Users/admin/builder/spi-builder-workspace/.dependencies/checkouts/quiver/Sources/Quiver/Extensions/Data/BinRule.swift (in target 'Quiver' from project 'Quiver')
    cd /Users/admin/builder/spi-builder-workspace/.swiftpm/xcode

SwiftCompile normal arm64 /Users/admin/builder/spi-builder-workspace/.dependencies/checkouts/quiver/Sources/Quiver/Extensions/Data/ClassificationReport.swift (in target 'Quiver' from project 'Quiver')
    cd /Users/admin/builder/spi-builder-workspace/.swiftpm/xcode

SwiftCompile normal arm64 /Users/admin/builder/spi-builder-workspace/.dependencies/checkouts/quiver/Sources/Quiver/Extensions/Data/ColumnSummary.swift (in target 'Quiver' from project 'Quiver')
    cd /Users/admin/builder/spi-builder-workspace/.swiftpm/xcode

SwiftCompile normal arm64 /Users/admin/builder/spi-builder-workspace/.dependencies/checkouts/quiver/Sources/Quiver/Extensions/Data/ContingencyTable.swift (in target 'Quiver' from project 'Quiver')
    cd /Users/admin/builder/spi-builder-workspace/.swiftpm/xcode

SwiftCompile normal arm64 /Users/admin/builder/spi-builder-workspace/.dependencies/checkouts/quiver/Sources/Quiver/Extensions/Data/EmpiricalRule.swift (in target 'Quiver' from project 'Quiver')
    cd /Users/admin/builder/spi-builder-workspace/.swiftpm/xcode

SwiftCompile normal arm64 /Users/admin/builder/spi-builder-workspace/.dependencies/checkouts/quiver/Sources/Quiver/Extensions/Data/Frequency.swift (in target 'Quiver' from project 'Quiver')
    cd /Users/admin/builder/spi-builder-workspace/.swiftpm/xcode

SwiftCompile normal arm64 /Users/admin/builder/spi-builder-workspace/.dependencies/checkouts/quiver/Sources/Quiver/Extensions/Data/Panel.swift (in target 'Quiver' from project 'Quiver')
    cd /Users/admin/builder/spi-builder-workspace/.swiftpm/xcode

SwiftCompile normal arm64 /Users/admin/builder/spi-builder-workspace/.dependencies/checkouts/quiver/Sources/Quiver/Extensions/Data/PanelSummary.swift (in target 'Quiver' from project 'Quiver')
    cd /Users/admin/builder/spi-builder-workspace/.swiftpm/xcode

SwiftCompile normal arm64 /Users/admin/builder/spi-builder-workspace/.dependencies/checkouts/quiver/Sources/Quiver/Extensions/Data/Quartiles.swift (in target 'Quiver' from project 'Quiver')
    cd /Users/admin/builder/spi-builder-workspace/.swiftpm/xcode

SwiftCompile normal arm64 /Users/admin/builder/spi-builder-workspace/.dependencies/checkouts/quiver/Sources/Quiver/Extensions/Data/RegressionSummary.swift (in target 'Quiver' from project 'Quiver')
    cd /Users/admin/builder/spi-builder-workspace/.swiftpm/xcode

SwiftCompile normal arm64 Compiling\ _VectorOperations.swift,\ _VectorRegression.swift,\ _VectorReshape.swift,\ _VectorSampling.swift,\ _VectorStatistics.swift,\ Jacobian.swift,\ AggregationMethod.swift,\ ArrayCharts.swift,\ ArrayMetrics.swift,\ ArraySampling.swift /Users/admin/builder/spi-builder-workspace/.dependencies/checkouts/quiver/Sources/Quiver/Core/_VectorOperations.swift /Users/admin/builder/spi-builder-workspace/.dependencies/checkouts/quiver/Sources/Quiver/Core/_VectorRegression.swift /Users/admin/builder/spi-builder-workspace/.dependencies/checkouts/quiver/Sources/Quiver/Core/_VectorReshape.swift /Users/admin/builder/spi-builder-workspace/.dependencies/checkouts/quiver/Sources/Quiver/Core/_VectorSampling.swift /Users/admin/builder/spi-builder-workspace/.dependencies/checkouts/quiver/Sources/Quiver/Core/_VectorStatistics.swift /Users/admin/builder/spi-builder-workspace/.dependencies/checkouts/quiver/Sources/Quiver/Extensions/Calculus/Jacobian.swift /Users/admin/builder/spi-builder-workspace/.dependencies/checkouts/quiver/Sources/Quiver/Extensions/Data/AggregationMethod.swift /Users/admin/builder/spi-builder-workspace/.dependencies/checkouts/quiver/Sources/Quiver/Extensions/Data/ArrayCharts.swift /Users/admin/builder/spi-builder-workspace/.dependencies/checkouts/quiver/Sources/Quiver/Extensions/Data/ArrayMetrics.swift /Users/admin/builder/spi-builder-workspace/.dependencies/checkouts/quiver/Sources/Quiver/Extensions/Data/ArraySampling.swift (in target 'Quiver' from project 'Quiver')
SwiftCompile normal arm64 /Users/admin/builder/spi-builder-workspace/.dependencies/checkouts/quiver/Sources/Quiver/Core/_VectorOperations.swift (in target 'Quiver' from project 'Quiver')
    cd /Users/admin/builder/spi-builder-workspace/.swiftpm/xcode

SwiftCompile normal arm64 /Users/admin/builder/spi-builder-workspace/.dependencies/checkouts/quiver/Sources/Quiver/Core/_VectorRegression.swift (in target 'Quiver' from project 'Quiver')
    cd /Users/admin/builder/spi-builder-workspace/.swiftpm/xcode

SwiftCompile normal arm64 /Users/admin/builder/spi-builder-workspace/.dependencies/checkouts/quiver/Sources/Quiver/Core/_VectorReshape.swift (in target 'Quiver' from project 'Quiver')
    cd /Users/admin/builder/spi-builder-workspace/.swiftpm/xcode

SwiftCompile normal arm64 /Users/admin/builder/spi-builder-workspace/.dependencies/checkouts/quiver/Sources/Quiver/Core/_VectorSampling.swift (in target 'Quiver' from project 'Quiver')
    cd /Users/admin/builder/spi-builder-workspace/.swiftpm/xcode

SwiftCompile normal arm64 /Users/admin/builder/spi-builder-workspace/.dependencies/checkouts/quiver/Sources/Quiver/Core/_VectorStatistics.swift (in target 'Quiver' from project 'Quiver')
    cd /Users/admin/builder/spi-builder-workspace/.swiftpm/xcode

SwiftCompile normal arm64 /Users/admin/builder/spi-builder-workspace/.dependencies/checkouts/quiver/Sources/Quiver/Extensions/Calculus/Jacobian.swift (in target 'Quiver' from project 'Quiver')
    cd /Users/admin/builder/spi-builder-workspace/.swiftpm/xcode

SwiftCompile normal arm64 /Users/admin/builder/spi-builder-workspace/.dependencies/checkouts/quiver/Sources/Quiver/Extensions/Data/AggregationMethod.swift (in target 'Quiver' from project 'Quiver')
    cd /Users/admin/builder/spi-builder-workspace/.swiftpm/xcode

SwiftCompile normal arm64 /Users/admin/builder/spi-builder-workspace/.dependencies/checkouts/quiver/Sources/Quiver/Extensions/Data/ArrayCharts.swift (in target 'Quiver' from project 'Quiver')
    cd /Users/admin/builder/spi-builder-workspace/.swiftpm/xcode

SwiftCompile normal arm64 /Users/admin/builder/spi-builder-workspace/.dependencies/checkouts/quiver/Sources/Quiver/Extensions/Data/ArrayMetrics.swift (in target 'Quiver' from project 'Quiver')
    cd /Users/admin/builder/spi-builder-workspace/.swiftpm/xcode

SwiftCompile normal arm64 /Users/admin/builder/spi-builder-workspace/.dependencies/checkouts/quiver/Sources/Quiver/Extensions/Data/ArraySampling.swift (in target 'Quiver' from project 'Quiver')
    cd /Users/admin/builder/spi-builder-workspace/.swiftpm/xcode

SwiftCompile normal arm64 Compiling\ LogisticRegression.swift,\ PCA.swift,\ Pipeline.swift,\ Regressor.swift,\ ResidualModel.swift,\ Ridge.swift,\ StandardScaler.swift,\ Anchors.swift,\ EffortClass.swift,\ EffortSignals.swift /Users/admin/builder/spi-builder-workspace/.dependencies/checkouts/quiver/Sources/Quiver/Extensions/Models/LogisticRegression.swift /Users/admin/builder/spi-builder-workspace/.dependencies/checkouts/quiver/Sources/Quiver/Extensions/Models/PCA.swift /Users/admin/builder/spi-builder-workspace/.dependencies/checkouts/quiver/Sources/Quiver/Extensions/Models/Pipeline.swift /Users/admin/builder/spi-builder-workspace/.dependencies/checkouts/quiver/Sources/Quiver/Extensions/Models/Regressor.swift /Users/admin/builder/spi-builder-workspace/.dependencies/checkouts/quiver/Sources/Quiver/Extensions/Models/ResidualModel.swift /Users/admin/builder/spi-builder-workspace/.dependencies/checkouts/quiver/Sources/Quiver/Extensions/Models/Ridge.swift /Users/admin/builder/spi-builder-workspace/.dependencies/checkouts/quiver/Sources/Quiver/Extensions/Models/StandardScaler.swift /Users/admin/builder/spi-builder-workspace/.dependencies/checkouts/quiver/Sources/Quiver/Extensions/Models/TES/Anchors.swift /Users/admin/builder/spi-builder-workspace/.dependencies/checkouts/quiver/Sources/Quiver/Extensions/Models/TES/EffortClass.swift /Users/admin/builder/spi-builder-workspace/.dependencies/checkouts/quiver/Sources/Quiver/Extensions/Models/TES/EffortSignals.swift (in target 'Quiver' from project 'Quiver')
SwiftCompile normal arm64 /Users/admin/builder/spi-builder-workspace/.dependencies/checkouts/quiver/Sources/Quiver/Extensions/Models/LogisticRegression.swift (in target 'Quiver' from project 'Quiver')
    cd /Users/admin/builder/spi-builder-workspace/.swiftpm/xcode

SwiftCompile normal arm64 /Users/admin/builder/spi-builder-workspace/.dependencies/checkouts/quiver/Sources/Quiver/Extensions/Models/PCA.swift (in target 'Quiver' from project 'Quiver')
    cd /Users/admin/builder/spi-builder-workspace/.swiftpm/xcode

SwiftCompile normal arm64 /Users/admin/builder/spi-builder-workspace/.dependencies/checkouts/quiver/Sources/Quiver/Extensions/Models/Pipeline.swift (in target 'Quiver' from project 'Quiver')
    cd /Users/admin/builder/spi-builder-workspace/.swiftpm/xcode

SwiftCompile normal arm64 /Users/admin/builder/spi-builder-workspace/.dependencies/checkouts/quiver/Sources/Quiver/Extensions/Models/Regressor.swift (in target 'Quiver' from project 'Quiver')
    cd /Users/admin/builder/spi-builder-workspace/.swiftpm/xcode

SwiftCompile normal arm64 /Users/admin/builder/spi-builder-workspace/.dependencies/checkouts/quiver/Sources/Quiver/Extensions/Models/ResidualModel.swift (in target 'Quiver' from project 'Quiver')
    cd /Users/admin/builder/spi-builder-workspace/.swiftpm/xcode

SwiftCompile normal arm64 /Users/admin/builder/spi-builder-workspace/.dependencies/checkouts/quiver/Sources/Quiver/Extensions/Models/Ridge.swift (in target 'Quiver' from project 'Quiver')
    cd /Users/admin/builder/spi-builder-workspace/.swiftpm/xcode

SwiftCompile normal arm64 /Users/admin/builder/spi-builder-workspace/.dependencies/checkouts/quiver/Sources/Quiver/Extensions/Models/StandardScaler.swift (in target 'Quiver' from project 'Quiver')
    cd /Users/admin/builder/spi-builder-workspace/.swiftpm/xcode

SwiftCompile normal arm64 /Users/admin/builder/spi-builder-workspace/.dependencies/checkouts/quiver/Sources/Quiver/Extensions/Models/TES/Anchors.swift (in target 'Quiver' from project 'Quiver')
    cd /Users/admin/builder/spi-builder-workspace/.swiftpm/xcode

SwiftCompile normal arm64 /Users/admin/builder/spi-builder-workspace/.dependencies/checkouts/quiver/Sources/Quiver/Extensions/Models/TES/EffortClass.swift (in target 'Quiver' from project 'Quiver')
    cd /Users/admin/builder/spi-builder-workspace/.swiftpm/xcode

SwiftCompile normal arm64 /Users/admin/builder/spi-builder-workspace/.dependencies/checkouts/quiver/Sources/Quiver/Extensions/Models/TES/EffortSignals.swift (in target 'Quiver' from project 'Quiver')
    cd /Users/admin/builder/spi-builder-workspace/.swiftpm/xcode

SwiftCompile normal arm64 Compiling\ Cluster.swift,\ Coefficients.swift,\ DistanceMetric.swift,\ FeatureScaler.swift,\ GaussianNaiveBayes.swift,\ GradientDescent.swift,\ GradientDescentError.swift,\ KMeansClustering.swift,\ KNearestNeighbors.swift,\ LinearRegression.swift /Users/admin/builder/spi-builder-workspace/.dependencies/checkouts/quiver/Sources/Quiver/Extensions/Models/Cluster.swift /Users/admin/builder/spi-builder-workspace/.dependencies/checkouts/quiver/Sources/Quiver/Extensions/Models/Coefficients.swift /Users/admin/builder/spi-builder-workspace/.dependencies/checkouts/quiver/Sources/Quiver/Extensions/Models/DistanceMetric.swift /Users/admin/builder/spi-builder-workspace/.dependencies/checkouts/quiver/Sources/Quiver/Extensions/Models/FeatureScaler.swift /Users/admin/builder/spi-builder-workspace/.dependencies/checkouts/quiver/Sources/Quiver/Extensions/Models/GaussianNaiveBayes.swift /Users/admin/builder/spi-builder-workspace/.dependencies/checkouts/quiver/Sources/Quiver/Extensions/Models/GradientDescent.swift /Users/admin/builder/spi-builder-workspace/.dependencies/checkouts/quiver/Sources/Quiver/Extensions/Models/GradientDescentError.swift /Users/admin/builder/spi-builder-workspace/.dependencies/checkouts/quiver/Sources/Quiver/Extensions/Models/KMeansClustering.swift /Users/admin/builder/spi-builder-workspace/.dependencies/checkouts/quiver/Sources/Quiver/Extensions/Models/KNearestNeighbors.swift /Users/admin/builder/spi-builder-workspace/.dependencies/checkouts/quiver/Sources/Quiver/Extensions/Models/LinearRegression.swift (in target 'Quiver' from project 'Quiver')
SwiftCompile normal arm64 /Users/admin/builder/spi-builder-workspace/.dependencies/checkouts/quiver/Sources/Quiver/Extensions/Models/Cluster.swift (in target 'Quiver' from project 'Quiver')
    cd /Users/admin/builder/spi-builder-workspace/.swiftpm/xcode

SwiftCompile normal arm64 /Users/admin/builder/spi-builder-workspace/.dependencies/checkouts/quiver/Sources/Quiver/Extensions/Models/Coefficients.swift (in target 'Quiver' from project 'Quiver')
    cd /Users/admin/builder/spi-builder-workspace/.swiftpm/xcode

SwiftCompile normal arm64 /Users/admin/builder/spi-builder-workspace/.dependencies/checkouts/quiver/Sources/Quiver/Extensions/Models/DistanceMetric.swift (in target 'Quiver' from project 'Quiver')
    cd /Users/admin/builder/spi-builder-workspace/.swiftpm/xcode

SwiftCompile normal arm64 /Users/admin/builder/spi-builder-workspace/.dependencies/checkouts/quiver/Sources/Quiver/Extensions/Models/FeatureScaler.swift (in target 'Quiver' from project 'Quiver')
    cd /Users/admin/builder/spi-builder-workspace/.swiftpm/xcode

SwiftCompile normal arm64 /Users/admin/builder/spi-builder-workspace/.dependencies/checkouts/quiver/Sources/Quiver/Extensions/Models/GaussianNaiveBayes.swift (in target 'Quiver' from project 'Quiver')
    cd /Users/admin/builder/spi-builder-workspace/.swiftpm/xcode

SwiftCompile normal arm64 /Users/admin/builder/spi-builder-workspace/.dependencies/checkouts/quiver/Sources/Quiver/Extensions/Models/GradientDescent.swift (in target 'Quiver' from project 'Quiver')
    cd /Users/admin/builder/spi-builder-workspace/.swiftpm/xcode

SwiftCompile normal arm64 /Users/admin/builder/spi-builder-workspace/.dependencies/checkouts/quiver/Sources/Quiver/Extensions/Models/GradientDescentError.swift (in target 'Quiver' from project 'Quiver')
    cd /Users/admin/builder/spi-builder-workspace/.swiftpm/xcode

SwiftCompile normal arm64 /Users/admin/builder/spi-builder-workspace/.dependencies/checkouts/quiver/Sources/Quiver/Extensions/Models/KMeansClustering.swift (in target 'Quiver' from project 'Quiver')
    cd /Users/admin/builder/spi-builder-workspace/.swiftpm/xcode

SwiftCompile normal arm64 /Users/admin/builder/spi-builder-workspace/.dependencies/checkouts/quiver/Sources/Quiver/Extensions/Models/KNearestNeighbors.swift (in target 'Quiver' from project 'Quiver')
    cd /Users/admin/builder/spi-builder-workspace/.swiftpm/xcode

SwiftCompile normal arm64 /Users/admin/builder/spi-builder-workspace/.dependencies/checkouts/quiver/Sources/Quiver/Extensions/Models/LinearRegression.swift (in target 'Quiver' from project 'Quiver')
    cd /Users/admin/builder/spi-builder-workspace/.swiftpm/xcode

SwiftCompile normal arm64 Compiling\ TESBaseline.swift,\ TESError.swift,\ TESResult.swift,\ WalkingGate.swift,\ Workout.swift,\ WorkoutLocation.swift,\ Transformer.swift,\ TrueEffortScore.swift,\ VoteWeight.swift,\ Polyfit.swift /Users/admin/builder/spi-builder-workspace/.dependencies/checkouts/quiver/Sources/Quiver/Extensions/Models/TES/TESBaseline.swift /Users/admin/builder/spi-builder-workspace/.dependencies/checkouts/quiver/Sources/Quiver/Extensions/Models/TES/TESError.swift /Users/admin/builder/spi-builder-workspace/.dependencies/checkouts/quiver/Sources/Quiver/Extensions/Models/TES/TESResult.swift /Users/admin/builder/spi-builder-workspace/.dependencies/checkouts/quiver/Sources/Quiver/Extensions/Models/TES/WalkingGate.swift /Users/admin/builder/spi-builder-workspace/.dependencies/checkouts/quiver/Sources/Quiver/Extensions/Models/TES/Workout.swift /Users/admin/builder/spi-builder-workspace/.dependencies/checkouts/quiver/Sources/Quiver/Extensions/Models/TES/WorkoutLocation.swift /Users/admin/builder/spi-builder-workspace/.dependencies/checkouts/quiver/Sources/Quiver/Extensions/Models/Transformer.swift /Users/admin/builder/spi-builder-workspace/.dependencies/checkouts/quiver/Sources/Quiver/Extensions/Models/TrueEffortScore.swift /Users/admin/builder/spi-builder-workspace/.dependencies/checkouts/quiver/Sources/Quiver/Extensions/Models/VoteWeight.swift /Users/admin/builder/spi-builder-workspace/.dependencies/checkouts/quiver/Sources/Quiver/Extensions/Polynomial/Polyfit.swift (in target 'Quiver' from project 'Quiver')
SwiftCompile normal arm64 /Users/admin/builder/spi-builder-workspace/.dependencies/checkouts/quiver/Sources/Quiver/Extensions/Models/TES/TESBaseline.swift (in target 'Quiver' from project 'Quiver')
    cd /Users/admin/builder/spi-builder-workspace/.swiftpm/xcode

SwiftCompile normal arm64 /Users/admin/builder/spi-builder-workspace/.dependencies/checkouts/quiver/Sources/Quiver/Extensions/Models/TES/TESError.swift (in target 'Quiver' from project 'Quiver')
    cd /Users/admin/builder/spi-builder-workspace/.swiftpm/xcode

SwiftCompile normal arm64 /Users/admin/builder/spi-builder-workspace/.dependencies/checkouts/quiver/Sources/Quiver/Extensions/Models/TES/TESResult.swift (in target 'Quiver' from project 'Quiver')
    cd /Users/admin/builder/spi-builder-workspace/.swiftpm/xcode

SwiftCompile normal arm64 /Users/admin/builder/spi-builder-workspace/.dependencies/checkouts/quiver/Sources/Quiver/Extensions/Models/TES/WalkingGate.swift (in target 'Quiver' from project 'Quiver')
    cd /Users/admin/builder/spi-builder-workspace/.swiftpm/xcode

SwiftCompile normal arm64 /Users/admin/builder/spi-builder-workspace/.dependencies/checkouts/quiver/Sources/Quiver/Extensions/Models/TES/Workout.swift (in target 'Quiver' from project 'Quiver')
    cd /Users/admin/builder/spi-builder-workspace/.swiftpm/xcode

SwiftCompile normal arm64 /Users/admin/builder/spi-builder-workspace/.dependencies/checkouts/quiver/Sources/Quiver/Extensions/Models/TES/WorkoutLocation.swift (in target 'Quiver' from project 'Quiver')
    cd /Users/admin/builder/spi-builder-workspace/.swiftpm/xcode

SwiftCompile normal arm64 /Users/admin/builder/spi-builder-workspace/.dependencies/checkouts/quiver/Sources/Quiver/Extensions/Models/Transformer.swift (in target 'Quiver' from project 'Quiver')
    cd /Users/admin/builder/spi-builder-workspace/.swiftpm/xcode

SwiftCompile normal arm64 /Users/admin/builder/spi-builder-workspace/.dependencies/checkouts/quiver/Sources/Quiver/Extensions/Models/TrueEffortScore.swift (in target 'Quiver' from project 'Quiver')
    cd /Users/admin/builder/spi-builder-workspace/.swiftpm/xcode

SwiftCompile normal arm64 /Users/admin/builder/spi-builder-workspace/.dependencies/checkouts/quiver/Sources/Quiver/Extensions/Models/VoteWeight.swift (in target 'Quiver' from project 'Quiver')
    cd /Users/admin/builder/spi-builder-workspace/.swiftpm/xcode

SwiftCompile normal arm64 /Users/admin/builder/spi-builder-workspace/.dependencies/checkouts/quiver/Sources/Quiver/Extensions/Polynomial/Polyfit.swift (in target 'Quiver' from project 'Quiver')
    cd /Users/admin/builder/spi-builder-workspace/.swiftpm/xcode

SwiftEmitModule normal arm64 Emitting\ module\ for\ Quiver (in target 'Quiver' from project 'Quiver')
EmitSwiftModule normal arm64 (in target 'Quiver' from project 'Quiver')
    cd /Users/admin/builder/spi-builder-workspace/.swiftpm/xcode

SwiftCompile normal arm64 Compiling\ EmbeddingIndex.swift,\ LUDecomposition.swift,\ LogDeterminant.swift,\ MatrixError.swift,\ MatrixExpression.swift,\ MatrixSolve.swift,\ VectorForm.swift,\ VectorOperations.swift,\ Quiver.swift /Users/admin/builder/spi-builder-workspace/.dependencies/checkouts/quiver/Sources/Quiver/Extensions/Vectors/EmbeddingIndex.swift /Users/admin/builder/spi-builder-workspace/.dependencies/checkouts/quiver/Sources/Quiver/Extensions/Vectors/LUDecomposition.swift /Users/admin/builder/spi-builder-workspace/.dependencies/checkouts/quiver/Sources/Quiver/Extensions/Vectors/LogDeterminant.swift /Users/admin/builder/spi-builder-workspace/.dependencies/checkouts/quiver/Sources/Quiver/Extensions/Vectors/MatrixError.swift /Users/admin/builder/spi-builder-workspace/.dependencies/checkouts/quiver/Sources/Quiver/Extensions/Vectors/MatrixExpression.swift /Users/admin/builder/spi-builder-workspace/.dependencies/checkouts/quiver/Sources/Quiver/Extensions/Vectors/MatrixSolve.swift /Users/admin/builder/spi-builder-workspace/.dependencies/checkouts/quiver/Sources/Quiver/Extensions/Vectors/VectorForm.swift /Users/admin/builder/spi-builder-workspace/.dependencies/checkouts/quiver/Sources/Quiver/Extensions/Vectors/VectorOperations.swift /Users/admin/builder/spi-builder-workspace/.dependencies/checkouts/quiver/Sources/Quiver/Quiver.swift (in target 'Quiver' from project 'Quiver')
SwiftCompile normal arm64 /Users/admin/builder/spi-builder-workspace/.dependencies/checkouts/quiver/Sources/Quiver/Extensions/Vectors/EmbeddingIndex.swift (in target 'Quiver' from project 'Quiver')
    cd /Users/admin/builder/spi-builder-workspace/.swiftpm/xcode

SwiftCompile normal arm64 /Users/admin/builder/spi-builder-workspace/.dependencies/checkouts/quiver/Sources/Quiver/Extensions/Vectors/LUDecomposition.swift (in target 'Quiver' from project 'Quiver')
    cd /Users/admin/builder/spi-builder-workspace/.swiftpm/xcode

SwiftCompile normal arm64 /Users/admin/builder/spi-builder-workspace/.dependencies/checkouts/quiver/Sources/Quiver/Extensions/Vectors/LogDeterminant.swift (in target 'Quiver' from project 'Quiver')
    cd /Users/admin/builder/spi-builder-workspace/.swiftpm/xcode

SwiftCompile normal arm64 /Users/admin/builder/spi-builder-workspace/.dependencies/checkouts/quiver/Sources/Quiver/Extensions/Vectors/MatrixError.swift (in target 'Quiver' from project 'Quiver')
    cd /Users/admin/builder/spi-builder-workspace/.swiftpm/xcode

SwiftCompile normal arm64 /Users/admin/builder/spi-builder-workspace/.dependencies/checkouts/quiver/Sources/Quiver/Extensions/Vectors/MatrixExpression.swift (in target 'Quiver' from project 'Quiver')
    cd /Users/admin/builder/spi-builder-workspace/.swiftpm/xcode

SwiftCompile normal arm64 /Users/admin/builder/spi-builder-workspace/.dependencies/checkouts/quiver/Sources/Quiver/Extensions/Vectors/MatrixSolve.swift (in target 'Quiver' from project 'Quiver')
    cd /Users/admin/builder/spi-builder-workspace/.swiftpm/xcode

SwiftCompile normal arm64 /Users/admin/builder/spi-builder-workspace/.dependencies/checkouts/quiver/Sources/Quiver/Extensions/Vectors/VectorForm.swift (in target 'Quiver' from project 'Quiver')
    cd /Users/admin/builder/spi-builder-workspace/.swiftpm/xcode

SwiftCompile normal arm64 /Users/admin/builder/spi-builder-workspace/.dependencies/checkouts/quiver/Sources/Quiver/Extensions/Vectors/VectorOperations.swift (in target 'Quiver' from project 'Quiver')
    cd /Users/admin/builder/spi-builder-workspace/.swiftpm/xcode

SwiftCompile normal arm64 /Users/admin/builder/spi-builder-workspace/.dependencies/checkouts/quiver/Sources/Quiver/Quiver.swift (in target 'Quiver' from project 'Quiver')
    cd /Users/admin/builder/spi-builder-workspace/.swiftpm/xcode

SwiftCompile normal arm64 Compiling\ PowerSpectrum.swift,\ _Bayes.swift,\ _Eigen.swift,\ _Fourier.swift,\ _GradientDescent.swift,\ _LogisticRegression.swift,\ _Vector.swift,\ _VectorComparable.swift,\ _VectorGeneration.swift,\ _VectorMetrics.swift /Users/admin/builder/spi-builder-workspace/.dependencies/checkouts/quiver/Sources/Quiver/Core/PowerSpectrum.swift /Users/admin/builder/spi-builder-workspace/.dependencies/checkouts/quiver/Sources/Quiver/Core/_Bayes.swift /Users/admin/builder/spi-builder-workspace/.dependencies/checkouts/quiver/Sources/Quiver/Core/_Eigen.swift /Users/admin/builder/spi-builder-workspace/.dependencies/checkouts/quiver/Sources/Quiver/Core/_Fourier.swift /Users/admin/builder/spi-builder-workspace/.dependencies/checkouts/quiver/Sources/Quiver/Core/_GradientDescent.swift /Users/admin/builder/spi-builder-workspace/.dependencies/checkouts/quiver/Sources/Quiver/Core/_LogisticRegression.swift /Users/admin/builder/spi-builder-workspace/.dependencies/checkouts/quiver/Sources/Quiver/Core/_Vector.swift /Users/admin/builder/spi-builder-workspace/.dependencies/checkouts/quiver/Sources/Quiver/Core/_VectorComparable.swift /Users/admin/builder/spi-builder-workspace/.dependencies/checkouts/quiver/Sources/Quiver/Core/_VectorGeneration.swift /Users/admin/builder/spi-builder-workspace/.dependencies/checkouts/quiver/Sources/Quiver/Core/_VectorMetrics.swift (in target 'Quiver' from project 'Quiver')
SwiftCompile normal arm64 /Users/admin/builder/spi-builder-workspace/.dependencies/checkouts/quiver/Sources/Quiver/Core/PowerSpectrum.swift (in target 'Quiver' from project 'Quiver')
    cd /Users/admin/builder/spi-builder-workspace/.swiftpm/xcode

SwiftCompile normal arm64 /Users/admin/builder/spi-builder-workspace/.dependencies/checkouts/quiver/Sources/Quiver/Core/_Bayes.swift (in target 'Quiver' from project 'Quiver')
    cd /Users/admin/builder/spi-builder-workspace/.swiftpm/xcode

SwiftCompile normal arm64 /Users/admin/builder/spi-builder-workspace/.dependencies/checkouts/quiver/Sources/Quiver/Core/_Eigen.swift (in target 'Quiver' from project 'Quiver')
    cd /Users/admin/builder/spi-builder-workspace/.swiftpm/xcode

SwiftCompile normal arm64 /Users/admin/builder/spi-builder-workspace/.dependencies/checkouts/quiver/Sources/Quiver/Core/_Fourier.swift (in target 'Quiver' from project 'Quiver')
    cd /Users/admin/builder/spi-builder-workspace/.swiftpm/xcode

SwiftCompile normal arm64 /Users/admin/builder/spi-builder-workspace/.dependencies/checkouts/quiver/Sources/Quiver/Core/_GradientDescent.swift (in target 'Quiver' from project 'Quiver')
    cd /Users/admin/builder/spi-builder-workspace/.swiftpm/xcode

SwiftCompile normal arm64 /Users/admin/builder/spi-builder-workspace/.dependencies/checkouts/quiver/Sources/Quiver/Core/_LogisticRegression.swift (in target 'Quiver' from project 'Quiver')
    cd /Users/admin/builder/spi-builder-workspace/.swiftpm/xcode

SwiftCompile normal arm64 /Users/admin/builder/spi-builder-workspace/.dependencies/checkouts/quiver/Sources/Quiver/Core/_Vector.swift (in target 'Quiver' from project 'Quiver')
    cd /Users/admin/builder/spi-builder-workspace/.swiftpm/xcode

SwiftCompile normal arm64 /Users/admin/builder/spi-builder-workspace/.dependencies/checkouts/quiver/Sources/Quiver/Core/_VectorComparable.swift (in target 'Quiver' from project 'Quiver')
    cd /Users/admin/builder/spi-builder-workspace/.swiftpm/xcode

SwiftCompile normal arm64 /Users/admin/builder/spi-builder-workspace/.dependencies/checkouts/quiver/Sources/Quiver/Core/_VectorGeneration.swift (in target 'Quiver' from project 'Quiver')
    cd /Users/admin/builder/spi-builder-workspace/.swiftpm/xcode

SwiftCompile normal arm64 /Users/admin/builder/spi-builder-workspace/.dependencies/checkouts/quiver/Sources/Quiver/Core/_VectorMetrics.swift (in target 'Quiver' from project 'Quiver')
    cd /Users/admin/builder/spi-builder-workspace/.swiftpm/xcode

SwiftCompile normal arm64 Compiling\ SkewnessAgreement.swift,\ SkewnessReport.swift,\ Bayes.swift,\ Distributions.swift,\ ArrayGeneration.swift,\ ArrayRandom.swift,\ ArrayReshape.swift,\ SeededRandomNumberGenerator.swift,\ Classification.swift,\ Classifier.swift /Users/admin/builder/spi-builder-workspace/.dependencies/checkouts/quiver/Sources/Quiver/Extensions/Data/SkewnessAgreement.swift /Users/admin/builder/spi-builder-workspace/.dependencies/checkouts/quiver/Sources/Quiver/Extensions/Data/SkewnessReport.swift /Users/admin/builder/spi-builder-workspace/.dependencies/checkouts/quiver/Sources/Quiver/Extensions/Distributions/Bayes.swift /Users/admin/builder/spi-builder-workspace/.dependencies/checkouts/quiver/Sources/Quiver/Extensions/Distributions/Distributions.swift /Users/admin/builder/spi-builder-workspace/.dependencies/checkouts/quiver/Sources/Quiver/Extensions/Generation/ArrayGeneration.swift /Users/admin/builder/spi-builder-workspace/.dependencies/checkouts/quiver/Sources/Quiver/Extensions/Generation/ArrayRandom.swift /Users/admin/builder/spi-builder-workspace/.dependencies/checkouts/quiver/Sources/Quiver/Extensions/Generation/ArrayReshape.swift /Users/admin/builder/spi-builder-workspace/.dependencies/checkouts/quiver/Sources/Quiver/Extensions/Generation/SeededRandomNumberGenerator.swift /Users/admin/builder/spi-builder-workspace/.dependencies/checkouts/quiver/Sources/Quiver/Extensions/Models/Classification.swift /Users/admin/builder/spi-builder-workspace/.dependencies/checkouts/quiver/Sources/Quiver/Extensions/Models/Classifier.swift (in target 'Quiver' from project 'Quiver')
SwiftCompile normal arm64 /Users/admin/builder/spi-builder-workspace/.dependencies/checkouts/quiver/Sources/Quiver/Extensions/Data/SkewnessAgreement.swift (in target 'Quiver' from project 'Quiver')
    cd /Users/admin/builder/spi-builder-workspace/.swiftpm/xcode

SwiftCompile normal arm64 /Users/admin/builder/spi-builder-workspace/.dependencies/checkouts/quiver/Sources/Quiver/Extensions/Data/SkewnessReport.swift (in target 'Quiver' from project 'Quiver')
    cd /Users/admin/builder/spi-builder-workspace/.swiftpm/xcode

SwiftCompile normal arm64 /Users/admin/builder/spi-builder-workspace/.dependencies/checkouts/quiver/Sources/Quiver/Extensions/Distributions/Bayes.swift (in target 'Quiver' from project 'Quiver')
    cd /Users/admin/builder/spi-builder-workspace/.swiftpm/xcode

SwiftCompile normal arm64 /Users/admin/builder/spi-builder-workspace/.dependencies/checkouts/quiver/Sources/Quiver/Extensions/Distributions/Distributions.swift (in target 'Quiver' from project 'Quiver')
    cd /Users/admin/builder/spi-builder-workspace/.swiftpm/xcode

SwiftCompile normal arm64 /Users/admin/builder/spi-builder-workspace/.dependencies/checkouts/quiver/Sources/Quiver/Extensions/Generation/ArrayGeneration.swift (in target 'Quiver' from project 'Quiver')
    cd /Users/admin/builder/spi-builder-workspace/.swiftpm/xcode

SwiftCompile normal arm64 /Users/admin/builder/spi-builder-workspace/.dependencies/checkouts/quiver/Sources/Quiver/Extensions/Generation/ArrayRandom.swift (in target 'Quiver' from project 'Quiver')
    cd /Users/admin/builder/spi-builder-workspace/.swiftpm/xcode

SwiftCompile normal arm64 /Users/admin/builder/spi-builder-workspace/.dependencies/checkouts/quiver/Sources/Quiver/Extensions/Generation/ArrayReshape.swift (in target 'Quiver' from project 'Quiver')
    cd /Users/admin/builder/spi-builder-workspace/.swiftpm/xcode

SwiftCompile normal arm64 /Users/admin/builder/spi-builder-workspace/.dependencies/checkouts/quiver/Sources/Quiver/Extensions/Generation/SeededRandomNumberGenerator.swift (in target 'Quiver' from project 'Quiver')
    cd /Users/admin/builder/spi-builder-workspace/.swiftpm/xcode

SwiftCompile normal arm64 /Users/admin/builder/spi-builder-workspace/.dependencies/checkouts/quiver/Sources/Quiver/Extensions/Models/Classification.swift (in target 'Quiver' from project 'Quiver')
    cd /Users/admin/builder/spi-builder-workspace/.swiftpm/xcode

SwiftCompile normal arm64 /Users/admin/builder/spi-builder-workspace/.dependencies/checkouts/quiver/Sources/Quiver/Extensions/Models/Classifier.swift (in target 'Quiver' from project 'Quiver')
    cd /Users/admin/builder/spi-builder-workspace/.swiftpm/xcode

SwiftCompile normal arm64 Compiling\ Polynomial.swift,\ ArrayFourier.swift,\ ArrayIntegration.swift,\ ArrayInfo.swift,\ Fraction.swift,\ StringExtensions.swift,\ UnicodeMath.swift,\ ArrayAngles.swift,\ ArrayArithmetic.swift,\ ArrayBoolean.swift /Users/admin/builder/spi-builder-workspace/.dependencies/checkouts/quiver/Sources/Quiver/Extensions/Polynomial/Polynomial.swift /Users/admin/builder/spi-builder-workspace/.dependencies/checkouts/quiver/Sources/Quiver/Extensions/Signal/ArrayFourier.swift /Users/admin/builder/spi-builder-workspace/.dependencies/checkouts/quiver/Sources/Quiver/Extensions/Signal/ArrayIntegration.swift /Users/admin/builder/spi-builder-workspace/.dependencies/checkouts/quiver/Sources/Quiver/Extensions/Utilities/ArrayInfo.swift /Users/admin/builder/spi-builder-workspace/.dependencies/checkouts/quiver/Sources/Quiver/Extensions/Utilities/Fraction.swift /Users/admin/builder/spi-builder-workspace/.dependencies/checkouts/quiver/Sources/Quiver/Extensions/Utilities/StringExtensions.swift /Users/admin/builder/spi-builder-workspace/.dependencies/checkouts/quiver/Sources/Quiver/Extensions/Utilities/UnicodeMath.swift /Users/admin/builder/spi-builder-workspace/.dependencies/checkouts/quiver/Sources/Quiver/Extensions/Vectors/ArrayAngles.swift /Users/admin/builder/spi-builder-workspace/.dependencies/checkouts/quiver/Sources/Quiver/Extensions/Vectors/ArrayArithmetic.swift /Users/admin/builder/spi-builder-workspace/.dependencies/checkouts/quiver/Sources/Quiver/Extensions/Vectors/ArrayBoolean.swift (in target 'Quiver' from project 'Quiver')
SwiftCompile normal arm64 /Users/admin/builder/spi-builder-workspace/.dependencies/checkouts/quiver/Sources/Quiver/Extensions/Polynomial/Polynomial.swift (in target 'Quiver' from project 'Quiver')
    cd /Users/admin/builder/spi-builder-workspace/.swiftpm/xcode

SwiftCompile normal arm64 /Users/admin/builder/spi-builder-workspace/.dependencies/checkouts/quiver/Sources/Quiver/Extensions/Signal/ArrayFourier.swift (in target 'Quiver' from project 'Quiver')
    cd /Users/admin/builder/spi-builder-workspace/.swiftpm/xcode

SwiftCompile normal arm64 /Users/admin/builder/spi-builder-workspace/.dependencies/checkouts/quiver/Sources/Quiver/Extensions/Signal/ArrayIntegration.swift (in target 'Quiver' from project 'Quiver')
    cd /Users/admin/builder/spi-builder-workspace/.swiftpm/xcode

SwiftCompile normal arm64 /Users/admin/builder/spi-builder-workspace/.dependencies/checkouts/quiver/Sources/Quiver/Extensions/Utilities/ArrayInfo.swift (in target 'Quiver' from project 'Quiver')
    cd /Users/admin/builder/spi-builder-workspace/.swiftpm/xcode

SwiftCompile normal arm64 /Users/admin/builder/spi-builder-workspace/.dependencies/checkouts/quiver/Sources/Quiver/Extensions/Utilities/Fraction.swift (in target 'Quiver' from project 'Quiver')
    cd /Users/admin/builder/spi-builder-workspace/.swiftpm/xcode

SwiftCompile normal arm64 /Users/admin/builder/spi-builder-workspace/.dependencies/checkouts/quiver/Sources/Quiver/Extensions/Utilities/StringExtensions.swift (in target 'Quiver' from project 'Quiver')
    cd /Users/admin/builder/spi-builder-workspace/.swiftpm/xcode

SwiftCompile normal arm64 /Users/admin/builder/spi-builder-workspace/.dependencies/checkouts/quiver/Sources/Quiver/Extensions/Utilities/UnicodeMath.swift (in target 'Quiver' from project 'Quiver')
    cd /Users/admin/builder/spi-builder-workspace/.swiftpm/xcode

SwiftCompile normal arm64 /Users/admin/builder/spi-builder-workspace/.dependencies/checkouts/quiver/Sources/Quiver/Extensions/Vectors/ArrayAngles.swift (in target 'Quiver' from project 'Quiver')
    cd /Users/admin/builder/spi-builder-workspace/.swiftpm/xcode

SwiftCompile normal arm64 /Users/admin/builder/spi-builder-workspace/.dependencies/checkouts/quiver/Sources/Quiver/Extensions/Vectors/ArrayArithmetic.swift (in target 'Quiver' from project 'Quiver')
    cd /Users/admin/builder/spi-builder-workspace/.swiftpm/xcode

SwiftCompile normal arm64 /Users/admin/builder/spi-builder-workspace/.dependencies/checkouts/quiver/Sources/Quiver/Extensions/Vectors/ArrayBoolean.swift (in target 'Quiver' from project 'Quiver')
    cd /Users/admin/builder/spi-builder-workspace/.swiftpm/xcode

SwiftEmitModule normal armv7k Emitting\ module\ for\ Quiver (in target 'Quiver' from project 'Quiver')
EmitSwiftModule normal armv7k (in target 'Quiver' from project 'Quiver')
    cd /Users/admin/builder/spi-builder-workspace/.swiftpm/xcode

SwiftDriverJobDiscovery normal arm64 Emitting module for Quiver (in target 'Quiver' from project 'Quiver')
SwiftDriver\ Compilation\ Requirements Quiver normal arm64 com.apple.xcode.tools.swift.compiler (in target 'Quiver' from project 'Quiver')
    cd /Users/admin/builder/spi-builder-workspace/.swiftpm/xcode
    builtin-Swift-Compilation-Requirements -- /Applications/Xcode-16.3.0.app/Contents/Developer/Toolchains/XcodeDefault.xctoolchain/usr/bin/swiftc -module-name Quiver -Onone -enforce-exclusivity\=checked @/Users/admin/builder/spi-builder-workspace/.derivedData/Build/Intermediates.noindex/Quiver.build/Debug-watchos/Quiver.build/Objects-normal/arm64/Quiver.SwiftFileList -DSWIFT_PACKAGE -DDEBUG -DXcode -plugin-path /Applications/Xcode-16.3.0.app/Contents/Developer/Toolchains/XcodeDefault.xctoolchain/usr/lib/swift/host/plugins/testing -enable-experimental-feature DebugDescriptionMacro -sdk /Applications/Xcode-16.3.0.app/Contents/Developer/Platforms/WatchOS.platform/Developer/SDKs/WatchOS11.4.sdk -target arm64-apple-watchos8.0 -g -module-cache-path /Users/admin/builder/spi-builder-workspace/.derivedData/ModuleCache.noindex -Xfrontend -serialize-debugging-options -enable-testing -suppress-warnings -index-store-path /Users/admin/builder/spi-builder-workspace/.derivedData/Index.noindex/DataStore -swift-version 5 -I /Users/admin/builder/spi-builder-workspace/.derivedData/Build/Products/Debug-watchos -I /Applications/Xcode-16.3.0.app/Contents/Developer/Platforms/WatchOS.platform/Developer/usr/lib -F /Users/admin/builder/spi-builder-workspace/.derivedData/Build/Products/Debug-watchos -F /Applications/Xcode-16.3.0.app/Contents/Developer/Platforms/WatchOS.platform/Developer/Library/Frameworks -F /Applications/Xcode-16.3.0.app/Contents/Developer/Platforms/WatchOS.platform/Developer/SDKs/WatchOS11.4.sdk/Developer/Library/Frameworks -c -j10 -enable-batch-mode -incremental -Xcc -ivfsstatcache -Xcc /Users/admin/builder/spi-builder-workspace/.derivedData/SDKStatCaches.noindex/watchos11.4-22T246-43efb940ff07ba2497b70ec94253f576.sdkstatcache -output-file-map /Users/admin/builder/spi-builder-workspace/.derivedData/Build/Intermediates.noindex/Quiver.build/Debug-watchos/Quiver.build/Objects-normal/arm64/Quiver-OutputFileMap.json -use-frontend-parseable-output -save-temps -no-color-diagnostics -serialize-diagnostics -emit-dependencies -emit-module -emit-module-path /Users/admin/builder/spi-builder-workspace/.derivedData/Build/Intermediates.noindex/Quiver.build/Debug-watchos/Quiver.build/Objects-normal/arm64/Quiver.swiftmodule -validate-clang-modules-once -clang-build-session-file /Users/admin/builder/spi-builder-workspace/.derivedData/ModuleCache.noindex/Session.modulevalidation -package-name quiver -Xcc -I/Users/admin/builder/spi-builder-workspace/.derivedData/Build/Intermediates.noindex/Quiver.build/Debug-watchos/Quiver.build/swift-overrides.hmap -emit-const-values -Xfrontend -const-gather-protocols-file -Xfrontend /Users/admin/builder/spi-builder-workspace/.derivedData/Build/Intermediates.noindex/Quiver.build/Debug-watchos/Quiver.build/Objects-normal/arm64/Quiver_const_extract_protocols.json -Xcc -I/Users/admin/builder/spi-builder-workspace/.derivedData/Build/Products/Debug-watchos/include -Xcc -I/Users/admin/builder/spi-builder-workspace/.derivedData/Build/Intermediates.noindex/Quiver.build/Debug-watchos/Quiver.build/DerivedSources-normal/arm64 -Xcc -I/Users/admin/builder/spi-builder-workspace/.derivedData/Build/Intermediates.noindex/Quiver.build/Debug-watchos/Quiver.build/DerivedSources/arm64 -Xcc -I/Users/admin/builder/spi-builder-workspace/.derivedData/Build/Intermediates.noindex/Quiver.build/Debug-watchos/Quiver.build/DerivedSources -Xcc -DSWIFT_PACKAGE -Xcc -DDEBUG\=1 -emit-objc-header -emit-objc-header-path /Users/admin/builder/spi-builder-workspace/.derivedData/Build/Intermediates.noindex/Quiver.build/Debug-watchos/Quiver.build/Objects-normal/arm64/Quiver-Swift.h -working-directory /Users/admin/builder/spi-builder-workspace/.swiftpm/xcode -experimental-emit-module-separately -disable-cmo
SwiftDriverJobDiscovery normal arm64 Compiling PowerSpectrum.swift, _Bayes.swift, _Eigen.swift, _Fourier.swift, _GradientDescent.swift, _LogisticRegression.swift, _Vector.swift, _VectorComparable.swift, _VectorGeneration.swift, _VectorMetrics.swift (in target 'Quiver' from project 'Quiver')
SwiftEmitModule normal arm64_32 Emitting\ module\ for\ Quiver (in target 'Quiver' from project 'Quiver')
EmitSwiftModule normal arm64_32 (in target 'Quiver' from project 'Quiver')
    cd /Users/admin/builder/spi-builder-workspace/.swiftpm/xcode

Copy /Users/admin/builder/spi-builder-workspace/.derivedData/Build/Products/Debug-watchos/Quiver.swiftmodule/arm64-apple-watchos.swiftmodule /Users/admin/builder/spi-builder-workspace/.derivedData/Build/Intermediates.noindex/Quiver.build/Debug-watchos/Quiver.build/Objects-normal/arm64/Quiver.swiftmodule (in target 'Quiver' from project 'Quiver')
    cd /Users/admin/builder/spi-builder-workspace/.dependencies/checkouts/quiver
    builtin-copy -exclude .DS_Store -exclude CVS -exclude .svn -exclude .git -exclude .hg -resolve-src-symlinks -rename /Users/admin/builder/spi-builder-workspace/.derivedData/Build/Intermediates.noindex/Quiver.build/Debug-watchos/Quiver.build/Objects-normal/arm64/Quiver.swiftmodule /Users/admin/builder/spi-builder-workspace/.derivedData/Build/Products/Debug-watchos/Quiver.swiftmodule/arm64-apple-watchos.swiftmodule
SwiftDriverJobDiscovery normal arm64 Compiling EmbeddingIndex.swift, LUDecomposition.swift, LogDeterminant.swift, MatrixError.swift, MatrixExpression.swift, MatrixSolve.swift, VectorForm.swift, VectorOperations.swift, Quiver.swift (in target 'Quiver' from project 'Quiver')
Copy /Users/admin/builder/spi-builder-workspace/.derivedData/Build/Products/Debug-watchos/Quiver.swiftmodule/arm64-apple-watchos.abi.json /Users/admin/builder/spi-builder-workspace/.derivedData/Build/Intermediates.noindex/Quiver.build/Debug-watchos/Quiver.build/Objects-normal/arm64/Quiver.abi.json (in target 'Quiver' from project 'Quiver')
    cd /Users/admin/builder/spi-builder-workspace/.dependencies/checkouts/quiver
    builtin-copy -exclude .DS_Store -exclude CVS -exclude .svn -exclude .git -exclude .hg -resolve-src-symlinks -rename /Users/admin/builder/spi-builder-workspace/.derivedData/Build/Intermediates.noindex/Quiver.build/Debug-watchos/Quiver.build/Objects-normal/arm64/Quiver.abi.json /Users/admin/builder/spi-builder-workspace/.derivedData/Build/Products/Debug-watchos/Quiver.swiftmodule/arm64-apple-watchos.abi.json
SwiftCompile normal arm64_32 Compiling\ _VectorOperations.swift,\ _VectorRegression.swift,\ _VectorReshape.swift,\ _VectorSampling.swift,\ _VectorStatistics.swift,\ Jacobian.swift,\ AggregationMethod.swift,\ ArrayCharts.swift,\ ArrayMetrics.swift,\ ArraySampling.swift /Users/admin/builder/spi-builder-workspace/.dependencies/checkouts/quiver/Sources/Quiver/Core/_VectorOperations.swift /Users/admin/builder/spi-builder-workspace/.dependencies/checkouts/quiver/Sources/Quiver/Core/_VectorRegression.swift /Users/admin/builder/spi-builder-workspace/.dependencies/checkouts/quiver/Sources/Quiver/Core/_VectorReshape.swift /Users/admin/builder/spi-builder-workspace/.dependencies/checkouts/quiver/Sources/Quiver/Core/_VectorSampling.swift /Users/admin/builder/spi-builder-workspace/.dependencies/checkouts/quiver/Sources/Quiver/Core/_VectorStatistics.swift /Users/admin/builder/spi-builder-workspace/.dependencies/checkouts/quiver/Sources/Quiver/Extensions/Calculus/Jacobian.swift /Users/admin/builder/spi-builder-workspace/.dependencies/checkouts/quiver/Sources/Quiver/Extensions/Data/AggregationMethod.swift /Users/admin/builder/spi-builder-workspace/.dependencies/checkouts/quiver/Sources/Quiver/Extensions/Data/ArrayCharts.swift /Users/admin/builder/spi-builder-workspace/.dependencies/checkouts/quiver/Sources/Quiver/Extensions/Data/ArrayMetrics.swift /Users/admin/builder/spi-builder-workspace/.dependencies/checkouts/quiver/Sources/Quiver/Extensions/Data/ArraySampling.swift (in target 'Quiver' from project 'Quiver')
SwiftCompile normal arm64_32 /Users/admin/builder/spi-builder-workspace/.dependencies/checkouts/quiver/Sources/Quiver/Core/_VectorOperations.swift (in target 'Quiver' from project 'Quiver')
    cd /Users/admin/builder/spi-builder-workspace/.swiftpm/xcode

SwiftCompile normal arm64_32 /Users/admin/builder/spi-builder-workspace/.dependencies/checkouts/quiver/Sources/Quiver/Core/_VectorRegression.swift (in target 'Quiver' from project 'Quiver')
    cd /Users/admin/builder/spi-builder-workspace/.swiftpm/xcode

SwiftCompile normal arm64_32 /Users/admin/builder/spi-builder-workspace/.dependencies/checkouts/quiver/Sources/Quiver/Core/_VectorReshape.swift (in target 'Quiver' from project 'Quiver')
    cd /Users/admin/builder/spi-builder-workspace/.swiftpm/xcode

SwiftCompile normal arm64_32 /Users/admin/builder/spi-builder-workspace/.dependencies/checkouts/quiver/Sources/Quiver/Core/_VectorSampling.swift (in target 'Quiver' from project 'Quiver')
    cd /Users/admin/builder/spi-builder-workspace/.swiftpm/xcode

SwiftCompile normal arm64_32 /Users/admin/builder/spi-builder-workspace/.dependencies/checkouts/quiver/Sources/Quiver/Core/_VectorStatistics.swift (in target 'Quiver' from project 'Quiver')
    cd /Users/admin/builder/spi-builder-workspace/.swiftpm/xcode

SwiftCompile normal arm64_32 /Users/admin/builder/spi-builder-workspace/.dependencies/checkouts/quiver/Sources/Quiver/Extensions/Calculus/Jacobian.swift (in target 'Quiver' from project 'Quiver')
    cd /Users/admin/builder/spi-builder-workspace/.swiftpm/xcode

SwiftCompile normal arm64_32 /Users/admin/builder/spi-builder-workspace/.dependencies/checkouts/quiver/Sources/Quiver/Extensions/Data/AggregationMethod.swift (in target 'Quiver' from project 'Quiver')
    cd /Users/admin/builder/spi-builder-workspace/.swiftpm/xcode

SwiftCompile normal arm64_32 /Users/admin/builder/spi-builder-workspace/.dependencies/checkouts/quiver/Sources/Quiver/Extensions/Data/ArrayCharts.swift (in target 'Quiver' from project 'Quiver')
    cd /Users/admin/builder/spi-builder-workspace/.swiftpm/xcode

SwiftCompile normal arm64_32 /Users/admin/builder/spi-builder-workspace/.dependencies/checkouts/quiver/Sources/Quiver/Extensions/Data/ArrayMetrics.swift (in target 'Quiver' from project 'Quiver')
    cd /Users/admin/builder/spi-builder-workspace/.swiftpm/xcode

SwiftCompile normal arm64_32 /Users/admin/builder/spi-builder-workspace/.dependencies/checkouts/quiver/Sources/Quiver/Extensions/Data/ArraySampling.swift (in target 'Quiver' from project 'Quiver')
    cd /Users/admin/builder/spi-builder-workspace/.swiftpm/xcode

SwiftCompile normal arm64_32 Compiling\ BinRule.swift,\ ClassificationReport.swift,\ ColumnSummary.swift,\ ContingencyTable.swift,\ EmpiricalRule.swift,\ Frequency.swift,\ Panel.swift,\ PanelSummary.swift,\ Quartiles.swift,\ RegressionSummary.swift /Users/admin/builder/spi-builder-workspace/.dependencies/checkouts/quiver/Sources/Quiver/Extensions/Data/BinRule.swift /Users/admin/builder/spi-builder-workspace/.dependencies/checkouts/quiver/Sources/Quiver/Extensions/Data/ClassificationReport.swift /Users/admin/builder/spi-builder-workspace/.dependencies/checkouts/quiver/Sources/Quiver/Extensions/Data/ColumnSummary.swift /Users/admin/builder/spi-builder-workspace/.dependencies/checkouts/quiver/Sources/Quiver/Extensions/Data/ContingencyTable.swift /Users/admin/builder/spi-builder-workspace/.dependencies/checkouts/quiver/Sources/Quiver/Extensions/Data/EmpiricalRule.swift /Users/admin/builder/spi-builder-workspace/.dependencies/checkouts/quiver/Sources/Quiver/Extensions/Data/Frequency.swift /Users/admin/builder/spi-builder-workspace/.dependencies/checkouts/quiver/Sources/Quiver/Extensions/Data/Panel.swift /Users/admin/builder/spi-builder-workspace/.dependencies/checkouts/quiver/Sources/Quiver/Extensions/Data/PanelSummary.swift /Users/admin/builder/spi-builder-workspace/.dependencies/checkouts/quiver/Sources/Quiver/Extensions/Data/Quartiles.swift /Users/admin/builder/spi-builder-workspace/.dependencies/checkouts/quiver/Sources/Quiver/Extensions/Data/RegressionSummary.swift (in target 'Quiver' from project 'Quiver')
SwiftCompile normal arm64_32 /Users/admin/builder/spi-builder-workspace/.dependencies/checkouts/quiver/Sources/Quiver/Extensions/Data/BinRule.swift (in target 'Quiver' from project 'Quiver')
    cd /Users/admin/builder/spi-builder-workspace/.swiftpm/xcode

SwiftCompile normal arm64_32 /Users/admin/builder/spi-builder-workspace/.dependencies/checkouts/quiver/Sources/Quiver/Extensions/Data/ClassificationReport.swift (in target 'Quiver' from project 'Quiver')
    cd /Users/admin/builder/spi-builder-workspace/.swiftpm/xcode

SwiftCompile normal arm64_32 /Users/admin/builder/spi-builder-workspace/.dependencies/checkouts/quiver/Sources/Quiver/Extensions/Data/ColumnSummary.swift (in target 'Quiver' from project 'Quiver')
    cd /Users/admin/builder/spi-builder-workspace/.swiftpm/xcode

SwiftCompile normal arm64_32 /Users/admin/builder/spi-builder-workspace/.dependencies/checkouts/quiver/Sources/Quiver/Extensions/Data/ContingencyTable.swift (in target 'Quiver' from project 'Quiver')
    cd /Users/admin/builder/spi-builder-workspace/.swiftpm/xcode

SwiftCompile normal arm64_32 /Users/admin/builder/spi-builder-workspace/.dependencies/checkouts/quiver/Sources/Quiver/Extensions/Data/EmpiricalRule.swift (in target 'Quiver' from project 'Quiver')
    cd /Users/admin/builder/spi-builder-workspace/.swiftpm/xcode

SwiftCompile normal arm64_32 /Users/admin/builder/spi-builder-workspace/.dependencies/checkouts/quiver/Sources/Quiver/Extensions/Data/Frequency.swift (in target 'Quiver' from project 'Quiver')
    cd /Users/admin/builder/spi-builder-workspace/.swiftpm/xcode

SwiftCompile normal arm64_32 /Users/admin/builder/spi-builder-workspace/.dependencies/checkouts/quiver/Sources/Quiver/Extensions/Data/Panel.swift (in target 'Quiver' from project 'Quiver')
    cd /Users/admin/builder/spi-builder-workspace/.swiftpm/xcode

SwiftCompile normal arm64_32 /Users/admin/builder/spi-builder-workspace/.dependencies/checkouts/quiver/Sources/Quiver/Extensions/Data/PanelSummary.swift (in target 'Quiver' from project 'Quiver')
    cd /Users/admin/builder/spi-builder-workspace/.swiftpm/xcode

SwiftCompile normal arm64_32 /Users/admin/builder/spi-builder-workspace/.dependencies/checkouts/quiver/Sources/Quiver/Extensions/Data/Quartiles.swift (in target 'Quiver' from project 'Quiver')
    cd /Users/admin/builder/spi-builder-workspace/.swiftpm/xcode

SwiftCompile normal arm64_32 /Users/admin/builder/spi-builder-workspace/.dependencies/checkouts/quiver/Sources/Quiver/Extensions/Data/RegressionSummary.swift (in target 'Quiver' from project 'Quiver')
    cd /Users/admin/builder/spi-builder-workspace/.swiftpm/xcode

SwiftDriverJobDiscovery normal arm64 Compiling LogisticRegression.swift, PCA.swift, Pipeline.swift, Regressor.swift, ResidualModel.swift, Ridge.swift, StandardScaler.swift, Anchors.swift, EffortClass.swift, EffortSignals.swift (in target 'Quiver' from project 'Quiver')
SwiftCompile normal armv7k Compiling\ EmbeddingIndex.swift,\ LUDecomposition.swift,\ LogDeterminant.swift,\ MatrixError.swift,\ MatrixExpression.swift,\ MatrixSolve.swift,\ VectorForm.swift,\ VectorOperations.swift,\ Quiver.swift /Users/admin/builder/spi-builder-workspace/.dependencies/checkouts/quiver/Sources/Quiver/Extensions/Vectors/EmbeddingIndex.swift /Users/admin/builder/spi-builder-workspace/.dependencies/checkouts/quiver/Sources/Quiver/Extensions/Vectors/LUDecomposition.swift /Users/admin/builder/spi-builder-workspace/.dependencies/checkouts/quiver/Sources/Quiver/Extensions/Vectors/LogDeterminant.swift /Users/admin/builder/spi-builder-workspace/.dependencies/checkouts/quiver/Sources/Quiver/Extensions/Vectors/MatrixError.swift /Users/admin/builder/spi-builder-workspace/.dependencies/checkouts/quiver/Sources/Quiver/Extensions/Vectors/MatrixExpression.swift /Users/admin/builder/spi-builder-workspace/.dependencies/checkouts/quiver/Sources/Quiver/Extensions/Vectors/MatrixSolve.swift /Users/admin/builder/spi-builder-workspace/.dependencies/checkouts/quiver/Sources/Quiver/Extensions/Vectors/VectorForm.swift /Users/admin/builder/spi-builder-workspace/.dependencies/checkouts/quiver/Sources/Quiver/Extensions/Vectors/VectorOperations.swift /Users/admin/builder/spi-builder-workspace/.dependencies/checkouts/quiver/Sources/Quiver/Quiver.swift (in target 'Quiver' from project 'Quiver')
SwiftCompile normal armv7k /Users/admin/builder/spi-builder-workspace/.dependencies/checkouts/quiver/Sources/Quiver/Extensions/Vectors/EmbeddingIndex.swift (in target 'Quiver' from project 'Quiver')
    cd /Users/admin/builder/spi-builder-workspace/.swiftpm/xcode

SwiftCompile normal armv7k /Users/admin/builder/spi-builder-workspace/.dependencies/checkouts/quiver/Sources/Quiver/Extensions/Vectors/LUDecomposition.swift (in target 'Quiver' from project 'Quiver')
    cd /Users/admin/builder/spi-builder-workspace/.swiftpm/xcode

SwiftCompile normal armv7k /Users/admin/builder/spi-builder-workspace/.dependencies/checkouts/quiver/Sources/Quiver/Extensions/Vectors/LogDeterminant.swift (in target 'Quiver' from project 'Quiver')
    cd /Users/admin/builder/spi-builder-workspace/.swiftpm/xcode

SwiftCompile normal armv7k /Users/admin/builder/spi-builder-workspace/.dependencies/checkouts/quiver/Sources/Quiver/Extensions/Vectors/MatrixError.swift (in target 'Quiver' from project 'Quiver')
    cd /Users/admin/builder/spi-builder-workspace/.swiftpm/xcode

SwiftCompile normal armv7k /Users/admin/builder/spi-builder-workspace/.dependencies/checkouts/quiver/Sources/Quiver/Extensions/Vectors/MatrixExpression.swift (in target 'Quiver' from project 'Quiver')
    cd /Users/admin/builder/spi-builder-workspace/.swiftpm/xcode

SwiftCompile normal armv7k /Users/admin/builder/spi-builder-workspace/.dependencies/checkouts/quiver/Sources/Quiver/Extensions/Vectors/MatrixSolve.swift (in target 'Quiver' from project 'Quiver')
    cd /Users/admin/builder/spi-builder-workspace/.swiftpm/xcode

SwiftCompile normal armv7k /Users/admin/builder/spi-builder-workspace/.dependencies/checkouts/quiver/Sources/Quiver/Extensions/Vectors/VectorForm.swift (in target 'Quiver' from project 'Quiver')
    cd /Users/admin/builder/spi-builder-workspace/.swiftpm/xcode

SwiftCompile normal armv7k /Users/admin/builder/spi-builder-workspace/.dependencies/checkouts/quiver/Sources/Quiver/Extensions/Vectors/VectorOperations.swift (in target 'Quiver' from project 'Quiver')
    cd /Users/admin/builder/spi-builder-workspace/.swiftpm/xcode

SwiftCompile normal armv7k /Users/admin/builder/spi-builder-workspace/.dependencies/checkouts/quiver/Sources/Quiver/Quiver.swift (in target 'Quiver' from project 'Quiver')
    cd /Users/admin/builder/spi-builder-workspace/.swiftpm/xcode

SwiftDriverJobDiscovery normal armv7k Emitting module for Quiver (in target 'Quiver' from project 'Quiver')
SwiftDriver\ Compilation\ Requirements Quiver normal armv7k com.apple.xcode.tools.swift.compiler (in target 'Quiver' from project 'Quiver')
    cd /Users/admin/builder/spi-builder-workspace/.swiftpm/xcode
    builtin-Swift-Compilation-Requirements -- /Applications/Xcode-16.3.0.app/Contents/Developer/Toolchains/XcodeDefault.xctoolchain/usr/bin/swiftc -module-name Quiver -Onone -enforce-exclusivity\=checked @/Users/admin/builder/spi-builder-workspace/.derivedData/Build/Intermediates.noindex/Quiver.build/Debug-watchos/Quiver.build/Objects-normal/armv7k/Quiver.SwiftFileList -DSWIFT_PACKAGE -DDEBUG -DXcode -plugin-path /Applications/Xcode-16.3.0.app/Contents/Developer/Toolchains/XcodeDefault.xctoolchain/usr/lib/swift/host/plugins/testing -enable-experimental-feature DebugDescriptionMacro -sdk /Applications/Xcode-16.3.0.app/Contents/Developer/Platforms/WatchOS.platform/Developer/SDKs/WatchOS11.4.sdk -target armv7k-apple-watchos8.0 -g -module-cache-path /Users/admin/builder/spi-builder-workspace/.derivedData/ModuleCache.noindex -Xfrontend -serialize-debugging-options -enable-testing -suppress-warnings -index-store-path /Users/admin/builder/spi-builder-workspace/.derivedData/Index.noindex/DataStore -swift-version 5 -I /Users/admin/builder/spi-builder-workspace/.derivedData/Build/Products/Debug-watchos -I /Applications/Xcode-16.3.0.app/Contents/Developer/Platforms/WatchOS.platform/Developer/usr/lib -F /Users/admin/builder/spi-builder-workspace/.derivedData/Build/Products/Debug-watchos -F /Applications/Xcode-16.3.0.app/Contents/Developer/Platforms/WatchOS.platform/Developer/Library/Frameworks -F /Applications/Xcode-16.3.0.app/Contents/Developer/Platforms/WatchOS.platform/Developer/SDKs/WatchOS11.4.sdk/Developer/Library/Frameworks -c -j10 -enable-batch-mode -incremental -Xcc -ivfsstatcache -Xcc /Users/admin/builder/spi-builder-workspace/.derivedData/SDKStatCaches.noindex/watchos11.4-22T246-43efb940ff07ba2497b70ec94253f576.sdkstatcache -output-file-map /Users/admin/builder/spi-builder-workspace/.derivedData/Build/Intermediates.noindex/Quiver.build/Debug-watchos/Quiver.build/Objects-normal/armv7k/Quiver-OutputFileMap.json -use-frontend-parseable-output -save-temps -no-color-diagnostics -serialize-diagnostics -emit-dependencies -emit-module -emit-module-path /Users/admin/builder/spi-builder-workspace/.derivedData/Build/Intermediates.noindex/Quiver.build/Debug-watchos/Quiver.build/Objects-normal/armv7k/Quiver.swiftmodule -validate-clang-modules-once -clang-build-session-file /Users/admin/builder/spi-builder-workspace/.derivedData/ModuleCache.noindex/Session.modulevalidation -package-name quiver -Xcc -I/Users/admin/builder/spi-builder-workspace/.derivedData/Build/Intermediates.noindex/Quiver.build/Debug-watchos/Quiver.build/swift-overrides.hmap -emit-const-values -Xfrontend -const-gather-protocols-file -Xfrontend /Users/admin/builder/spi-builder-workspace/.derivedData/Build/Intermediates.noindex/Quiver.build/Debug-watchos/Quiver.build/Objects-normal/armv7k/Quiver_const_extract_protocols.json -Xcc -I/Users/admin/builder/spi-builder-workspace/.derivedData/Build/Products/Debug-watchos/include -Xcc -I/Users/admin/builder/spi-builder-workspace/.derivedData/Build/Intermediates.noindex/Quiver.build/Debug-watchos/Quiver.build/DerivedSources-normal/armv7k -Xcc -I/Users/admin/builder/spi-builder-workspace/.derivedData/Build/Intermediates.noindex/Quiver.build/Debug-watchos/Quiver.build/DerivedSources/armv7k -Xcc -I/Users/admin/builder/spi-builder-workspace/.derivedData/Build/Intermediates.noindex/Quiver.build/Debug-watchos/Quiver.build/DerivedSources -Xcc -DSWIFT_PACKAGE -Xcc -DDEBUG\=1 -emit-objc-header -emit-objc-header-path /Users/admin/builder/spi-builder-workspace/.derivedData/Build/Intermediates.noindex/Quiver.build/Debug-watchos/Quiver.build/Objects-normal/armv7k/Quiver-Swift.h -working-directory /Users/admin/builder/spi-builder-workspace/.swiftpm/xcode -experimental-emit-module-separately -disable-cmo
SwiftDriverJobDiscovery normal arm64 Compiling Polynomial.swift, ArrayFourier.swift, ArrayIntegration.swift, ArrayInfo.swift, Fraction.swift, StringExtensions.swift, UnicodeMath.swift, ArrayAngles.swift, ArrayArithmetic.swift, ArrayBoolean.swift (in target 'Quiver' from project 'Quiver')
SwiftCompile normal armv7k Compiling\ BinRule.swift,\ ClassificationReport.swift,\ ColumnSummary.swift,\ ContingencyTable.swift,\ EmpiricalRule.swift,\ Frequency.swift,\ Panel.swift,\ PanelSummary.swift,\ Quartiles.swift,\ RegressionSummary.swift /Users/admin/builder/spi-builder-workspace/.dependencies/checkouts/quiver/Sources/Quiver/Extensions/Data/BinRule.swift /Users/admin/builder/spi-builder-workspace/.dependencies/checkouts/quiver/Sources/Quiver/Extensions/Data/ClassificationReport.swift /Users/admin/builder/spi-builder-workspace/.dependencies/checkouts/quiver/Sources/Quiver/Extensions/Data/ColumnSummary.swift /Users/admin/builder/spi-builder-workspace/.dependencies/checkouts/quiver/Sources/Quiver/Extensions/Data/ContingencyTable.swift /Users/admin/builder/spi-builder-workspace/.dependencies/checkouts/quiver/Sources/Quiver/Extensions/Data/EmpiricalRule.swift /Users/admin/builder/spi-builder-workspace/.dependencies/checkouts/quiver/Sources/Quiver/Extensions/Data/Frequency.swift /Users/admin/builder/spi-builder-workspace/.dependencies/checkouts/quiver/Sources/Quiver/Extensions/Data/Panel.swift /Users/admin/builder/spi-builder-workspace/.dependencies/checkouts/quiver/Sources/Quiver/Extensions/Data/PanelSummary.swift /Users/admin/builder/spi-builder-workspace/.dependencies/checkouts/quiver/Sources/Quiver/Extensions/Data/Quartiles.swift /Users/admin/builder/spi-builder-workspace/.dependencies/checkouts/quiver/Sources/Quiver/Extensions/Data/RegressionSummary.swift (in target 'Quiver' from project 'Quiver')
SwiftCompile normal armv7k /Users/admin/builder/spi-builder-workspace/.dependencies/checkouts/quiver/Sources/Quiver/Extensions/Data/BinRule.swift (in target 'Quiver' from project 'Quiver')
    cd /Users/admin/builder/spi-builder-workspace/.swiftpm/xcode

SwiftCompile normal armv7k /Users/admin/builder/spi-builder-workspace/.dependencies/checkouts/quiver/Sources/Quiver/Extensions/Data/ClassificationReport.swift (in target 'Quiver' from project 'Quiver')
    cd /Users/admin/builder/spi-builder-workspace/.swiftpm/xcode

SwiftCompile normal armv7k /Users/admin/builder/spi-builder-workspace/.dependencies/checkouts/quiver/Sources/Quiver/Extensions/Data/ColumnSummary.swift (in target 'Quiver' from project 'Quiver')
    cd /Users/admin/builder/spi-builder-workspace/.swiftpm/xcode

SwiftCompile normal armv7k /Users/admin/builder/spi-builder-workspace/.dependencies/checkouts/quiver/Sources/Quiver/Extensions/Data/ContingencyTable.swift (in target 'Quiver' from project 'Quiver')
    cd /Users/admin/builder/spi-builder-workspace/.swiftpm/xcode

SwiftCompile normal armv7k /Users/admin/builder/spi-builder-workspace/.dependencies/checkouts/quiver/Sources/Quiver/Extensions/Data/EmpiricalRule.swift (in target 'Quiver' from project 'Quiver')
    cd /Users/admin/builder/spi-builder-workspace/.swiftpm/xcode

SwiftCompile normal armv7k /Users/admin/builder/spi-builder-workspace/.dependencies/checkouts/quiver/Sources/Quiver/Extensions/Data/Frequency.swift (in target 'Quiver' from project 'Quiver')
    cd /Users/admin/builder/spi-builder-workspace/.swiftpm/xcode

SwiftCompile normal armv7k /Users/admin/builder/spi-builder-workspace/.dependencies/checkouts/quiver/Sources/Quiver/Extensions/Data/Panel.swift (in target 'Quiver' from project 'Quiver')
    cd /Users/admin/builder/spi-builder-workspace/.swiftpm/xcode

SwiftCompile normal armv7k /Users/admin/builder/spi-builder-workspace/.dependencies/checkouts/quiver/Sources/Quiver/Extensions/Data/PanelSummary.swift (in target 'Quiver' from project 'Quiver')
    cd /Users/admin/builder/spi-builder-workspace/.swiftpm/xcode

SwiftCompile normal armv7k /Users/admin/builder/spi-builder-workspace/.dependencies/checkouts/quiver/Sources/Quiver/Extensions/Data/Quartiles.swift (in target 'Quiver' from project 'Quiver')
    cd /Users/admin/builder/spi-builder-workspace/.swiftpm/xcode

SwiftCompile normal armv7k /Users/admin/builder/spi-builder-workspace/.dependencies/checkouts/quiver/Sources/Quiver/Extensions/Data/RegressionSummary.swift (in target 'Quiver' from project 'Quiver')
    cd /Users/admin/builder/spi-builder-workspace/.swiftpm/xcode

Copy /Users/admin/builder/spi-builder-workspace/.derivedData/Build/Products/Debug-watchos/Quiver.swiftmodule/armv7k-apple-watchos.swiftmodule /Users/admin/builder/spi-builder-workspace/.derivedData/Build/Intermediates.noindex/Quiver.build/Debug-watchos/Quiver.build/Objects-normal/armv7k/Quiver.swiftmodule (in target 'Quiver' from project 'Quiver')
    cd /Users/admin/builder/spi-builder-workspace/.dependencies/checkouts/quiver
    builtin-copy -exclude .DS_Store -exclude CVS -exclude .svn -exclude .git -exclude .hg -resolve-src-symlinks -rename /Users/admin/builder/spi-builder-workspace/.derivedData/Build/Intermediates.noindex/Quiver.build/Debug-watchos/Quiver.build/Objects-normal/armv7k/Quiver.swiftmodule /Users/admin/builder/spi-builder-workspace/.derivedData/Build/Products/Debug-watchos/Quiver.swiftmodule/armv7k-apple-watchos.swiftmodule
SwiftDriverJobDiscovery normal arm64 Compiling Cluster.swift, Coefficients.swift, DistanceMetric.swift, FeatureScaler.swift, GaussianNaiveBayes.swift, GradientDescent.swift, GradientDescentError.swift, KMeansClustering.swift, KNearestNeighbors.swift, LinearRegression.swift (in target 'Quiver' from project 'Quiver')
Copy /Users/admin/builder/spi-builder-workspace/.derivedData/Build/Products/Debug-watchos/Quiver.swiftmodule/armv7k-apple-watchos.abi.json /Users/admin/builder/spi-builder-workspace/.derivedData/Build/Intermediates.noindex/Quiver.build/Debug-watchos/Quiver.build/Objects-normal/armv7k/Quiver.abi.json (in target 'Quiver' from project 'Quiver')
    cd /Users/admin/builder/spi-builder-workspace/.dependencies/checkouts/quiver
    builtin-copy -exclude .DS_Store -exclude CVS -exclude .svn -exclude .git -exclude .hg -resolve-src-symlinks -rename /Users/admin/builder/spi-builder-workspace/.derivedData/Build/Intermediates.noindex/Quiver.build/Debug-watchos/Quiver.build/Objects-normal/armv7k/Quiver.abi.json /Users/admin/builder/spi-builder-workspace/.derivedData/Build/Products/Debug-watchos/Quiver.swiftmodule/armv7k-apple-watchos.abi.json
SwiftCompile normal armv7k Compiling\ LogisticRegression.swift,\ PCA.swift,\ Pipeline.swift,\ Regressor.swift,\ ResidualModel.swift,\ Ridge.swift,\ StandardScaler.swift,\ Anchors.swift,\ EffortClass.swift,\ EffortSignals.swift /Users/admin/builder/spi-builder-workspace/.dependencies/checkouts/quiver/Sources/Quiver/Extensions/Models/LogisticRegression.swift /Users/admin/builder/spi-builder-workspace/.dependencies/checkouts/quiver/Sources/Quiver/Extensions/Models/PCA.swift /Users/admin/builder/spi-builder-workspace/.dependencies/checkouts/quiver/Sources/Quiver/Extensions/Models/Pipeline.swift /Users/admin/builder/spi-builder-workspace/.dependencies/checkouts/quiver/Sources/Quiver/Extensions/Models/Regressor.swift /Users/admin/builder/spi-builder-workspace/.dependencies/checkouts/quiver/Sources/Quiver/Extensions/Models/ResidualModel.swift /Users/admin/builder/spi-builder-workspace/.dependencies/checkouts/quiver/Sources/Quiver/Extensions/Models/Ridge.swift /Users/admin/builder/spi-builder-workspace/.dependencies/checkouts/quiver/Sources/Quiver/Extensions/Models/StandardScaler.swift /Users/admin/builder/spi-builder-workspace/.dependencies/checkouts/quiver/Sources/Quiver/Extensions/Models/TES/Anchors.swift /Users/admin/builder/spi-builder-workspace/.dependencies/checkouts/quiver/Sources/Quiver/Extensions/Models/TES/EffortClass.swift /Users/admin/builder/spi-builder-workspace/.dependencies/checkouts/quiver/Sources/Quiver/Extensions/Models/TES/EffortSignals.swift (in target 'Quiver' from project 'Quiver')
SwiftCompile normal armv7k /Users/admin/builder/spi-builder-workspace/.dependencies/checkouts/quiver/Sources/Quiver/Extensions/Models/LogisticRegression.swift (in target 'Quiver' from project 'Quiver')
    cd /Users/admin/builder/spi-builder-workspace/.swiftpm/xcode

SwiftCompile normal armv7k /Users/admin/builder/spi-builder-workspace/.dependencies/checkouts/quiver/Sources/Quiver/Extensions/Models/PCA.swift (in target 'Quiver' from project 'Quiver')
    cd /Users/admin/builder/spi-builder-workspace/.swiftpm/xcode

SwiftCompile normal armv7k /Users/admin/builder/spi-builder-workspace/.dependencies/checkouts/quiver/Sources/Quiver/Extensions/Models/Pipeline.swift (in target 'Quiver' from project 'Quiver')
    cd /Users/admin/builder/spi-builder-workspace/.swiftpm/xcode

SwiftCompile normal armv7k /Users/admin/builder/spi-builder-workspace/.dependencies/checkouts/quiver/Sources/Quiver/Extensions/Models/Regressor.swift (in target 'Quiver' from project 'Quiver')
    cd /Users/admin/builder/spi-builder-workspace/.swiftpm/xcode

SwiftCompile normal armv7k /Users/admin/builder/spi-builder-workspace/.dependencies/checkouts/quiver/Sources/Quiver/Extensions/Models/ResidualModel.swift (in target 'Quiver' from project 'Quiver')
    cd /Users/admin/builder/spi-builder-workspace/.swiftpm/xcode

SwiftCompile normal armv7k /Users/admin/builder/spi-builder-workspace/.dependencies/checkouts/quiver/Sources/Quiver/Extensions/Models/Ridge.swift (in target 'Quiver' from project 'Quiver')
    cd /Users/admin/builder/spi-builder-workspace/.swiftpm/xcode

SwiftCompile normal armv7k /Users/admin/builder/spi-builder-workspace/.dependencies/checkouts/quiver/Sources/Quiver/Extensions/Models/StandardScaler.swift (in target 'Quiver' from project 'Quiver')
    cd /Users/admin/builder/spi-builder-workspace/.swiftpm/xcode

SwiftCompile normal armv7k /Users/admin/builder/spi-builder-workspace/.dependencies/checkouts/quiver/Sources/Quiver/Extensions/Models/TES/Anchors.swift (in target 'Quiver' from project 'Quiver')
    cd /Users/admin/builder/spi-builder-workspace/.swiftpm/xcode

SwiftCompile normal armv7k /Users/admin/builder/spi-builder-workspace/.dependencies/checkouts/quiver/Sources/Quiver/Extensions/Models/TES/EffortClass.swift (in target 'Quiver' from project 'Quiver')
    cd /Users/admin/builder/spi-builder-workspace/.swiftpm/xcode

SwiftCompile normal armv7k /Users/admin/builder/spi-builder-workspace/.dependencies/checkouts/quiver/Sources/Quiver/Extensions/Models/TES/EffortSignals.swift (in target 'Quiver' from project 'Quiver')
    cd /Users/admin/builder/spi-builder-workspace/.swiftpm/xcode

SwiftCompile normal armv7k Compiling\ TESBaseline.swift,\ TESError.swift,\ TESResult.swift,\ WalkingGate.swift,\ Workout.swift,\ WorkoutLocation.swift,\ Transformer.swift,\ TrueEffortScore.swift,\ VoteWeight.swift,\ Polyfit.swift /Users/admin/builder/spi-builder-workspace/.dependencies/checkouts/quiver/Sources/Quiver/Extensions/Models/TES/TESBaseline.swift /Users/admin/builder/spi-builder-workspace/.dependencies/checkouts/quiver/Sources/Quiver/Extensions/Models/TES/TESError.swift /Users/admin/builder/spi-builder-workspace/.dependencies/checkouts/quiver/Sources/Quiver/Extensions/Models/TES/TESResult.swift /Users/admin/builder/spi-builder-workspace/.dependencies/checkouts/quiver/Sources/Quiver/Extensions/Models/TES/WalkingGate.swift /Users/admin/builder/spi-builder-workspace/.dependencies/checkouts/quiver/Sources/Quiver/Extensions/Models/TES/Workout.swift /Users/admin/builder/spi-builder-workspace/.dependencies/checkouts/quiver/Sources/Quiver/Extensions/Models/TES/WorkoutLocation.swift /Users/admin/builder/spi-builder-workspace/.dependencies/checkouts/quiver/Sources/Quiver/Extensions/Models/Transformer.swift /Users/admin/builder/spi-builder-workspace/.dependencies/checkouts/quiver/Sources/Quiver/Extensions/Models/TrueEffortScore.swift /Users/admin/builder/spi-builder-workspace/.dependencies/checkouts/quiver/Sources/Quiver/Extensions/Models/VoteWeight.swift /Users/admin/builder/spi-builder-workspace/.dependencies/checkouts/quiver/Sources/Quiver/Extensions/Polynomial/Polyfit.swift (in target 'Quiver' from project 'Quiver')
SwiftCompile normal armv7k /Users/admin/builder/spi-builder-workspace/.dependencies/checkouts/quiver/Sources/Quiver/Extensions/Models/TES/TESBaseline.swift (in target 'Quiver' from project 'Quiver')
    cd /Users/admin/builder/spi-builder-workspace/.swiftpm/xcode

SwiftCompile normal armv7k /Users/admin/builder/spi-builder-workspace/.dependencies/checkouts/quiver/Sources/Quiver/Extensions/Models/TES/TESError.swift (in target 'Quiver' from project 'Quiver')
    cd /Users/admin/builder/spi-builder-workspace/.swiftpm/xcode

SwiftCompile normal armv7k /Users/admin/builder/spi-builder-workspace/.dependencies/checkouts/quiver/Sources/Quiver/Extensions/Models/TES/TESResult.swift (in target 'Quiver' from project 'Quiver')
    cd /Users/admin/builder/spi-builder-workspace/.swiftpm/xcode

SwiftCompile normal armv7k /Users/admin/builder/spi-builder-workspace/.dependencies/checkouts/quiver/Sources/Quiver/Extensions/Models/TES/WalkingGate.swift (in target 'Quiver' from project 'Quiver')
    cd /Users/admin/builder/spi-builder-workspace/.swiftpm/xcode

SwiftCompile normal armv7k /Users/admin/builder/spi-builder-workspace/.dependencies/checkouts/quiver/Sources/Quiver/Extensions/Models/TES/Workout.swift (in target 'Quiver' from project 'Quiver')
    cd /Users/admin/builder/spi-builder-workspace/.swiftpm/xcode

SwiftCompile normal armv7k /Users/admin/builder/spi-builder-workspace/.dependencies/checkouts/quiver/Sources/Quiver/Extensions/Models/TES/WorkoutLocation.swift (in target 'Quiver' from project 'Quiver')
    cd /Users/admin/builder/spi-builder-workspace/.swiftpm/xcode

SwiftCompile normal armv7k /Users/admin/builder/spi-builder-workspace/.dependencies/checkouts/quiver/Sources/Quiver/Extensions/Models/Transformer.swift (in target 'Quiver' from project 'Quiver')
    cd /Users/admin/builder/spi-builder-workspace/.swiftpm/xcode

SwiftCompile normal armv7k /Users/admin/builder/spi-builder-workspace/.dependencies/checkouts/quiver/Sources/Quiver/Extensions/Models/TrueEffortScore.swift (in target 'Quiver' from project 'Quiver')
    cd /Users/admin/builder/spi-builder-workspace/.swiftpm/xcode

SwiftCompile normal armv7k /Users/admin/builder/spi-builder-workspace/.dependencies/checkouts/quiver/Sources/Quiver/Extensions/Models/VoteWeight.swift (in target 'Quiver' from project 'Quiver')
    cd /Users/admin/builder/spi-builder-workspace/.swiftpm/xcode

SwiftCompile normal armv7k /Users/admin/builder/spi-builder-workspace/.dependencies/checkouts/quiver/Sources/Quiver/Extensions/Polynomial/Polyfit.swift (in target 'Quiver' from project 'Quiver')
    cd /Users/admin/builder/spi-builder-workspace/.swiftpm/xcode

SwiftDriverJobDiscovery normal arm64 Compiling SkewnessAgreement.swift, SkewnessReport.swift, Bayes.swift, Distributions.swift, ArrayGeneration.swift, ArrayRandom.swift, ArrayReshape.swift, SeededRandomNumberGenerator.swift, Classification.swift, Classifier.swift (in target 'Quiver' from project 'Quiver')
SwiftCompile normal arm64_32 Compiling\ Cluster.swift,\ Coefficients.swift,\ DistanceMetric.swift,\ FeatureScaler.swift,\ GaussianNaiveBayes.swift,\ GradientDescent.swift,\ GradientDescentError.swift,\ KMeansClustering.swift,\ KNearestNeighbors.swift,\ LinearRegression.swift /Users/admin/builder/spi-builder-workspace/.dependencies/checkouts/quiver/Sources/Quiver/Extensions/Models/Cluster.swift /Users/admin/builder/spi-builder-workspace/.dependencies/checkouts/quiver/Sources/Quiver/Extensions/Models/Coefficients.swift /Users/admin/builder/spi-builder-workspace/.dependencies/checkouts/quiver/Sources/Quiver/Extensions/Models/DistanceMetric.swift /Users/admin/builder/spi-builder-workspace/.dependencies/checkouts/quiver/Sources/Quiver/Extensions/Models/FeatureScaler.swift /Users/admin/builder/spi-builder-workspace/.dependencies/checkouts/quiver/Sources/Quiver/Extensions/Models/GaussianNaiveBayes.swift /Users/admin/builder/spi-builder-workspace/.dependencies/checkouts/quiver/Sources/Quiver/Extensions/Models/GradientDescent.swift /Users/admin/builder/spi-builder-workspace/.dependencies/checkouts/quiver/Sources/Quiver/Extensions/Models/GradientDescentError.swift /Users/admin/builder/spi-builder-workspace/.dependencies/checkouts/quiver/Sources/Quiver/Extensions/Models/KMeansClustering.swift /Users/admin/builder/spi-builder-workspace/.dependencies/checkouts/quiver/Sources/Quiver/Extensions/Models/KNearestNeighbors.swift /Users/admin/builder/spi-builder-workspace/.dependencies/checkouts/quiver/Sources/Quiver/Extensions/Models/LinearRegression.swift (in target 'Quiver' from project 'Quiver')
SwiftCompile normal arm64_32 /Users/admin/builder/spi-builder-workspace/.dependencies/checkouts/quiver/Sources/Quiver/Extensions/Models/Cluster.swift (in target 'Quiver' from project 'Quiver')
    cd /Users/admin/builder/spi-builder-workspace/.swiftpm/xcode

SwiftCompile normal arm64_32 /Users/admin/builder/spi-builder-workspace/.dependencies/checkouts/quiver/Sources/Quiver/Extensions/Models/Coefficients.swift (in target 'Quiver' from project 'Quiver')
    cd /Users/admin/builder/spi-builder-workspace/.swiftpm/xcode

SwiftCompile normal arm64_32 /Users/admin/builder/spi-builder-workspace/.dependencies/checkouts/quiver/Sources/Quiver/Extensions/Models/DistanceMetric.swift (in target 'Quiver' from project 'Quiver')
    cd /Users/admin/builder/spi-builder-workspace/.swiftpm/xcode

SwiftCompile normal arm64_32 /Users/admin/builder/spi-builder-workspace/.dependencies/checkouts/quiver/Sources/Quiver/Extensions/Models/FeatureScaler.swift (in target 'Quiver' from project 'Quiver')
    cd /Users/admin/builder/spi-builder-workspace/.swiftpm/xcode

SwiftCompile normal arm64_32 /Users/admin/builder/spi-builder-workspace/.dependencies/checkouts/quiver/Sources/Quiver/Extensions/Models/GaussianNaiveBayes.swift (in target 'Quiver' from project 'Quiver')
    cd /Users/admin/builder/spi-builder-workspace/.swiftpm/xcode

SwiftCompile normal arm64_32 /Users/admin/builder/spi-builder-workspace/.dependencies/checkouts/quiver/Sources/Quiver/Extensions/Models/GradientDescent.swift (in target 'Quiver' from project 'Quiver')
    cd /Users/admin/builder/spi-builder-workspace/.swiftpm/xcode

SwiftCompile normal arm64_32 /Users/admin/builder/spi-builder-workspace/.dependencies/checkouts/quiver/Sources/Quiver/Extensions/Models/GradientDescentError.swift (in target 'Quiver' from project 'Quiver')
    cd /Users/admin/builder/spi-builder-workspace/.swiftpm/xcode

SwiftCompile normal arm64_32 /Users/admin/builder/spi-builder-workspace/.dependencies/checkouts/quiver/Sources/Quiver/Extensions/Models/KMeansClustering.swift (in target 'Quiver' from project 'Quiver')
    cd /Users/admin/builder/spi-builder-workspace/.swiftpm/xcode

SwiftCompile normal arm64_32 /Users/admin/builder/spi-builder-workspace/.dependencies/checkouts/quiver/Sources/Quiver/Extensions/Models/KNearestNeighbors.swift (in target 'Quiver' from project 'Quiver')
    cd /Users/admin/builder/spi-builder-workspace/.swiftpm/xcode

SwiftCompile normal arm64_32 /Users/admin/builder/spi-builder-workspace/.dependencies/checkouts/quiver/Sources/Quiver/Extensions/Models/LinearRegression.swift (in target 'Quiver' from project 'Quiver')
    cd /Users/admin/builder/spi-builder-workspace/.swiftpm/xcode

SwiftDriverJobDiscovery normal arm64_32 Emitting module for Quiver (in target 'Quiver' from project 'Quiver')
SwiftDriver\ Compilation\ Requirements Quiver normal arm64_32 com.apple.xcode.tools.swift.compiler (in target 'Quiver' from project 'Quiver')
    cd /Users/admin/builder/spi-builder-workspace/.swiftpm/xcode
    builtin-Swift-Compilation-Requirements -- /Applications/Xcode-16.3.0.app/Contents/Developer/Toolchains/XcodeDefault.xctoolchain/usr/bin/swiftc -module-name Quiver -Onone -enforce-exclusivity\=checked @/Users/admin/builder/spi-builder-workspace/.derivedData/Build/Intermediates.noindex/Quiver.build/Debug-watchos/Quiver.build/Objects-normal/arm64_32/Quiver.SwiftFileList -DSWIFT_PACKAGE -DDEBUG -DXcode -plugin-path /Applications/Xcode-16.3.0.app/Contents/Developer/Toolchains/XcodeDefault.xctoolchain/usr/lib/swift/host/plugins/testing -enable-experimental-feature DebugDescriptionMacro -sdk /Applications/Xcode-16.3.0.app/Contents/Developer/Platforms/WatchOS.platform/Developer/SDKs/WatchOS11.4.sdk -target arm64_32-apple-watchos8.0 -g -module-cache-path /Users/admin/builder/spi-builder-workspace/.derivedData/ModuleCache.noindex -Xfrontend -serialize-debugging-options -enable-testing -suppress-warnings -index-store-path /Users/admin/builder/spi-builder-workspace/.derivedData/Index.noindex/DataStore -swift-version 5 -I /Users/admin/builder/spi-builder-workspace/.derivedData/Build/Products/Debug-watchos -I /Applications/Xcode-16.3.0.app/Contents/Developer/Platforms/WatchOS.platform/Developer/usr/lib -F /Users/admin/builder/spi-builder-workspace/.derivedData/Build/Products/Debug-watchos -F /Applications/Xcode-16.3.0.app/Contents/Developer/Platforms/WatchOS.platform/Developer/Library/Frameworks -F /Applications/Xcode-16.3.0.app/Contents/Developer/Platforms/WatchOS.platform/Developer/SDKs/WatchOS11.4.sdk/Developer/Library/Frameworks -c -j10 -enable-batch-mode -incremental -Xcc -ivfsstatcache -Xcc /Users/admin/builder/spi-builder-workspace/.derivedData/SDKStatCaches.noindex/watchos11.4-22T246-43efb940ff07ba2497b70ec94253f576.sdkstatcache -output-file-map /Users/admin/builder/spi-builder-workspace/.derivedData/Build/Intermediates.noindex/Quiver.build/Debug-watchos/Quiver.build/Objects-normal/arm64_32/Quiver-OutputFileMap.json -use-frontend-parseable-output -save-temps -no-color-diagnostics -serialize-diagnostics -emit-dependencies -emit-module -emit-module-path /Users/admin/builder/spi-builder-workspace/.derivedData/Build/Intermediates.noindex/Quiver.build/Debug-watchos/Quiver.build/Objects-normal/arm64_32/Quiver.swiftmodule -validate-clang-modules-once -clang-build-session-file /Users/admin/builder/spi-builder-workspace/.derivedData/ModuleCache.noindex/Session.modulevalidation -package-name quiver -Xcc -I/Users/admin/builder/spi-builder-workspace/.derivedData/Build/Intermediates.noindex/Quiver.build/Debug-watchos/Quiver.build/swift-overrides.hmap -emit-const-values -Xfrontend -const-gather-protocols-file -Xfrontend /Users/admin/builder/spi-builder-workspace/.derivedData/Build/Intermediates.noindex/Quiver.build/Debug-watchos/Quiver.build/Objects-normal/arm64_32/Quiver_const_extract_protocols.json -Xcc -I/Users/admin/builder/spi-builder-workspace/.derivedData/Build/Products/Debug-watchos/include -Xcc -I/Users/admin/builder/spi-builder-workspace/.derivedData/Build/Intermediates.noindex/Quiver.build/Debug-watchos/Quiver.build/DerivedSources-normal/arm64_32 -Xcc -I/Users/admin/builder/spi-builder-workspace/.derivedData/Build/Intermediates.noindex/Quiver.build/Debug-watchos/Quiver.build/DerivedSources/arm64_32 -Xcc -I/Users/admin/builder/spi-builder-workspace/.derivedData/Build/Intermediates.noindex/Quiver.build/Debug-watchos/Quiver.build/DerivedSources -Xcc -DSWIFT_PACKAGE -Xcc -DDEBUG\=1 -emit-objc-header -emit-objc-header-path /Users/admin/builder/spi-builder-workspace/.derivedData/Build/Intermediates.noindex/Quiver.build/Debug-watchos/Quiver.build/Objects-normal/arm64_32/Quiver-Swift.h -working-directory /Users/admin/builder/spi-builder-workspace/.swiftpm/xcode -experimental-emit-module-separately -disable-cmo
SwiftDriverJobDiscovery normal arm64 Compiling BinRule.swift, ClassificationReport.swift, ColumnSummary.swift, ContingencyTable.swift, EmpiricalRule.swift, Frequency.swift, Panel.swift, PanelSummary.swift, Quartiles.swift, RegressionSummary.swift (in target 'Quiver' from project 'Quiver')
SwiftCompile normal armv7k Compiling\ _VectorOperations.swift,\ _VectorRegression.swift,\ _VectorReshape.swift,\ _VectorSampling.swift,\ _VectorStatistics.swift,\ Jacobian.swift,\ AggregationMethod.swift,\ ArrayCharts.swift,\ ArrayMetrics.swift,\ ArraySampling.swift /Users/admin/builder/spi-builder-workspace/.dependencies/checkouts/quiver/Sources/Quiver/Core/_VectorOperations.swift /Users/admin/builder/spi-builder-workspace/.dependencies/checkouts/quiver/Sources/Quiver/Core/_VectorRegression.swift /Users/admin/builder/spi-builder-workspace/.dependencies/checkouts/quiver/Sources/Quiver/Core/_VectorReshape.swift /Users/admin/builder/spi-builder-workspace/.dependencies/checkouts/quiver/Sources/Quiver/Core/_VectorSampling.swift /Users/admin/builder/spi-builder-workspace/.dependencies/checkouts/quiver/Sources/Quiver/Core/_VectorStatistics.swift /Users/admin/builder/spi-builder-workspace/.dependencies/checkouts/quiver/Sources/Quiver/Extensions/Calculus/Jacobian.swift /Users/admin/builder/spi-builder-workspace/.dependencies/checkouts/quiver/Sources/Quiver/Extensions/Data/AggregationMethod.swift /Users/admin/builder/spi-builder-workspace/.dependencies/checkouts/quiver/Sources/Quiver/Extensions/Data/ArrayCharts.swift /Users/admin/builder/spi-builder-workspace/.dependencies/checkouts/quiver/Sources/Quiver/Extensions/Data/ArrayMetrics.swift /Users/admin/builder/spi-builder-workspace/.dependencies/checkouts/quiver/Sources/Quiver/Extensions/Data/ArraySampling.swift (in target 'Quiver' from project 'Quiver')
SwiftCompile normal armv7k /Users/admin/builder/spi-builder-workspace/.dependencies/checkouts/quiver/Sources/Quiver/Core/_VectorOperations.swift (in target 'Quiver' from project 'Quiver')
    cd /Users/admin/builder/spi-builder-workspace/.swiftpm/xcode

SwiftCompile normal armv7k /Users/admin/builder/spi-builder-workspace/.dependencies/checkouts/quiver/Sources/Quiver/Core/_VectorRegression.swift (in target 'Quiver' from project 'Quiver')
    cd /Users/admin/builder/spi-builder-workspace/.swiftpm/xcode

SwiftCompile normal armv7k /Users/admin/builder/spi-builder-workspace/.dependencies/checkouts/quiver/Sources/Quiver/Core/_VectorReshape.swift (in target 'Quiver' from project 'Quiver')
    cd /Users/admin/builder/spi-builder-workspace/.swiftpm/xcode

SwiftCompile normal armv7k /Users/admin/builder/spi-builder-workspace/.dependencies/checkouts/quiver/Sources/Quiver/Core/_VectorSampling.swift (in target 'Quiver' from project 'Quiver')
    cd /Users/admin/builder/spi-builder-workspace/.swiftpm/xcode

SwiftCompile normal armv7k /Users/admin/builder/spi-builder-workspace/.dependencies/checkouts/quiver/Sources/Quiver/Core/_VectorStatistics.swift (in target 'Quiver' from project 'Quiver')
    cd /Users/admin/builder/spi-builder-workspace/.swiftpm/xcode

SwiftCompile normal armv7k /Users/admin/builder/spi-builder-workspace/.dependencies/checkouts/quiver/Sources/Quiver/Extensions/Calculus/Jacobian.swift (in target 'Quiver' from project 'Quiver')
    cd /Users/admin/builder/spi-builder-workspace/.swiftpm/xcode

SwiftCompile normal armv7k /Users/admin/builder/spi-builder-workspace/.dependencies/checkouts/quiver/Sources/Quiver/Extensions/Data/AggregationMethod.swift (in target 'Quiver' from project 'Quiver')
    cd /Users/admin/builder/spi-builder-workspace/.swiftpm/xcode

SwiftCompile normal armv7k /Users/admin/builder/spi-builder-workspace/.dependencies/checkouts/quiver/Sources/Quiver/Extensions/Data/ArrayCharts.swift (in target 'Quiver' from project 'Quiver')
    cd /Users/admin/builder/spi-builder-workspace/.swiftpm/xcode

SwiftCompile normal armv7k /Users/admin/builder/spi-builder-workspace/.dependencies/checkouts/quiver/Sources/Quiver/Extensions/Data/ArrayMetrics.swift (in target 'Quiver' from project 'Quiver')
    cd /Users/admin/builder/spi-builder-workspace/.swiftpm/xcode

SwiftCompile normal armv7k /Users/admin/builder/spi-builder-workspace/.dependencies/checkouts/quiver/Sources/Quiver/Extensions/Data/ArraySampling.swift (in target 'Quiver' from project 'Quiver')
    cd /Users/admin/builder/spi-builder-workspace/.swiftpm/xcode

Copy /Users/admin/builder/spi-builder-workspace/.derivedData/Build/Products/Debug-watchos/Quiver.swiftmodule/arm64_32-apple-watchos.swiftmodule /Users/admin/builder/spi-builder-workspace/.derivedData/Build/Intermediates.noindex/Quiver.build/Debug-watchos/Quiver.build/Objects-normal/arm64_32/Quiver.swiftmodule (in target 'Quiver' from project 'Quiver')
    cd /Users/admin/builder/spi-builder-workspace/.dependencies/checkouts/quiver
    builtin-copy -exclude .DS_Store -exclude CVS -exclude .svn -exclude .git -exclude .hg -resolve-src-symlinks -rename /Users/admin/builder/spi-builder-workspace/.derivedData/Build/Intermediates.noindex/Quiver.build/Debug-watchos/Quiver.build/Objects-normal/arm64_32/Quiver.swiftmodule /Users/admin/builder/spi-builder-workspace/.derivedData/Build/Products/Debug-watchos/Quiver.swiftmodule/arm64_32-apple-watchos.swiftmodule
SwiftDriverJobDiscovery normal armv7k Compiling EmbeddingIndex.swift, LUDecomposition.swift, LogDeterminant.swift, MatrixError.swift, MatrixExpression.swift, MatrixSolve.swift, VectorForm.swift, VectorOperations.swift, Quiver.swift (in target 'Quiver' from project 'Quiver')
Copy /Users/admin/builder/spi-builder-workspace/.derivedData/Build/Products/Debug-watchos/Quiver.swiftmodule/arm64_32-apple-watchos.abi.json /Users/admin/builder/spi-builder-workspace/.derivedData/Build/Intermediates.noindex/Quiver.build/Debug-watchos/Quiver.build/Objects-normal/arm64_32/Quiver.abi.json (in target 'Quiver' from project 'Quiver')
    cd /Users/admin/builder/spi-builder-workspace/.dependencies/checkouts/quiver
    builtin-copy -exclude .DS_Store -exclude CVS -exclude .svn -exclude .git -exclude .hg -resolve-src-symlinks -rename /Users/admin/builder/spi-builder-workspace/.derivedData/Build/Intermediates.noindex/Quiver.build/Debug-watchos/Quiver.build/Objects-normal/arm64_32/Quiver.abi.json /Users/admin/builder/spi-builder-workspace/.derivedData/Build/Products/Debug-watchos/Quiver.swiftmodule/arm64_32-apple-watchos.abi.json
SwiftCompile normal armv7k Compiling\ Cluster.swift,\ Coefficients.swift,\ DistanceMetric.swift,\ FeatureScaler.swift,\ GaussianNaiveBayes.swift,\ GradientDescent.swift,\ GradientDescentError.swift,\ KMeansClustering.swift,\ KNearestNeighbors.swift,\ LinearRegression.swift /Users/admin/builder/spi-builder-workspace/.dependencies/checkouts/quiver/Sources/Quiver/Extensions/Models/Cluster.swift /Users/admin/builder/spi-builder-workspace/.dependencies/checkouts/quiver/Sources/Quiver/Extensions/Models/Coefficients.swift /Users/admin/builder/spi-builder-workspace/.dependencies/checkouts/quiver/Sources/Quiver/Extensions/Models/DistanceMetric.swift /Users/admin/builder/spi-builder-workspace/.dependencies/checkouts/quiver/Sources/Quiver/Extensions/Models/FeatureScaler.swift /Users/admin/builder/spi-builder-workspace/.dependencies/checkouts/quiver/Sources/Quiver/Extensions/Models/GaussianNaiveBayes.swift /Users/admin/builder/spi-builder-workspace/.dependencies/checkouts/quiver/Sources/Quiver/Extensions/Models/GradientDescent.swift /Users/admin/builder/spi-builder-workspace/.dependencies/checkouts/quiver/Sources/Quiver/Extensions/Models/GradientDescentError.swift /Users/admin/builder/spi-builder-workspace/.dependencies/checkouts/quiver/Sources/Quiver/Extensions/Models/KMeansClustering.swift /Users/admin/builder/spi-builder-workspace/.dependencies/checkouts/quiver/Sources/Quiver/Extensions/Models/KNearestNeighbors.swift /Users/admin/builder/spi-builder-workspace/.dependencies/checkouts/quiver/Sources/Quiver/Extensions/Models/LinearRegression.swift (in target 'Quiver' from project 'Quiver')
SwiftCompile normal armv7k /Users/admin/builder/spi-builder-workspace/.dependencies/checkouts/quiver/Sources/Quiver/Extensions/Models/Cluster.swift (in target 'Quiver' from project 'Quiver')
    cd /Users/admin/builder/spi-builder-workspace/.swiftpm/xcode

SwiftCompile normal armv7k /Users/admin/builder/spi-builder-workspace/.dependencies/checkouts/quiver/Sources/Quiver/Extensions/Models/Coefficients.swift (in target 'Quiver' from project 'Quiver')
    cd /Users/admin/builder/spi-builder-workspace/.swiftpm/xcode

SwiftCompile normal armv7k /Users/admin/builder/spi-builder-workspace/.dependencies/checkouts/quiver/Sources/Quiver/Extensions/Models/DistanceMetric.swift (in target 'Quiver' from project 'Quiver')
    cd /Users/admin/builder/spi-builder-workspace/.swiftpm/xcode

SwiftCompile normal armv7k /Users/admin/builder/spi-builder-workspace/.dependencies/checkouts/quiver/Sources/Quiver/Extensions/Models/FeatureScaler.swift (in target 'Quiver' from project 'Quiver')
    cd /Users/admin/builder/spi-builder-workspace/.swiftpm/xcode

SwiftCompile normal armv7k /Users/admin/builder/spi-builder-workspace/.dependencies/checkouts/quiver/Sources/Quiver/Extensions/Models/GaussianNaiveBayes.swift (in target 'Quiver' from project 'Quiver')
    cd /Users/admin/builder/spi-builder-workspace/.swiftpm/xcode

SwiftCompile normal armv7k /Users/admin/builder/spi-builder-workspace/.dependencies/checkouts/quiver/Sources/Quiver/Extensions/Models/GradientDescent.swift (in target 'Quiver' from project 'Quiver')
    cd /Users/admin/builder/spi-builder-workspace/.swiftpm/xcode

SwiftCompile normal armv7k /Users/admin/builder/spi-builder-workspace/.dependencies/checkouts/quiver/Sources/Quiver/Extensions/Models/GradientDescentError.swift (in target 'Quiver' from project 'Quiver')
    cd /Users/admin/builder/spi-builder-workspace/.swiftpm/xcode

SwiftCompile normal armv7k /Users/admin/builder/spi-builder-workspace/.dependencies/checkouts/quiver/Sources/Quiver/Extensions/Models/KMeansClustering.swift (in target 'Quiver' from project 'Quiver')
    cd /Users/admin/builder/spi-builder-workspace/.swiftpm/xcode

SwiftCompile normal armv7k /Users/admin/builder/spi-builder-workspace/.dependencies/checkouts/quiver/Sources/Quiver/Extensions/Models/KNearestNeighbors.swift (in target 'Quiver' from project 'Quiver')
    cd /Users/admin/builder/spi-builder-workspace/.swiftpm/xcode

SwiftCompile normal armv7k /Users/admin/builder/spi-builder-workspace/.dependencies/checkouts/quiver/Sources/Quiver/Extensions/Models/LinearRegression.swift (in target 'Quiver' from project 'Quiver')
    cd /Users/admin/builder/spi-builder-workspace/.swiftpm/xcode

SwiftCompile normal arm64_32 Compiling\ LogisticRegression.swift,\ PCA.swift,\ Pipeline.swift,\ Regressor.swift,\ ResidualModel.swift,\ Ridge.swift,\ StandardScaler.swift,\ Anchors.swift,\ EffortClass.swift,\ EffortSignals.swift /Users/admin/builder/spi-builder-workspace/.dependencies/checkouts/quiver/Sources/Quiver/Extensions/Models/LogisticRegression.swift /Users/admin/builder/spi-builder-workspace/.dependencies/checkouts/quiver/Sources/Quiver/Extensions/Models/PCA.swift /Users/admin/builder/spi-builder-workspace/.dependencies/checkouts/quiver/Sources/Quiver/Extensions/Models/Pipeline.swift /Users/admin/builder/spi-builder-workspace/.dependencies/checkouts/quiver/Sources/Quiver/Extensions/Models/Regressor.swift /Users/admin/builder/spi-builder-workspace/.dependencies/checkouts/quiver/Sources/Quiver/Extensions/Models/ResidualModel.swift /Users/admin/builder/spi-builder-workspace/.dependencies/checkouts/quiver/Sources/Quiver/Extensions/Models/Ridge.swift /Users/admin/builder/spi-builder-workspace/.dependencies/checkouts/quiver/Sources/Quiver/Extensions/Models/StandardScaler.swift /Users/admin/builder/spi-builder-workspace/.dependencies/checkouts/quiver/Sources/Quiver/Extensions/Models/TES/Anchors.swift /Users/admin/builder/spi-builder-workspace/.dependencies/checkouts/quiver/Sources/Quiver/Extensions/Models/TES/EffortClass.swift /Users/admin/builder/spi-builder-workspace/.dependencies/checkouts/quiver/Sources/Quiver/Extensions/Models/TES/EffortSignals.swift (in target 'Quiver' from project 'Quiver')
SwiftCompile normal arm64_32 /Users/admin/builder/spi-builder-workspace/.dependencies/checkouts/quiver/Sources/Quiver/Extensions/Models/LogisticRegression.swift (in target 'Quiver' from project 'Quiver')
    cd /Users/admin/builder/spi-builder-workspace/.swiftpm/xcode

SwiftCompile normal arm64_32 /Users/admin/builder/spi-builder-workspace/.dependencies/checkouts/quiver/Sources/Quiver/Extensions/Models/PCA.swift (in target 'Quiver' from project 'Quiver')
    cd /Users/admin/builder/spi-builder-workspace/.swiftpm/xcode

SwiftCompile normal arm64_32 /Users/admin/builder/spi-builder-workspace/.dependencies/checkouts/quiver/Sources/Quiver/Extensions/Models/Pipeline.swift (in target 'Quiver' from project 'Quiver')
    cd /Users/admin/builder/spi-builder-workspace/.swiftpm/xcode

SwiftCompile normal arm64_32 /Users/admin/builder/spi-builder-workspace/.dependencies/checkouts/quiver/Sources/Quiver/Extensions/Models/Regressor.swift (in target 'Quiver' from project 'Quiver')
    cd /Users/admin/builder/spi-builder-workspace/.swiftpm/xcode

SwiftCompile normal arm64_32 /Users/admin/builder/spi-builder-workspace/.dependencies/checkouts/quiver/Sources/Quiver/Extensions/Models/ResidualModel.swift (in target 'Quiver' from project 'Quiver')
    cd /Users/admin/builder/spi-builder-workspace/.swiftpm/xcode

SwiftCompile normal arm64_32 /Users/admin/builder/spi-builder-workspace/.dependencies/checkouts/quiver/Sources/Quiver/Extensions/Models/Ridge.swift (in target 'Quiver' from project 'Quiver')
    cd /Users/admin/builder/spi-builder-workspace/.swiftpm/xcode

SwiftCompile normal arm64_32 /Users/admin/builder/spi-builder-workspace/.dependencies/checkouts/quiver/Sources/Quiver/Extensions/Models/StandardScaler.swift (in target 'Quiver' from project 'Quiver')
    cd /Users/admin/builder/spi-builder-workspace/.swiftpm/xcode

SwiftCompile normal arm64_32 /Users/admin/builder/spi-builder-workspace/.dependencies/checkouts/quiver/Sources/Quiver/Extensions/Models/TES/Anchors.swift (in target 'Quiver' from project 'Quiver')
    cd /Users/admin/builder/spi-builder-workspace/.swiftpm/xcode

SwiftCompile normal arm64_32 /Users/admin/builder/spi-builder-workspace/.dependencies/checkouts/quiver/Sources/Quiver/Extensions/Models/TES/EffortClass.swift (in target 'Quiver' from project 'Quiver')
    cd /Users/admin/builder/spi-builder-workspace/.swiftpm/xcode

SwiftCompile normal arm64_32 /Users/admin/builder/spi-builder-workspace/.dependencies/checkouts/quiver/Sources/Quiver/Extensions/Models/TES/EffortSignals.swift (in target 'Quiver' from project 'Quiver')
    cd /Users/admin/builder/spi-builder-workspace/.swiftpm/xcode

SwiftDriverJobDiscovery normal arm64 Compiling _VectorOperations.swift, _VectorRegression.swift, _VectorReshape.swift, _VectorSampling.swift, _VectorStatistics.swift, Jacobian.swift, AggregationMethod.swift, ArrayCharts.swift, ArrayMetrics.swift, ArraySampling.swift (in target 'Quiver' from project 'Quiver')
SwiftDriver Recipes normal armv7k com.apple.xcode.tools.swift.compiler (in target 'Recipes' from project 'quiver-cookbook')
    cd /Users/admin/builder/spi-builder-workspace/.swiftpm/xcode
    builtin-SwiftDriver -- /Applications/Xcode-16.3.0.app/Contents/Developer/Toolchains/XcodeDefault.xctoolchain/usr/bin/swiftc -module-name Recipes -Onone -enforce-exclusivity\=checked @/Users/admin/builder/spi-builder-workspace/.derivedData/Build/Intermediates.noindex/quiver-cookbook.build/Debug-watchos/Recipes.build/Objects-normal/armv7k/Recipes.SwiftFileList -DSWIFT_PACKAGE -DDEBUG -DXcode -plugin-path /Applications/Xcode-16.3.0.app/Contents/Developer/Toolchains/XcodeDefault.xctoolchain/usr/lib/swift/host/plugins/testing -enable-experimental-feature DebugDescriptionMacro -sdk /Applications/Xcode-16.3.0.app/Contents/Developer/Platforms/WatchOS.platform/Developer/SDKs/WatchOS11.4.sdk -target armv7k-apple-watchos8.0 -g -module-cache-path /Users/admin/builder/spi-builder-workspace/.derivedData/ModuleCache.noindex -Xfrontend -serialize-debugging-options -enable-testing -index-store-path /Users/admin/builder/spi-builder-workspace/.derivedData/Index.noindex/DataStore -swift-version 5 -I /Users/admin/builder/spi-builder-workspace/.derivedData/Build/Products/Debug-watchos -I /Applications/Xcode-16.3.0.app/Contents/Developer/Platforms/WatchOS.platform/Developer/usr/lib -F /Users/admin/builder/spi-builder-workspace/.derivedData/Build/Products/Debug-watchos/PackageFrameworks -F /Users/admin/builder/spi-builder-workspace/.derivedData/Build/Products/Debug-watchos -F /Applications/Xcode-16.3.0.app/Contents/Developer/Platforms/WatchOS.platform/Developer/Library/Frameworks -F /Applications/Xcode-16.3.0.app/Contents/Developer/Platforms/WatchOS.platform/Developer/SDKs/WatchOS11.4.sdk/Developer/Library/Frameworks -c -j10 -enable-batch-mode -incremental -Xcc -ivfsstatcache -Xcc /Users/admin/builder/spi-builder-workspace/.derivedData/SDKStatCaches.noindex/watchos11.4-22T246-43efb940ff07ba2497b70ec94253f576.sdkstatcache -output-file-map /Users/admin/builder/spi-builder-workspace/.derivedData/Build/Intermediates.noindex/quiver-cookbook.build/Debug-watchos/Recipes.build/Objects-normal/armv7k/Recipes-OutputFileMap.json -use-frontend-parseable-output -save-temps -no-color-diagnostics -serialize-diagnostics -emit-dependencies -emit-module -emit-module-path /Users/admin/builder/spi-builder-workspace/.derivedData/Build/Intermediates.noindex/quiver-cookbook.build/Debug-watchos/Recipes.build/Objects-normal/armv7k/Recipes.swiftmodule -validate-clang-modules-once -clang-build-session-file /Users/admin/builder/spi-builder-workspace/.derivedData/ModuleCache.noindex/Session.modulevalidation -package-name spi_builder_workspace -Xcc -I/Users/admin/builder/spi-builder-workspace/.derivedData/Build/Intermediates.noindex/quiver-cookbook.build/Debug-watchos/Recipes.build/swift-overrides.hmap -emit-const-values -Xfrontend -const-gather-protocols-file -Xfrontend /Users/admin/builder/spi-builder-workspace/.derivedData/Build/Intermediates.noindex/quiver-cookbook.build/Debug-watchos/Recipes.build/Objects-normal/armv7k/Recipes_const_extract_protocols.json -Xcc -I/Users/admin/builder/spi-builder-workspace/.derivedData/Build/Products/Debug-watchos/include -Xcc -I/Users/admin/builder/spi-builder-workspace/.derivedData/Build/Intermediates.noindex/quiver-cookbook.build/Debug-watchos/Recipes.build/DerivedSources-normal/armv7k -Xcc -I/Users/admin/builder/spi-builder-workspace/.derivedData/Build/Intermediates.noindex/quiver-cookbook.build/Debug-watchos/Recipes.build/DerivedSources/armv7k -Xcc -I/Users/admin/builder/spi-builder-workspace/.derivedData/Build/Intermediates.noindex/quiver-cookbook.build/Debug-watchos/Recipes.build/DerivedSources -Xcc -DSWIFT_PACKAGE -Xcc -DDEBUG\=1 -emit-objc-header -emit-objc-header-path /Users/admin/builder/spi-builder-workspace/.derivedData/Build/Intermediates.noindex/quiver-cookbook.build/Debug-watchos/Recipes.build/Objects-normal/armv7k/Recipes-Swift.h -working-directory /Users/admin/builder/spi-builder-workspace/.swiftpm/xcode -experimental-emit-module-separately -disable-cmo
SwiftDriverJobDiscovery normal armv7k Compiling LogisticRegression.swift, PCA.swift, Pipeline.swift, Regressor.swift, ResidualModel.swift, Ridge.swift, StandardScaler.swift, Anchors.swift, EffortClass.swift, EffortSignals.swift (in target 'Quiver' from project 'Quiver')
SwiftDriver Recipes normal arm64_32 com.apple.xcode.tools.swift.compiler (in target 'Recipes' from project 'quiver-cookbook')
    cd /Users/admin/builder/spi-builder-workspace/.swiftpm/xcode
    builtin-SwiftDriver -- /Applications/Xcode-16.3.0.app/Contents/Developer/Toolchains/XcodeDefault.xctoolchain/usr/bin/swiftc -module-name Recipes -Onone -enforce-exclusivity\=checked @/Users/admin/builder/spi-builder-workspace/.derivedData/Build/Intermediates.noindex/quiver-cookbook.build/Debug-watchos/Recipes.build/Objects-normal/arm64_32/Recipes.SwiftFileList -DSWIFT_PACKAGE -DDEBUG -DXcode -plugin-path /Applications/Xcode-16.3.0.app/Contents/Developer/Toolchains/XcodeDefault.xctoolchain/usr/lib/swift/host/plugins/testing -enable-experimental-feature DebugDescriptionMacro -sdk /Applications/Xcode-16.3.0.app/Contents/Developer/Platforms/WatchOS.platform/Developer/SDKs/WatchOS11.4.sdk -target arm64_32-apple-watchos8.0 -g -module-cache-path /Users/admin/builder/spi-builder-workspace/.derivedData/ModuleCache.noindex -Xfrontend -serialize-debugging-options -enable-testing -index-store-path /Users/admin/builder/spi-builder-workspace/.derivedData/Index.noindex/DataStore -swift-version 5 -I /Users/admin/builder/spi-builder-workspace/.derivedData/Build/Products/Debug-watchos -I /Applications/Xcode-16.3.0.app/Contents/Developer/Platforms/WatchOS.platform/Developer/usr/lib -F /Users/admin/builder/spi-builder-workspace/.derivedData/Build/Products/Debug-watchos/PackageFrameworks -F /Users/admin/builder/spi-builder-workspace/.derivedData/Build/Products/Debug-watchos -F /Applications/Xcode-16.3.0.app/Contents/Developer/Platforms/WatchOS.platform/Developer/Library/Frameworks -F /Applications/Xcode-16.3.0.app/Contents/Developer/Platforms/WatchOS.platform/Developer/SDKs/WatchOS11.4.sdk/Developer/Library/Frameworks -c -j10 -enable-batch-mode -incremental -Xcc -ivfsstatcache -Xcc /Users/admin/builder/spi-builder-workspace/.derivedData/SDKStatCaches.noindex/watchos11.4-22T246-43efb940ff07ba2497b70ec94253f576.sdkstatcache -output-file-map /Users/admin/builder/spi-builder-workspace/.derivedData/Build/Intermediates.noindex/quiver-cookbook.build/Debug-watchos/Recipes.build/Objects-normal/arm64_32/Recipes-OutputFileMap.json -use-frontend-parseable-output -save-temps -no-color-diagnostics -serialize-diagnostics -emit-dependencies -emit-module -emit-module-path /Users/admin/builder/spi-builder-workspace/.derivedData/Build/Intermediates.noindex/quiver-cookbook.build/Debug-watchos/Recipes.build/Objects-normal/arm64_32/Recipes.swiftmodule -validate-clang-modules-once -clang-build-session-file /Users/admin/builder/spi-builder-workspace/.derivedData/ModuleCache.noindex/Session.modulevalidation -package-name spi_builder_workspace -Xcc -I/Users/admin/builder/spi-builder-workspace/.derivedData/Build/Intermediates.noindex/quiver-cookbook.build/Debug-watchos/Recipes.build/swift-overrides.hmap -emit-const-values -Xfrontend -const-gather-protocols-file -Xfrontend /Users/admin/builder/spi-builder-workspace/.derivedData/Build/Intermediates.noindex/quiver-cookbook.build/Debug-watchos/Recipes.build/Objects-normal/arm64_32/Recipes_const_extract_protocols.json -Xcc -I/Users/admin/builder/spi-builder-workspace/.derivedData/Build/Products/Debug-watchos/include -Xcc -I/Users/admin/builder/spi-builder-workspace/.derivedData/Build/Intermediates.noindex/quiver-cookbook.build/Debug-watchos/Recipes.build/DerivedSources-normal/arm64_32 -Xcc -I/Users/admin/builder/spi-builder-workspace/.derivedData/Build/Intermediates.noindex/quiver-cookbook.build/Debug-watchos/Recipes.build/DerivedSources/arm64_32 -Xcc -I/Users/admin/builder/spi-builder-workspace/.derivedData/Build/Intermediates.noindex/quiver-cookbook.build/Debug-watchos/Recipes.build/DerivedSources -Xcc -DSWIFT_PACKAGE -Xcc -DDEBUG\=1 -emit-objc-header -emit-objc-header-path /Users/admin/builder/spi-builder-workspace/.derivedData/Build/Intermediates.noindex/quiver-cookbook.build/Debug-watchos/Recipes.build/Objects-normal/arm64_32/Recipes-Swift.h -working-directory /Users/admin/builder/spi-builder-workspace/.swiftpm/xcode -experimental-emit-module-separately -disable-cmo
SwiftDriverJobDiscovery normal arm64_32 Compiling BinRule.swift, ClassificationReport.swift, ColumnSummary.swift, ContingencyTable.swift, EmpiricalRule.swift, Frequency.swift, Panel.swift, PanelSummary.swift, Quartiles.swift, RegressionSummary.swift (in target 'Quiver' from project 'Quiver')
SwiftDriver Recipes normal arm64 com.apple.xcode.tools.swift.compiler (in target 'Recipes' from project 'quiver-cookbook')
    cd /Users/admin/builder/spi-builder-workspace/.swiftpm/xcode
    builtin-SwiftDriver -- /Applications/Xcode-16.3.0.app/Contents/Developer/Toolchains/XcodeDefault.xctoolchain/usr/bin/swiftc -module-name Recipes -Onone -enforce-exclusivity\=checked @/Users/admin/builder/spi-builder-workspace/.derivedData/Build/Intermediates.noindex/quiver-cookbook.build/Debug-watchos/Recipes.build/Objects-normal/arm64/Recipes.SwiftFileList -DSWIFT_PACKAGE -DDEBUG -DXcode -plugin-path /Applications/Xcode-16.3.0.app/Contents/Developer/Toolchains/XcodeDefault.xctoolchain/usr/lib/swift/host/plugins/testing -enable-experimental-feature DebugDescriptionMacro -sdk /Applications/Xcode-16.3.0.app/Contents/Developer/Platforms/WatchOS.platform/Developer/SDKs/WatchOS11.4.sdk -target arm64-apple-watchos8.0 -g -module-cache-path /Users/admin/builder/spi-builder-workspace/.derivedData/ModuleCache.noindex -Xfrontend -serialize-debugging-options -enable-testing -index-store-path /Users/admin/builder/spi-builder-workspace/.derivedData/Index.noindex/DataStore -swift-version 5 -I /Users/admin/builder/spi-builder-workspace/.derivedData/Build/Products/Debug-watchos -I /Applications/Xcode-16.3.0.app/Contents/Developer/Platforms/WatchOS.platform/Developer/usr/lib -F /Users/admin/builder/spi-builder-workspace/.derivedData/Build/Products/Debug-watchos/PackageFrameworks -F /Users/admin/builder/spi-builder-workspace/.derivedData/Build/Products/Debug-watchos -F /Applications/Xcode-16.3.0.app/Contents/Developer/Platforms/WatchOS.platform/Developer/Library/Frameworks -F /Applications/Xcode-16.3.0.app/Contents/Developer/Platforms/WatchOS.platform/Developer/SDKs/WatchOS11.4.sdk/Developer/Library/Frameworks -c -j10 -enable-batch-mode -incremental -Xcc -ivfsstatcache -Xcc /Users/admin/builder/spi-builder-workspace/.derivedData/SDKStatCaches.noindex/watchos11.4-22T246-43efb940ff07ba2497b70ec94253f576.sdkstatcache -output-file-map /Users/admin/builder/spi-builder-workspace/.derivedData/Build/Intermediates.noindex/quiver-cookbook.build/Debug-watchos/Recipes.build/Objects-normal/arm64/Recipes-OutputFileMap.json -use-frontend-parseable-output -save-temps -no-color-diagnostics -serialize-diagnostics -emit-dependencies -emit-module -emit-module-path /Users/admin/builder/spi-builder-workspace/.derivedData/Build/Intermediates.noindex/quiver-cookbook.build/Debug-watchos/Recipes.build/Objects-normal/arm64/Recipes.swiftmodule -validate-clang-modules-once -clang-build-session-file /Users/admin/builder/spi-builder-workspace/.derivedData/ModuleCache.noindex/Session.modulevalidation -package-name spi_builder_workspace -Xcc -I/Users/admin/builder/spi-builder-workspace/.derivedData/Build/Intermediates.noindex/quiver-cookbook.build/Debug-watchos/Recipes.build/swift-overrides.hmap -emit-const-values -Xfrontend -const-gather-protocols-file -Xfrontend /Users/admin/builder/spi-builder-workspace/.derivedData/Build/Intermediates.noindex/quiver-cookbook.build/Debug-watchos/Recipes.build/Objects-normal/arm64/Recipes_const_extract_protocols.json -Xcc -I/Users/admin/builder/spi-builder-workspace/.derivedData/Build/Products/Debug-watchos/include -Xcc -I/Users/admin/builder/spi-builder-workspace/.derivedData/Build/Intermediates.noindex/quiver-cookbook.build/Debug-watchos/Recipes.build/DerivedSources-normal/arm64 -Xcc -I/Users/admin/builder/spi-builder-workspace/.derivedData/Build/Intermediates.noindex/quiver-cookbook.build/Debug-watchos/Recipes.build/DerivedSources/arm64 -Xcc -I/Users/admin/builder/spi-builder-workspace/.derivedData/Build/Intermediates.noindex/quiver-cookbook.build/Debug-watchos/Recipes.build/DerivedSources -Xcc -DSWIFT_PACKAGE -Xcc -DDEBUG\=1 -emit-objc-header -emit-objc-header-path /Users/admin/builder/spi-builder-workspace/.derivedData/Build/Intermediates.noindex/quiver-cookbook.build/Debug-watchos/Recipes.build/Objects-normal/arm64/Recipes-Swift.h -working-directory /Users/admin/builder/spi-builder-workspace/.swiftpm/xcode -experimental-emit-module-separately -disable-cmo
SwiftDriverJobDiscovery normal arm64_32 Compiling Cluster.swift, Coefficients.swift, DistanceMetric.swift, FeatureScaler.swift, GaussianNaiveBayes.swift, GradientDescent.swift, GradientDescentError.swift, KMeansClustering.swift, KNearestNeighbors.swift, LinearRegression.swift (in target 'Quiver' from project 'Quiver')
SwiftCompile normal armv7k Compiling\ ArrayBroadcast.swift,\ ArrayElementwise.swift,\ ArrayExpression.swift,\ ArrayStatistics.swift,\ Chunker.swift,\ CovarianceMatrix.swift,\ DictionaryNearest.swift,\ EigenDecomposition.swift,\ Embedder.swift /Users/admin/builder/spi-builder-workspace/.dependencies/checkouts/quiver/Sources/Quiver/Extensions/Vectors/ArrayBroadcast.swift /Users/admin/builder/spi-builder-workspace/.dependencies/checkouts/quiver/Sources/Quiver/Extensions/Vectors/ArrayElementwise.swift /Users/admin/builder/spi-builder-workspace/.dependencies/checkouts/quiver/Sources/Quiver/Extensions/Vectors/ArrayExpression.swift /Users/admin/builder/spi-builder-workspace/.dependencies/checkouts/quiver/Sources/Quiver/Extensions/Vectors/ArrayStatistics.swift /Users/admin/builder/spi-builder-workspace/.dependencies/checkouts/quiver/Sources/Quiver/Extensions/Vectors/Chunker.swift /Users/admin/builder/spi-builder-workspace/.dependencies/checkouts/quiver/Sources/Quiver/Extensions/Vectors/CovarianceMatrix.swift /Users/admin/builder/spi-builder-workspace/.dependencies/checkouts/quiver/Sources/Quiver/Extensions/Vectors/DictionaryNearest.swift /Users/admin/builder/spi-builder-workspace/.dependencies/checkouts/quiver/Sources/Quiver/Extensions/Vectors/EigenDecomposition.swift /Users/admin/builder/spi-builder-workspace/.dependencies/checkouts/quiver/Sources/Quiver/Extensions/Vectors/Embedder.swift (in target 'Quiver' from project 'Quiver')
SwiftCompile normal armv7k /Users/admin/builder/spi-builder-workspace/.dependencies/checkouts/quiver/Sources/Quiver/Extensions/Vectors/ArrayBroadcast.swift (in target 'Quiver' from project 'Quiver')
    cd /Users/admin/builder/spi-builder-workspace/.swiftpm/xcode

SwiftCompile normal armv7k /Users/admin/builder/spi-builder-workspace/.dependencies/checkouts/quiver/Sources/Quiver/Extensions/Vectors/ArrayElementwise.swift (in target 'Quiver' from project 'Quiver')
    cd /Users/admin/builder/spi-builder-workspace/.swiftpm/xcode

SwiftCompile normal armv7k /Users/admin/builder/spi-builder-workspace/.dependencies/checkouts/quiver/Sources/Quiver/Extensions/Vectors/ArrayExpression.swift (in target 'Quiver' from project 'Quiver')
    cd /Users/admin/builder/spi-builder-workspace/.swiftpm/xcode

SwiftCompile normal armv7k /Users/admin/builder/spi-builder-workspace/.dependencies/checkouts/quiver/Sources/Quiver/Extensions/Vectors/ArrayStatistics.swift (in target 'Quiver' from project 'Quiver')
    cd /Users/admin/builder/spi-builder-workspace/.swiftpm/xcode

SwiftCompile normal armv7k /Users/admin/builder/spi-builder-workspace/.dependencies/checkouts/quiver/Sources/Quiver/Extensions/Vectors/Chunker.swift (in target 'Quiver' from project 'Quiver')
    cd /Users/admin/builder/spi-builder-workspace/.swiftpm/xcode

SwiftCompile normal armv7k /Users/admin/builder/spi-builder-workspace/.dependencies/checkouts/quiver/Sources/Quiver/Extensions/Vectors/CovarianceMatrix.swift (in target 'Quiver' from project 'Quiver')
    cd /Users/admin/builder/spi-builder-workspace/.swiftpm/xcode

SwiftCompile normal armv7k /Users/admin/builder/spi-builder-workspace/.dependencies/checkouts/quiver/Sources/Quiver/Extensions/Vectors/DictionaryNearest.swift (in target 'Quiver' from project 'Quiver')
    cd /Users/admin/builder/spi-builder-workspace/.swiftpm/xcode

SwiftCompile normal armv7k /Users/admin/builder/spi-builder-workspace/.dependencies/checkouts/quiver/Sources/Quiver/Extensions/Vectors/EigenDecomposition.swift (in target 'Quiver' from project 'Quiver')
    cd /Users/admin/builder/spi-builder-workspace/.swiftpm/xcode

SwiftCompile normal armv7k /Users/admin/builder/spi-builder-workspace/.dependencies/checkouts/quiver/Sources/Quiver/Extensions/Vectors/Embedder.swift (in target 'Quiver' from project 'Quiver')
    cd /Users/admin/builder/spi-builder-workspace/.swiftpm/xcode

SwiftCompile normal arm64_32 Compiling\ PowerSpectrum.swift,\ _Bayes.swift,\ _Eigen.swift,\ _Fourier.swift,\ _GradientDescent.swift,\ _LogisticRegression.swift,\ _Vector.swift,\ _VectorComparable.swift,\ _VectorGeneration.swift,\ _VectorMetrics.swift /Users/admin/builder/spi-builder-workspace/.dependencies/checkouts/quiver/Sources/Quiver/Core/PowerSpectrum.swift /Users/admin/builder/spi-builder-workspace/.dependencies/checkouts/quiver/Sources/Quiver/Core/_Bayes.swift /Users/admin/builder/spi-builder-workspace/.dependencies/checkouts/quiver/Sources/Quiver/Core/_Eigen.swift /Users/admin/builder/spi-builder-workspace/.dependencies/checkouts/quiver/Sources/Quiver/Core/_Fourier.swift /Users/admin/builder/spi-builder-workspace/.dependencies/checkouts/quiver/Sources/Quiver/Core/_GradientDescent.swift /Users/admin/builder/spi-builder-workspace/.dependencies/checkouts/quiver/Sources/Quiver/Core/_LogisticRegression.swift /Users/admin/builder/spi-builder-workspace/.dependencies/checkouts/quiver/Sources/Quiver/Core/_Vector.swift /Users/admin/builder/spi-builder-workspace/.dependencies/checkouts/quiver/Sources/Quiver/Core/_VectorComparable.swift /Users/admin/builder/spi-builder-workspace/.dependencies/checkouts/quiver/Sources/Quiver/Core/_VectorGeneration.swift /Users/admin/builder/spi-builder-workspace/.dependencies/checkouts/quiver/Sources/Quiver/Core/_VectorMetrics.swift (in target 'Quiver' from project 'Quiver')
SwiftCompile normal arm64_32 /Users/admin/builder/spi-builder-workspace/.dependencies/checkouts/quiver/Sources/Quiver/Core/PowerSpectrum.swift (in target 'Quiver' from project 'Quiver')
    cd /Users/admin/builder/spi-builder-workspace/.swiftpm/xcode

SwiftCompile normal arm64_32 /Users/admin/builder/spi-builder-workspace/.dependencies/checkouts/quiver/Sources/Quiver/Core/_Bayes.swift (in target 'Quiver' from project 'Quiver')
    cd /Users/admin/builder/spi-builder-workspace/.swiftpm/xcode

SwiftCompile normal arm64_32 /Users/admin/builder/spi-builder-workspace/.dependencies/checkouts/quiver/Sources/Quiver/Core/_Eigen.swift (in target 'Quiver' from project 'Quiver')
    cd /Users/admin/builder/spi-builder-workspace/.swiftpm/xcode

SwiftCompile normal arm64_32 /Users/admin/builder/spi-builder-workspace/.dependencies/checkouts/quiver/Sources/Quiver/Core/_Fourier.swift (in target 'Quiver' from project 'Quiver')
    cd /Users/admin/builder/spi-builder-workspace/.swiftpm/xcode

SwiftCompile normal arm64_32 /Users/admin/builder/spi-builder-workspace/.dependencies/checkouts/quiver/Sources/Quiver/Core/_GradientDescent.swift (in target 'Quiver' from project 'Quiver')
    cd /Users/admin/builder/spi-builder-workspace/.swiftpm/xcode

SwiftCompile normal arm64_32 /Users/admin/builder/spi-builder-workspace/.dependencies/checkouts/quiver/Sources/Quiver/Core/_LogisticRegression.swift (in target 'Quiver' from project 'Quiver')
    cd /Users/admin/builder/spi-builder-workspace/.swiftpm/xcode

SwiftCompile normal arm64_32 /Users/admin/builder/spi-builder-workspace/.dependencies/checkouts/quiver/Sources/Quiver/Core/_Vector.swift (in target 'Quiver' from project 'Quiver')
    cd /Users/admin/builder/spi-builder-workspace/.swiftpm/xcode

SwiftCompile normal arm64_32 /Users/admin/builder/spi-builder-workspace/.dependencies/checkouts/quiver/Sources/Quiver/Core/_VectorComparable.swift (in target 'Quiver' from project 'Quiver')
    cd /Users/admin/builder/spi-builder-workspace/.swiftpm/xcode

SwiftCompile normal arm64_32 /Users/admin/builder/spi-builder-workspace/.dependencies/checkouts/quiver/Sources/Quiver/Core/_VectorGeneration.swift (in target 'Quiver' from project 'Quiver')
    cd /Users/admin/builder/spi-builder-workspace/.swiftpm/xcode

SwiftCompile normal arm64_32 /Users/admin/builder/spi-builder-workspace/.dependencies/checkouts/quiver/Sources/Quiver/Core/_VectorMetrics.swift (in target 'Quiver' from project 'Quiver')
    cd /Users/admin/builder/spi-builder-workspace/.swiftpm/xcode

SwiftEmitModule normal arm64_32 Emitting\ module\ for\ Recipes (in target 'Recipes' from project 'quiver-cookbook')
Failed frontend command:
/Applications/Xcode-16.3.0.app/Contents/Developer/Toolchains/XcodeDefault.xctoolchain/usr/bin/swift-frontend -frontend -emit-module -experimental-skip-non-inlinable-function-bodies-without-types /Users/admin/builder/spi-builder-workspace/Sources/Recipes/01-how-far-is-home.swift /Users/admin/builder/spi-builder-workspace/Sources/Recipes/02-normalize-a-direction.swift /Users/admin/builder/spi-builder-workspace/Sources/Recipes/03-are-these-perpendicular.swift /Users/admin/builder/spi-builder-workspace/Sources/Recipes/04-find-the-most-similar-item.swift /Users/admin/builder/spi-builder-workspace/Sources/Recipes/05-king-minus-man-plus-woman.swift /Users/admin/builder/spi-builder-workspace/Sources/Recipes/06-detect-near-duplicates.swift /Users/admin/builder/spi-builder-workspace/Sources/Recipes/07-describe-a-dataset.swift /Users/admin/builder/spi-builder-workspace/Sources/Recipes/08-find-the-outliers.swift /Users/admin/builder/spi-builder-workspace/Sources/Recipes/09-smooth-a-noisy-signal.swift /Users/admin/builder/spi-builder-workspace/Sources/Recipes/10-build-a-histogram.swift /Users/admin/builder/spi-builder-workspace/Sources/Recipes/11-reshape-without-losing-data.swift /Users/admin/builder/spi-builder-workspace/Sources/Recipes/12-rotate-a-point.swift /Users/admin/builder/spi-builder-workspace/Sources/Recipes/13-multiply-two-matrices.swift /Users/admin/builder/spi-builder-workspace/Sources/Recipes/14-can-this-matrix-be-inverted.swift /Users/admin/builder/spi-builder-workspace/Sources/Recipes/15-predict-a-house-price.swift /Users/admin/builder/spi-builder-workspace/Sources/Recipes/16-classify-with-naive-bayes.swift /Users/admin/builder/spi-builder-workspace/Sources/Recipes/17-find-the-nearest-neighbor.swift /Users/admin/builder/spi-builder-workspace/Sources/Recipes/18-cluster-without-labels.swift /Users/admin/builder/spi-builder-workspace/Sources/Recipes/19-scale-features-before-training.swift /Users/admin/builder/spi-builder-workspace/Sources/Recipes/20-split-train-evaluate.swift /Users/admin/builder/spi-builder-workspace/Sources/Recipes/21-search-by-meaning.swift /Users/admin/builder/spi-builder-workspace/Sources/Recipes/22-organize-data-with-panel.swift /Users/admin/builder/spi-builder-workspace/Sources/Recipes/23-project-a-vector.swift /Users/admin/builder/spi-builder-workspace/Sources/Recipes/24-from-scores-to-probabilities.swift /Users/admin/builder/spi-builder-workspace/Sources/Recipes/25-evaluate-a-classifier.swift /Users/admin/builder/spi-builder-workspace/Sources/Recipes/26-evaluate-a-regression.swift /Users/admin/builder/spi-builder-workspace/Sources/Recipes/27-correlation-matrix.swift /Users/admin/builder/spi-builder-workspace/Sources/Recipes/28-solve-a-linear-system.swift /Users/admin/builder/spi-builder-workspace/Sources/Recipes/29-find-the-best-k.swift /Users/admin/builder/spi-builder-workspace/Sources/Recipes/30-generate-arrays.swift /Users/admin/builder/spi-builder-workspace/Sources/Recipes/31-broadcasting.swift /Users/admin/builder/spi-builder-workspace/Sources/Recipes/32-stratified-split.swift /Users/admin/builder/spi-builder-workspace/Sources/Recipes/34-balance-imbalanced-data.swift /Users/admin/builder/spi-builder-workspace/Sources/Recipes/35-save-and-load-a-model.swift /Users/admin/builder/spi-builder-workspace/Sources/Recipes/36-can-swift-drive-a-car.swift /Users/admin/builder/spi-builder-workspace/Sources/Recipes/37-wing-panel-rivet-inspection.swift /Users/admin/builder/spi-builder-workspace/Sources/Recipes/38-wind-tunnel-lift-predictor.swift /Users/admin/builder/spi-builder-workspace/Sources/Recipes/41-recovery-prediction.swift /Users/admin/builder/spi-builder-workspace/Sources/Recipes/42-delivery-route-optimizer.swift /Users/admin/builder/spi-builder-workspace/Sources/Recipes/45-find-the-nearest-word.swift /Users/admin/builder/spi-builder-workspace/Sources/Recipes/46-save-and-load-a-pipeline.swift /Users/admin/builder/spi-builder-workspace/Sources/Recipes/47-pipeline-for-linear-regression.swift /Users/admin/builder/spi-builder-workspace/Sources/Recipes/49-find-the-dominant-frequency.swift /Users/admin/builder/spi-builder-workspace/Sources/Recipes/50-print-a-frequency-spectrum.swift /Users/admin/builder/spi-builder-workspace/Sources/Recipes/51-one-primitive-two-sensors.swift /Users/admin/builder/spi-builder-workspace/Sources/Recipes/53-fit-a-curve-with-polyfit.swift /Users/admin/builder/spi-builder-workspace/Sources/Recipes/54-velocity-and-acceleration.swift /Users/admin/builder/spi-builder-workspace/Sources/Recipes/55-the-normal-distribution.swift /Users/admin/builder/spi-builder-workspace/Sources/Recipes/56-confidence-intervals-with-the-bootstrap.swift /Users/admin/builder/spi-builder-workspace/Sources/Recipes/58-calibrated-class-probabilities.swift /Users/admin/builder/spi-builder-workspace/Sources/Recipes/59-grade-from-elevation.swift /Users/admin/builder/spi-builder-workspace/Sources/Recipes/60-read-a-regression-summary.swift /Users/admin/builder/spi-builder-workspace/Sources/Recipes/61-standard-error-vs-standard-deviation.swift /Users/admin/builder/spi-builder-workspace/Sources/Recipes/62-one-sample-t-test.swift /Users/admin/builder/spi-builder-workspace/Sources/Recipes/63-chi-squared-goodness-of-fit.swift /Users/admin/builder/spi-builder-workspace/Sources/Recipes/64-bimodal-detection-with-mode.swift /Users/admin/builder/spi-builder-workspace/Sources/Recipes/65-parametric-ci-for-the-mean.swift /Users/admin/builder/spi-builder-workspace/Sources/Recipes/66-sampling-distribution-of-the-median.swift /Users/admin/builder/spi-builder-workspace/Sources/Recipes/67-sampling-distribution-of-standard-deviation.swift /Users/admin/builder/spi-builder-workspace/Sources/Recipes/68-clt-for-a-non-normal-source.swift /Users/admin/builder/spi-builder-workspace/Sources/Recipes/69-inter-arrival-times.swift /Users/admin/builder/spi-builder-workspace/Sources/Recipes/70-ab-test-with-randombinomial.swift /Users/admin/builder/spi-builder-workspace/Sources/Recipes/71-reproducibility-with-a-seeded-rng.swift /Users/admin/builder/spi-builder-workspace/Sources/Recipes/72-gradient-descent-on-house-prices.swift /Users/admin/builder/spi-builder-workspace/Sources/Recipes/73-classify-with-logistic-regression.swift /Users/admin/builder/spi-builder-workspace/Sources/Recipes/74-predict-class-probabilities.swift /Users/admin/builder/spi-builder-workspace/Sources/Recipes/75-find-the-decision-boundary.swift /Users/admin/builder/spi-builder-workspace/Sources/Recipes/76-analyze-regression-residuals.swift /Users/admin/builder/spi-builder-workspace/Sources/Recipes/77-rank-by-meaning-any-source.swift /Users/admin/builder/spi-builder-workspace/Sources/Recipes/78-retrieve-a-passage-for-a-question.swift /Users/admin/builder/spi-builder-workspace/Sources/Recipes/79-decide-when-retrieval-is-good-enough.swift /Users/admin/builder/spi-builder-workspace/Sources/Recipes/80-score-a-run-with-true-effort-score.swift /Users/admin/builder/spi-builder-workspace/Sources/Recipes/81-compress-a-dataset-with-pca.swift -target arm64_32-apple-watchos8.0 -enable-objc-interop -sdk /Applications/Xcode-16.3.0.app/Contents/Developer/Platforms/WatchOS.platform/Developer/SDKs/WatchOS11.4.sdk -I /Users/admin/builder/spi-builder-workspace/.derivedData/Build/Products/Debug-watchos -I /Applications/Xcode-16.3.0.app/Contents/Developer/Platforms/WatchOS.platform/Developer/usr/lib -F /Users/admin/builder/spi-builder-workspace/.derivedData/Build/Products/Debug-watchos/PackageFrameworks -F /Users/admin/builder/spi-builder-workspace/.derivedData/Build/Products/Debug-watchos -F /Applications/Xcode-16.3.0.app/Contents/Developer/Platforms/WatchOS.platform/Developer/Library/Frameworks -F /Applications/Xcode-16.3.0.app/Contents/Developer/Platforms/WatchOS.platform/Developer/SDKs/WatchOS11.4.sdk/Developer/Library/Frameworks -no-color-diagnostics -enable-testing -g -debug-info-format\=dwarf -dwarf-version\=4 -module-cache-path /Users/admin/builder/spi-builder-workspace/.derivedData/ModuleCache.noindex -swift-version 5 -enforce-exclusivity\=checked -Onone -D SWIFT_PACKAGE -D DEBUG -D Xcode -serialize-debugging-options -const-gather-protocols-file /Users/admin/builder/spi-builder-workspace/.derivedData/Build/Intermediates.noindex/quiver-cookbook.build/Debug-watchos/Recipes.build/Objects-normal/arm64_32/Recipes_const_extract_protocols.json -enable-experimental-feature DebugDescriptionMacro -empty-abi-descriptor -plugin-path /Applications/Xcode-16.3.0.app/Contents/Developer/Toolchains/XcodeDefault.xctoolchain/usr/lib/swift/host/plugins/testing -validate-clang-modules-once -clang-build-session-file /Users/admin/builder/spi-builder-workspace/.derivedData/ModuleCache.noindex/Session.modulevalidation -Xcc -working-directory -Xcc /Users/admin/builder/spi-builder-workspace/.swiftpm/xcode -resource-dir /Applications/Xcode-16.3.0.app/Contents/Developer/Toolchains/XcodeDefault.xctoolchain/usr/lib/swift -enable-anonymous-context-mangled-names -file-compilation-dir /Users/admin/builder/spi-builder-workspace/.swiftpm/xcode -Xcc -ivfsstatcache -Xcc /Users/admin/builder/spi-builder-workspace/.derivedData/SDKStatCaches.noindex/watchos11.4-22T246-43efb940ff07ba2497b70ec94253f576.sdkstatcache -Xcc -I/Users/admin/builder/spi-builder-workspace/.derivedData/Build/Intermediates.noindex/quiver-cookbook.build/Debug-watchos/Recipes.build/swift-overrides.hmap -Xcc -I/Users/admin/builder/spi-builder-workspace/.derivedData/Build/Products/Debug-watchos/include -Xcc -I/Users/admin/builder/spi-builder-workspace/.derivedData/Build/Intermediates.noindex/quiver-cookbook.build/Debug-watchos/Recipes.build/DerivedSources-normal/arm64_32 -Xcc -I/Users/admin/builder/spi-builder-workspace/.derivedData/Build/Intermediates.noindex/quiver-cookbook.build/Debug-watchos/Recipes.build/DerivedSources/arm64_32 -Xcc -I/Users/admin/builder/spi-builder-workspace/.derivedData/Build/Intermediates.noindex/quiver-cookbook.build/Debug-watchos/Recipes.build/DerivedSources -Xcc -DSWIFT_PACKAGE -Xcc -DDEBUG\=1 -module-name Recipes -package-name spi_builder_workspace -frontend-parseable-output -disable-clang-spi -target-sdk-version 11.4 -target-sdk-name watchos11.4 -external-plugin-path /Applications/Xcode-16.3.0.app/Contents/Developer/Platforms/WatchOS.platform/Developer/usr/lib/swift/host/plugins\#/Applications/Xcode-16.3.0.app/Contents/Developer/Platforms/WatchOS.platform/Developer/usr/bin/swift-plugin-server -external-plugin-path /Applications/Xcode-16.3.0.app/Contents/Developer/Platforms/WatchOS.platform/Developer/usr/local/lib/swift/host/plugins\#/Applications/Xcode-16.3.0.app/Contents/Developer/Platforms/WatchOS.platform/Developer/usr/bin/swift-plugin-server -in-process-plugin-server-path /Applications/Xcode-16.3.0.app/Contents/Developer/Toolchains/XcodeDefault.xctoolchain/usr/lib/swift/host/libSwiftInProcPluginServer.dylib -plugin-path /Applications/Xcode-16.3.0.app/Contents/Developer/Toolchains/XcodeDefault.xctoolchain/usr/lib/swift/host/plugins -plugin-path /Applications/Xcode-16.3.0.app/Contents/Developer/Toolchains/XcodeDefault.xctoolchain/usr/local/lib/swift/host/plugins -emit-module-doc-path /Users/admin/builder/spi-builder-workspace/.derivedData/Build/Intermediates.noindex/quiver-cookbook.build/Debug-watchos/Recipes.build/Objects-normal/arm64_32/Recipes.swiftdoc -emit-module-source-info-path /Users/admin/builder/spi-builder-workspace/.derivedData/Build/Intermediates.noindex/quiver-cookbook.build/Debug-watchos/Recipes.build/Objects-normal/arm64_32/Recipes.swiftsourceinfo -emit-objc-header-path /Users/admin/builder/spi-builder-workspace/.derivedData/Build/Intermediates.noindex/quiver-cookbook.build/Debug-watchos/Recipes.build/Objects-normal/arm64_32/Recipes-Swift.h -serialize-diagnostics-path /Users/admin/builder/spi-builder-workspace/.derivedData/Build/Intermediates.noindex/quiver-cookbook.build/Debug-watchos/Recipes.build/Objects-normal/arm64_32/Recipes-master-emit-module.dia -emit-dependencies-path /Users/admin/builder/spi-builder-workspace/.derivedData/Build/Intermediates.noindex/quiver-cookbook.build/Debug-watchos/Recipes.build/Objects-normal/arm64_32/Recipes-master-emit-module.d -o /Users/admin/builder/spi-builder-workspace/.derivedData/Build/Intermediates.noindex/quiver-cookbook.build/Debug-watchos/Recipes.build/Objects-normal/arm64_32/Recipes.swiftmodule -emit-abi-descriptor-path /Users/admin/builder/spi-builder-workspace/.derivedData/Build/Intermediates.noindex/quiver-cookbook.build/Debug-watchos/Recipes.build/Objects-normal/arm64_32/Recipes.abi.json
EmitSwiftModule normal arm64_32 (in target 'Recipes' from project 'quiver-cookbook')
    cd /Users/admin/builder/spi-builder-workspace/.swiftpm/xcode

/Users/admin/builder/spi-builder-workspace/Sources/Recipes/01-how-far-is-home.swift:1:8: error: no such module 'Playgrounds'
import Playgrounds
       ^
SwiftEmitModule normal arm64 Emitting\ module\ for\ Recipes (in target 'Recipes' from project 'quiver-cookbook')
EmitSwiftModule normal arm64 (in target 'Recipes' from project 'quiver-cookbook')
    cd /Users/admin/builder/spi-builder-workspace/.swiftpm/xcode

SwiftDriverJobDiscovery normal armv7k Compiling BinRule.swift, ClassificationReport.swift, ColumnSummary.swift, ContingencyTable.swift, EmpiricalRule.swift, Frequency.swift, Panel.swift, PanelSummary.swift, Quartiles.swift, RegressionSummary.swift (in target 'Quiver' from project 'Quiver')
SwiftEmitModule normal armv7k Emitting\ module\ for\ Recipes (in target 'Recipes' from project 'quiver-cookbook')
Command SwiftEmitModule failed with a nonzero exit code
** BUILD FAILED **
The following build commands failed:
	SwiftEmitModule normal arm64_32 Emitting\ module\ for\ Recipes (in target 'Recipes' from project 'quiver-cookbook')
	EmitSwiftModule normal arm64_32 (in target 'Recipes' from project 'quiver-cookbook')
	SwiftEmitModule normal armv7k Emitting\ module\ for\ Recipes (in target 'Recipes' from project 'quiver-cookbook')
	Building workspace spi-builder-workspace with scheme quiver-cookbook-Package
(4 failures)
BUILD FAILURE 6.1 watchOS