Build Information
Failed to build PopupDialog, reference master (d41ac7), with Swift 6.2 for visionOS using Xcode 26.3 on 21 Sep 2026 00:40:42 UTC.
Build Command
env DEVELOPER_DIR=/Applications/Xcode-26.3.0.app xcrun xcodebuild -IDEClonedSourcePackagesDirPathOverride=$PWD/.dependencies -skipMacroValidation -skipPackagePluginValidation -derivedDataPath $PWD/.derivedData build -scheme PopupDialog -destination generic/platform=xrOSBuild Log
========================================
RunAll
========================================
Builder version: 5.1.0
Interrupt handler set up.
========================================
Checkout
========================================
Clone URL: https://github.com/Orderella/PopupDialog.git
Reference: master
Initialized empty Git repository in /Users/admin/builder/spi-builder-workspace/.git/
From https://github.com/Orderella/PopupDialog
* branch master -> FETCH_HEAD
* [new branch] master -> origin/master
HEAD is now at d41ac7c Merge pull request #370 from wassupdoc/master
Cloned https://github.com/Orderella/PopupDialog.git
Revision (git rev-parse @):
d41ac7c7fa7b940c355490281ea8b2fc39c8f599
SUCCESS checkout https://github.com/Orderella/PopupDialog.git at master
========================================
Build
========================================
Selected platform: visionOS
Swift version: 6.2
Building package at path: $PWD
https://github.com/Orderella/PopupDialog.git
Command line invocation:
/Applications/Xcode-26.3.0.app/Contents/Developer/usr/bin/xcodebuild -IDEClonedSourcePackagesDirPathOverride=/Users/admin/builder/spi-builder-workspace/.dependencies -resolvePackageDependencies
Resolve Package Graph
Fetching from https://github.com/KyoheiG3/DynamicBlurView.git
Creating working copy of package ‘DynamicBlurView’
Checking out 5.0.5 of package ‘DynamicBlurView’
Resolve Package Graph
Resolved source packages:
PopupDialog: /Users/admin/builder/spi-builder-workspace
DynamicBlurView: https://github.com/KyoheiG3/DynamicBlurView.git @ 5.0.5
resolved source packages: PopupDialog, DynamicBlurView
2026-09-20 20:40:05.374 xcodebuild[538:3101] [MT] IDERunDestination: Supported platforms for the buildables in the current scheme is empty.
{
"dependencies" : [
{
"identity" : "dynamicblurview",
"requirement" : {
"range" : [
{
"lower_bound" : "5.0.0",
"upper_bound" : "6.0.0"
}
]
},
"type" : "sourceControl",
"url" : "https://github.com/KyoheiG3/DynamicBlurView.git"
}
],
"manifest_display_name" : "PopupDialog",
"name" : "PopupDialog",
"path" : "/Users/admin/builder/spi-builder-workspace",
"platforms" : [
{
"name" : "ios",
"version" : "12.0"
}
],
"products" : [
{
"name" : "PopupDialog",
"targets" : [
"PopupDialog"
],
"type" : {
"library" : [
"automatic"
]
}
}
],
"targets" : [
{
"c99name" : "PopupDialog",
"module_type" : "SwiftTarget",
"name" : "PopupDialog",
"path" : "PopupDialog/Classes",
"product_dependencies" : [
"DynamicBlurView"
],
"product_memberships" : [
"PopupDialog"
],
"sources" : [
"InteractiveTransition.swift",
"PopupDialog+Keyboard.swift",
"PopupDialog.swift",
"PopupDialogButton.swift",
"PopupDialogContainerView.swift",
"PopupDialogDefaultButtons.swift",
"PopupDialogDefaultView.swift",
"PopupDialogDefaultViewController.swift",
"PopupDialogOverlayView.swift",
"PresentationController.swift",
"PresentationManager.swift",
"TransitionAnimations.swift",
"TransitionAnimator.swift",
"UIImageView+Calculations.swift",
"UIView+Animations.swift",
"UIViewController+Visibility.swift"
],
"type" : "library"
}
],
"tools_version" : "5.1"
}
{
"workspace" : {
"name" : "spi-builder-workspace",
"schemes" : [
"PopupDialog"
]
}
}
2026-09-20 20:40:26.228 xcodebuild[794:4898] [MT] IDERunDestination: Supported platforms for the buildables in the current scheme is empty.
Running build ...
env DEVELOPER_DIR=/Applications/Xcode-26.3.0.app xcrun xcodebuild -IDEClonedSourcePackagesDirPathOverride=$PWD/.dependencies -skipMacroValidation -skipPackagePluginValidation -derivedDataPath $PWD/.derivedData build -scheme PopupDialog -destination generic/platform=xrOS
Command line invocation:
/Applications/Xcode-26.3.0.app/Contents/Developer/usr/bin/xcodebuild -IDEClonedSourcePackagesDirPathOverride=/Users/admin/builder/spi-builder-workspace/.dependencies -skipMacroValidation -skipPackagePluginValidation -derivedDataPath /Users/admin/builder/spi-builder-workspace/.derivedData build -scheme PopupDialog -destination generic/platform=xrOS
Resolve Package Graph
Resolve Package Graph
Resolved source packages:
PopupDialog: /Users/admin/builder/spi-builder-workspace
DynamicBlurView: https://github.com/KyoheiG3/DynamicBlurView.git @ 5.0.5
ComputePackagePrebuildTargetDependencyGraph
Prepare packages
CreateBuildRequest
SendProjectDescription
CreateBuildOperation
ComputeTargetDependencyGraph
note: Building targets in dependency order
note: Target dependency graph (4 targets)
Target 'PopupDialog' in project 'PopupDialog'
➜ Explicit dependency on target 'PopupDialog' in project 'PopupDialog'
➜ Explicit dependency on target 'DynamicBlurView' in project 'DynamicBlurView'
Target 'PopupDialog' in project 'PopupDialog'
➜ Explicit dependency on target 'DynamicBlurView' in project 'DynamicBlurView'
Target 'DynamicBlurView' in project 'DynamicBlurView'
➜ Explicit dependency on target 'DynamicBlurView' in project 'DynamicBlurView'
Target 'DynamicBlurView' in project 'DynamicBlurView' (no dependencies)
GatherProvisioningInputs
CreateBuildDescription
ExecuteExternalTool /Applications/Xcode-26.3.0.app/Contents/Developer/Toolchains/XcodeDefault.xctoolchain/usr/bin/clang -v -E -dM -isysroot /Applications/Xcode-26.3.0.app/Contents/Developer/Platforms/XROS.platform/Developer/SDKs/XROS26.2.sdk -x c -c /dev/null
ExecuteExternalTool /Applications/Xcode-26.3.0.app/Contents/Developer/Toolchains/XcodeDefault.xctoolchain/usr/bin/swiftc --version
ExecuteExternalTool /Applications/Xcode-26.3.0.app/Contents/Developer/Toolchains/XcodeDefault.xctoolchain/usr/bin/ld -version_details
Build description signature: 57590f9e7b52d635014b2e5ec9699a43
Build description path: /Users/admin/builder/spi-builder-workspace/.derivedData/Build/Intermediates.noindex/XCBuildData/57590f9e7b52d635014b2e5ec9699a43.xcbuilddata
ClangStatCache /Applications/Xcode-26.3.0.app/Contents/Developer/Toolchains/XcodeDefault.xctoolchain/usr/bin/clang-stat-cache /Applications/Xcode-26.3.0.app/Contents/Developer/Platforms/XROS.platform/Developer/SDKs/XROS26.2.sdk /Users/admin/builder/spi-builder-workspace/.derivedData/SDKStatCaches.noindex/xros26.2-23N301-dc75598d0054f22ec865fa860f139d72f5e64962d3ee001da1d77d1957dffdab.sdkstatcache
cd /Users/admin/builder/spi-builder-workspace/.swiftpm/xcode
/Applications/Xcode-26.3.0.app/Contents/Developer/Toolchains/XcodeDefault.xctoolchain/usr/bin/clang-stat-cache /Applications/Xcode-26.3.0.app/Contents/Developer/Platforms/XROS.platform/Developer/SDKs/XROS26.2.sdk -o /Users/admin/builder/spi-builder-workspace/.derivedData/SDKStatCaches.noindex/xros26.2-23N301-dc75598d0054f22ec865fa860f139d72f5e64962d3ee001da1d77d1957dffdab.sdkstatcache
CreateBuildDirectory /Users/admin/builder/spi-builder-workspace/.derivedData/Build/Products
cd /Users/admin/builder/spi-builder-workspace/.swiftpm/xcode
builtin-create-build-directory /Users/admin/builder/spi-builder-workspace/.derivedData/Build/Products
CreateBuildDirectory /Users/admin/builder/spi-builder-workspace/.derivedData/Build/Intermediates.noindex
cd /Users/admin/builder/spi-builder-workspace/.swiftpm/xcode
builtin-create-build-directory /Users/admin/builder/spi-builder-workspace/.derivedData/Build/Intermediates.noindex
CreateBuildDirectory /Users/admin/builder/spi-builder-workspace/.derivedData/Build/Intermediates.noindex/SwiftExplicitPrecompiledModules
cd /Users/admin/builder/spi-builder-workspace/.swiftpm/xcode
builtin-create-build-directory /Users/admin/builder/spi-builder-workspace/.derivedData/Build/Intermediates.noindex/SwiftExplicitPrecompiledModules
CreateBuildDirectory /Users/admin/builder/spi-builder-workspace/.derivedData/Build/Products/Debug-xros
cd /Users/admin/builder/spi-builder-workspace/.swiftpm/xcode
builtin-create-build-directory /Users/admin/builder/spi-builder-workspace/.derivedData/Build/Products/Debug-xros
CreateBuildDirectory /Users/admin/builder/spi-builder-workspace/.derivedData/Build/Intermediates.noindex/ExplicitPrecompiledModules
cd /Users/admin/builder/spi-builder-workspace/.swiftpm/xcode
builtin-create-build-directory /Users/admin/builder/spi-builder-workspace/.derivedData/Build/Intermediates.noindex/ExplicitPrecompiledModules
CreateBuildDirectory /Users/admin/builder/spi-builder-workspace/.derivedData/Build/Intermediates.noindex/EagerLinkingTBDs/Debug-xros
cd /Users/admin/builder/spi-builder-workspace/.swiftpm/xcode
builtin-create-build-directory /Users/admin/builder/spi-builder-workspace/.derivedData/Build/Intermediates.noindex/EagerLinkingTBDs/Debug-xros
CreateBuildDirectory /Users/admin/builder/spi-builder-workspace/.derivedData/Build/Products/Debug-xros/PackageFrameworks
cd /Users/admin/builder/spi-builder-workspace/.swiftpm/xcode
builtin-create-build-directory /Users/admin/builder/spi-builder-workspace/.derivedData/Build/Products/Debug-xros/PackageFrameworks
WriteAuxiliaryFile /Users/admin/builder/spi-builder-workspace/.derivedData/Build/Intermediates.noindex/DynamicBlurView.build/Debug-xros/DynamicBlurView.build/Objects-normal/arm64/DynamicBlurView_const_extract_protocols.json (in target 'DynamicBlurView' from project 'DynamicBlurView')
cd /Users/admin/builder/spi-builder-workspace/.dependencies/checkouts/DynamicBlurView
write-file /Users/admin/builder/spi-builder-workspace/.derivedData/Build/Intermediates.noindex/DynamicBlurView.build/Debug-xros/DynamicBlurView.build/Objects-normal/arm64/DynamicBlurView_const_extract_protocols.json
WriteAuxiliaryFile /Users/admin/builder/spi-builder-workspace/.derivedData/Build/Intermediates.noindex/PopupDialog.build/Debug-xros/PopupDialog.build/PopupDialog.modulemap (in target 'PopupDialog' from project 'PopupDialog')
cd /Users/admin/builder/spi-builder-workspace
write-file /Users/admin/builder/spi-builder-workspace/.derivedData/Build/Intermediates.noindex/PopupDialog.build/Debug-xros/PopupDialog.build/PopupDialog.modulemap
WriteAuxiliaryFile /Users/admin/builder/spi-builder-workspace/.derivedData/Build/Intermediates.noindex/PopupDialog.build/Debug-xros/PopupDialog.build/PopupDialog.DependencyStaticMetadataFileList (in target 'PopupDialog' from project 'PopupDialog')
cd /Users/admin/builder/spi-builder-workspace
write-file /Users/admin/builder/spi-builder-workspace/.derivedData/Build/Intermediates.noindex/PopupDialog.build/Debug-xros/PopupDialog.build/PopupDialog.DependencyStaticMetadataFileList
WriteAuxiliaryFile /Users/admin/builder/spi-builder-workspace/.derivedData/Build/Intermediates.noindex/DynamicBlurView.build/Debug-xros/DynamicBlurView.build/Objects-normal/arm64/DynamicBlurView.LinkFileList (in target 'DynamicBlurView' from project 'DynamicBlurView')
cd /Users/admin/builder/spi-builder-workspace/.dependencies/checkouts/DynamicBlurView
write-file /Users/admin/builder/spi-builder-workspace/.derivedData/Build/Intermediates.noindex/DynamicBlurView.build/Debug-xros/DynamicBlurView.build/Objects-normal/arm64/DynamicBlurView.LinkFileList
WriteAuxiliaryFile /Users/admin/builder/spi-builder-workspace/.derivedData/Build/Intermediates.noindex/DynamicBlurView.build/Debug-xros/DynamicBlurView.build/Objects-normal/arm64/DynamicBlurView-OutputFileMap.json (in target 'DynamicBlurView' from project 'DynamicBlurView')
cd /Users/admin/builder/spi-builder-workspace/.dependencies/checkouts/DynamicBlurView
write-file /Users/admin/builder/spi-builder-workspace/.derivedData/Build/Intermediates.noindex/DynamicBlurView.build/Debug-xros/DynamicBlurView.build/Objects-normal/arm64/DynamicBlurView-OutputFileMap.json
WriteAuxiliaryFile /Users/admin/builder/spi-builder-workspace/.derivedData/Build/Intermediates.noindex/PopupDialog.build/Debug-xros/PopupDialog.build/PopupDialog.DependencyMetadataFileList (in target 'PopupDialog' from project 'PopupDialog')
cd /Users/admin/builder/spi-builder-workspace
write-file /Users/admin/builder/spi-builder-workspace/.derivedData/Build/Intermediates.noindex/PopupDialog.build/Debug-xros/PopupDialog.build/PopupDialog.DependencyMetadataFileList
WriteAuxiliaryFile /Users/admin/builder/spi-builder-workspace/.derivedData/Build/Intermediates.noindex/PopupDialog.build/Debug-xros/PopupDialog.build/Objects-normal/arm64/PopupDialog.SwiftConstValuesFileList (in target 'PopupDialog' from project 'PopupDialog')
cd /Users/admin/builder/spi-builder-workspace
write-file /Users/admin/builder/spi-builder-workspace/.derivedData/Build/Intermediates.noindex/PopupDialog.build/Debug-xros/PopupDialog.build/Objects-normal/arm64/PopupDialog.SwiftConstValuesFileList
WriteAuxiliaryFile /Users/admin/builder/spi-builder-workspace/.derivedData/Build/Intermediates.noindex/PopupDialog.build/Debug-xros/PopupDialog.build/Objects-normal/arm64/PopupDialog.SwiftFileList (in target 'PopupDialog' from project 'PopupDialog')
cd /Users/admin/builder/spi-builder-workspace
write-file /Users/admin/builder/spi-builder-workspace/.derivedData/Build/Intermediates.noindex/PopupDialog.build/Debug-xros/PopupDialog.build/Objects-normal/arm64/PopupDialog.SwiftFileList
WriteAuxiliaryFile /Users/admin/builder/spi-builder-workspace/.derivedData/Build/Intermediates.noindex/PopupDialog.build/Debug-xros/PopupDialog.build/Objects-normal/arm64/PopupDialog_const_extract_protocols.json (in target 'PopupDialog' from project 'PopupDialog')
cd /Users/admin/builder/spi-builder-workspace
write-file /Users/admin/builder/spi-builder-workspace/.derivedData/Build/Intermediates.noindex/PopupDialog.build/Debug-xros/PopupDialog.build/Objects-normal/arm64/PopupDialog_const_extract_protocols.json
WriteAuxiliaryFile /Users/admin/builder/spi-builder-workspace/.derivedData/Build/Intermediates.noindex/PopupDialog.build/Debug-xros/PopupDialog.build/Objects-normal/arm64/PopupDialog.LinkFileList (in target 'PopupDialog' from project 'PopupDialog')
cd /Users/admin/builder/spi-builder-workspace
write-file /Users/admin/builder/spi-builder-workspace/.derivedData/Build/Intermediates.noindex/PopupDialog.build/Debug-xros/PopupDialog.build/Objects-normal/arm64/PopupDialog.LinkFileList
WriteAuxiliaryFile /Users/admin/builder/spi-builder-workspace/.derivedData/Build/Intermediates.noindex/PopupDialog.build/Debug-xros/PopupDialog.build/Objects-normal/arm64/PopupDialog-OutputFileMap.json (in target 'PopupDialog' from project 'PopupDialog')
cd /Users/admin/builder/spi-builder-workspace
write-file /Users/admin/builder/spi-builder-workspace/.derivedData/Build/Intermediates.noindex/PopupDialog.build/Debug-xros/PopupDialog.build/Objects-normal/arm64/PopupDialog-OutputFileMap.json
WriteAuxiliaryFile /Users/admin/builder/spi-builder-workspace/.derivedData/Build/Intermediates.noindex/DynamicBlurView.build/Debug-xros/DynamicBlurView.build/Objects-normal/arm64/DynamicBlurView.SwiftFileList (in target 'DynamicBlurView' from project 'DynamicBlurView')
cd /Users/admin/builder/spi-builder-workspace/.dependencies/checkouts/DynamicBlurView
write-file /Users/admin/builder/spi-builder-workspace/.derivedData/Build/Intermediates.noindex/DynamicBlurView.build/Debug-xros/DynamicBlurView.build/Objects-normal/arm64/DynamicBlurView.SwiftFileList
WriteAuxiliaryFile /Users/admin/builder/spi-builder-workspace/.derivedData/Build/Intermediates.noindex/DynamicBlurView.build/Debug-xros/DynamicBlurView.build/Objects-normal/arm64/DynamicBlurView.SwiftConstValuesFileList (in target 'DynamicBlurView' from project 'DynamicBlurView')
cd /Users/admin/builder/spi-builder-workspace/.dependencies/checkouts/DynamicBlurView
write-file /Users/admin/builder/spi-builder-workspace/.derivedData/Build/Intermediates.noindex/DynamicBlurView.build/Debug-xros/DynamicBlurView.build/Objects-normal/arm64/DynamicBlurView.SwiftConstValuesFileList
WriteAuxiliaryFile /Users/admin/builder/spi-builder-workspace/.derivedData/Build/Intermediates.noindex/DynamicBlurView.build/Debug-xros/DynamicBlurView.build/DynamicBlurView.modulemap (in target 'DynamicBlurView' from project 'DynamicBlurView')
cd /Users/admin/builder/spi-builder-workspace/.dependencies/checkouts/DynamicBlurView
write-file /Users/admin/builder/spi-builder-workspace/.derivedData/Build/Intermediates.noindex/DynamicBlurView.build/Debug-xros/DynamicBlurView.build/DynamicBlurView.modulemap
WriteAuxiliaryFile /Users/admin/builder/spi-builder-workspace/.derivedData/Build/Intermediates.noindex/DynamicBlurView.build/Debug-xros/DynamicBlurView.build/DynamicBlurView.DependencyStaticMetadataFileList (in target 'DynamicBlurView' from project 'DynamicBlurView')
cd /Users/admin/builder/spi-builder-workspace/.dependencies/checkouts/DynamicBlurView
write-file /Users/admin/builder/spi-builder-workspace/.derivedData/Build/Intermediates.noindex/DynamicBlurView.build/Debug-xros/DynamicBlurView.build/DynamicBlurView.DependencyStaticMetadataFileList
WriteAuxiliaryFile /Users/admin/builder/spi-builder-workspace/.derivedData/Build/Intermediates.noindex/DynamicBlurView.build/Debug-xros/DynamicBlurView.build/DynamicBlurView.DependencyMetadataFileList (in target 'DynamicBlurView' from project 'DynamicBlurView')
cd /Users/admin/builder/spi-builder-workspace/.dependencies/checkouts/DynamicBlurView
write-file /Users/admin/builder/spi-builder-workspace/.derivedData/Build/Intermediates.noindex/DynamicBlurView.build/Debug-xros/DynamicBlurView.build/DynamicBlurView.DependencyMetadataFileList
Copy /Users/admin/builder/spi-builder-workspace/.derivedData/Build/Intermediates.noindex/GeneratedModuleMaps-xros/PopupDialog.modulemap /Users/admin/builder/spi-builder-workspace/.derivedData/Build/Intermediates.noindex/PopupDialog.build/Debug-xros/PopupDialog.build/PopupDialog.modulemap (in target 'PopupDialog' from project 'PopupDialog')
cd /Users/admin/builder/spi-builder-workspace
builtin-copy -exclude .DS_Store -exclude CVS -exclude .svn -exclude .git -exclude .hg -resolve-src-symlinks /Users/admin/builder/spi-builder-workspace/.derivedData/Build/Intermediates.noindex/PopupDialog.build/Debug-xros/PopupDialog.build/PopupDialog.modulemap /Users/admin/builder/spi-builder-workspace/.derivedData/Build/Intermediates.noindex/GeneratedModuleMaps-xros
Copy /Users/admin/builder/spi-builder-workspace/.derivedData/Build/Intermediates.noindex/GeneratedModuleMaps-xros/DynamicBlurView.modulemap /Users/admin/builder/spi-builder-workspace/.derivedData/Build/Intermediates.noindex/DynamicBlurView.build/Debug-xros/DynamicBlurView.build/DynamicBlurView.modulemap (in target 'DynamicBlurView' from project 'DynamicBlurView')
cd /Users/admin/builder/spi-builder-workspace/.dependencies/checkouts/DynamicBlurView
builtin-copy -exclude .DS_Store -exclude CVS -exclude .svn -exclude .git -exclude .hg -resolve-src-symlinks /Users/admin/builder/spi-builder-workspace/.derivedData/Build/Intermediates.noindex/DynamicBlurView.build/Debug-xros/DynamicBlurView.build/DynamicBlurView.modulemap /Users/admin/builder/spi-builder-workspace/.derivedData/Build/Intermediates.noindex/GeneratedModuleMaps-xros
SwiftDriver DynamicBlurView normal arm64 com.apple.xcode.tools.swift.compiler (in target 'DynamicBlurView' from project 'DynamicBlurView')
cd /Users/admin/builder/spi-builder-workspace/.swiftpm/xcode
builtin-SwiftDriver -- /Applications/Xcode-26.3.0.app/Contents/Developer/Toolchains/XcodeDefault.xctoolchain/usr/bin/swiftc -module-name DynamicBlurView -Onone -enforce-exclusivity\=checked @/Users/admin/builder/spi-builder-workspace/.derivedData/Build/Intermediates.noindex/DynamicBlurView.build/Debug-xros/DynamicBlurView.build/Objects-normal/arm64/DynamicBlurView.SwiftFileList -DSWIFT_PACKAGE -DDEBUG -DSWIFT_MODULE_RESOURCE_BUNDLE_UNAVAILABLE -DXcode -plugin-path /Applications/Xcode-26.3.0.app/Contents/Developer/Toolchains/XcodeDefault.xctoolchain/usr/lib/swift/host/plugins/testing -enable-experimental-feature DebugDescriptionMacro -sdk /Applications/Xcode-26.3.0.app/Contents/Developer/Platforms/XROS.platform/Developer/SDKs/XROS26.2.sdk -target arm64-apple-xros1.0 -g -module-cache-path /Users/admin/builder/spi-builder-workspace/.derivedData/ModuleCache.noindex -Xfrontend -serialize-debugging-options -enable-testing -suppress-warnings -index-store-path /Users/admin/builder/spi-builder-workspace/.derivedData/Index.noindex/DataStore -Xcc -D_LIBCPP_HARDENING_MODE\=_LIBCPP_HARDENING_MODE_DEBUG -swift-version 5 -I /Users/admin/builder/spi-builder-workspace/.derivedData/Build/Products/Debug-xros -Isystem /Applications/Xcode-26.3.0.app/Contents/Developer/Platforms/XROS.platform/Developer/usr/lib -F /Users/admin/builder/spi-builder-workspace/.derivedData/Build/Products/Debug-xros -F /Applications/Xcode-26.3.0.app/Contents/Developer/Platforms/XROS.platform/Developer/Library/Frameworks -F /Applications/Xcode-26.3.0.app/Contents/Developer/Platforms/XROS.platform/Developer/SDKs/XROS26.2.sdk/Developer/Library/Frameworks -c -j10 -enable-batch-mode -incremental -Xcc -ivfsstatcache -Xcc /Users/admin/builder/spi-builder-workspace/.derivedData/SDKStatCaches.noindex/xros26.2-23N301-dc75598d0054f22ec865fa860f139d72f5e64962d3ee001da1d77d1957dffdab.sdkstatcache -output-file-map /Users/admin/builder/spi-builder-workspace/.derivedData/Build/Intermediates.noindex/DynamicBlurView.build/Debug-xros/DynamicBlurView.build/Objects-normal/arm64/DynamicBlurView-OutputFileMap.json -use-frontend-parseable-output -save-temps -no-color-diagnostics -explicit-module-build -module-cache-path /Users/admin/builder/spi-builder-workspace/.derivedData/Build/Intermediates.noindex/SwiftExplicitPrecompiledModules -clang-scanner-module-cache-path /Users/admin/builder/spi-builder-workspace/.derivedData/ModuleCache.noindex -sdk-module-cache-path /Users/admin/builder/spi-builder-workspace/.derivedData/ModuleCache.noindex -serialize-diagnostics -emit-dependencies -emit-module -emit-module-path /Users/admin/builder/spi-builder-workspace/.derivedData/Build/Intermediates.noindex/DynamicBlurView.build/Debug-xros/DynamicBlurView.build/Objects-normal/arm64/DynamicBlurView.swiftmodule -validate-clang-modules-once -clang-build-session-file /Users/admin/builder/spi-builder-workspace/.derivedData/ModuleCache.noindex/Session.modulevalidation -Xcc -I/Users/admin/builder/spi-builder-workspace/.derivedData/Build/Intermediates.noindex/DynamicBlurView.build/Debug-xros/DynamicBlurView.build/swift-overrides.hmap -emit-const-values -Xfrontend -const-gather-protocols-file -Xfrontend /Users/admin/builder/spi-builder-workspace/.derivedData/Build/Intermediates.noindex/DynamicBlurView.build/Debug-xros/DynamicBlurView.build/Objects-normal/arm64/DynamicBlurView_const_extract_protocols.json -Xcc -I/Users/admin/builder/spi-builder-workspace/.derivedData/Build/Products/Debug-xros/include -Xcc -I/Users/admin/builder/spi-builder-workspace/.derivedData/Build/Intermediates.noindex/DynamicBlurView.build/Debug-xros/DynamicBlurView.build/DerivedSources-normal/arm64 -Xcc -I/Users/admin/builder/spi-builder-workspace/.derivedData/Build/Intermediates.noindex/DynamicBlurView.build/Debug-xros/DynamicBlurView.build/DerivedSources/arm64 -Xcc -I/Users/admin/builder/spi-builder-workspace/.derivedData/Build/Intermediates.noindex/DynamicBlurView.build/Debug-xros/DynamicBlurView.build/DerivedSources -Xcc -DSWIFT_PACKAGE -Xcc -DDEBUG\=1 -emit-objc-header -emit-objc-header-path /Users/admin/builder/spi-builder-workspace/.derivedData/Build/Intermediates.noindex/DynamicBlurView.build/Debug-xros/DynamicBlurView.build/Objects-normal/arm64/DynamicBlurView-Swift.h -working-directory /Users/admin/builder/spi-builder-workspace/.swiftpm/xcode -experimental-emit-module-separately -disable-cmo
SwiftExplicitDependencyGeneratePcm arm64 /Users/admin/builder/spi-builder-workspace/.derivedData/ModuleCache.noindex/_Builtin_float-B1VX477YXD7CAGEWY0R0RU846.pcm
SwiftExplicitDependencyGeneratePcm arm64 /Users/admin/builder/spi-builder-workspace/.derivedData/ModuleCache.noindex/_Builtin_stdbool-BY9SH1ZLURHIZF4O8W9N7X51.pcm
SwiftExplicitDependencyGeneratePcm arm64 /Users/admin/builder/spi-builder-workspace/.derivedData/ModuleCache.noindex/ptrauth-8IP7O960ZPRTWV7MFFJHTJAZ8.pcm
SwiftExplicitDependencyGeneratePcm arm64 /Users/admin/builder/spi-builder-workspace/.derivedData/ModuleCache.noindex/_SwiftConcurrencyShims-BRV30TBVZVZGDTY5ZKQTNXO6Y.pcm
SwiftExplicitDependencyGeneratePcm arm64 /Users/admin/builder/spi-builder-workspace/.derivedData/ModuleCache.noindex/_Builtin_stdarg-1UFLOIXY4PP9XJ7I5XRYGIGRS.pcm
SwiftExplicitDependencyGeneratePcm arm64 /Users/admin/builder/spi-builder-workspace/.derivedData/ModuleCache.noindex/SwiftShims-F1WHVHT30PN08BRIB1TFVE6Q6.pcm
SwiftExplicitDependencyGeneratePcm arm64 /Users/admin/builder/spi-builder-workspace/.derivedData/ModuleCache.noindex/ptrcheck-5R017QINEW262H7RW8YQHZUWW.pcm
SwiftExplicitDependencyGeneratePcm arm64 /Users/admin/builder/spi-builder-workspace/.derivedData/ModuleCache.noindex/DeveloperToolsSupport-7FGXDEXP946ZMR28U71JEDN34.pcm
SwiftExplicitDependencyGeneratePcm arm64 /Users/admin/builder/spi-builder-workspace/.derivedData/ModuleCache.noindex/_Builtin_stddef-7J8I4D747RUWBIYVTCUP6XCDQ.pcm
SwiftExplicitDependencyGeneratePcm arm64 /Users/admin/builder/spi-builder-workspace/.derivedData/ModuleCache.noindex/_AvailabilityInternal-59RKLAH367BCLMA4BP9X29RA0.pcm
SwiftExplicitDependencyGeneratePcm arm64 /Users/admin/builder/spi-builder-workspace/.derivedData/ModuleCache.noindex/_DarwinFoundation1-32JUI9BVMTB1YIPG3DOX0HVHZ.pcm
SwiftExplicitDependencyGeneratePcm arm64 /Users/admin/builder/spi-builder-workspace/.derivedData/ModuleCache.noindex/_DarwinFoundation2-BYCQT40TEPV9J5K8KWFTPAFBQ.pcm
SwiftExplicitDependencyGeneratePcm arm64 /Users/admin/builder/spi-builder-workspace/.derivedData/ModuleCache.noindex/_Builtin_limits-40TJW4LRH20Q0USFC9VI62SX3.pcm
SwiftExplicitDependencyGeneratePcm arm64 /Users/admin/builder/spi-builder-workspace/.derivedData/ModuleCache.noindex/sys_types-2RBMKWGX3KVNQAIS5A77GJ81P.pcm
SwiftExplicitDependencyGeneratePcm arm64 /Users/admin/builder/spi-builder-workspace/.derivedData/ModuleCache.noindex/_Builtin_stdint-9C6XW0G82BUFJ68L6816BB9W4.pcm
SwiftExplicitDependencyGeneratePcm arm64 /Users/admin/builder/spi-builder-workspace/.derivedData/ModuleCache.noindex/_Builtin_tgmath-16PR4BOA5HVH9E9TU1RFF9EP2.pcm
SwiftExplicitDependencyGeneratePcm arm64 /Users/admin/builder/spi-builder-workspace/.derivedData/ModuleCache.noindex/_Builtin_intrinsics-A91VAR85FCLL7KONVKW3WGUUJ.pcm
SwiftExplicitDependencyGeneratePcm arm64 /Users/admin/builder/spi-builder-workspace/.derivedData/ModuleCache.noindex/_Builtin_stdatomic-1G1ZNP8U0J2EAHIGG83MSWVVP.pcm
SwiftExplicitDependencyGeneratePcm arm64 /Users/admin/builder/spi-builder-workspace/.derivedData/ModuleCache.noindex/_DarwinFoundation3-2GOIISS4AFLSIAOGO3NG5XFRN.pcm
SwiftExplicitDependencyGeneratePcm arm64 /Users/admin/builder/spi-builder-workspace/.derivedData/ModuleCache.noindex/_Builtin_inttypes-AX2VW6P2YUECOPD1DXSYLDNAL.pcm
SwiftExplicitDependencyGeneratePcm arm64 /Users/admin/builder/spi-builder-workspace/.derivedData/ModuleCache.noindex/Darwin-DGMDGD780M9PGTWDQ2ZHPWKVC.pcm
SwiftExplicitDependencyGeneratePcm arm64 /Users/admin/builder/spi-builder-workspace/.derivedData/ModuleCache.noindex/simd-EZR9XJ258NNIJGDUZ5Z86J61L.pcm
SwiftExplicitDependencyGeneratePcm arm64 /Users/admin/builder/spi-builder-workspace/.derivedData/ModuleCache.noindex/MachO-3AEXNPG0FW33NERH0F96PEJE8.pcm
SwiftExplicitDependencyGeneratePcm arm64 /Users/admin/builder/spi-builder-workspace/.derivedData/ModuleCache.noindex/ObjectiveC-5IE2NAQWIQZYXAS7GMQPDAP5X.pcm
SwiftExplicitDependencyGeneratePcm arm64 /Users/admin/builder/spi-builder-workspace/.derivedData/ModuleCache.noindex/os_object-87HFI5MW2NOKIT7AW3SKUGI8W.pcm
SwiftExplicitDependencyGeneratePcm arm64 /Users/admin/builder/spi-builder-workspace/.derivedData/ModuleCache.noindex/os_workgroup-946IR1QRT3J1QJVRSRCDIQNGH.pcm
SwiftExplicitDependencyGeneratePcm arm64 /Users/admin/builder/spi-builder-workspace/.derivedData/ModuleCache.noindex/os-U3TAXVGJ5WCXIZ73C7O3SCGY.pcm
SwiftExplicitDependencyGeneratePcm arm64 /Users/admin/builder/spi-builder-workspace/.derivedData/ModuleCache.noindex/Dispatch-9SSI48T36E4UKPKWAMPH7FTVK.pcm
SwiftExplicitDependencyGeneratePcm arm64 /Users/admin/builder/spi-builder-workspace/.derivedData/ModuleCache.noindex/Spatial-77RKTCUFYIIV3TPIB3OPOWOWC.pcm
SwiftExplicitDependencyGeneratePcm arm64 /Users/admin/builder/spi-builder-workspace/.derivedData/ModuleCache.noindex/CoreFoundation-AZXFXDAQOZ2FMK833LKA0FCZT.pcm
SwiftExplicitDependencyGeneratePcm arm64 /Users/admin/builder/spi-builder-workspace/.derivedData/ModuleCache.noindex/Security-7RHAZ9AIDG6Y9PXFA46VEDBWJ.pcm
SwiftExplicitDependencyGeneratePcm arm64 /Users/admin/builder/spi-builder-workspace/.derivedData/ModuleCache.noindex/CFNetwork-2PVJQSMOBIMJZIWJRRDBRGFO8.pcm
SwiftExplicitDependencyGeneratePcm arm64 /Users/admin/builder/spi-builder-workspace/.derivedData/ModuleCache.noindex/CoreGraphics-87BV8MR1KEWO9S37RQ4KYEGMX.pcm
SwiftExplicitDependencyGeneratePcm arm64 /Users/admin/builder/spi-builder-workspace/.derivedData/ModuleCache.noindex/Foundation-8D93TLXSLWLRJSGD0CVKGYZCN.pcm
SwiftExplicitDependencyGeneratePcm arm64 /Users/admin/builder/spi-builder-workspace/.derivedData/ModuleCache.noindex/ImageIO-B23M1CRQH1DN5M7A2N8LIBBVG.pcm
SwiftExplicitDependencyGeneratePcm arm64 /Users/admin/builder/spi-builder-workspace/.derivedData/ModuleCache.noindex/CoreText-UUHPV04ABKZTDIB4S4ZQ921G.pcm
SwiftExplicitDependencyGeneratePcm arm64 /Users/admin/builder/spi-builder-workspace/.derivedData/ModuleCache.noindex/Accessibility-AZ7CB6BZPLK2ZOWWV6G6XQO13.pcm
SwiftExplicitDependencyGeneratePcm arm64 /Users/admin/builder/spi-builder-workspace/.derivedData/ModuleCache.noindex/UniformTypeIdentifiers-84BXIGKCVBL69XAK3UHZYQQS1.pcm
SwiftExplicitDependencyGeneratePcm arm64 /Users/admin/builder/spi-builder-workspace/.derivedData/ModuleCache.noindex/CoreTransferable-DB5M637CO9U81KGZDEUGZXDT9.pcm
SwiftExplicitDependencyGeneratePcm arm64 /Users/admin/builder/spi-builder-workspace/.derivedData/ModuleCache.noindex/UIUtilities-9Y92GATX11Y4TGZ9JCTYBTE92.pcm
SwiftExplicitDependencyGeneratePcm arm64 /Users/admin/builder/spi-builder-workspace/.derivedData/ModuleCache.noindex/UserNotifications-ETAW7G2ZUYKR712LYFYQET72C.pcm
SwiftExplicitDependencyGeneratePcm arm64 /Users/admin/builder/spi-builder-workspace/.derivedData/ModuleCache.noindex/OSLog-A7JJE7CWHJHG46O5K8NAJEP6W.pcm
SwiftExplicitDependencyGeneratePcm arm64 /Users/admin/builder/spi-builder-workspace/.derivedData/ModuleCache.noindex/IOSurface-4A8CJ38HFCLJSENUXVIYEGU9B.pcm
SwiftExplicitDependencyGeneratePcm arm64 /Users/admin/builder/spi-builder-workspace/.derivedData/ModuleCache.noindex/DataDetection-5VCEH93R6ZP2GNKD5NSBQKYZ2.pcm
SwiftExplicitDependencyGeneratePcm arm64 /Users/admin/builder/spi-builder-workspace/.derivedData/ModuleCache.noindex/FileProvider-DDRE031DXVX9VYTI9SPT4YW1R.pcm
SwiftExplicitDependencyGeneratePcm arm64 /Users/admin/builder/spi-builder-workspace/.derivedData/ModuleCache.noindex/Symbols-8Z1HTFDLM7F1NNUEZVAVL0YDB.pcm
SwiftExplicitDependencyGeneratePcm arm64 /Users/admin/builder/spi-builder-workspace/.derivedData/ModuleCache.noindex/Metal-ATCN4KBVIJ4BC8FRKV1FJSBJZ.pcm
SwiftExplicitDependencyGeneratePcm arm64 /Users/admin/builder/spi-builder-workspace/.derivedData/ModuleCache.noindex/OpenGLES-BM6WSM9QP4V0P6V4JTSY7WD8A.pcm
SwiftExplicitDependencyGeneratePcm arm64 /Users/admin/builder/spi-builder-workspace/.derivedData/ModuleCache.noindex/CoreVideo-2RSMJKVNS6O0NFQB1VVYOTYGI.pcm
SwiftExplicitDependencyGeneratePcm arm64 /Users/admin/builder/spi-builder-workspace/.derivedData/ModuleCache.noindex/QuartzCore-8K40EB0UZ88K92K25WHS206V5.pcm
SwiftExplicitDependencyGeneratePcm arm64 /Users/admin/builder/spi-builder-workspace/.derivedData/ModuleCache.noindex/Accelerate-9F2H11KEL806CMD3KOFNAF728.pcm
SwiftExplicitDependencyGeneratePcm arm64 /Users/admin/builder/spi-builder-workspace/.derivedData/ModuleCache.noindex/CoreImage-AKYZW7R7PR5WPBKJIEUDAPXOU.pcm
SwiftExplicitDependencyGeneratePcm arm64 /Users/admin/builder/spi-builder-workspace/.derivedData/ModuleCache.noindex/SwiftUICore-6TO8TDFXAJCONGY037WZV80SU.pcm
SwiftExplicitDependencyGeneratePcm arm64 /Users/admin/builder/spi-builder-workspace/.derivedData/ModuleCache.noindex/UIKit-981VUMI7QKC34FATQGLBUZH2M.pcm
SwiftCompile normal arm64 Compiling\ TrackingMode.swift /Users/admin/builder/spi-builder-workspace/.dependencies/checkouts/DynamicBlurView/Sources/DynamicBlurView/TrackingMode.swift (in target 'DynamicBlurView' from project 'DynamicBlurView')
SwiftCompile normal arm64 /Users/admin/builder/spi-builder-workspace/.dependencies/checkouts/DynamicBlurView/Sources/DynamicBlurView/TrackingMode.swift (in target 'DynamicBlurView' from project 'DynamicBlurView')
cd /Users/admin/builder/spi-builder-workspace/.swiftpm/xcode
SwiftEmitModule normal arm64 Emitting\ module\ for\ DynamicBlurView (in target 'DynamicBlurView' from project 'DynamicBlurView')
EmitSwiftModule normal arm64 (in target 'DynamicBlurView' from project 'DynamicBlurView')
cd /Users/admin/builder/spi-builder-workspace/.swiftpm/xcode
SwiftCompile normal arm64 Compiling\ CaptureQuality.swift /Users/admin/builder/spi-builder-workspace/.dependencies/checkouts/DynamicBlurView/Sources/DynamicBlurView/CaptureQuality.swift (in target 'DynamicBlurView' from project 'DynamicBlurView')
SwiftCompile normal arm64 /Users/admin/builder/spi-builder-workspace/.dependencies/checkouts/DynamicBlurView/Sources/DynamicBlurView/CaptureQuality.swift (in target 'DynamicBlurView' from project 'DynamicBlurView')
cd /Users/admin/builder/spi-builder-workspace/.swiftpm/xcode
SwiftCompile normal arm64 Compiling\ CGRect+Conversion.swift /Users/admin/builder/spi-builder-workspace/.dependencies/checkouts/DynamicBlurView/Sources/DynamicBlurView/CGRect+Conversion.swift (in target 'DynamicBlurView' from project 'DynamicBlurView')
SwiftCompile normal arm64 /Users/admin/builder/spi-builder-workspace/.dependencies/checkouts/DynamicBlurView/Sources/DynamicBlurView/CGRect+Conversion.swift (in target 'DynamicBlurView' from project 'DynamicBlurView')
cd /Users/admin/builder/spi-builder-workspace/.swiftpm/xcode
SwiftCompile normal arm64 Compiling\ UIImage+Blur.swift /Users/admin/builder/spi-builder-workspace/.dependencies/checkouts/DynamicBlurView/Sources/DynamicBlurView/UIImage+Blur.swift (in target 'DynamicBlurView' from project 'DynamicBlurView')
SwiftCompile normal arm64 /Users/admin/builder/spi-builder-workspace/.dependencies/checkouts/DynamicBlurView/Sources/DynamicBlurView/UIImage+Blur.swift (in target 'DynamicBlurView' from project 'DynamicBlurView')
cd /Users/admin/builder/spi-builder-workspace/.swiftpm/xcode
SwiftCompile normal arm64 Compiling\ DynamicBlurView.swift /Users/admin/builder/spi-builder-workspace/.dependencies/checkouts/DynamicBlurView/Sources/DynamicBlurView/DynamicBlurView.swift (in target 'DynamicBlurView' from project 'DynamicBlurView')
Failed frontend command:
/Applications/Xcode-26.3.0.app/Contents/Developer/Toolchains/XcodeDefault.xctoolchain/usr/bin/swift-frontend -frontend -c /Users/admin/builder/spi-builder-workspace/.dependencies/checkouts/DynamicBlurView/Sources/DynamicBlurView/BlurLayer.swift /Users/admin/builder/spi-builder-workspace/.dependencies/checkouts/DynamicBlurView/Sources/DynamicBlurView/CALayer+Conversion.swift /Users/admin/builder/spi-builder-workspace/.dependencies/checkouts/DynamicBlurView/Sources/DynamicBlurView/CGContext+CGImage.swift /Users/admin/builder/spi-builder-workspace/.dependencies/checkouts/DynamicBlurView/Sources/DynamicBlurView/CGImage+Accelerate.swift /Users/admin/builder/spi-builder-workspace/.dependencies/checkouts/DynamicBlurView/Sources/DynamicBlurView/CGRect+Conversion.swift /Users/admin/builder/spi-builder-workspace/.dependencies/checkouts/DynamicBlurView/Sources/DynamicBlurView/CaptureQuality.swift -primary-file /Users/admin/builder/spi-builder-workspace/.dependencies/checkouts/DynamicBlurView/Sources/DynamicBlurView/DynamicBlurView.swift /Users/admin/builder/spi-builder-workspace/.dependencies/checkouts/DynamicBlurView/Sources/DynamicBlurView/TrackingMode.swift /Users/admin/builder/spi-builder-workspace/.dependencies/checkouts/DynamicBlurView/Sources/DynamicBlurView/UIImage+Blur.swift -emit-dependencies-path /Users/admin/builder/spi-builder-workspace/.derivedData/Build/Intermediates.noindex/DynamicBlurView.build/Debug-xros/DynamicBlurView.build/Objects-normal/arm64/DynamicBlurView.d -emit-const-values-path /Users/admin/builder/spi-builder-workspace/.derivedData/Build/Intermediates.noindex/DynamicBlurView.build/Debug-xros/DynamicBlurView.build/Objects-normal/arm64/DynamicBlurView.swiftconstvalues -emit-reference-dependencies-path /Users/admin/builder/spi-builder-workspace/.derivedData/Build/Intermediates.noindex/DynamicBlurView.build/Debug-xros/DynamicBlurView.build/Objects-normal/arm64/DynamicBlurView.swiftdeps -serialize-diagnostics-path /Users/admin/builder/spi-builder-workspace/.derivedData/Build/Intermediates.noindex/DynamicBlurView.build/Debug-xros/DynamicBlurView.build/Objects-normal/arm64/DynamicBlurView.dia -target arm64-apple-xros1.0 -load-resolved-plugin /Applications/Xcode-26.3.0.app/Contents/Developer/Platforms/XROS.platform/Developer/usr/lib/swift/host/plugins/libFoundationMacros.dylib\#/Applications/Xcode-26.3.0.app/Contents/Developer/Platforms/XROS.platform/Developer/usr/bin/swift-plugin-server\#FoundationMacros -load-resolved-plugin /Applications/Xcode-26.3.0.app/Contents/Developer/Platforms/XROS.platform/Developer/usr/lib/swift/host/plugins/libObservationMacros.dylib\#/Applications/Xcode-26.3.0.app/Contents/Developer/Platforms/XROS.platform/Developer/usr/bin/swift-plugin-server\#ObservationMacros -load-resolved-plugin /Applications/Xcode-26.3.0.app/Contents/Developer/Platforms/XROS.platform/Developer/usr/lib/swift/host/plugins/libPreviewsMacros.dylib\#/Applications/Xcode-26.3.0.app/Contents/Developer/Platforms/XROS.platform/Developer/usr/bin/swift-plugin-server\#PreviewsMacros -load-resolved-plugin /Applications/Xcode-26.3.0.app/Contents/Developer/Platforms/XROS.platform/Developer/usr/lib/swift/host/plugins/libSwiftMacros.dylib\#/Applications/Xcode-26.3.0.app/Contents/Developer/Platforms/XROS.platform/Developer/usr/bin/swift-plugin-server\#SwiftMacros -load-resolved-plugin /Applications/Xcode-26.3.0.app/Contents/Developer/Platforms/XROS.platform/Developer/usr/lib/swift/host/plugins/libSwiftUIMacros.dylib\#/Applications/Xcode-26.3.0.app/Contents/Developer/Platforms/XROS.platform/Developer/usr/bin/swift-plugin-server\#SwiftUIMacros -disable-implicit-swift-modules -Xcc -fno-implicit-modules -Xcc -fno-implicit-module-maps -explicit-swift-module-map-file /Users/admin/builder/spi-builder-workspace/.derivedData/Build/Intermediates.noindex/DynamicBlurView.build/Debug-xros/DynamicBlurView.build/Objects-normal/arm64/DynamicBlurView-dependencies-1.json -Xllvm -aarch64-use-tbi -enable-objc-interop -stack-check -sdk /Applications/Xcode-26.3.0.app/Contents/Developer/Platforms/XROS.platform/Developer/SDKs/XROS26.2.sdk -I /Users/admin/builder/spi-builder-workspace/.derivedData/Build/Products/Debug-xros -Isystem /Applications/Xcode-26.3.0.app/Contents/Developer/Platforms/XROS.platform/Developer/usr/lib -F /Users/admin/builder/spi-builder-workspace/.derivedData/Build/Products/Debug-xros -F /Applications/Xcode-26.3.0.app/Contents/Developer/Platforms/XROS.platform/Developer/Library/Frameworks -F /Applications/Xcode-26.3.0.app/Contents/Developer/Platforms/XROS.platform/Developer/SDKs/XROS26.2.sdk/Developer/Library/Frameworks -no-color-diagnostics -Xcc -fno-color-diagnostics -enable-testing -g -debug-info-format\=dwarf -dwarf-version\=4 -module-cache-path /Users/admin/builder/spi-builder-workspace/.derivedData/Build/Intermediates.noindex/SwiftExplicitPrecompiledModules -suppress-warnings -swift-version 5 -enforce-exclusivity\=checked -Onone -D SWIFT_PACKAGE -D DEBUG -D SWIFT_MODULE_RESOURCE_BUNDLE_UNAVAILABLE -D Xcode -serialize-debugging-options -const-gather-protocols-file /Users/admin/builder/spi-builder-workspace/.derivedData/Build/Intermediates.noindex/DynamicBlurView.build/Debug-xros/DynamicBlurView.build/Objects-normal/arm64/DynamicBlurView_const_extract_protocols.json -enable-experimental-feature DebugDescriptionMacro -empty-abi-descriptor -validate-clang-modules-once -clang-build-session-file /Users/admin/builder/spi-builder-workspace/.derivedData/ModuleCache.noindex/Session.modulevalidation -Xcc -working-directory -Xcc /Users/admin/builder/spi-builder-workspace/.swiftpm/xcode -enable-anonymous-context-mangled-names -file-compilation-dir /Users/admin/builder/spi-builder-workspace/.swiftpm/xcode -Xcc -D_LIBCPP_HARDENING_MODE\=_LIBCPP_HARDENING_MODE_DEBUG -Xcc -ivfsstatcache -Xcc /Users/admin/builder/spi-builder-workspace/.derivedData/SDKStatCaches.noindex/xros26.2-23N301-dc75598d0054f22ec865fa860f139d72f5e64962d3ee001da1d77d1957dffdab.sdkstatcache -Xcc -I/Users/admin/builder/spi-builder-workspace/.derivedData/Build/Intermediates.noindex/DynamicBlurView.build/Debug-xros/DynamicBlurView.build/swift-overrides.hmap -Xcc -I/Users/admin/builder/spi-builder-workspace/.derivedData/Build/Products/Debug-xros/include -Xcc -I/Users/admin/builder/spi-builder-workspace/.derivedData/Build/Intermediates.noindex/DynamicBlurView.build/Debug-xros/DynamicBlurView.build/DerivedSources-normal/arm64 -Xcc -I/Users/admin/builder/spi-builder-workspace/.derivedData/Build/Intermediates.noindex/DynamicBlurView.build/Debug-xros/DynamicBlurView.build/DerivedSources/arm64 -Xcc -I/Users/admin/builder/spi-builder-workspace/.derivedData/Build/Intermediates.noindex/DynamicBlurView.build/Debug-xros/DynamicBlurView.build/DerivedSources -Xcc -DSWIFT_PACKAGE -Xcc -DDEBUG\=1 -no-auto-bridging-header-chaining -module-name DynamicBlurView -frontend-parseable-output -disable-clang-spi -target-sdk-version 26.2 -target-sdk-name xros26.2 -clang-target arm64-apple-xros26.2 -in-process-plugin-server-path /Applications/Xcode-26.3.0.app/Contents/Developer/Toolchains/XcodeDefault.xctoolchain/usr/lib/swift/host/libSwiftInProcPluginServer.dylib -o /Users/admin/builder/spi-builder-workspace/.derivedData/Build/Intermediates.noindex/DynamicBlurView.build/Debug-xros/DynamicBlurView.build/Objects-normal/arm64/DynamicBlurView.o -index-unit-output-path /DynamicBlurView.build/Debug-xros/DynamicBlurView.build/Objects-normal/arm64/DynamicBlurView.o -index-store-path /Users/admin/builder/spi-builder-workspace/.derivedData/Index.noindex/DataStore -index-system-modules
SwiftCompile normal arm64 /Users/admin/builder/spi-builder-workspace/.dependencies/checkouts/DynamicBlurView/Sources/DynamicBlurView/DynamicBlurView.swift (in target 'DynamicBlurView' from project 'DynamicBlurView')
cd /Users/admin/builder/spi-builder-workspace/.swiftpm/xcode
/Users/admin/builder/spi-builder-workspace/.dependencies/checkouts/DynamicBlurView/Sources/DynamicBlurView/DynamicBlurView.swift:139:23: error: 'UIScreen' is unavailable in visionOS
displayLink = UIScreen.main.displayLink(withTarget: self, selector: #selector(DynamicBlurView.displayDidRefresh(_:)))
^~~~~~~~
/Applications/Xcode-26.3.0.app/Contents/Developer/Platforms/XROS.platform/Developer/SDKs/XROS26.2.sdk/System/Library/Frameworks/UIKit.framework/Headers/UIScreen.h:54:12: note: 'UIScreen' has been explicitly marked unavailable here
@interface UIScreen : NSObject <UITraitEnvironment>
^
SwiftCompile normal arm64 Compiling\ CGImage+Accelerate.swift /Users/admin/builder/spi-builder-workspace/.dependencies/checkouts/DynamicBlurView/Sources/DynamicBlurView/CGImage+Accelerate.swift (in target 'DynamicBlurView' from project 'DynamicBlurView')
SwiftCompile normal arm64 /Users/admin/builder/spi-builder-workspace/.dependencies/checkouts/DynamicBlurView/Sources/DynamicBlurView/CGImage+Accelerate.swift (in target 'DynamicBlurView' from project 'DynamicBlurView')
cd /Users/admin/builder/spi-builder-workspace/.swiftpm/xcode
SwiftCompile normal arm64 Compiling\ CGContext+CGImage.swift /Users/admin/builder/spi-builder-workspace/.dependencies/checkouts/DynamicBlurView/Sources/DynamicBlurView/CGContext+CGImage.swift (in target 'DynamicBlurView' from project 'DynamicBlurView')
SwiftCompile normal arm64 /Users/admin/builder/spi-builder-workspace/.dependencies/checkouts/DynamicBlurView/Sources/DynamicBlurView/CGContext+CGImage.swift (in target 'DynamicBlurView' from project 'DynamicBlurView')
cd /Users/admin/builder/spi-builder-workspace/.swiftpm/xcode
SwiftCompile normal arm64 Compiling\ BlurLayer.swift /Users/admin/builder/spi-builder-workspace/.dependencies/checkouts/DynamicBlurView/Sources/DynamicBlurView/BlurLayer.swift (in target 'DynamicBlurView' from project 'DynamicBlurView')
SwiftCompile normal arm64 /Users/admin/builder/spi-builder-workspace/.dependencies/checkouts/DynamicBlurView/Sources/DynamicBlurView/BlurLayer.swift (in target 'DynamicBlurView' from project 'DynamicBlurView')
cd /Users/admin/builder/spi-builder-workspace/.swiftpm/xcode
SwiftCompile normal arm64 Compiling\ CALayer+Conversion.swift /Users/admin/builder/spi-builder-workspace/.dependencies/checkouts/DynamicBlurView/Sources/DynamicBlurView/CALayer+Conversion.swift (in target 'DynamicBlurView' from project 'DynamicBlurView')
SwiftCompile normal arm64 /Users/admin/builder/spi-builder-workspace/.dependencies/checkouts/DynamicBlurView/Sources/DynamicBlurView/CALayer+Conversion.swift (in target 'DynamicBlurView' from project 'DynamicBlurView')
cd /Users/admin/builder/spi-builder-workspace/.swiftpm/xcode
SwiftDriverJobDiscovery normal arm64 Emitting module for DynamicBlurView (in target 'DynamicBlurView' from project 'DynamicBlurView')
SwiftDriver\ Compilation\ Requirements DynamicBlurView normal arm64 com.apple.xcode.tools.swift.compiler (in target 'DynamicBlurView' from project 'DynamicBlurView')
cd /Users/admin/builder/spi-builder-workspace/.swiftpm/xcode
builtin-Swift-Compilation-Requirements -- /Applications/Xcode-26.3.0.app/Contents/Developer/Toolchains/XcodeDefault.xctoolchain/usr/bin/swiftc -module-name DynamicBlurView -Onone -enforce-exclusivity\=checked @/Users/admin/builder/spi-builder-workspace/.derivedData/Build/Intermediates.noindex/DynamicBlurView.build/Debug-xros/DynamicBlurView.build/Objects-normal/arm64/DynamicBlurView.SwiftFileList -DSWIFT_PACKAGE -DDEBUG -DSWIFT_MODULE_RESOURCE_BUNDLE_UNAVAILABLE -DXcode -plugin-path /Applications/Xcode-26.3.0.app/Contents/Developer/Toolchains/XcodeDefault.xctoolchain/usr/lib/swift/host/plugins/testing -enable-experimental-feature DebugDescriptionMacro -sdk /Applications/Xcode-26.3.0.app/Contents/Developer/Platforms/XROS.platform/Developer/SDKs/XROS26.2.sdk -target arm64-apple-xros1.0 -g -module-cache-path /Users/admin/builder/spi-builder-workspace/.derivedData/ModuleCache.noindex -Xfrontend -serialize-debugging-options -enable-testing -suppress-warnings -index-store-path /Users/admin/builder/spi-builder-workspace/.derivedData/Index.noindex/DataStore -Xcc -D_LIBCPP_HARDENING_MODE\=_LIBCPP_HARDENING_MODE_DEBUG -swift-version 5 -I /Users/admin/builder/spi-builder-workspace/.derivedData/Build/Products/Debug-xros -Isystem /Applications/Xcode-26.3.0.app/Contents/Developer/Platforms/XROS.platform/Developer/usr/lib -F /Users/admin/builder/spi-builder-workspace/.derivedData/Build/Products/Debug-xros -F /Applications/Xcode-26.3.0.app/Contents/Developer/Platforms/XROS.platform/Developer/Library/Frameworks -F /Applications/Xcode-26.3.0.app/Contents/Developer/Platforms/XROS.platform/Developer/SDKs/XROS26.2.sdk/Developer/Library/Frameworks -c -j10 -enable-batch-mode -incremental -Xcc -ivfsstatcache -Xcc /Users/admin/builder/spi-builder-workspace/.derivedData/SDKStatCaches.noindex/xros26.2-23N301-dc75598d0054f22ec865fa860f139d72f5e64962d3ee001da1d77d1957dffdab.sdkstatcache -output-file-map /Users/admin/builder/spi-builder-workspace/.derivedData/Build/Intermediates.noindex/DynamicBlurView.build/Debug-xros/DynamicBlurView.build/Objects-normal/arm64/DynamicBlurView-OutputFileMap.json -use-frontend-parseable-output -save-temps -no-color-diagnostics -explicit-module-build -module-cache-path /Users/admin/builder/spi-builder-workspace/.derivedData/Build/Intermediates.noindex/SwiftExplicitPrecompiledModules -clang-scanner-module-cache-path /Users/admin/builder/spi-builder-workspace/.derivedData/ModuleCache.noindex -sdk-module-cache-path /Users/admin/builder/spi-builder-workspace/.derivedData/ModuleCache.noindex -serialize-diagnostics -emit-dependencies -emit-module -emit-module-path /Users/admin/builder/spi-builder-workspace/.derivedData/Build/Intermediates.noindex/DynamicBlurView.build/Debug-xros/DynamicBlurView.build/Objects-normal/arm64/DynamicBlurView.swiftmodule -validate-clang-modules-once -clang-build-session-file /Users/admin/builder/spi-builder-workspace/.derivedData/ModuleCache.noindex/Session.modulevalidation -Xcc -I/Users/admin/builder/spi-builder-workspace/.derivedData/Build/Intermediates.noindex/DynamicBlurView.build/Debug-xros/DynamicBlurView.build/swift-overrides.hmap -emit-const-values -Xfrontend -const-gather-protocols-file -Xfrontend /Users/admin/builder/spi-builder-workspace/.derivedData/Build/Intermediates.noindex/DynamicBlurView.build/Debug-xros/DynamicBlurView.build/Objects-normal/arm64/DynamicBlurView_const_extract_protocols.json -Xcc -I/Users/admin/builder/spi-builder-workspace/.derivedData/Build/Products/Debug-xros/include -Xcc -I/Users/admin/builder/spi-builder-workspace/.derivedData/Build/Intermediates.noindex/DynamicBlurView.build/Debug-xros/DynamicBlurView.build/DerivedSources-normal/arm64 -Xcc -I/Users/admin/builder/spi-builder-workspace/.derivedData/Build/Intermediates.noindex/DynamicBlurView.build/Debug-xros/DynamicBlurView.build/DerivedSources/arm64 -Xcc -I/Users/admin/builder/spi-builder-workspace/.derivedData/Build/Intermediates.noindex/DynamicBlurView.build/Debug-xros/DynamicBlurView.build/DerivedSources -Xcc -DSWIFT_PACKAGE -Xcc -DDEBUG\=1 -emit-objc-header -emit-objc-header-path /Users/admin/builder/spi-builder-workspace/.derivedData/Build/Intermediates.noindex/DynamicBlurView.build/Debug-xros/DynamicBlurView.build/Objects-normal/arm64/DynamicBlurView-Swift.h -working-directory /Users/admin/builder/spi-builder-workspace/.swiftpm/xcode -experimental-emit-module-separately -disable-cmo
SwiftMergeGeneratedHeaders /Users/admin/builder/spi-builder-workspace/.derivedData/Build/Intermediates.noindex/GeneratedModuleMaps-xros/DynamicBlurView-Swift.h /Users/admin/builder/spi-builder-workspace/.derivedData/Build/Intermediates.noindex/DynamicBlurView.build/Debug-xros/DynamicBlurView.build/Objects-normal/arm64/DynamicBlurView-Swift.h (in target 'DynamicBlurView' from project 'DynamicBlurView')
cd /Users/admin/builder/spi-builder-workspace/.dependencies/checkouts/DynamicBlurView
builtin-swiftHeaderTool -arch arm64 /Users/admin/builder/spi-builder-workspace/.derivedData/Build/Intermediates.noindex/DynamicBlurView.build/Debug-xros/DynamicBlurView.build/Objects-normal/arm64/DynamicBlurView-Swift.h -o /Users/admin/builder/spi-builder-workspace/.derivedData/Build/Intermediates.noindex/GeneratedModuleMaps-xros/DynamicBlurView-Swift.h
Copy /Users/admin/builder/spi-builder-workspace/.derivedData/Build/Products/Debug-xros/DynamicBlurView.swiftmodule/arm64-apple-xros.swiftmodule /Users/admin/builder/spi-builder-workspace/.derivedData/Build/Intermediates.noindex/DynamicBlurView.build/Debug-xros/DynamicBlurView.build/Objects-normal/arm64/DynamicBlurView.swiftmodule (in target 'DynamicBlurView' from project 'DynamicBlurView')
cd /Users/admin/builder/spi-builder-workspace/.dependencies/checkouts/DynamicBlurView
builtin-copy -exclude .DS_Store -exclude CVS -exclude .svn -exclude .git -exclude .hg -resolve-src-symlinks -rename /Users/admin/builder/spi-builder-workspace/.derivedData/Build/Intermediates.noindex/DynamicBlurView.build/Debug-xros/DynamicBlurView.build/Objects-normal/arm64/DynamicBlurView.swiftmodule /Users/admin/builder/spi-builder-workspace/.derivedData/Build/Products/Debug-xros/DynamicBlurView.swiftmodule/arm64-apple-xros.swiftmodule
Copy /Users/admin/builder/spi-builder-workspace/.derivedData/Build/Products/Debug-xros/DynamicBlurView.swiftmodule/arm64-apple-xros.swiftdoc /Users/admin/builder/spi-builder-workspace/.derivedData/Build/Intermediates.noindex/DynamicBlurView.build/Debug-xros/DynamicBlurView.build/Objects-normal/arm64/DynamicBlurView.swiftdoc (in target 'DynamicBlurView' from project 'DynamicBlurView')
cd /Users/admin/builder/spi-builder-workspace/.dependencies/checkouts/DynamicBlurView
builtin-copy -exclude .DS_Store -exclude CVS -exclude .svn -exclude .git -exclude .hg -resolve-src-symlinks -rename /Users/admin/builder/spi-builder-workspace/.derivedData/Build/Intermediates.noindex/DynamicBlurView.build/Debug-xros/DynamicBlurView.build/Objects-normal/arm64/DynamicBlurView.swiftdoc /Users/admin/builder/spi-builder-workspace/.derivedData/Build/Products/Debug-xros/DynamicBlurView.swiftmodule/arm64-apple-xros.swiftdoc
Copy /Users/admin/builder/spi-builder-workspace/.derivedData/Build/Products/Debug-xros/DynamicBlurView.swiftmodule/arm64-apple-xros.abi.json /Users/admin/builder/spi-builder-workspace/.derivedData/Build/Intermediates.noindex/DynamicBlurView.build/Debug-xros/DynamicBlurView.build/Objects-normal/arm64/DynamicBlurView.abi.json (in target 'DynamicBlurView' from project 'DynamicBlurView')
cd /Users/admin/builder/spi-builder-workspace/.dependencies/checkouts/DynamicBlurView
builtin-copy -exclude .DS_Store -exclude CVS -exclude .svn -exclude .git -exclude .hg -resolve-src-symlinks -rename /Users/admin/builder/spi-builder-workspace/.derivedData/Build/Intermediates.noindex/DynamicBlurView.build/Debug-xros/DynamicBlurView.build/Objects-normal/arm64/DynamicBlurView.abi.json /Users/admin/builder/spi-builder-workspace/.derivedData/Build/Products/Debug-xros/DynamicBlurView.swiftmodule/arm64-apple-xros.abi.json
Copy /Users/admin/builder/spi-builder-workspace/.derivedData/Build/Products/Debug-xros/DynamicBlurView.swiftmodule/Project/arm64-apple-xros.swiftsourceinfo /Users/admin/builder/spi-builder-workspace/.derivedData/Build/Intermediates.noindex/DynamicBlurView.build/Debug-xros/DynamicBlurView.build/Objects-normal/arm64/DynamicBlurView.swiftsourceinfo (in target 'DynamicBlurView' from project 'DynamicBlurView')
cd /Users/admin/builder/spi-builder-workspace/.dependencies/checkouts/DynamicBlurView
builtin-copy -exclude .DS_Store -exclude CVS -exclude .svn -exclude .git -exclude .hg -resolve-src-symlinks -rename /Users/admin/builder/spi-builder-workspace/.derivedData/Build/Intermediates.noindex/DynamicBlurView.build/Debug-xros/DynamicBlurView.build/Objects-normal/arm64/DynamicBlurView.swiftsourceinfo /Users/admin/builder/spi-builder-workspace/.derivedData/Build/Products/Debug-xros/DynamicBlurView.swiftmodule/Project/arm64-apple-xros.swiftsourceinfo
SwiftDriver PopupDialog normal arm64 com.apple.xcode.tools.swift.compiler (in target 'PopupDialog' from project 'PopupDialog')
cd /Users/admin/builder/spi-builder-workspace/.swiftpm/xcode
builtin-SwiftDriver -- /Applications/Xcode-26.3.0.app/Contents/Developer/Toolchains/XcodeDefault.xctoolchain/usr/bin/swiftc -module-name PopupDialog -Onone -enforce-exclusivity\=checked @/Users/admin/builder/spi-builder-workspace/.derivedData/Build/Intermediates.noindex/PopupDialog.build/Debug-xros/PopupDialog.build/Objects-normal/arm64/PopupDialog.SwiftFileList -DSWIFT_PACKAGE -DDEBUG -DSWIFT_MODULE_RESOURCE_BUNDLE_UNAVAILABLE -DXcode -plugin-path /Applications/Xcode-26.3.0.app/Contents/Developer/Toolchains/XcodeDefault.xctoolchain/usr/lib/swift/host/plugins/testing -enable-experimental-feature DebugDescriptionMacro -sdk /Applications/Xcode-26.3.0.app/Contents/Developer/Platforms/XROS.platform/Developer/SDKs/XROS26.2.sdk -target arm64-apple-xros1.0 -g -module-cache-path /Users/admin/builder/spi-builder-workspace/.derivedData/ModuleCache.noindex -Xfrontend -serialize-debugging-options -enable-testing -index-store-path /Users/admin/builder/spi-builder-workspace/.derivedData/Index.noindex/DataStore -Xcc -D_LIBCPP_HARDENING_MODE\=_LIBCPP_HARDENING_MODE_DEBUG -swift-version 5 -I /Users/admin/builder/spi-builder-workspace/.derivedData/Build/Products/Debug-xros -Isystem /Applications/Xcode-26.3.0.app/Contents/Developer/Platforms/XROS.platform/Developer/usr/lib -F /Users/admin/builder/spi-builder-workspace/.derivedData/Build/Products/Debug-xros/PackageFrameworks -F /Users/admin/builder/spi-builder-workspace/.derivedData/Build/Products/Debug-xros -F /Applications/Xcode-26.3.0.app/Contents/Developer/Platforms/XROS.platform/Developer/Library/Frameworks -F /Applications/Xcode-26.3.0.app/Contents/Developer/Platforms/XROS.platform/Developer/SDKs/XROS26.2.sdk/Developer/Library/Frameworks -c -j10 -enable-batch-mode -incremental -Xcc -ivfsstatcache -Xcc /Users/admin/builder/spi-builder-workspace/.derivedData/SDKStatCaches.noindex/xros26.2-23N301-dc75598d0054f22ec865fa860f139d72f5e64962d3ee001da1d77d1957dffdab.sdkstatcache -output-file-map /Users/admin/builder/spi-builder-workspace/.derivedData/Build/Intermediates.noindex/PopupDialog.build/Debug-xros/PopupDialog.build/Objects-normal/arm64/PopupDialog-OutputFileMap.json -use-frontend-parseable-output -save-temps -no-color-diagnostics -explicit-module-build -module-cache-path /Users/admin/builder/spi-builder-workspace/.derivedData/Build/Intermediates.noindex/SwiftExplicitPrecompiledModules -clang-scanner-module-cache-path /Users/admin/builder/spi-builder-workspace/.derivedData/ModuleCache.noindex -sdk-module-cache-path /Users/admin/builder/spi-builder-workspace/.derivedData/ModuleCache.noindex -serialize-diagnostics -emit-dependencies -emit-module -emit-module-path /Users/admin/builder/spi-builder-workspace/.derivedData/Build/Intermediates.noindex/PopupDialog.build/Debug-xros/PopupDialog.build/Objects-normal/arm64/PopupDialog.swiftmodule -validate-clang-modules-once -clang-build-session-file /Users/admin/builder/spi-builder-workspace/.derivedData/ModuleCache.noindex/Session.modulevalidation -Xcc -I/Users/admin/builder/spi-builder-workspace/.derivedData/Build/Intermediates.noindex/PopupDialog.build/Debug-xros/PopupDialog.build/swift-overrides.hmap -emit-const-values -Xfrontend -const-gather-protocols-file -Xfrontend /Users/admin/builder/spi-builder-workspace/.derivedData/Build/Intermediates.noindex/PopupDialog.build/Debug-xros/PopupDialog.build/Objects-normal/arm64/PopupDialog_const_extract_protocols.json -Xcc -I/Users/admin/builder/spi-builder-workspace/.derivedData/Build/Products/Debug-xros/include -Xcc -I/Users/admin/builder/spi-builder-workspace/.derivedData/Build/Intermediates.noindex/PopupDialog.build/Debug-xros/PopupDialog.build/DerivedSources-normal/arm64 -Xcc -I/Users/admin/builder/spi-builder-workspace/.derivedData/Build/Intermediates.noindex/PopupDialog.build/Debug-xros/PopupDialog.build/DerivedSources/arm64 -Xcc -I/Users/admin/builder/spi-builder-workspace/.derivedData/Build/Intermediates.noindex/PopupDialog.build/Debug-xros/PopupDialog.build/DerivedSources -Xcc -DSWIFT_PACKAGE -Xcc -DDEBUG\=1 -emit-objc-header -emit-objc-header-path /Users/admin/builder/spi-builder-workspace/.derivedData/Build/Intermediates.noindex/PopupDialog.build/Debug-xros/PopupDialog.build/Objects-normal/arm64/PopupDialog-Swift.h -working-directory /Users/admin/builder/spi-builder-workspace/.swiftpm/xcode -experimental-emit-module-separately -disable-cmo
SwiftEmitModule normal arm64 Emitting\ module\ for\ PopupDialog (in target 'PopupDialog' from project 'PopupDialog')
EmitSwiftModule normal arm64 (in target 'PopupDialog' from project 'PopupDialog')
cd /Users/admin/builder/spi-builder-workspace/.swiftpm/xcode
SwiftCompile normal arm64 Compiling\ UIImageView+Calculations.swift /Users/admin/builder/spi-builder-workspace/PopupDialog/Classes/UIImageView+Calculations.swift (in target 'PopupDialog' from project 'PopupDialog')
SwiftCompile normal arm64 /Users/admin/builder/spi-builder-workspace/PopupDialog/Classes/UIImageView+Calculations.swift (in target 'PopupDialog' from project 'PopupDialog')
cd /Users/admin/builder/spi-builder-workspace/.swiftpm/xcode
SwiftDriverJobDiscovery normal arm64 Emitting module for PopupDialog (in target 'PopupDialog' from project 'PopupDialog')
SwiftDriver\ Compilation\ Requirements PopupDialog normal arm64 com.apple.xcode.tools.swift.compiler (in target 'PopupDialog' from project 'PopupDialog')
cd /Users/admin/builder/spi-builder-workspace/.swiftpm/xcode
builtin-Swift-Compilation-Requirements -- /Applications/Xcode-26.3.0.app/Contents/Developer/Toolchains/XcodeDefault.xctoolchain/usr/bin/swiftc -module-name PopupDialog -Onone -enforce-exclusivity\=checked @/Users/admin/builder/spi-builder-workspace/.derivedData/Build/Intermediates.noindex/PopupDialog.build/Debug-xros/PopupDialog.build/Objects-normal/arm64/PopupDialog.SwiftFileList -DSWIFT_PACKAGE -DDEBUG -DSWIFT_MODULE_RESOURCE_BUNDLE_UNAVAILABLE -DXcode -plugin-path /Applications/Xcode-26.3.0.app/Contents/Developer/Toolchains/XcodeDefault.xctoolchain/usr/lib/swift/host/plugins/testing -enable-experimental-feature DebugDescriptionMacro -sdk /Applications/Xcode-26.3.0.app/Contents/Developer/Platforms/XROS.platform/Developer/SDKs/XROS26.2.sdk -target arm64-apple-xros1.0 -g -module-cache-path /Users/admin/builder/spi-builder-workspace/.derivedData/ModuleCache.noindex -Xfrontend -serialize-debugging-options -enable-testing -index-store-path /Users/admin/builder/spi-builder-workspace/.derivedData/Index.noindex/DataStore -Xcc -D_LIBCPP_HARDENING_MODE\=_LIBCPP_HARDENING_MODE_DEBUG -swift-version 5 -I /Users/admin/builder/spi-builder-workspace/.derivedData/Build/Products/Debug-xros -Isystem /Applications/Xcode-26.3.0.app/Contents/Developer/Platforms/XROS.platform/Developer/usr/lib -F /Users/admin/builder/spi-builder-workspace/.derivedData/Build/Products/Debug-xros/PackageFrameworks -F /Users/admin/builder/spi-builder-workspace/.derivedData/Build/Products/Debug-xros -F /Applications/Xcode-26.3.0.app/Contents/Developer/Platforms/XROS.platform/Developer/Library/Frameworks -F /Applications/Xcode-26.3.0.app/Contents/Developer/Platforms/XROS.platform/Developer/SDKs/XROS26.2.sdk/Developer/Library/Frameworks -c -j10 -enable-batch-mode -incremental -Xcc -ivfsstatcache -Xcc /Users/admin/builder/spi-builder-workspace/.derivedData/SDKStatCaches.noindex/xros26.2-23N301-dc75598d0054f22ec865fa860f139d72f5e64962d3ee001da1d77d1957dffdab.sdkstatcache -output-file-map /Users/admin/builder/spi-builder-workspace/.derivedData/Build/Intermediates.noindex/PopupDialog.build/Debug-xros/PopupDialog.build/Objects-normal/arm64/PopupDialog-OutputFileMap.json -use-frontend-parseable-output -save-temps -no-color-diagnostics -explicit-module-build -module-cache-path /Users/admin/builder/spi-builder-workspace/.derivedData/Build/Intermediates.noindex/SwiftExplicitPrecompiledModules -clang-scanner-module-cache-path /Users/admin/builder/spi-builder-workspace/.derivedData/ModuleCache.noindex -sdk-module-cache-path /Users/admin/builder/spi-builder-workspace/.derivedData/ModuleCache.noindex -serialize-diagnostics -emit-dependencies -emit-module -emit-module-path /Users/admin/builder/spi-builder-workspace/.derivedData/Build/Intermediates.noindex/PopupDialog.build/Debug-xros/PopupDialog.build/Objects-normal/arm64/PopupDialog.swiftmodule -validate-clang-modules-once -clang-build-session-file /Users/admin/builder/spi-builder-workspace/.derivedData/ModuleCache.noindex/Session.modulevalidation -Xcc -I/Users/admin/builder/spi-builder-workspace/.derivedData/Build/Intermediates.noindex/PopupDialog.build/Debug-xros/PopupDialog.build/swift-overrides.hmap -emit-const-values -Xfrontend -const-gather-protocols-file -Xfrontend /Users/admin/builder/spi-builder-workspace/.derivedData/Build/Intermediates.noindex/PopupDialog.build/Debug-xros/PopupDialog.build/Objects-normal/arm64/PopupDialog_const_extract_protocols.json -Xcc -I/Users/admin/builder/spi-builder-workspace/.derivedData/Build/Products/Debug-xros/include -Xcc -I/Users/admin/builder/spi-builder-workspace/.derivedData/Build/Intermediates.noindex/PopupDialog.build/Debug-xros/PopupDialog.build/DerivedSources-normal/arm64 -Xcc -I/Users/admin/builder/spi-builder-workspace/.derivedData/Build/Intermediates.noindex/PopupDialog.build/Debug-xros/PopupDialog.build/DerivedSources/arm64 -Xcc -I/Users/admin/builder/spi-builder-workspace/.derivedData/Build/Intermediates.noindex/PopupDialog.build/Debug-xros/PopupDialog.build/DerivedSources -Xcc -DSWIFT_PACKAGE -Xcc -DDEBUG\=1 -emit-objc-header -emit-objc-header-path /Users/admin/builder/spi-builder-workspace/.derivedData/Build/Intermediates.noindex/PopupDialog.build/Debug-xros/PopupDialog.build/Objects-normal/arm64/PopupDialog-Swift.h -working-directory /Users/admin/builder/spi-builder-workspace/.swiftpm/xcode -experimental-emit-module-separately -disable-cmo
SwiftDriverJobDiscovery normal arm64 Compiling CGRect+Conversion.swift (in target 'DynamicBlurView' from project 'DynamicBlurView')
SwiftCompile normal arm64 Compiling\ PopupDialogContainerView.swift,\ PopupDialogDefaultButtons.swift /Users/admin/builder/spi-builder-workspace/PopupDialog/Classes/PopupDialogContainerView.swift /Users/admin/builder/spi-builder-workspace/PopupDialog/Classes/PopupDialogDefaultButtons.swift (in target 'PopupDialog' from project 'PopupDialog')
SwiftCompile normal arm64 /Users/admin/builder/spi-builder-workspace/PopupDialog/Classes/PopupDialogContainerView.swift (in target 'PopupDialog' from project 'PopupDialog')
cd /Users/admin/builder/spi-builder-workspace/.swiftpm/xcode
SwiftCompile normal arm64 /Users/admin/builder/spi-builder-workspace/PopupDialog/Classes/PopupDialogDefaultButtons.swift (in target 'PopupDialog' from project 'PopupDialog')
cd /Users/admin/builder/spi-builder-workspace/.swiftpm/xcode
SwiftMergeGeneratedHeaders /Users/admin/builder/spi-builder-workspace/.derivedData/Build/Intermediates.noindex/GeneratedModuleMaps-xros/PopupDialog-Swift.h /Users/admin/builder/spi-builder-workspace/.derivedData/Build/Intermediates.noindex/PopupDialog.build/Debug-xros/PopupDialog.build/Objects-normal/arm64/PopupDialog-Swift.h (in target 'PopupDialog' from project 'PopupDialog')
cd /Users/admin/builder/spi-builder-workspace
builtin-swiftHeaderTool -arch arm64 /Users/admin/builder/spi-builder-workspace/.derivedData/Build/Intermediates.noindex/PopupDialog.build/Debug-xros/PopupDialog.build/Objects-normal/arm64/PopupDialog-Swift.h -o /Users/admin/builder/spi-builder-workspace/.derivedData/Build/Intermediates.noindex/GeneratedModuleMaps-xros/PopupDialog-Swift.h
SwiftDriverJobDiscovery normal arm64 Compiling CALayer+Conversion.swift (in target 'DynamicBlurView' from project 'DynamicBlurView')
Copy /Users/admin/builder/spi-builder-workspace/.derivedData/Build/Products/Debug-xros/PopupDialog.swiftmodule/arm64-apple-xros.swiftmodule /Users/admin/builder/spi-builder-workspace/.derivedData/Build/Intermediates.noindex/PopupDialog.build/Debug-xros/PopupDialog.build/Objects-normal/arm64/PopupDialog.swiftmodule (in target 'PopupDialog' from project 'PopupDialog')
cd /Users/admin/builder/spi-builder-workspace
builtin-copy -exclude .DS_Store -exclude CVS -exclude .svn -exclude .git -exclude .hg -resolve-src-symlinks -rename /Users/admin/builder/spi-builder-workspace/.derivedData/Build/Intermediates.noindex/PopupDialog.build/Debug-xros/PopupDialog.build/Objects-normal/arm64/PopupDialog.swiftmodule /Users/admin/builder/spi-builder-workspace/.derivedData/Build/Products/Debug-xros/PopupDialog.swiftmodule/arm64-apple-xros.swiftmodule
Copy /Users/admin/builder/spi-builder-workspace/.derivedData/Build/Products/Debug-xros/PopupDialog.swiftmodule/arm64-apple-xros.swiftdoc /Users/admin/builder/spi-builder-workspace/.derivedData/Build/Intermediates.noindex/PopupDialog.build/Debug-xros/PopupDialog.build/Objects-normal/arm64/PopupDialog.swiftdoc (in target 'PopupDialog' from project 'PopupDialog')
cd /Users/admin/builder/spi-builder-workspace
builtin-copy -exclude .DS_Store -exclude CVS -exclude .svn -exclude .git -exclude .hg -resolve-src-symlinks -rename /Users/admin/builder/spi-builder-workspace/.derivedData/Build/Intermediates.noindex/PopupDialog.build/Debug-xros/PopupDialog.build/Objects-normal/arm64/PopupDialog.swiftdoc /Users/admin/builder/spi-builder-workspace/.derivedData/Build/Products/Debug-xros/PopupDialog.swiftmodule/arm64-apple-xros.swiftdoc
Copy /Users/admin/builder/spi-builder-workspace/.derivedData/Build/Products/Debug-xros/PopupDialog.swiftmodule/arm64-apple-xros.abi.json /Users/admin/builder/spi-builder-workspace/.derivedData/Build/Intermediates.noindex/PopupDialog.build/Debug-xros/PopupDialog.build/Objects-normal/arm64/PopupDialog.abi.json (in target 'PopupDialog' from project 'PopupDialog')
cd /Users/admin/builder/spi-builder-workspace
builtin-copy -exclude .DS_Store -exclude CVS -exclude .svn -exclude .git -exclude .hg -resolve-src-symlinks -rename /Users/admin/builder/spi-builder-workspace/.derivedData/Build/Intermediates.noindex/PopupDialog.build/Debug-xros/PopupDialog.build/Objects-normal/arm64/PopupDialog.abi.json /Users/admin/builder/spi-builder-workspace/.derivedData/Build/Products/Debug-xros/PopupDialog.swiftmodule/arm64-apple-xros.abi.json
Copy /Users/admin/builder/spi-builder-workspace/.derivedData/Build/Products/Debug-xros/PopupDialog.swiftmodule/Project/arm64-apple-xros.swiftsourceinfo /Users/admin/builder/spi-builder-workspace/.derivedData/Build/Intermediates.noindex/PopupDialog.build/Debug-xros/PopupDialog.build/Objects-normal/arm64/PopupDialog.swiftsourceinfo (in target 'PopupDialog' from project 'PopupDialog')
cd /Users/admin/builder/spi-builder-workspace
builtin-copy -exclude .DS_Store -exclude CVS -exclude .svn -exclude .git -exclude .hg -resolve-src-symlinks -rename /Users/admin/builder/spi-builder-workspace/.derivedData/Build/Intermediates.noindex/PopupDialog.build/Debug-xros/PopupDialog.build/Objects-normal/arm64/PopupDialog.swiftsourceinfo /Users/admin/builder/spi-builder-workspace/.derivedData/Build/Products/Debug-xros/PopupDialog.swiftmodule/Project/arm64-apple-xros.swiftsourceinfo
SwiftCompile normal arm64 Compiling\ PopupDialog.swift,\ PopupDialogButton.swift /Users/admin/builder/spi-builder-workspace/PopupDialog/Classes/PopupDialog.swift /Users/admin/builder/spi-builder-workspace/PopupDialog/Classes/PopupDialogButton.swift (in target 'PopupDialog' from project 'PopupDialog')
Failed frontend command:
/Applications/Xcode-26.3.0.app/Contents/Developer/Toolchains/XcodeDefault.xctoolchain/usr/bin/swift-frontend -frontend -c /Users/admin/builder/spi-builder-workspace/PopupDialog/Classes/InteractiveTransition.swift /Users/admin/builder/spi-builder-workspace/PopupDialog/Classes/PopupDialog+Keyboard.swift -primary-file /Users/admin/builder/spi-builder-workspace/PopupDialog/Classes/PopupDialog.swift -primary-file /Users/admin/builder/spi-builder-workspace/PopupDialog/Classes/PopupDialogButton.swift /Users/admin/builder/spi-builder-workspace/PopupDialog/Classes/PopupDialogContainerView.swift /Users/admin/builder/spi-builder-workspace/PopupDialog/Classes/PopupDialogDefaultButtons.swift /Users/admin/builder/spi-builder-workspace/PopupDialog/Classes/PopupDialogDefaultView.swift /Users/admin/builder/spi-builder-workspace/PopupDialog/Classes/PopupDialogDefaultViewController.swift /Users/admin/builder/spi-builder-workspace/PopupDialog/Classes/PopupDialogOverlayView.swift /Users/admin/builder/spi-builder-workspace/PopupDialog/Classes/PresentationController.swift /Users/admin/builder/spi-builder-workspace/PopupDialog/Classes/PresentationManager.swift /Users/admin/builder/spi-builder-workspace/PopupDialog/Classes/TransitionAnimations.swift /Users/admin/builder/spi-builder-workspace/PopupDialog/Classes/TransitionAnimator.swift /Users/admin/builder/spi-builder-workspace/PopupDialog/Classes/UIImageView+Calculations.swift /Users/admin/builder/spi-builder-workspace/PopupDialog/Classes/UIView+Animations.swift /Users/admin/builder/spi-builder-workspace/PopupDialog/Classes/UIViewController+Visibility.swift -emit-dependencies-path /Users/admin/builder/spi-builder-workspace/.derivedData/Build/Intermediates.noindex/PopupDialog.build/Debug-xros/PopupDialog.build/Objects-normal/arm64/PopupDialog.d -emit-const-values-path /Users/admin/builder/spi-builder-workspace/.derivedData/Build/Intermediates.noindex/PopupDialog.build/Debug-xros/PopupDialog.build/Objects-normal/arm64/PopupDialog.swiftconstvalues -emit-reference-dependencies-path /Users/admin/builder/spi-builder-workspace/.derivedData/Build/Intermediates.noindex/PopupDialog.build/Debug-xros/PopupDialog.build/Objects-normal/arm64/PopupDialog.swiftdeps -serialize-diagnostics-path /Users/admin/builder/spi-builder-workspace/.derivedData/Build/Intermediates.noindex/PopupDialog.build/Debug-xros/PopupDialog.build/Objects-normal/arm64/PopupDialog.dia -emit-dependencies-path /Users/admin/builder/spi-builder-workspace/.derivedData/Build/Intermediates.noindex/PopupDialog.build/Debug-xros/PopupDialog.build/Objects-normal/arm64/PopupDialogButton.d -emit-const-values-path /Users/admin/builder/spi-builder-workspace/.derivedData/Build/Intermediates.noindex/PopupDialog.build/Debug-xros/PopupDialog.build/Objects-normal/arm64/PopupDialogButton.swiftconstvalues -emit-reference-dependencies-path /Users/admin/builder/spi-builder-workspace/.derivedData/Build/Intermediates.noindex/PopupDialog.build/Debug-xros/PopupDialog.build/Objects-normal/arm64/PopupDialogButton.swiftdeps -serialize-diagnostics-path /Users/admin/builder/spi-builder-workspace/.derivedData/Build/Intermediates.noindex/PopupDialog.build/Debug-xros/PopupDialog.build/Objects-normal/arm64/PopupDialogButton.dia -target arm64-apple-xros1.0 -load-resolved-plugin /Applications/Xcode-26.3.0.app/Contents/Developer/Platforms/XROS.platform/Developer/usr/lib/swift/host/plugins/libFoundationMacros.dylib\#/Applications/Xcode-26.3.0.app/Contents/Developer/Platforms/XROS.platform/Developer/usr/bin/swift-plugin-server\#FoundationMacros -load-resolved-plugin /Applications/Xcode-26.3.0.app/Contents/Developer/Platforms/XROS.platform/Developer/usr/lib/swift/host/plugins/libObservationMacros.dylib\#/Applications/Xcode-26.3.0.app/Contents/Developer/Platforms/XROS.platform/Developer/usr/bin/swift-plugin-server\#ObservationMacros -load-resolved-plugin /Applications/Xcode-26.3.0.app/Contents/Developer/Platforms/XROS.platform/Developer/usr/lib/swift/host/plugins/libPreviewsMacros.dylib\#/Applications/Xcode-26.3.0.app/Contents/Developer/Platforms/XROS.platform/Developer/usr/bin/swift-plugin-server\#PreviewsMacros -load-resolved-plugin /Applications/Xcode-26.3.0.app/Contents/Developer/Platforms/XROS.platform/Developer/usr/lib/swift/host/plugins/libSwiftMacros.dylib\#/Applications/Xcode-26.3.0.app/Contents/Developer/Platforms/XROS.platform/Developer/usr/bin/swift-plugin-server\#SwiftMacros -load-resolved-plugin /Applications/Xcode-26.3.0.app/Contents/Developer/Platforms/XROS.platform/Developer/usr/lib/swift/host/plugins/libSwiftUIMacros.dylib\#/Applications/Xcode-26.3.0.app/Contents/Developer/Platforms/XROS.platform/Developer/usr/bin/swift-plugin-server\#SwiftUIMacros -disable-implicit-swift-modules -Xcc -fno-implicit-modules -Xcc -fno-implicit-module-maps -explicit-swift-module-map-file /Users/admin/builder/spi-builder-workspace/.derivedData/Build/Intermediates.noindex/PopupDialog.build/Debug-xros/PopupDialog.build/Objects-normal/arm64/PopupDialog-dependencies-1.json -Xllvm -aarch64-use-tbi -enable-objc-interop -stack-check -sdk /Applications/Xcode-26.3.0.app/Contents/Developer/Platforms/XROS.platform/Developer/SDKs/XROS26.2.sdk -I /Users/admin/builder/spi-builder-workspace/.derivedData/Build/Products/Debug-xros -Isystem /Applications/Xcode-26.3.0.app/Contents/Developer/Platforms/XROS.platform/Developer/usr/lib -F /Users/admin/builder/spi-builder-workspace/.derivedData/Build/Products/Debug-xros/PackageFrameworks -F /Users/admin/builder/spi-builder-workspace/.derivedData/Build/Products/Debug-xros -F /Applications/Xcode-26.3.0.app/Contents/Developer/Platforms/XROS.platform/Developer/Library/Frameworks -F /Applications/Xcode-26.3.0.app/Contents/Developer/Platforms/XROS.platform/Developer/SDKs/XROS26.2.sdk/Developer/Library/Frameworks -no-color-diagnostics -Xcc -fno-color-diagnostics -enable-testing -g -debug-info-format\=dwarf -dwarf-version\=4 -module-cache-path /Users/admin/builder/spi-builder-workspace/.derivedData/Build/Intermediates.noindex/SwiftExplicitPrecompiledModules -swift-version 5 -enforce-exclusivity\=checked -Onone -D SWIFT_PACKAGE -D DEBUG -D SWIFT_MODULE_RESOURCE_BUNDLE_UNAVAILABLE -D Xcode -serialize-debugging-options -const-gather-protocols-file /Users/admin/builder/spi-builder-workspace/.derivedData/Build/Intermediates.noindex/PopupDialog.build/Debug-xros/PopupDialog.build/Objects-normal/arm64/PopupDialog_const_extract_protocols.json -enable-experimental-feature DebugDescriptionMacro -empty-abi-descriptor -validate-clang-modules-once -clang-build-session-file /Users/admin/builder/spi-builder-workspace/.derivedData/ModuleCache.noindex/Session.modulevalidation -Xcc -working-directory -Xcc /Users/admin/builder/spi-builder-workspace/.swiftpm/xcode -enable-anonymous-context-mangled-names -file-compilation-dir /Users/admin/builder/spi-builder-workspace/.swiftpm/xcode -Xcc -D_LIBCPP_HARDENING_MODE\=_LIBCPP_HARDENING_MODE_DEBUG -Xcc -ivfsstatcache -Xcc /Users/admin/builder/spi-builder-workspace/.derivedData/SDKStatCaches.noindex/xros26.2-23N301-dc75598d0054f22ec865fa860f139d72f5e64962d3ee001da1d77d1957dffdab.sdkstatcache -Xcc -I/Users/admin/builder/spi-builder-workspace/.derivedData/Build/Intermediates.noindex/PopupDialog.build/Debug-xros/PopupDialog.build/swift-overrides.hmap -Xcc -I/Users/admin/builder/spi-builder-workspace/.derivedData/Build/Products/Debug-xros/include -Xcc -I/Users/admin/builder/spi-builder-workspace/.derivedData/Build/Intermediates.noindex/PopupDialog.build/Debug-xros/PopupDialog.build/DerivedSources-normal/arm64 -Xcc -I/Users/admin/builder/spi-builder-workspace/.derivedData/Build/Intermediates.noindex/PopupDialog.build/Debug-xros/PopupDialog.build/DerivedSources/arm64 -Xcc -I/Users/admin/builder/spi-builder-workspace/.derivedData/Build/Intermediates.noindex/PopupDialog.build/Debug-xros/PopupDialog.build/DerivedSources -Xcc -DSWIFT_PACKAGE -Xcc -DDEBUG\=1 -no-auto-bridging-header-chaining -module-name PopupDialog -frontend-parseable-output -disable-clang-spi -target-sdk-version 26.2 -target-sdk-name xros26.2 -clang-target arm64-apple-xros26.2 -in-process-plugin-server-path /Applications/Xcode-26.3.0.app/Contents/Developer/Toolchains/XcodeDefault.xctoolchain/usr/lib/swift/host/libSwiftInProcPluginServer.dylib -o /Users/admin/builder/spi-builder-workspace/.derivedData/Build/Intermediates.noindex/PopupDialog.build/Debug-xros/PopupDialog.build/Objects-normal/arm64/PopupDialog.o -o /Users/admin/builder/spi-builder-workspace/.derivedData/Build/Intermediates.noindex/PopupDialog.build/Debug-xros/PopupDialog.build/Objects-normal/arm64/PopupDialogButton.o -index-unit-output-path /PopupDialog.build/Debug-xros/PopupDialog.build/Objects-normal/arm64/PopupDialog.o -index-unit-output-path /PopupDialog.build/Debug-xros/PopupDialog.build/Objects-normal/arm64/PopupDialogButton.o -index-store-path /Users/admin/builder/spi-builder-workspace/.derivedData/Index.noindex/DataStore -index-system-modules
SwiftCompile normal arm64 /Users/admin/builder/spi-builder-workspace/PopupDialog/Classes/PopupDialog.swift (in target 'PopupDialog' from project 'PopupDialog')
cd /Users/admin/builder/spi-builder-workspace/.swiftpm/xcode
/Users/admin/builder/spi-builder-workspace/PopupDialog/Classes/PopupDialog.swift:194:48: error: 'UIScreen' is unavailable in visionOS
view = PopupDialogContainerView(frame: UIScreen.main.bounds, preferredWidth: preferredWidth)
^~~~~~~~
/Applications/Xcode-26.3.0.app/Contents/Developer/Platforms/XROS.platform/Developer/SDKs/XROS26.2.sdk/System/Library/Frameworks/UIKit.framework/Headers/UIScreen.h:54:12: note: 'UIScreen' has been explicitly marked unavailable here
@interface UIScreen : NSObject <UITraitEnvironment>
^
/Users/admin/builder/spi-builder-workspace/PopupDialog/Classes/PopupDialog.swift:211:18: error: 'setNeedsStatusBarAppearanceUpdate()' is unavailable in visionOS
self.setNeedsStatusBarAppearanceUpdate()
^~~~~~~~~~~~~~~~~~~~~~~~~~~~~~~~~
UIKit.UIViewController.setNeedsStatusBarAppearanceUpdate:3:24: note: 'setNeedsStatusBarAppearanceUpdate()' has been explicitly marked unavailable here
@MainActor open func setNeedsStatusBarAppearanceUpdate()}
^
SwiftCompile normal arm64 /Users/admin/builder/spi-builder-workspace/PopupDialog/Classes/PopupDialogButton.swift (in target 'PopupDialog' from project 'PopupDialog')
cd /Users/admin/builder/spi-builder-workspace/.swiftpm/xcode
SwiftCompile normal arm64 Compiling\ PresentationManager.swift,\ TransitionAnimations.swift /Users/admin/builder/spi-builder-workspace/PopupDialog/Classes/PresentationManager.swift /Users/admin/builder/spi-builder-workspace/PopupDialog/Classes/TransitionAnimations.swift (in target 'PopupDialog' from project 'PopupDialog')
SwiftDriverJobDiscovery normal arm64 Compiling UIImageView+Calculations.swift (in target 'PopupDialog' from project 'PopupDialog')
SwiftCompile normal arm64 Compiling\ InteractiveTransition.swift,\ PopupDialog+Keyboard.swift /Users/admin/builder/spi-builder-workspace/PopupDialog/Classes/InteractiveTransition.swift /Users/admin/builder/spi-builder-workspace/PopupDialog/Classes/PopupDialog+Keyboard.swift (in target 'PopupDialog' from project 'PopupDialog')
2026-09-20 20:40:28.329 xcodebuild[796:4945] [MT] IDERunDestination: Supported platforms for the buildables in the current scheme is empty.
** BUILD FAILED **
The following build commands failed:
SwiftCompile normal arm64 Compiling\ DynamicBlurView.swift /Users/admin/builder/spi-builder-workspace/.dependencies/checkouts/DynamicBlurView/Sources/DynamicBlurView/DynamicBlurView.swift (in target 'DynamicBlurView' from project 'DynamicBlurView')
SwiftCompile normal arm64 /Users/admin/builder/spi-builder-workspace/.dependencies/checkouts/DynamicBlurView/Sources/DynamicBlurView/DynamicBlurView.swift (in target 'DynamicBlurView' from project 'DynamicBlurView')
SwiftCompile normal arm64 Compiling\ PopupDialog.swift,\ PopupDialogButton.swift /Users/admin/builder/spi-builder-workspace/PopupDialog/Classes/PopupDialog.swift /Users/admin/builder/spi-builder-workspace/PopupDialog/Classes/PopupDialogButton.swift (in target 'PopupDialog' from project 'PopupDialog')
SwiftCompile normal arm64 /Users/admin/builder/spi-builder-workspace/PopupDialog/Classes/PopupDialog.swift (in target 'PopupDialog' from project 'PopupDialog')
Building workspace spi-builder-workspace with scheme PopupDialog
(5 failures)
Command line invocation:
/Applications/Xcode-26.3.0.app/Contents/Developer/usr/bin/xcodebuild -IDEClonedSourcePackagesDirPathOverride=/Users/admin/builder/spi-builder-workspace/.dependencies -resolvePackageDependencies
Resolve Package Graph
Resolved source packages:
PopupDialog: /Users/admin/builder/spi-builder-workspace
DynamicBlurView: https://github.com/KyoheiG3/DynamicBlurView.git @ 5.0.5
resolved source packages: PopupDialog, DynamicBlurView
2026-09-20 20:40:39.570 xcodebuild[904:5452] [MT] IDERunDestination: Supported platforms for the buildables in the current scheme is empty.
{
"dependencies" : [
{
"identity" : "dynamicblurview",
"requirement" : {
"range" : [
{
"lower_bound" : "5.0.0",
"upper_bound" : "6.0.0"
}
]
},
"type" : "sourceControl",
"url" : "https://github.com/KyoheiG3/DynamicBlurView.git"
}
],
"manifest_display_name" : "PopupDialog",
"name" : "PopupDialog",
"path" : "/Users/admin/builder/spi-builder-workspace",
"platforms" : [
{
"name" : "ios",
"version" : "12.0"
}
],
"products" : [
{
"name" : "PopupDialog",
"targets" : [
"PopupDialog"
],
"type" : {
"library" : [
"automatic"
]
}
}
],
"targets" : [
{
"c99name" : "PopupDialog",
"module_type" : "SwiftTarget",
"name" : "PopupDialog",
"path" : "PopupDialog/Classes",
"product_dependencies" : [
"DynamicBlurView"
],
"product_memberships" : [
"PopupDialog"
],
"sources" : [
"InteractiveTransition.swift",
"PopupDialog+Keyboard.swift",
"PopupDialog.swift",
"PopupDialogButton.swift",
"PopupDialogContainerView.swift",
"PopupDialogDefaultButtons.swift",
"PopupDialogDefaultView.swift",
"PopupDialogDefaultViewController.swift",
"PopupDialogOverlayView.swift",
"PresentationController.swift",
"PresentationManager.swift",
"TransitionAnimations.swift",
"TransitionAnimator.swift",
"UIImageView+Calculations.swift",
"UIView+Animations.swift",
"UIViewController+Visibility.swift"
],
"type" : "library"
}
],
"tools_version" : "5.1"
}
{
"workspace" : {
"name" : "spi-builder-workspace",
"schemes" : [
"PopupDialog"
]
}
}
2026-09-20 20:40:40.707 xcodebuild[912:5524] [MT] IDERunDestination: Supported platforms for the buildables in the current scheme is empty.
Running build ...
env DEVELOPER_DIR=/Applications/Xcode-26.3.0.app xcrun xcodebuild -IDEClonedSourcePackagesDirPathOverride=$PWD/.dependencies -skipMacroValidation -skipPackagePluginValidation -derivedDataPath $PWD/.derivedData build -scheme PopupDialog -destination generic/platform=xrOS
Command line invocation:
/Applications/Xcode-26.3.0.app/Contents/Developer/usr/bin/xcodebuild -IDEClonedSourcePackagesDirPathOverride=/Users/admin/builder/spi-builder-workspace/.dependencies -skipMacroValidation -skipPackagePluginValidation -derivedDataPath /Users/admin/builder/spi-builder-workspace/.derivedData build -scheme PopupDialog -destination generic/platform=xrOS
Resolve Package Graph
Resolved source packages:
PopupDialog: /Users/admin/builder/spi-builder-workspace
DynamicBlurView: https://github.com/KyoheiG3/DynamicBlurView.git @ 5.0.5
ComputePackagePrebuildTargetDependencyGraph
Prepare packages
CreateBuildRequest
SendProjectDescription
CreateBuildOperation
ComputeTargetDependencyGraph
note: Building targets in dependency order
note: Target dependency graph (4 targets)
Target 'PopupDialog' in project 'PopupDialog'
➜ Explicit dependency on target 'PopupDialog' in project 'PopupDialog'
➜ Explicit dependency on target 'DynamicBlurView' in project 'DynamicBlurView'
Target 'PopupDialog' in project 'PopupDialog'
➜ Explicit dependency on target 'DynamicBlurView' in project 'DynamicBlurView'
Target 'DynamicBlurView' in project 'DynamicBlurView'
➜ Explicit dependency on target 'DynamicBlurView' in project 'DynamicBlurView'
Target 'DynamicBlurView' in project 'DynamicBlurView' (no dependencies)
GatherProvisioningInputs
CreateBuildDescription
ClangStatCache /Applications/Xcode-26.3.0.app/Contents/Developer/Toolchains/XcodeDefault.xctoolchain/usr/bin/clang-stat-cache /Applications/Xcode-26.3.0.app/Contents/Developer/Platforms/XROS.platform/Developer/SDKs/XROS26.2.sdk /Users/admin/builder/spi-builder-workspace/.derivedData/SDKStatCaches.noindex/xros26.2-23N301-dc75598d0054f22ec865fa860f139d72f5e64962d3ee001da1d77d1957dffdab.sdkstatcache
cd /Users/admin/builder/spi-builder-workspace/.swiftpm/xcode
/Applications/Xcode-26.3.0.app/Contents/Developer/Toolchains/XcodeDefault.xctoolchain/usr/bin/clang-stat-cache /Applications/Xcode-26.3.0.app/Contents/Developer/Platforms/XROS.platform/Developer/SDKs/XROS26.2.sdk -o /Users/admin/builder/spi-builder-workspace/.derivedData/SDKStatCaches.noindex/xros26.2-23N301-dc75598d0054f22ec865fa860f139d72f5e64962d3ee001da1d77d1957dffdab.sdkstatcache
SwiftDriver PopupDialog normal arm64 com.apple.xcode.tools.swift.compiler (in target 'PopupDialog' from project 'PopupDialog')
cd /Users/admin/builder/spi-builder-workspace/.swiftpm/xcode
builtin-SwiftDriver -- /Applications/Xcode-26.3.0.app/Contents/Developer/Toolchains/XcodeDefault.xctoolchain/usr/bin/swiftc -module-name PopupDialog -Onone -enforce-exclusivity\=checked @/Users/admin/builder/spi-builder-workspace/.derivedData/Build/Intermediates.noindex/PopupDialog.build/Debug-xros/PopupDialog.build/Objects-normal/arm64/PopupDialog.SwiftFileList -DSWIFT_PACKAGE -DDEBUG -DSWIFT_MODULE_RESOURCE_BUNDLE_UNAVAILABLE -DXcode -plugin-path /Applications/Xcode-26.3.0.app/Contents/Developer/Toolchains/XcodeDefault.xctoolchain/usr/lib/swift/host/plugins/testing -enable-experimental-feature DebugDescriptionMacro -sdk /Applications/Xcode-26.3.0.app/Contents/Developer/Platforms/XROS.platform/Developer/SDKs/XROS26.2.sdk -target arm64-apple-xros1.0 -g -module-cache-path /Users/admin/builder/spi-builder-workspace/.derivedData/ModuleCache.noindex -Xfrontend -serialize-debugging-options -enable-testing -index-store-path /Users/admin/builder/spi-builder-workspace/.derivedData/Index.noindex/DataStore -Xcc -D_LIBCPP_HARDENING_MODE\=_LIBCPP_HARDENING_MODE_DEBUG -swift-version 5 -I /Users/admin/builder/spi-builder-workspace/.derivedData/Build/Products/Debug-xros -Isystem /Applications/Xcode-26.3.0.app/Contents/Developer/Platforms/XROS.platform/Developer/usr/lib -F /Users/admin/builder/spi-builder-workspace/.derivedData/Build/Products/Debug-xros/PackageFrameworks -F /Users/admin/builder/spi-builder-workspace/.derivedData/Build/Products/Debug-xros -F /Applications/Xcode-26.3.0.app/Contents/Developer/Platforms/XROS.platform/Developer/Library/Frameworks -F /Applications/Xcode-26.3.0.app/Contents/Developer/Platforms/XROS.platform/Developer/SDKs/XROS26.2.sdk/Developer/Library/Frameworks -c -j10 -enable-batch-mode -incremental -Xcc -ivfsstatcache -Xcc /Users/admin/builder/spi-builder-workspace/.derivedData/SDKStatCaches.noindex/xros26.2-23N301-dc75598d0054f22ec865fa860f139d72f5e64962d3ee001da1d77d1957dffdab.sdkstatcache -output-file-map /Users/admin/builder/spi-builder-workspace/.derivedData/Build/Intermediates.noindex/PopupDialog.build/Debug-xros/PopupDialog.build/Objects-normal/arm64/PopupDialog-OutputFileMap.json -use-frontend-parseable-output -save-temps -no-color-diagnostics -explicit-module-build -module-cache-path /Users/admin/builder/spi-builder-workspace/.derivedData/Build/Intermediates.noindex/SwiftExplicitPrecompiledModules -clang-scanner-module-cache-path /Users/admin/builder/spi-builder-workspace/.derivedData/ModuleCache.noindex -sdk-module-cache-path /Users/admin/builder/spi-builder-workspace/.derivedData/ModuleCache.noindex -serialize-diagnostics -emit-dependencies -emit-module -emit-module-path /Users/admin/builder/spi-builder-workspace/.derivedData/Build/Intermediates.noindex/PopupDialog.build/Debug-xros/PopupDialog.build/Objects-normal/arm64/PopupDialog.swiftmodule -validate-clang-modules-once -clang-build-session-file /Users/admin/builder/spi-builder-workspace/.derivedData/ModuleCache.noindex/Session.modulevalidation -Xcc -I/Users/admin/builder/spi-builder-workspace/.derivedData/Build/Intermediates.noindex/PopupDialog.build/Debug-xros/PopupDialog.build/swift-overrides.hmap -emit-const-values -Xfrontend -const-gather-protocols-file -Xfrontend /Users/admin/builder/spi-builder-workspace/.derivedData/Build/Intermediates.noindex/PopupDialog.build/Debug-xros/PopupDialog.build/Objects-normal/arm64/PopupDialog_const_extract_protocols.json -Xcc -I/Users/admin/builder/spi-builder-workspace/.derivedData/Build/Products/Debug-xros/include -Xcc -I/Users/admin/builder/spi-builder-workspace/.derivedData/Build/Intermediates.noindex/PopupDialog.build/Debug-xros/PopupDialog.build/DerivedSources-normal/arm64 -Xcc -I/Users/admin/builder/spi-builder-workspace/.derivedData/Build/Intermediates.noindex/PopupDialog.build/Debug-xros/PopupDialog.build/DerivedSources/arm64 -Xcc -I/Users/admin/builder/spi-builder-workspace/.derivedData/Build/Intermediates.noindex/PopupDialog.build/Debug-xros/PopupDialog.build/DerivedSources -Xcc -DSWIFT_PACKAGE -Xcc -DDEBUG\=1 -emit-objc-header -emit-objc-header-path /Users/admin/builder/spi-builder-workspace/.derivedData/Build/Intermediates.noindex/PopupDialog.build/Debug-xros/PopupDialog.build/Objects-normal/arm64/PopupDialog-Swift.h -working-directory /Users/admin/builder/spi-builder-workspace/.swiftpm/xcode -experimental-emit-module-separately -disable-cmo
SwiftDriver DynamicBlurView normal arm64 com.apple.xcode.tools.swift.compiler (in target 'DynamicBlurView' from project 'DynamicBlurView')
cd /Users/admin/builder/spi-builder-workspace/.swiftpm/xcode
builtin-SwiftDriver -- /Applications/Xcode-26.3.0.app/Contents/Developer/Toolchains/XcodeDefault.xctoolchain/usr/bin/swiftc -module-name DynamicBlurView -Onone -enforce-exclusivity\=checked @/Users/admin/builder/spi-builder-workspace/.derivedData/Build/Intermediates.noindex/DynamicBlurView.build/Debug-xros/DynamicBlurView.build/Objects-normal/arm64/DynamicBlurView.SwiftFileList -DSWIFT_PACKAGE -DDEBUG -DSWIFT_MODULE_RESOURCE_BUNDLE_UNAVAILABLE -DXcode -plugin-path /Applications/Xcode-26.3.0.app/Contents/Developer/Toolchains/XcodeDefault.xctoolchain/usr/lib/swift/host/plugins/testing -enable-experimental-feature DebugDescriptionMacro -sdk /Applications/Xcode-26.3.0.app/Contents/Developer/Platforms/XROS.platform/Developer/SDKs/XROS26.2.sdk -target arm64-apple-xros1.0 -g -module-cache-path /Users/admin/builder/spi-builder-workspace/.derivedData/ModuleCache.noindex -Xfrontend -serialize-debugging-options -enable-testing -suppress-warnings -index-store-path /Users/admin/builder/spi-builder-workspace/.derivedData/Index.noindex/DataStore -Xcc -D_LIBCPP_HARDENING_MODE\=_LIBCPP_HARDENING_MODE_DEBUG -swift-version 5 -I /Users/admin/builder/spi-builder-workspace/.derivedData/Build/Products/Debug-xros -Isystem /Applications/Xcode-26.3.0.app/Contents/Developer/Platforms/XROS.platform/Developer/usr/lib -F /Users/admin/builder/spi-builder-workspace/.derivedData/Build/Products/Debug-xros -F /Applications/Xcode-26.3.0.app/Contents/Developer/Platforms/XROS.platform/Developer/Library/Frameworks -F /Applications/Xcode-26.3.0.app/Contents/Developer/Platforms/XROS.platform/Developer/SDKs/XROS26.2.sdk/Developer/Library/Frameworks -c -j10 -enable-batch-mode -incremental -Xcc -ivfsstatcache -Xcc /Users/admin/builder/spi-builder-workspace/.derivedData/SDKStatCaches.noindex/xros26.2-23N301-dc75598d0054f22ec865fa860f139d72f5e64962d3ee001da1d77d1957dffdab.sdkstatcache -output-file-map /Users/admin/builder/spi-builder-workspace/.derivedData/Build/Intermediates.noindex/DynamicBlurView.build/Debug-xros/DynamicBlurView.build/Objects-normal/arm64/DynamicBlurView-OutputFileMap.json -use-frontend-parseable-output -save-temps -no-color-diagnostics -explicit-module-build -module-cache-path /Users/admin/builder/spi-builder-workspace/.derivedData/Build/Intermediates.noindex/SwiftExplicitPrecompiledModules -clang-scanner-module-cache-path /Users/admin/builder/spi-builder-workspace/.derivedData/ModuleCache.noindex -sdk-module-cache-path /Users/admin/builder/spi-builder-workspace/.derivedData/ModuleCache.noindex -serialize-diagnostics -emit-dependencies -emit-module -emit-module-path /Users/admin/builder/spi-builder-workspace/.derivedData/Build/Intermediates.noindex/DynamicBlurView.build/Debug-xros/DynamicBlurView.build/Objects-normal/arm64/DynamicBlurView.swiftmodule -validate-clang-modules-once -clang-build-session-file /Users/admin/builder/spi-builder-workspace/.derivedData/ModuleCache.noindex/Session.modulevalidation -Xcc -I/Users/admin/builder/spi-builder-workspace/.derivedData/Build/Intermediates.noindex/DynamicBlurView.build/Debug-xros/DynamicBlurView.build/swift-overrides.hmap -emit-const-values -Xfrontend -const-gather-protocols-file -Xfrontend /Users/admin/builder/spi-builder-workspace/.derivedData/Build/Intermediates.noindex/DynamicBlurView.build/Debug-xros/DynamicBlurView.build/Objects-normal/arm64/DynamicBlurView_const_extract_protocols.json -Xcc -I/Users/admin/builder/spi-builder-workspace/.derivedData/Build/Products/Debug-xros/include -Xcc -I/Users/admin/builder/spi-builder-workspace/.derivedData/Build/Intermediates.noindex/DynamicBlurView.build/Debug-xros/DynamicBlurView.build/DerivedSources-normal/arm64 -Xcc -I/Users/admin/builder/spi-builder-workspace/.derivedData/Build/Intermediates.noindex/DynamicBlurView.build/Debug-xros/DynamicBlurView.build/DerivedSources/arm64 -Xcc -I/Users/admin/builder/spi-builder-workspace/.derivedData/Build/Intermediates.noindex/DynamicBlurView.build/Debug-xros/DynamicBlurView.build/DerivedSources -Xcc -DSWIFT_PACKAGE -Xcc -DDEBUG\=1 -emit-objc-header -emit-objc-header-path /Users/admin/builder/spi-builder-workspace/.derivedData/Build/Intermediates.noindex/DynamicBlurView.build/Debug-xros/DynamicBlurView.build/Objects-normal/arm64/DynamicBlurView-Swift.h -working-directory /Users/admin/builder/spi-builder-workspace/.swiftpm/xcode -experimental-emit-module-separately -disable-cmo
SwiftCompile normal arm64 Compiling\ CGImage+Accelerate.swift /Users/admin/builder/spi-builder-workspace/.dependencies/checkouts/DynamicBlurView/Sources/DynamicBlurView/CGImage+Accelerate.swift (in target 'DynamicBlurView' from project 'DynamicBlurView')
SwiftCompile normal arm64 /Users/admin/builder/spi-builder-workspace/.dependencies/checkouts/DynamicBlurView/Sources/DynamicBlurView/CGImage+Accelerate.swift (in target 'DynamicBlurView' from project 'DynamicBlurView')
cd /Users/admin/builder/spi-builder-workspace/.swiftpm/xcode
SwiftCompile normal arm64 Compiling\ BlurLayer.swift /Users/admin/builder/spi-builder-workspace/.dependencies/checkouts/DynamicBlurView/Sources/DynamicBlurView/BlurLayer.swift (in target 'DynamicBlurView' from project 'DynamicBlurView')
SwiftCompile normal arm64 /Users/admin/builder/spi-builder-workspace/.dependencies/checkouts/DynamicBlurView/Sources/DynamicBlurView/BlurLayer.swift (in target 'DynamicBlurView' from project 'DynamicBlurView')
cd /Users/admin/builder/spi-builder-workspace/.swiftpm/xcode
SwiftCompile normal arm64 Compiling\ CaptureQuality.swift /Users/admin/builder/spi-builder-workspace/.dependencies/checkouts/DynamicBlurView/Sources/DynamicBlurView/CaptureQuality.swift (in target 'DynamicBlurView' from project 'DynamicBlurView')
SwiftCompile normal arm64 /Users/admin/builder/spi-builder-workspace/.dependencies/checkouts/DynamicBlurView/Sources/DynamicBlurView/CaptureQuality.swift (in target 'DynamicBlurView' from project 'DynamicBlurView')
cd /Users/admin/builder/spi-builder-workspace/.swiftpm/xcode
SwiftCompile normal arm64 Compiling\ UIImage+Blur.swift /Users/admin/builder/spi-builder-workspace/.dependencies/checkouts/DynamicBlurView/Sources/DynamicBlurView/UIImage+Blur.swift (in target 'DynamicBlurView' from project 'DynamicBlurView')
SwiftCompile normal arm64 /Users/admin/builder/spi-builder-workspace/.dependencies/checkouts/DynamicBlurView/Sources/DynamicBlurView/UIImage+Blur.swift (in target 'DynamicBlurView' from project 'DynamicBlurView')
cd /Users/admin/builder/spi-builder-workspace/.swiftpm/xcode
SwiftCompile normal arm64 Compiling\ TrackingMode.swift /Users/admin/builder/spi-builder-workspace/.dependencies/checkouts/DynamicBlurView/Sources/DynamicBlurView/TrackingMode.swift (in target 'DynamicBlurView' from project 'DynamicBlurView')
SwiftCompile normal arm64 /Users/admin/builder/spi-builder-workspace/.dependencies/checkouts/DynamicBlurView/Sources/DynamicBlurView/TrackingMode.swift (in target 'DynamicBlurView' from project 'DynamicBlurView')
cd /Users/admin/builder/spi-builder-workspace/.swiftpm/xcode
SwiftCompile normal arm64 Compiling\ CGContext+CGImage.swift /Users/admin/builder/spi-builder-workspace/.dependencies/checkouts/DynamicBlurView/Sources/DynamicBlurView/CGContext+CGImage.swift (in target 'DynamicBlurView' from project 'DynamicBlurView')
SwiftCompile normal arm64 /Users/admin/builder/spi-builder-workspace/.dependencies/checkouts/DynamicBlurView/Sources/DynamicBlurView/CGContext+CGImage.swift (in target 'DynamicBlurView' from project 'DynamicBlurView')
cd /Users/admin/builder/spi-builder-workspace/.swiftpm/xcode
SwiftCompile normal arm64 Compiling\ DynamicBlurView.swift /Users/admin/builder/spi-builder-workspace/.dependencies/checkouts/DynamicBlurView/Sources/DynamicBlurView/DynamicBlurView.swift (in target 'DynamicBlurView' from project 'DynamicBlurView')
SwiftCompile normal arm64 /Users/admin/builder/spi-builder-workspace/.dependencies/checkouts/DynamicBlurView/Sources/DynamicBlurView/DynamicBlurView.swift (in target 'DynamicBlurView' from project 'DynamicBlurView')
cd /Users/admin/builder/spi-builder-workspace/.swiftpm/xcode
SwiftEmitModule normal arm64 Emitting\ module\ for\ DynamicBlurView (in target 'DynamicBlurView' from project 'DynamicBlurView')
EmitSwiftModule normal arm64 (in target 'DynamicBlurView' from project 'DynamicBlurView')
cd /Users/admin/builder/spi-builder-workspace/.swiftpm/xcode
SwiftCompile normal arm64 Compiling\ InteractiveTransition.swift,\ PopupDialog+Keyboard.swift /Users/admin/builder/spi-builder-workspace/PopupDialog/Classes/InteractiveTransition.swift /Users/admin/builder/spi-builder-workspace/PopupDialog/Classes/PopupDialog+Keyboard.swift (in target 'PopupDialog' from project 'PopupDialog')
Failed frontend command:
/Applications/Xcode-26.3.0.app/Contents/Developer/Toolchains/XcodeDefault.xctoolchain/usr/bin/swift-frontend -frontend -c -primary-file /Users/admin/builder/spi-builder-workspace/PopupDialog/Classes/InteractiveTransition.swift -primary-file /Users/admin/builder/spi-builder-workspace/PopupDialog/Classes/PopupDialog+Keyboard.swift /Users/admin/builder/spi-builder-workspace/PopupDialog/Classes/PopupDialog.swift /Users/admin/builder/spi-builder-workspace/PopupDialog/Classes/PopupDialogButton.swift /Users/admin/builder/spi-builder-workspace/PopupDialog/Classes/PopupDialogContainerView.swift /Users/admin/builder/spi-builder-workspace/PopupDialog/Classes/PopupDialogDefaultButtons.swift /Users/admin/builder/spi-builder-workspace/PopupDialog/Classes/PopupDialogDefaultView.swift /Users/admin/builder/spi-builder-workspace/PopupDialog/Classes/PopupDialogDefaultViewController.swift /Users/admin/builder/spi-builder-workspace/PopupDialog/Classes/PopupDialogOverlayView.swift /Users/admin/builder/spi-builder-workspace/PopupDialog/Classes/PresentationController.swift /Users/admin/builder/spi-builder-workspace/PopupDialog/Classes/PresentationManager.swift /Users/admin/builder/spi-builder-workspace/PopupDialog/Classes/TransitionAnimations.swift /Users/admin/builder/spi-builder-workspace/PopupDialog/Classes/TransitionAnimator.swift /Users/admin/builder/spi-builder-workspace/PopupDialog/Classes/UIImageView+Calculations.swift /Users/admin/builder/spi-builder-workspace/PopupDialog/Classes/UIView+Animations.swift /Users/admin/builder/spi-builder-workspace/PopupDialog/Classes/UIViewController+Visibility.swift -emit-dependencies-path /Users/admin/builder/spi-builder-workspace/.derivedData/Build/Intermediates.noindex/PopupDialog.build/Debug-xros/PopupDialog.build/Objects-normal/arm64/InteractiveTransition.d -emit-const-values-path /Users/admin/builder/spi-builder-workspace/.derivedData/Build/Intermediates.noindex/PopupDialog.build/Debug-xros/PopupDialog.build/Objects-normal/arm64/InteractiveTransition.swiftconstvalues -emit-reference-dependencies-path /Users/admin/builder/spi-builder-workspace/.derivedData/Build/Intermediates.noindex/PopupDialog.build/Debug-xros/PopupDialog.build/Objects-normal/arm64/InteractiveTransition.swiftdeps -serialize-diagnostics-path /Users/admin/builder/spi-builder-workspace/.derivedData/Build/Intermediates.noindex/PopupDialog.build/Debug-xros/PopupDialog.build/Objects-normal/arm64/InteractiveTransition.dia -emit-dependencies-path /Users/admin/builder/spi-builder-workspace/.derivedData/Build/Intermediates.noindex/PopupDialog.build/Debug-xros/PopupDialog.build/Objects-normal/arm64/PopupDialog+Keyboard.d -emit-const-values-path /Users/admin/builder/spi-builder-workspace/.derivedData/Build/Intermediates.noindex/PopupDialog.build/Debug-xros/PopupDialog.build/Objects-normal/arm64/PopupDialog+Keyboard.swiftconstvalues -emit-reference-dependencies-path /Users/admin/builder/spi-builder-workspace/.derivedData/Build/Intermediates.noindex/PopupDialog.build/Debug-xros/PopupDialog.build/Objects-normal/arm64/PopupDialog+Keyboard.swiftdeps -serialize-diagnostics-path /Users/admin/builder/spi-builder-workspace/.derivedData/Build/Intermediates.noindex/PopupDialog.build/Debug-xros/PopupDialog.build/Objects-normal/arm64/PopupDialog+Keyboard.dia -target arm64-apple-xros1.0 -load-resolved-plugin /Applications/Xcode-26.3.0.app/Contents/Developer/Platforms/XROS.platform/Developer/usr/lib/swift/host/plugins/libFoundationMacros.dylib\#/Applications/Xcode-26.3.0.app/Contents/Developer/Platforms/XROS.platform/Developer/usr/bin/swift-plugin-server\#FoundationMacros -load-resolved-plugin /Applications/Xcode-26.3.0.app/Contents/Developer/Platforms/XROS.platform/Developer/usr/lib/swift/host/plugins/libObservationMacros.dylib\#/Applications/Xcode-26.3.0.app/Contents/Developer/Platforms/XROS.platform/Developer/usr/bin/swift-plugin-server\#ObservationMacros -load-resolved-plugin /Applications/Xcode-26.3.0.app/Contents/Developer/Platforms/XROS.platform/Developer/usr/lib/swift/host/plugins/libPreviewsMacros.dylib\#/Applications/Xcode-26.3.0.app/Contents/Developer/Platforms/XROS.platform/Developer/usr/bin/swift-plugin-server\#PreviewsMacros -load-resolved-plugin /Applications/Xcode-26.3.0.app/Contents/Developer/Platforms/XROS.platform/Developer/usr/lib/swift/host/plugins/libSwiftMacros.dylib\#/Applications/Xcode-26.3.0.app/Contents/Developer/Platforms/XROS.platform/Developer/usr/bin/swift-plugin-server\#SwiftMacros -load-resolved-plugin /Applications/Xcode-26.3.0.app/Contents/Developer/Platforms/XROS.platform/Developer/usr/lib/swift/host/plugins/libSwiftUIMacros.dylib\#/Applications/Xcode-26.3.0.app/Contents/Developer/Platforms/XROS.platform/Developer/usr/bin/swift-plugin-server\#SwiftUIMacros -disable-implicit-swift-modules -Xcc -fno-implicit-modules -Xcc -fno-implicit-module-maps -explicit-swift-module-map-file /Users/admin/builder/spi-builder-workspace/.derivedData/Build/Intermediates.noindex/PopupDialog.build/Debug-xros/PopupDialog.build/Objects-normal/arm64/PopupDialog-dependencies-1.json -Xllvm -aarch64-use-tbi -enable-objc-interop -stack-check -sdk /Applications/Xcode-26.3.0.app/Contents/Developer/Platforms/XROS.platform/Developer/SDKs/XROS26.2.sdk -I /Users/admin/builder/spi-builder-workspace/.derivedData/Build/Products/Debug-xros -Isystem /Applications/Xcode-26.3.0.app/Contents/Developer/Platforms/XROS.platform/Developer/usr/lib -F /Users/admin/builder/spi-builder-workspace/.derivedData/Build/Products/Debug-xros/PackageFrameworks -F /Users/admin/builder/spi-builder-workspace/.derivedData/Build/Products/Debug-xros -F /Applications/Xcode-26.3.0.app/Contents/Developer/Platforms/XROS.platform/Developer/Library/Frameworks -F /Applications/Xcode-26.3.0.app/Contents/Developer/Platforms/XROS.platform/Developer/SDKs/XROS26.2.sdk/Developer/Library/Frameworks -no-color-diagnostics -Xcc -fno-color-diagnostics -enable-testing -g -debug-info-format\=dwarf -dwarf-version\=4 -module-cache-path /Users/admin/builder/spi-builder-workspace/.derivedData/Build/Intermediates.noindex/SwiftExplicitPrecompiledModules -swift-version 5 -enforce-exclusivity\=checked -Onone -D SWIFT_PACKAGE -D DEBUG -D SWIFT_MODULE_RESOURCE_BUNDLE_UNAVAILABLE -D Xcode -serialize-debugging-options -const-gather-protocols-file /Users/admin/builder/spi-builder-workspace/.derivedData/Build/Intermediates.noindex/PopupDialog.build/Debug-xros/PopupDialog.build/Objects-normal/arm64/PopupDialog_const_extract_protocols.json -enable-experimental-feature DebugDescriptionMacro -empty-abi-descriptor -validate-clang-modules-once -clang-build-session-file /Users/admin/builder/spi-builder-workspace/.derivedData/ModuleCache.noindex/Session.modulevalidation -Xcc -working-directory -Xcc /Users/admin/builder/spi-builder-workspace/.swiftpm/xcode -enable-anonymous-context-mangled-names -file-compilation-dir /Users/admin/builder/spi-builder-workspace/.swiftpm/xcode -Xcc -D_LIBCPP_HARDENING_MODE\=_LIBCPP_HARDENING_MODE_DEBUG -Xcc -ivfsstatcache -Xcc /Users/admin/builder/spi-builder-workspace/.derivedData/SDKStatCaches.noindex/xros26.2-23N301-dc75598d0054f22ec865fa860f139d72f5e64962d3ee001da1d77d1957dffdab.sdkstatcache -Xcc -I/Users/admin/builder/spi-builder-workspace/.derivedData/Build/Intermediates.noindex/PopupDialog.build/Debug-xros/PopupDialog.build/swift-overrides.hmap -Xcc -I/Users/admin/builder/spi-builder-workspace/.derivedData/Build/Products/Debug-xros/include -Xcc -I/Users/admin/builder/spi-builder-workspace/.derivedData/Build/Intermediates.noindex/PopupDialog.build/Debug-xros/PopupDialog.build/DerivedSources-normal/arm64 -Xcc -I/Users/admin/builder/spi-builder-workspace/.derivedData/Build/Intermediates.noindex/PopupDialog.build/Debug-xros/PopupDialog.build/DerivedSources/arm64 -Xcc -I/Users/admin/builder/spi-builder-workspace/.derivedData/Build/Intermediates.noindex/PopupDialog.build/Debug-xros/PopupDialog.build/DerivedSources -Xcc -DSWIFT_PACKAGE -Xcc -DDEBUG\=1 -no-auto-bridging-header-chaining -module-name PopupDialog -frontend-parseable-output -disable-clang-spi -target-sdk-version 26.2 -target-sdk-name xros26.2 -clang-target arm64-apple-xros26.2 -in-process-plugin-server-path /Applications/Xcode-26.3.0.app/Contents/Developer/Toolchains/XcodeDefault.xctoolchain/usr/lib/swift/host/libSwiftInProcPluginServer.dylib -o /Users/admin/builder/spi-builder-workspace/.derivedData/Build/Intermediates.noindex/PopupDialog.build/Debug-xros/PopupDialog.build/Objects-normal/arm64/InteractiveTransition.o -o /Users/admin/builder/spi-builder-workspace/.derivedData/Build/Intermediates.noindex/PopupDialog.build/Debug-xros/PopupDialog.build/Objects-normal/arm64/PopupDialog+Keyboard.o -index-unit-output-path /PopupDialog.build/Debug-xros/PopupDialog.build/Objects-normal/arm64/InteractiveTransition.o -index-unit-output-path /PopupDialog.build/Debug-xros/PopupDialog.build/Objects-normal/arm64/PopupDialog+Keyboard.o -index-store-path /Users/admin/builder/spi-builder-workspace/.derivedData/Index.noindex/DataStore -index-system-modules
SwiftCompile normal arm64 /Users/admin/builder/spi-builder-workspace/PopupDialog/Classes/InteractiveTransition.swift (in target 'PopupDialog' from project 'PopupDialog')
cd /Users/admin/builder/spi-builder-workspace/.swiftpm/xcode
SwiftCompile normal arm64 /Users/admin/builder/spi-builder-workspace/PopupDialog/Classes/PopupDialog+Keyboard.swift (in target 'PopupDialog' from project 'PopupDialog')
cd /Users/admin/builder/spi-builder-workspace/.swiftpm/xcode
/Users/admin/builder/spi-builder-workspace/PopupDialog/Classes/PopupDialog+Keyboard.swift:38:73: error: 'orientationDidChangeNotification' is unavailable in visionOS
name: UIDevice.orientationDidChangeNotification,
^~~~~~~~~~~~~~~~~~~~~~~~~~~~~~~~
/Applications/Xcode-26.3.0.app/Contents/Developer/Platforms/XROS.platform/Developer/SDKs/XROS26.2.sdk/System/Library/Frameworks/UIKit.framework/Headers/UIDevice.h:83:39: note: 'orientationDidChangeNotification' has been explicitly marked unavailable here
UIKIT_EXTERN NSNotificationName const UIDeviceOrientationDidChangeNotification API_UNAVAILABLE(tvos, visionos, watchos) NS_SWIFT_NONISOLATED;
^
/Users/admin/builder/spi-builder-workspace/PopupDialog/Classes/PopupDialog+Keyboard.swift:60:76: error: 'orientationDidChangeNotification' is unavailable in visionOS
name: UIDevice.orientationDidChangeNotification,
^~~~~~~~~~~~~~~~~~~~~~~~~~~~~~~~
/Applications/Xcode-26.3.0.app/Contents/Developer/Platforms/XROS.platform/Developer/SDKs/XROS26.2.sdk/System/Library/Frameworks/UIKit.framework/Headers/UIDevice.h:83:39: note: 'orientationDidChangeNotification' has been explicitly marked unavailable here
UIKIT_EXTERN NSNotificationName const UIDeviceOrientationDidChangeNotification API_UNAVAILABLE(tvos, visionos, watchos) NS_SWIFT_NONISOLATED;
^
SwiftCompile normal arm64 Compiling\ PopupDialogDefaultView.swift,\ PopupDialogDefaultViewController.swift /Users/admin/builder/spi-builder-workspace/PopupDialog/Classes/PopupDialogDefaultView.swift /Users/admin/builder/spi-builder-workspace/PopupDialog/Classes/PopupDialogDefaultViewController.swift (in target 'PopupDialog' from project 'PopupDialog')
SwiftCompile normal arm64 /Users/admin/builder/spi-builder-workspace/PopupDialog/Classes/PopupDialogDefaultView.swift (in target 'PopupDialog' from project 'PopupDialog')
cd /Users/admin/builder/spi-builder-workspace/.swiftpm/xcode
SwiftCompile normal arm64 /Users/admin/builder/spi-builder-workspace/PopupDialog/Classes/PopupDialogDefaultViewController.swift (in target 'PopupDialog' from project 'PopupDialog')
cd /Users/admin/builder/spi-builder-workspace/.swiftpm/xcode
SwiftEmitModule normal arm64 Emitting\ module\ for\ PopupDialog (in target 'PopupDialog' from project 'PopupDialog')
SwiftDriverJobDiscovery normal arm64 Compiling CGContext+CGImage.swift (in target 'DynamicBlurView' from project 'DynamicBlurView')
SwiftCompile normal arm64 Compiling\ UIView+Animations.swift /Users/admin/builder/spi-builder-workspace/PopupDialog/Classes/UIView+Animations.swift (in target 'PopupDialog' from project 'PopupDialog')
SwiftDriverJobDiscovery normal arm64 Compiling CaptureQuality.swift (in target 'DynamicBlurView' from project 'DynamicBlurView')
SwiftCompile normal arm64 Compiling\ TransitionAnimations.swift /Users/admin/builder/spi-builder-workspace/PopupDialog/Classes/TransitionAnimations.swift (in target 'PopupDialog' from project 'PopupDialog')
SwiftDriverJobDiscovery normal arm64 Compiling TrackingMode.swift (in target 'DynamicBlurView' from project 'DynamicBlurView')
SwiftCompile normal arm64 Compiling\ PopupDialogContainerView.swift,\ PopupDialogDefaultButtons.swift /Users/admin/builder/spi-builder-workspace/PopupDialog/Classes/PopupDialogContainerView.swift /Users/admin/builder/spi-builder-workspace/PopupDialog/Classes/PopupDialogDefaultButtons.swift (in target 'PopupDialog' from project 'PopupDialog')
2026-09-20 20:40:41.618 xcodebuild[914:5559] [MT] IDERunDestination: Supported platforms for the buildables in the current scheme is empty.
** BUILD FAILED **
The following build commands failed:
SwiftCompile normal arm64 Compiling\ InteractiveTransition.swift,\ PopupDialog+Keyboard.swift /Users/admin/builder/spi-builder-workspace/PopupDialog/Classes/InteractiveTransition.swift /Users/admin/builder/spi-builder-workspace/PopupDialog/Classes/PopupDialog+Keyboard.swift (in target 'PopupDialog' from project 'PopupDialog')
SwiftCompile normal arm64 /Users/admin/builder/spi-builder-workspace/PopupDialog/Classes/PopupDialog+Keyboard.swift (in target 'PopupDialog' from project 'PopupDialog')
Building workspace spi-builder-workspace with scheme PopupDialog
(3 failures)
BUILD FAILURE 6.2 visionOS