The Swift Package Index logo.Swift Package Index

Build Information

Failed to build SwiftReload, reference 602.0.0 (517f61), with Swift 6.4 for watchOS using Xcode 27.0 on 23 Sep 2026 10:19:52 UTC.

Build Command

env DEVELOPER_DIR=/Applications/Xcode-27.0.0-Release.Candidate.app xcrun xcodebuild -IDEClonedSourcePackagesDirPathOverride=$PWD/.dependencies -skipMacroValidation -skipPackagePluginValidation -derivedDataPath $PWD/.derivedData build -scheme SwiftReload-Package -destination generic/platform=watchOS

Build Log

SwiftDriverJobDiscovery normal arm64_32 Compiling MissingNodesError.swift, MissingTokenError.swift (in target 'SwiftParserDiagnostics' from project 'swift-syntax')
SwiftCompile normal arm64 Compiling\ SyntaxExtensions.swift /Users/admin/builder/spi-builder-workspace/.dependencies/checkouts/swift-syntax/Sources/SwiftParserDiagnostics/SyntaxExtensions.swift (in target 'SwiftParserDiagnostics' from project 'swift-syntax')
SwiftCompile normal arm64 /Users/admin/builder/spi-builder-workspace/.dependencies/checkouts/swift-syntax/Sources/SwiftParserDiagnostics/SyntaxExtensions.swift (in target 'SwiftParserDiagnostics' from project 'swift-syntax')
    cd /Users/admin/builder/spi-builder-workspace/.swiftpm/xcode
    builtin-SwiftPerFileCompile SyntaxExtensions.swift
SwiftMergeGeneratedHeaders /Users/admin/builder/spi-builder-workspace/.derivedData/Build/Intermediates.noindex/GeneratedModuleMaps-watchos/SwiftParserDiagnostics-Swift.h /Users/admin/builder/spi-builder-workspace/.derivedData/Build/Intermediates.noindex/swift-syntax.build/Debug-watchos/SwiftParserDiagnostics-t.build/Objects-normal/arm64/SwiftParserDiagnostics-Swift.h /Users/admin/builder/spi-builder-workspace/.derivedData/Build/Intermediates.noindex/swift-syntax.build/Debug-watchos/SwiftParserDiagnostics-t.build/Objects-normal/arm64_32/SwiftParserDiagnostics-Swift.h (in target 'SwiftParserDiagnostics' from project 'swift-syntax')
    cd /Users/admin/builder/spi-builder-workspace/.dependencies/checkouts/swift-syntax
    builtin-swiftHeaderTool -arch arm64 /Users/admin/builder/spi-builder-workspace/.derivedData/Build/Intermediates.noindex/swift-syntax.build/Debug-watchos/SwiftParserDiagnostics-t.build/Objects-normal/arm64/SwiftParserDiagnostics-Swift.h -arch arm64_32 /Users/admin/builder/spi-builder-workspace/.derivedData/Build/Intermediates.noindex/swift-syntax.build/Debug-watchos/SwiftParserDiagnostics-t.build/Objects-normal/arm64_32/SwiftParserDiagnostics-Swift.h -o /Users/admin/builder/spi-builder-workspace/.derivedData/Build/Intermediates.noindex/GeneratedModuleMaps-watchos/SwiftParserDiagnostics-Swift.h
SwiftDriverJobDiscovery normal arm64 Compiling TokenNameForDiagnostics.swift (in target 'SwiftParserDiagnostics' from project 'swift-syntax')
Copy /Users/admin/builder/spi-builder-workspace/.derivedData/Build/Products/Debug-watchos/SwiftParserDiagnostics.swiftmodule/arm64-apple-watchos.swiftmodule /Users/admin/builder/spi-builder-workspace/.derivedData/Build/Intermediates.noindex/swift-syntax.build/Debug-watchos/SwiftParserDiagnostics-t.build/Objects-normal/arm64/SwiftParserDiagnostics.swiftmodule (in target 'SwiftParserDiagnostics' from project 'swift-syntax')
    cd /Users/admin/builder/spi-builder-workspace/.dependencies/checkouts/swift-syntax
    builtin-copy -exclude .DS_Store -exclude CVS -exclude .svn -exclude .git -exclude .hg -resolve-src-symlinks -rename /Users/admin/builder/spi-builder-workspace/.derivedData/Build/Intermediates.noindex/swift-syntax.build/Debug-watchos/SwiftParserDiagnostics-t.build/Objects-normal/arm64/SwiftParserDiagnostics.swiftmodule /Users/admin/builder/spi-builder-workspace/.derivedData/Build/Products/Debug-watchos/SwiftParserDiagnostics.swiftmodule/arm64-apple-watchos.swiftmodule
Copy /Users/admin/builder/spi-builder-workspace/.derivedData/Build/Products/Debug-watchos/SwiftParserDiagnostics.swiftmodule/arm64-apple-watchos.swiftdoc /Users/admin/builder/spi-builder-workspace/.derivedData/Build/Intermediates.noindex/swift-syntax.build/Debug-watchos/SwiftParserDiagnostics-t.build/Objects-normal/arm64/SwiftParserDiagnostics.swiftdoc (in target 'SwiftParserDiagnostics' from project 'swift-syntax')
    cd /Users/admin/builder/spi-builder-workspace/.dependencies/checkouts/swift-syntax
    builtin-copy -exclude .DS_Store -exclude CVS -exclude .svn -exclude .git -exclude .hg -resolve-src-symlinks -rename /Users/admin/builder/spi-builder-workspace/.derivedData/Build/Intermediates.noindex/swift-syntax.build/Debug-watchos/SwiftParserDiagnostics-t.build/Objects-normal/arm64/SwiftParserDiagnostics.swiftdoc /Users/admin/builder/spi-builder-workspace/.derivedData/Build/Products/Debug-watchos/SwiftParserDiagnostics.swiftmodule/arm64-apple-watchos.swiftdoc
Copy /Users/admin/builder/spi-builder-workspace/.derivedData/Build/Products/Debug-watchos/SwiftParserDiagnostics.swiftmodule/arm64-apple-watchos.abi.json /Users/admin/builder/spi-builder-workspace/.derivedData/Build/Intermediates.noindex/swift-syntax.build/Debug-watchos/SwiftParserDiagnostics-t.build/Objects-normal/arm64/SwiftParserDiagnostics.abi.json (in target 'SwiftParserDiagnostics' from project 'swift-syntax')
    cd /Users/admin/builder/spi-builder-workspace/.dependencies/checkouts/swift-syntax
    builtin-copy -exclude .DS_Store -exclude CVS -exclude .svn -exclude .git -exclude .hg -resolve-src-symlinks -rename /Users/admin/builder/spi-builder-workspace/.derivedData/Build/Intermediates.noindex/swift-syntax.build/Debug-watchos/SwiftParserDiagnostics-t.build/Objects-normal/arm64/SwiftParserDiagnostics.abi.json /Users/admin/builder/spi-builder-workspace/.derivedData/Build/Products/Debug-watchos/SwiftParserDiagnostics.swiftmodule/arm64-apple-watchos.abi.json
Copy /Users/admin/builder/spi-builder-workspace/.derivedData/Build/Products/Debug-watchos/SwiftParserDiagnostics.swiftmodule/Project/arm64-apple-watchos.swiftsourceinfo /Users/admin/builder/spi-builder-workspace/.derivedData/Build/Intermediates.noindex/swift-syntax.build/Debug-watchos/SwiftParserDiagnostics-t.build/Objects-normal/arm64/SwiftParserDiagnostics.swiftsourceinfo (in target 'SwiftParserDiagnostics' from project 'swift-syntax')
    cd /Users/admin/builder/spi-builder-workspace/.dependencies/checkouts/swift-syntax
    builtin-copy -exclude .DS_Store -exclude CVS -exclude .svn -exclude .git -exclude .hg -resolve-src-symlinks -rename /Users/admin/builder/spi-builder-workspace/.derivedData/Build/Intermediates.noindex/swift-syntax.build/Debug-watchos/SwiftParserDiagnostics-t.build/Objects-normal/arm64/SwiftParserDiagnostics.swiftsourceinfo /Users/admin/builder/spi-builder-workspace/.derivedData/Build/Products/Debug-watchos/SwiftParserDiagnostics.swiftmodule/Project/arm64-apple-watchos.swiftsourceinfo
SwiftCompile normal arm64 Compiling\ PresenceUtils.swift /Users/admin/builder/spi-builder-workspace/.dependencies/checkouts/swift-syntax/Sources/SwiftParserDiagnostics/PresenceUtils.swift (in target 'SwiftParserDiagnostics' from project 'swift-syntax')
SwiftCompile normal arm64 /Users/admin/builder/spi-builder-workspace/.dependencies/checkouts/swift-syntax/Sources/SwiftParserDiagnostics/PresenceUtils.swift (in target 'SwiftParserDiagnostics' from project 'swift-syntax')
    cd /Users/admin/builder/spi-builder-workspace/.swiftpm/xcode
    builtin-SwiftPerFileCompile PresenceUtils.swift
SwiftCompile normal arm64_32 Compiling\ TokenNameForDiagnostics.swift /Users/admin/builder/spi-builder-workspace/.dependencies/checkouts/swift-syntax/Sources/SwiftParserDiagnostics/generated/TokenNameForDiagnostics.swift (in target 'SwiftParserDiagnostics' from project 'swift-syntax')
SwiftCompile normal arm64_32 /Users/admin/builder/spi-builder-workspace/.dependencies/checkouts/swift-syntax/Sources/SwiftParserDiagnostics/generated/TokenNameForDiagnostics.swift (in target 'SwiftParserDiagnostics' from project 'swift-syntax')
    cd /Users/admin/builder/spi-builder-workspace/.swiftpm/xcode
    builtin-SwiftPerFileCompile TokenNameForDiagnostics.swift
SwiftDriverJobDiscovery normal arm64 Compiling SyntaxKindNameForDiagnostics.swift (in target 'SwiftParserDiagnostics' from project 'swift-syntax')
SwiftDriverJobDiscovery normal arm64_32 Compiling TokenNameForDiagnostics.swift (in target 'SwiftParserDiagnostics' from project 'swift-syntax')
SwiftCompile normal arm64_32 Compiling\ Utils.swift /Users/admin/builder/spi-builder-workspace/.dependencies/checkouts/swift-syntax/Sources/SwiftParserDiagnostics/Utils.swift (in target 'SwiftParserDiagnostics' from project 'swift-syntax')
SwiftCompile normal arm64_32 /Users/admin/builder/spi-builder-workspace/.dependencies/checkouts/swift-syntax/Sources/SwiftParserDiagnostics/Utils.swift (in target 'SwiftParserDiagnostics' from project 'swift-syntax')
    cd /Users/admin/builder/spi-builder-workspace/.swiftpm/xcode
    builtin-SwiftPerFileCompile Utils.swift
SwiftDriverJobDiscovery normal arm64 Compiling SyntaxExtensions.swift (in target 'SwiftParserDiagnostics' from project 'swift-syntax')
SwiftCompile normal arm64_32 Compiling\ MultiLineStringLiteralDiagnosticsGenerator.swift,\ ParseDiagnosticsGenerator.swift /Users/admin/builder/spi-builder-workspace/.dependencies/checkouts/swift-syntax/Sources/SwiftParserDiagnostics/MultiLineStringLiteralDiagnosticsGenerator.swift /Users/admin/builder/spi-builder-workspace/.dependencies/checkouts/swift-syntax/Sources/SwiftParserDiagnostics/ParseDiagnosticsGenerator.swift (in target 'SwiftParserDiagnostics' from project 'swift-syntax')
SwiftCompile normal arm64_32 /Users/admin/builder/spi-builder-workspace/.dependencies/checkouts/swift-syntax/Sources/SwiftParserDiagnostics/MultiLineStringLiteralDiagnosticsGenerator.swift (in target 'SwiftParserDiagnostics' from project 'swift-syntax')
    cd /Users/admin/builder/spi-builder-workspace/.swiftpm/xcode
    builtin-SwiftPerFileCompile MultiLineStringLiteralDiagnosticsGenerator.swift
SwiftCompile normal arm64_32 /Users/admin/builder/spi-builder-workspace/.dependencies/checkouts/swift-syntax/Sources/SwiftParserDiagnostics/ParseDiagnosticsGenerator.swift (in target 'SwiftParserDiagnostics' from project 'swift-syntax')
    cd /Users/admin/builder/spi-builder-workspace/.swiftpm/xcode
    builtin-SwiftPerFileCompile ParseDiagnosticsGenerator.swift
SwiftCompile normal arm64 Compiling\ Utils.swift /Users/admin/builder/spi-builder-workspace/.dependencies/checkouts/swift-syntax/Sources/SwiftParserDiagnostics/Utils.swift (in target 'SwiftParserDiagnostics' from project 'swift-syntax')
SwiftCompile normal arm64 /Users/admin/builder/spi-builder-workspace/.dependencies/checkouts/swift-syntax/Sources/SwiftParserDiagnostics/Utils.swift (in target 'SwiftParserDiagnostics' from project 'swift-syntax')
    cd /Users/admin/builder/spi-builder-workspace/.swiftpm/xcode
    builtin-SwiftPerFileCompile Utils.swift
SwiftDriverJobDiscovery normal arm64 Compiling DiagnosticExtensions.swift, LexerDiagnosticMessages.swift (in target 'SwiftParserDiagnostics' from project 'swift-syntax')
SwiftCompile normal arm64_32 Compiling\ PresenceUtils.swift /Users/admin/builder/spi-builder-workspace/.dependencies/checkouts/swift-syntax/Sources/SwiftParserDiagnostics/PresenceUtils.swift (in target 'SwiftParserDiagnostics' from project 'swift-syntax')
SwiftCompile normal arm64_32 /Users/admin/builder/spi-builder-workspace/.dependencies/checkouts/swift-syntax/Sources/SwiftParserDiagnostics/PresenceUtils.swift (in target 'SwiftParserDiagnostics' from project 'swift-syntax')
    cd /Users/admin/builder/spi-builder-workspace/.swiftpm/xcode
    builtin-SwiftPerFileCompile PresenceUtils.swift
SwiftDriverJobDiscovery normal arm64 Compiling PresenceUtils.swift (in target 'SwiftParserDiagnostics' from project 'swift-syntax')
SwiftDriverJobDiscovery normal arm64 Compiling ChildNameForDiagnostics.swift (in target 'SwiftParserDiagnostics' from project 'swift-syntax')
SwiftDriver SwiftSyntaxBuilder normal arm64_32 com.apple.xcode.tools.swift.compiler (in target 'SwiftSyntaxBuilder' from project 'swift-syntax')
    cd /Users/admin/builder/spi-builder-workspace/.swiftpm/xcode
    builtin-SwiftDriver -- /Applications/Xcode-27.0.0-Release.Candidate.app/Contents/Developer/Toolchains/XcodeDefault.xctoolchain/usr/bin/swiftc -parse-as-library -module-name SwiftSyntaxBuilder -Onone @/Users/admin/builder/spi-builder-workspace/.derivedData/Build/Intermediates.noindex/swift-syntax.build/Debug-watchos/SwiftSyntaxBuilder-t.build/Objects-normal/arm64_32/SwiftSyntaxBuilder.SwiftFileList -DSWIFT_PACKAGE -DDEBUG -DSWIFT_MODULE_RESOURCE_BUNDLE_UNAVAILABLE -Xcc -fmodule-map-file\=/Users/admin/builder/spi-builder-workspace/.dependencies/checkouts/swift-syntax/Sources/_SwiftSyntaxCShims/include/module.modulemap -DXcode -plugin-path /Applications/Xcode-27.0.0-Release.Candidate.app/Contents/Developer/Toolchains/XcodeDefault.xctoolchain/usr/lib/swift/host/plugins/testing -enable-experimental-feature DebugDescriptionMacro -sdk /Applications/Xcode-27.0.0-Release.Candidate.app/Contents/Developer/Platforms/WatchOS.platform/Developer/SDKs/WatchOS27.0.sdk -target arm64_32-apple-watchos9.0 -g -module-cache-path /Users/admin/builder/spi-builder-workspace/.derivedData/ModuleCache.noindex -Xfrontend -serialize-debugging-options -profile-coverage-mapping -profile-generate -enable-testing -suppress-warnings -index-store-path /Users/admin/builder/spi-builder-workspace/.derivedData/Index.noindex/DataStore -Xcc -D_LIBCPP_HARDENING_MODE\=_LIBCPP_HARDENING_MODE_DEBUG -swift-version 6 -I /Users/admin/builder/spi-builder-workspace/.derivedData/Build/Products/Debug-watchos -Isystem /Applications/Xcode-27.0.0-Release.Candidate.app/Contents/Developer/Platforms/WatchOS.platform/Developer/usr/lib -F /Users/admin/builder/spi-builder-workspace/.derivedData/Build/Products/Debug-watchos/PackageFrameworks -F /Users/admin/builder/spi-builder-workspace/.derivedData/Build/Products/Debug-watchos -F /Applications/Xcode-27.0.0-Release.Candidate.app/Contents/Developer/Platforms/WatchOS.platform/Developer/Library/Frameworks -F /Applications/Xcode-27.0.0-Release.Candidate.app/Contents/Developer/Platforms/WatchOS.platform/Developer/SDKs/WatchOS27.0.sdk/Developer/Library/Frameworks -c -j10 -enable-batch-mode -incremental -Xcc -ivfsstatcache -Xcc /Users/admin/builder/spi-builder-workspace/.derivedData/SDKStatCaches.noindex/watchos27.0-24R360-e829b21a6f8c9b70876ba0858053c04477534ef55a1706bf4c1112bbb242f0a2.sdkstatcache -output-file-map /Users/admin/builder/spi-builder-workspace/.derivedData/Build/Intermediates.noindex/swift-syntax.build/Debug-watchos/SwiftSyntaxBuilder-t.build/Objects-normal/arm64_32/SwiftSyntaxBuilder-OutputFileMap.json -save-temps -no-color-diagnostics -explicit-module-build -module-cache-path /Users/admin/builder/spi-builder-workspace/.derivedData/Build/Intermediates.noindex/SwiftExplicitPrecompiledModules -clang-scanner-module-cache-path /Users/admin/builder/spi-builder-workspace/.derivedData/ModuleCache.noindex -sdk-module-cache-path /Users/admin/builder/spi-builder-workspace/.derivedData/SDKExplicitPrecompiledModules -emit-dependencies -emit-module -emit-module-path /Users/admin/builder/spi-builder-workspace/.derivedData/Build/Intermediates.noindex/swift-syntax.build/Debug-watchos/SwiftSyntaxBuilder-t.build/Objects-normal/arm64_32/SwiftSyntaxBuilder.swiftmodule -serialize-diagnostics -dependency-scan-serialize-diagnostics-path /Users/admin/builder/spi-builder-workspace/.derivedData/Build/Intermediates.noindex/swift-syntax.build/Debug-watchos/SwiftSyntaxBuilder-t.build/Objects-normal/arm64_32/SwiftSyntaxBuilder-dependency-scan.dia -validate-clang-modules-once -clang-build-session-file /Users/admin/builder/spi-builder-workspace/.derivedData/ModuleCache.noindex/Session.modulevalidation -Xcc -fmodules-prune-interval\=86400 -Xcc -fmodules-prune-after\=345600 -package-name swift_syntax -emit-const-values -const-gather-protocols-list /Users/admin/builder/spi-builder-workspace/.derivedData/Build/Intermediates.noindex/swift-syntax.build/Debug-watchos/SwiftSyntaxBuilder-t.build/Objects-normal/arm64_32/SwiftSyntaxBuilder_const_extract_protocols.json -Xcc -I/Users/admin/builder/spi-builder-workspace/.dependencies/checkouts/swift-syntax/Sources/_SwiftSyntaxCShims/include -Xcc -I/Users/admin/builder/spi-builder-workspace/.derivedData/Build/Products/Debug-watchos/include -Xcc -I/Users/admin/builder/spi-builder-workspace/.derivedData/Build/Intermediates.noindex/swift-syntax.build/Debug-watchos/SwiftSyntaxBuilder-t.build/DerivedSources-normal/arm64_32 -Xcc -I/Users/admin/builder/spi-builder-workspace/.derivedData/Build/Intermediates.noindex/swift-syntax.build/Debug-watchos/SwiftSyntaxBuilder-t.build/DerivedSources/arm64_32 -Xcc -I/Users/admin/builder/spi-builder-workspace/.derivedData/Build/Intermediates.noindex/swift-syntax.build/Debug-watchos/SwiftSyntaxBuilder-t.build/DerivedSources -Xcc -DSWIFT_PACKAGE -Xcc -DDEBUG\=1 -emit-objc-header -emit-objc-header-path /Users/admin/builder/spi-builder-workspace/.derivedData/Build/Intermediates.noindex/swift-syntax.build/Debug-watchos/SwiftSyntaxBuilder-t.build/Objects-normal/arm64_32/SwiftSyntaxBuilder-Swift.h -working-directory /Users/admin/builder/spi-builder-workspace/.swiftpm/xcode -experimental-emit-module-separately -disable-cmo
SwiftDriver SwiftSyntaxBuilder normal arm64 com.apple.xcode.tools.swift.compiler (in target 'SwiftSyntaxBuilder' from project 'swift-syntax')
    cd /Users/admin/builder/spi-builder-workspace/.swiftpm/xcode
    builtin-SwiftDriver -- /Applications/Xcode-27.0.0-Release.Candidate.app/Contents/Developer/Toolchains/XcodeDefault.xctoolchain/usr/bin/swiftc -parse-as-library -module-name SwiftSyntaxBuilder -Onone @/Users/admin/builder/spi-builder-workspace/.derivedData/Build/Intermediates.noindex/swift-syntax.build/Debug-watchos/SwiftSyntaxBuilder-t.build/Objects-normal/arm64/SwiftSyntaxBuilder.SwiftFileList -DSWIFT_PACKAGE -DDEBUG -DSWIFT_MODULE_RESOURCE_BUNDLE_UNAVAILABLE -Xcc -fmodule-map-file\=/Users/admin/builder/spi-builder-workspace/.dependencies/checkouts/swift-syntax/Sources/_SwiftSyntaxCShims/include/module.modulemap -DXcode -plugin-path /Applications/Xcode-27.0.0-Release.Candidate.app/Contents/Developer/Toolchains/XcodeDefault.xctoolchain/usr/lib/swift/host/plugins/testing -enable-experimental-feature DebugDescriptionMacro -sdk /Applications/Xcode-27.0.0-Release.Candidate.app/Contents/Developer/Platforms/WatchOS.platform/Developer/SDKs/WatchOS27.0.sdk -target arm64-apple-watchos9.0 -g -module-cache-path /Users/admin/builder/spi-builder-workspace/.derivedData/ModuleCache.noindex -Xfrontend -serialize-debugging-options -profile-coverage-mapping -profile-generate -enable-testing -suppress-warnings -index-store-path /Users/admin/builder/spi-builder-workspace/.derivedData/Index.noindex/DataStore -Xcc -D_LIBCPP_HARDENING_MODE\=_LIBCPP_HARDENING_MODE_DEBUG -swift-version 6 -I /Users/admin/builder/spi-builder-workspace/.derivedData/Build/Products/Debug-watchos -Isystem /Applications/Xcode-27.0.0-Release.Candidate.app/Contents/Developer/Platforms/WatchOS.platform/Developer/usr/lib -F /Users/admin/builder/spi-builder-workspace/.derivedData/Build/Products/Debug-watchos/PackageFrameworks -F /Users/admin/builder/spi-builder-workspace/.derivedData/Build/Products/Debug-watchos -F /Applications/Xcode-27.0.0-Release.Candidate.app/Contents/Developer/Platforms/WatchOS.platform/Developer/Library/Frameworks -F /Applications/Xcode-27.0.0-Release.Candidate.app/Contents/Developer/Platforms/WatchOS.platform/Developer/SDKs/WatchOS27.0.sdk/Developer/Library/Frameworks -c -j10 -enable-batch-mode -incremental -Xcc -ivfsstatcache -Xcc /Users/admin/builder/spi-builder-workspace/.derivedData/SDKStatCaches.noindex/watchos27.0-24R360-e829b21a6f8c9b70876ba0858053c04477534ef55a1706bf4c1112bbb242f0a2.sdkstatcache -output-file-map /Users/admin/builder/spi-builder-workspace/.derivedData/Build/Intermediates.noindex/swift-syntax.build/Debug-watchos/SwiftSyntaxBuilder-t.build/Objects-normal/arm64/SwiftSyntaxBuilder-OutputFileMap.json -save-temps -no-color-diagnostics -explicit-module-build -module-cache-path /Users/admin/builder/spi-builder-workspace/.derivedData/Build/Intermediates.noindex/SwiftExplicitPrecompiledModules -clang-scanner-module-cache-path /Users/admin/builder/spi-builder-workspace/.derivedData/ModuleCache.noindex -sdk-module-cache-path /Users/admin/builder/spi-builder-workspace/.derivedData/SDKExplicitPrecompiledModules -emit-dependencies -emit-module -emit-module-path /Users/admin/builder/spi-builder-workspace/.derivedData/Build/Intermediates.noindex/swift-syntax.build/Debug-watchos/SwiftSyntaxBuilder-t.build/Objects-normal/arm64/SwiftSyntaxBuilder.swiftmodule -serialize-diagnostics -dependency-scan-serialize-diagnostics-path /Users/admin/builder/spi-builder-workspace/.derivedData/Build/Intermediates.noindex/swift-syntax.build/Debug-watchos/SwiftSyntaxBuilder-t.build/Objects-normal/arm64/SwiftSyntaxBuilder-dependency-scan.dia -validate-clang-modules-once -clang-build-session-file /Users/admin/builder/spi-builder-workspace/.derivedData/ModuleCache.noindex/Session.modulevalidation -Xcc -fmodules-prune-interval\=86400 -Xcc -fmodules-prune-after\=345600 -package-name swift_syntax -emit-const-values -const-gather-protocols-list /Users/admin/builder/spi-builder-workspace/.derivedData/Build/Intermediates.noindex/swift-syntax.build/Debug-watchos/SwiftSyntaxBuilder-t.build/Objects-normal/arm64/SwiftSyntaxBuilder_const_extract_protocols.json -Xcc -I/Users/admin/builder/spi-builder-workspace/.dependencies/checkouts/swift-syntax/Sources/_SwiftSyntaxCShims/include -Xcc -I/Users/admin/builder/spi-builder-workspace/.derivedData/Build/Products/Debug-watchos/include -Xcc -I/Users/admin/builder/spi-builder-workspace/.derivedData/Build/Intermediates.noindex/swift-syntax.build/Debug-watchos/SwiftSyntaxBuilder-t.build/DerivedSources-normal/arm64 -Xcc -I/Users/admin/builder/spi-builder-workspace/.derivedData/Build/Intermediates.noindex/swift-syntax.build/Debug-watchos/SwiftSyntaxBuilder-t.build/DerivedSources/arm64 -Xcc -I/Users/admin/builder/spi-builder-workspace/.derivedData/Build/Intermediates.noindex/swift-syntax.build/Debug-watchos/SwiftSyntaxBuilder-t.build/DerivedSources -Xcc -DSWIFT_PACKAGE -Xcc -DDEBUG\=1 -emit-objc-header -emit-objc-header-path /Users/admin/builder/spi-builder-workspace/.derivedData/Build/Intermediates.noindex/swift-syntax.build/Debug-watchos/SwiftSyntaxBuilder-t.build/Objects-normal/arm64/SwiftSyntaxBuilder-Swift.h -working-directory /Users/admin/builder/spi-builder-workspace/.swiftpm/xcode -experimental-emit-module-separately -disable-cmo
SwiftDriverJobDiscovery normal arm64_32 Compiling Utils.swift (in target 'SwiftParserDiagnostics' from project 'swift-syntax')
SwiftDriverJobDiscovery normal arm64 Compiling Utils.swift (in target 'SwiftParserDiagnostics' from project 'swift-syntax')
SwiftDriverJobDiscovery normal arm64 Compiling ParserDiagnosticMessages.swift (in target 'SwiftParserDiagnostics' from project 'swift-syntax')
SwiftDriverJobDiscovery normal arm64 Compiling MissingNodesError.swift, MissingTokenError.swift (in target 'SwiftParserDiagnostics' from project 'swift-syntax')
SwiftDriverJobDiscovery normal arm64_32 Compiling PresenceUtils.swift (in target 'SwiftParserDiagnostics' from project 'swift-syntax')
SwiftExplicitDependencyGeneratePcm arm64_32 /Users/admin/builder/spi-builder-workspace/.derivedData/SDKExplicitPrecompiledModules/MachO-F47JQRYVH1SLPOQSJD8RK9MSX.pcm
SwiftExplicitDependencyGeneratePcm arm64_32 /Users/admin/builder/spi-builder-workspace/.derivedData/SDKExplicitPrecompiledModules/ObjectiveC-71AGZNHLBMR2QK817EJNUN54E.pcm
SwiftExplicitDependencyGeneratePcm arm64_32 /Users/admin/builder/spi-builder-workspace/.derivedData/SDKExplicitPrecompiledModules/_Builtin_stdatomic-D2FE5M7JS5NQA5JDADVERWJM4.pcm
SwiftExplicitDependencyGeneratePcm arm64 /Users/admin/builder/spi-builder-workspace/.derivedData/SDKExplicitPrecompiledModules/_Builtin_stdatomic-25T9UW3XDYID74302F31PX0RP.pcm
SwiftExplicitDependencyGeneratePcm arm64 /Users/admin/builder/spi-builder-workspace/.derivedData/SDKExplicitPrecompiledModules/MachO-4RYXFVY68ZDEUZYFMVL57WEKU.pcm
SwiftExplicitDependencyGeneratePcm arm64 /Users/admin/builder/spi-builder-workspace/.derivedData/SDKExplicitPrecompiledModules/ObjectiveC-22CZPC4WYQC9G8T393WT2KKLW.pcm
SwiftDriverJobDiscovery normal arm64_32 Compiling Utils.swift, ChildNameForKeyPath.swift, Keyword.swift, RenamedChildrenCompatibility.swift, RenamedNodesCompatibility.swift, SyntaxAnyVisitor.swift, SyntaxBaseNodes.swift (in target 'SwiftSyntax' from project 'swift-syntax')
SwiftDriver\ Compilation SwiftSyntax normal arm64_32 com.apple.xcode.tools.swift.compiler (in target 'SwiftSyntax' from project 'swift-syntax')
    cd /Users/admin/builder/spi-builder-workspace/.swiftpm/xcode
    builtin-Swift-Compilation -- /Applications/Xcode-27.0.0-Release.Candidate.app/Contents/Developer/Toolchains/XcodeDefault.xctoolchain/usr/bin/swiftc -parse-as-library -module-name SwiftSyntax -Onone @/Users/admin/builder/spi-builder-workspace/.derivedData/Build/Intermediates.noindex/swift-syntax.build/Debug-watchos/SwiftSyntax-t.build/Objects-normal/arm64_32/SwiftSyntax.SwiftFileList -DSWIFT_PACKAGE -DDEBUG -DSWIFT_MODULE_RESOURCE_BUNDLE_UNAVAILABLE -Xcc -fmodule-map-file\=/Users/admin/builder/spi-builder-workspace/.dependencies/checkouts/swift-syntax/Sources/_SwiftSyntaxCShims/include/module.modulemap -DXcode -plugin-path /Applications/Xcode-27.0.0-Release.Candidate.app/Contents/Developer/Toolchains/XcodeDefault.xctoolchain/usr/lib/swift/host/plugins/testing -enable-experimental-feature DebugDescriptionMacro -sdk /Applications/Xcode-27.0.0-Release.Candidate.app/Contents/Developer/Platforms/WatchOS.platform/Developer/SDKs/WatchOS27.0.sdk -target arm64_32-apple-watchos9.0 -g -module-cache-path /Users/admin/builder/spi-builder-workspace/.derivedData/ModuleCache.noindex -Xfrontend -serialize-debugging-options -profile-coverage-mapping -profile-generate -enable-testing -suppress-warnings -index-store-path /Users/admin/builder/spi-builder-workspace/.derivedData/Index.noindex/DataStore -Xcc -D_LIBCPP_HARDENING_MODE\=_LIBCPP_HARDENING_MODE_DEBUG -swift-version 6 -I /Users/admin/builder/spi-builder-workspace/.derivedData/Build/Products/Debug-watchos -Isystem /Applications/Xcode-27.0.0-Release.Candidate.app/Contents/Developer/Platforms/WatchOS.platform/Developer/usr/lib -F /Users/admin/builder/spi-builder-workspace/.derivedData/Build/Products/Debug-watchos/PackageFrameworks -F /Users/admin/builder/spi-builder-workspace/.derivedData/Build/Products/Debug-watchos -F /Applications/Xcode-27.0.0-Release.Candidate.app/Contents/Developer/Platforms/WatchOS.platform/Developer/Library/Frameworks -F /Applications/Xcode-27.0.0-Release.Candidate.app/Contents/Developer/Platforms/WatchOS.platform/Developer/SDKs/WatchOS27.0.sdk/Developer/Library/Frameworks -c -j10 -enable-batch-mode -incremental -Xcc -ivfsstatcache -Xcc /Users/admin/builder/spi-builder-workspace/.derivedData/SDKStatCaches.noindex/watchos27.0-24R360-e829b21a6f8c9b70876ba0858053c04477534ef55a1706bf4c1112bbb242f0a2.sdkstatcache -output-file-map /Users/admin/builder/spi-builder-workspace/.derivedData/Build/Intermediates.noindex/swift-syntax.build/Debug-watchos/SwiftSyntax-t.build/Objects-normal/arm64_32/SwiftSyntax-OutputFileMap.json -save-temps -no-color-diagnostics -explicit-module-build -module-cache-path /Users/admin/builder/spi-builder-workspace/.derivedData/Build/Intermediates.noindex/SwiftExplicitPrecompiledModules -clang-scanner-module-cache-path /Users/admin/builder/spi-builder-workspace/.derivedData/ModuleCache.noindex -sdk-module-cache-path /Users/admin/builder/spi-builder-workspace/.derivedData/SDKExplicitPrecompiledModules -emit-dependencies -emit-module -emit-module-path /Users/admin/builder/spi-builder-workspace/.derivedData/Build/Intermediates.noindex/swift-syntax.build/Debug-watchos/SwiftSyntax-t.build/Objects-normal/arm64_32/SwiftSyntax.swiftmodule -serialize-diagnostics -dependency-scan-serialize-diagnostics-path /Users/admin/builder/spi-builder-workspace/.derivedData/Build/Intermediates.noindex/swift-syntax.build/Debug-watchos/SwiftSyntax-t.build/Objects-normal/arm64_32/SwiftSyntax-dependency-scan.dia -validate-clang-modules-once -clang-build-session-file /Users/admin/builder/spi-builder-workspace/.derivedData/ModuleCache.noindex/Session.modulevalidation -Xcc -fmodules-prune-interval\=86400 -Xcc -fmodules-prune-after\=345600 -package-name swift_syntax -emit-const-values -const-gather-protocols-list /Users/admin/builder/spi-builder-workspace/.derivedData/Build/Intermediates.noindex/swift-syntax.build/Debug-watchos/SwiftSyntax-t.build/Objects-normal/arm64_32/SwiftSyntax_const_extract_protocols.json -Xcc -I/Users/admin/builder/spi-builder-workspace/.dependencies/checkouts/swift-syntax/Sources/_SwiftSyntaxCShims/include -Xcc -I/Users/admin/builder/spi-builder-workspace/.derivedData/Build/Products/Debug-watchos/include -Xcc -I/Users/admin/builder/spi-builder-workspace/.derivedData/Build/Intermediates.noindex/swift-syntax.build/Debug-watchos/SwiftSyntax-t.build/DerivedSources-normal/arm64_32 -Xcc -I/Users/admin/builder/spi-builder-workspace/.derivedData/Build/Intermediates.noindex/swift-syntax.build/Debug-watchos/SwiftSyntax-t.build/DerivedSources/arm64_32 -Xcc -I/Users/admin/builder/spi-builder-workspace/.derivedData/Build/Intermediates.noindex/swift-syntax.build/Debug-watchos/SwiftSyntax-t.build/DerivedSources -Xcc -DSWIFT_PACKAGE -Xcc -DDEBUG\=1 -emit-objc-header -emit-objc-header-path /Users/admin/builder/spi-builder-workspace/.derivedData/Build/Intermediates.noindex/swift-syntax.build/Debug-watchos/SwiftSyntax-t.build/Objects-normal/arm64_32/SwiftSyntax-Swift.h -working-directory /Users/admin/builder/spi-builder-workspace/.swiftpm/xcode -experimental-emit-module-separately -disable-cmo
Ld /Users/admin/builder/spi-builder-workspace/.derivedData/Build/Intermediates.noindex/swift-syntax.build/Debug-watchos/SwiftSyntax-t.build/Objects-normal/arm64_32/Binary/SwiftSyntax.o normal arm64_32 (in target 'SwiftSyntax' from project 'swift-syntax')
    cd /Users/admin/builder/spi-builder-workspace/.dependencies/checkouts/swift-syntax
    /Applications/Xcode-27.0.0-Release.Candidate.app/Contents/Developer/Toolchains/XcodeDefault.xctoolchain/usr/bin/clang -Xlinker -reproducible -target arm64_32-apple-watchos9.0 -r -isysroot /Applications/Xcode-27.0.0-Release.Candidate.app/Contents/Developer/Platforms/WatchOS.platform/Developer/SDKs/WatchOS27.0.sdk -O0 -w -Xlinker -no_warn_duplicate_libraries -F/Users/admin/builder/spi-builder-workspace/.derivedData/Build/Intermediates.noindex/EagerLinkingTBDs/Debug-watchos -F/Users/admin/builder/spi-builder-workspace/.derivedData/Build/Products/Debug-watchos/PackageFrameworks -F/Users/admin/builder/spi-builder-workspace/.derivedData/Build/Products/Debug-watchos -iframework /Applications/Xcode-27.0.0-Release.Candidate.app/Contents/Developer/Platforms/WatchOS.platform/Developer/Library/Frameworks -iframework /Applications/Xcode-27.0.0-Release.Candidate.app/Contents/Developer/Platforms/WatchOS.platform/Developer/SDKs/WatchOS27.0.sdk/Developer/Library/Frameworks -filelist /Users/admin/builder/spi-builder-workspace/.derivedData/Build/Intermediates.noindex/swift-syntax.build/Debug-watchos/SwiftSyntax-t.build/Objects-normal/arm64_32/SwiftSyntax.LinkFileList -nostdlib -Xlinker -object_path_lto -Xlinker /Users/admin/builder/spi-builder-workspace/.derivedData/Build/Intermediates.noindex/swift-syntax.build/Debug-watchos/SwiftSyntax-t.build/Objects-normal/arm64_32/SwiftSyntax_lto.o -Xlinker -no_deduplicate -Xlinker -debug_variant -Xlinker -dependency_info -Xlinker /Users/admin/builder/spi-builder-workspace/.derivedData/Build/Intermediates.noindex/swift-syntax.build/Debug-watchos/SwiftSyntax-t.build/Objects-normal/arm64_32/SwiftSyntax_dependency_info.dat -fobjc-link-runtime -L/Applications/Xcode-27.0.0-Release.Candidate.app/Contents/Developer/Toolchains/XcodeDefault.xctoolchain/usr/lib/swift/watchos -L/usr/lib/swift -Xlinker -add_ast_path -Xlinker /Users/admin/builder/spi-builder-workspace/.derivedData/Build/Intermediates.noindex/swift-syntax.build/Debug-watchos/SwiftSyntax-t.build/Objects-normal/arm64_32/SwiftSyntax.swiftmodule -o /Users/admin/builder/spi-builder-workspace/.derivedData/Build/Intermediates.noindex/swift-syntax.build/Debug-watchos/SwiftSyntax-t.build/Objects-normal/arm64_32/Binary/SwiftSyntax.o
SwiftExplicitDependencyGeneratePcm arm64_32 /Users/admin/builder/spi-builder-workspace/.derivedData/SDKExplicitPrecompiledModules/os_object-CTXVQBCWDOH6JHUXIFDUOWFRL.pcm
SwiftExplicitDependencyGeneratePcm arm64 /Users/admin/builder/spi-builder-workspace/.derivedData/SDKExplicitPrecompiledModules/os_object-6KYGGZ4DPVZ3BBAZ6QICZN8LI.pcm
SwiftExplicitDependencyGeneratePcm arm64_32 /Users/admin/builder/spi-builder-workspace/.derivedData/SDKExplicitPrecompiledModules/os_workgroup-9L9R05BT5LTFRZ2NM68BZTVV2.pcm
SwiftExplicitDependencyGeneratePcm arm64 /Users/admin/builder/spi-builder-workspace/.derivedData/SDKExplicitPrecompiledModules/os_workgroup-AHE7ULDQBKER38CYPIKDTZF4M.pcm
SwiftDriverJobDiscovery normal arm64 Compiling MultiLineStringLiteralDiagnosticsGenerator.swift, ParseDiagnosticsGenerator.swift (in target 'SwiftParserDiagnostics' from project 'swift-syntax')
SwiftDriver\ Compilation SwiftParserDiagnostics normal arm64 com.apple.xcode.tools.swift.compiler (in target 'SwiftParserDiagnostics' from project 'swift-syntax')
    cd /Users/admin/builder/spi-builder-workspace/.swiftpm/xcode
    builtin-Swift-Compilation -- /Applications/Xcode-27.0.0-Release.Candidate.app/Contents/Developer/Toolchains/XcodeDefault.xctoolchain/usr/bin/swiftc -parse-as-library -module-name SwiftParserDiagnostics -Onone @/Users/admin/builder/spi-builder-workspace/.derivedData/Build/Intermediates.noindex/swift-syntax.build/Debug-watchos/SwiftParserDiagnostics-t.build/Objects-normal/arm64/SwiftParserDiagnostics.SwiftFileList -DSWIFT_PACKAGE -DDEBUG -DSWIFT_MODULE_RESOURCE_BUNDLE_UNAVAILABLE -Xcc -fmodule-map-file\=/Users/admin/builder/spi-builder-workspace/.dependencies/checkouts/swift-syntax/Sources/_SwiftSyntaxCShims/include/module.modulemap -DXcode -plugin-path /Applications/Xcode-27.0.0-Release.Candidate.app/Contents/Developer/Toolchains/XcodeDefault.xctoolchain/usr/lib/swift/host/plugins/testing -enable-experimental-feature DebugDescriptionMacro -sdk /Applications/Xcode-27.0.0-Release.Candidate.app/Contents/Developer/Platforms/WatchOS.platform/Developer/SDKs/WatchOS27.0.sdk -target arm64-apple-watchos9.0 -g -module-cache-path /Users/admin/builder/spi-builder-workspace/.derivedData/ModuleCache.noindex -Xfrontend -serialize-debugging-options -profile-coverage-mapping -profile-generate -enable-testing -suppress-warnings -index-store-path /Users/admin/builder/spi-builder-workspace/.derivedData/Index.noindex/DataStore -Xcc -D_LIBCPP_HARDENING_MODE\=_LIBCPP_HARDENING_MODE_DEBUG -swift-version 6 -I /Users/admin/builder/spi-builder-workspace/.derivedData/Build/Products/Debug-watchos -Isystem /Applications/Xcode-27.0.0-Release.Candidate.app/Contents/Developer/Platforms/WatchOS.platform/Developer/usr/lib -F /Users/admin/builder/spi-builder-workspace/.derivedData/Build/Products/Debug-watchos/PackageFrameworks -F /Users/admin/builder/spi-builder-workspace/.derivedData/Build/Products/Debug-watchos -F /Applications/Xcode-27.0.0-Release.Candidate.app/Contents/Developer/Platforms/WatchOS.platform/Developer/Library/Frameworks -F /Applications/Xcode-27.0.0-Release.Candidate.app/Contents/Developer/Platforms/WatchOS.platform/Developer/SDKs/WatchOS27.0.sdk/Developer/Library/Frameworks -c -j10 -enable-batch-mode -incremental -Xcc -ivfsstatcache -Xcc /Users/admin/builder/spi-builder-workspace/.derivedData/SDKStatCaches.noindex/watchos27.0-24R360-e829b21a6f8c9b70876ba0858053c04477534ef55a1706bf4c1112bbb242f0a2.sdkstatcache -output-file-map /Users/admin/builder/spi-builder-workspace/.derivedData/Build/Intermediates.noindex/swift-syntax.build/Debug-watchos/SwiftParserDiagnostics-t.build/Objects-normal/arm64/SwiftParserDiagnostics-OutputFileMap.json -save-temps -no-color-diagnostics -explicit-module-build -module-cache-path /Users/admin/builder/spi-builder-workspace/.derivedData/Build/Intermediates.noindex/SwiftExplicitPrecompiledModules -clang-scanner-module-cache-path /Users/admin/builder/spi-builder-workspace/.derivedData/ModuleCache.noindex -sdk-module-cache-path /Users/admin/builder/spi-builder-workspace/.derivedData/SDKExplicitPrecompiledModules -emit-dependencies -emit-module -emit-module-path /Users/admin/builder/spi-builder-workspace/.derivedData/Build/Intermediates.noindex/swift-syntax.build/Debug-watchos/SwiftParserDiagnostics-t.build/Objects-normal/arm64/SwiftParserDiagnostics.swiftmodule -serialize-diagnostics -dependency-scan-serialize-diagnostics-path /Users/admin/builder/spi-builder-workspace/.derivedData/Build/Intermediates.noindex/swift-syntax.build/Debug-watchos/SwiftParserDiagnostics-t.build/Objects-normal/arm64/SwiftParserDiagnostics-dependency-scan.dia -validate-clang-modules-once -clang-build-session-file /Users/admin/builder/spi-builder-workspace/.derivedData/ModuleCache.noindex/Session.modulevalidation -Xcc -fmodules-prune-interval\=86400 -Xcc -fmodules-prune-after\=345600 -package-name swift_syntax -emit-const-values -const-gather-protocols-list /Users/admin/builder/spi-builder-workspace/.derivedData/Build/Intermediates.noindex/swift-syntax.build/Debug-watchos/SwiftParserDiagnostics-t.build/Objects-normal/arm64/SwiftParserDiagnostics_const_extract_protocols.json -Xcc -I/Users/admin/builder/spi-builder-workspace/.dependencies/checkouts/swift-syntax/Sources/_SwiftSyntaxCShims/include -Xcc -I/Users/admin/builder/spi-builder-workspace/.derivedData/Build/Products/Debug-watchos/include -Xcc -I/Users/admin/builder/spi-builder-workspace/.derivedData/Build/Intermediates.noindex/swift-syntax.build/Debug-watchos/SwiftParserDiagnostics-t.build/DerivedSources-normal/arm64 -Xcc -I/Users/admin/builder/spi-builder-workspace/.derivedData/Build/Intermediates.noindex/swift-syntax.build/Debug-watchos/SwiftParserDiagnostics-t.build/DerivedSources/arm64 -Xcc -I/Users/admin/builder/spi-builder-workspace/.derivedData/Build/Intermediates.noindex/swift-syntax.build/Debug-watchos/SwiftParserDiagnostics-t.build/DerivedSources -Xcc -DSWIFT_PACKAGE -Xcc -DDEBUG\=1 -emit-objc-header -emit-objc-header-path /Users/admin/builder/spi-builder-workspace/.derivedData/Build/Intermediates.noindex/swift-syntax.build/Debug-watchos/SwiftParserDiagnostics-t.build/Objects-normal/arm64/SwiftParserDiagnostics-Swift.h -working-directory /Users/admin/builder/spi-builder-workspace/.swiftpm/xcode -experimental-emit-module-separately -disable-cmo
SwiftExplicitDependencyGeneratePcm arm64_32 /Users/admin/builder/spi-builder-workspace/.derivedData/SDKExplicitPrecompiledModules/Dispatch-CGIMI9KQKHNRQHR2IECIPRG14.pcm
SwiftExplicitDependencyGeneratePcm arm64 /Users/admin/builder/spi-builder-workspace/.derivedData/SDKExplicitPrecompiledModules/Dispatch-39VR0G01IUJ09PQKMFGOHXZ4L.pcm
SwiftExplicitDependencyGeneratePcm arm64 /Users/admin/builder/spi-builder-workspace/.derivedData/SDKExplicitPrecompiledModules/XPC-650JAZBTM6I0OMHYO6CKM0CWJ.pcm
SwiftExplicitDependencyGeneratePcm arm64_32 /Users/admin/builder/spi-builder-workspace/.derivedData/SDKExplicitPrecompiledModules/XPC-7SLKI45KYLKXH9QET2WYS3UZ4.pcm
SwiftExplicitDependencyGeneratePcm arm64 /Users/admin/builder/spi-builder-workspace/.derivedData/SDKExplicitPrecompiledModules/os-6BCTB8I5DCBBKFJ0Y0G4WQDDJ.pcm
SwiftExplicitDependencyGeneratePcm arm64_32 /Users/admin/builder/spi-builder-workspace/.derivedData/SDKExplicitPrecompiledModules/os-D9NWGT7PQGY2OD43XMA2KGLJK.pcm
SwiftCompile normal arm64_32 Compiling\ RenamedChildrenBuilderCompatibility.swift /Users/admin/builder/spi-builder-workspace/.dependencies/checkouts/swift-syntax/Sources/SwiftSyntaxBuilder/generated/RenamedChildrenBuilderCompatibility.swift (in target 'SwiftSyntaxBuilder' from project 'swift-syntax')
SwiftCompile normal arm64_32 /Users/admin/builder/spi-builder-workspace/.dependencies/checkouts/swift-syntax/Sources/SwiftSyntaxBuilder/generated/RenamedChildrenBuilderCompatibility.swift (in target 'SwiftSyntaxBuilder' from project 'swift-syntax')
    cd /Users/admin/builder/spi-builder-workspace/.swiftpm/xcode
    builtin-SwiftPerFileCompile RenamedChildrenBuilderCompatibility.swift
SwiftCompile normal arm64_32 Compiling\ BuildableNodes.swift /Users/admin/builder/spi-builder-workspace/.dependencies/checkouts/swift-syntax/Sources/SwiftSyntaxBuilder/generated/BuildableNodes.swift (in target 'SwiftSyntaxBuilder' from project 'swift-syntax')
SwiftCompile normal arm64_32 /Users/admin/builder/spi-builder-workspace/.dependencies/checkouts/swift-syntax/Sources/SwiftSyntaxBuilder/generated/BuildableNodes.swift (in target 'SwiftSyntaxBuilder' from project 'swift-syntax')
    cd /Users/admin/builder/spi-builder-workspace/.swiftpm/xcode
    builtin-SwiftPerFileCompile BuildableNodes.swift
SwiftCompile normal arm64_32 Compiling\ ResultBuilders.swift /Users/admin/builder/spi-builder-workspace/.dependencies/checkouts/swift-syntax/Sources/SwiftSyntaxBuilder/generated/ResultBuilders.swift (in target 'SwiftSyntaxBuilder' from project 'swift-syntax')
SwiftCompile normal arm64_32 /Users/admin/builder/spi-builder-workspace/.dependencies/checkouts/swift-syntax/Sources/SwiftSyntaxBuilder/generated/ResultBuilders.swift (in target 'SwiftSyntaxBuilder' from project 'swift-syntax')
    cd /Users/admin/builder/spi-builder-workspace/.swiftpm/xcode
    builtin-SwiftPerFileCompile ResultBuilders.swift
SwiftCompile normal arm64_32 Compiling\ Syntax+StringInterpolation.swift,\ SyntaxNodeWithBody.swift /Users/admin/builder/spi-builder-workspace/.dependencies/checkouts/swift-syntax/Sources/SwiftSyntaxBuilder/Syntax+StringInterpolation.swift /Users/admin/builder/spi-builder-workspace/.dependencies/checkouts/swift-syntax/Sources/SwiftSyntaxBuilder/SyntaxNodeWithBody.swift (in target 'SwiftSyntaxBuilder' from project 'swift-syntax')
SwiftCompile normal arm64_32 /Users/admin/builder/spi-builder-workspace/.dependencies/checkouts/swift-syntax/Sources/SwiftSyntaxBuilder/Syntax+StringInterpolation.swift (in target 'SwiftSyntaxBuilder' from project 'swift-syntax')
    cd /Users/admin/builder/spi-builder-workspace/.swiftpm/xcode
    builtin-SwiftPerFileCompile Syntax+StringInterpolation.swift
SwiftCompile normal arm64_32 /Users/admin/builder/spi-builder-workspace/.dependencies/checkouts/swift-syntax/Sources/SwiftSyntaxBuilder/SyntaxNodeWithBody.swift (in target 'SwiftSyntaxBuilder' from project 'swift-syntax')
    cd /Users/admin/builder/spi-builder-workspace/.swiftpm/xcode
    builtin-SwiftPerFileCompile SyntaxNodeWithBody.swift
SwiftCompile normal arm64_32 Compiling\ SyntaxParsable+ExpressibleByStringInterpolation.swift,\ ValidatingSyntaxNodes.swift /Users/admin/builder/spi-builder-workspace/.dependencies/checkouts/swift-syntax/Sources/SwiftSyntaxBuilder/SyntaxParsable+ExpressibleByStringInterpolation.swift /Users/admin/builder/spi-builder-workspace/.dependencies/checkouts/swift-syntax/Sources/SwiftSyntaxBuilder/ValidatingSyntaxNodes.swift (in target 'SwiftSyntaxBuilder' from project 'swift-syntax')
SwiftCompile normal arm64_32 /Users/admin/builder/spi-builder-workspace/.dependencies/checkouts/swift-syntax/Sources/SwiftSyntaxBuilder/SyntaxParsable+ExpressibleByStringInterpolation.swift (in target 'SwiftSyntaxBuilder' from project 'swift-syntax')
    cd /Users/admin/builder/spi-builder-workspace/.swiftpm/xcode
    builtin-SwiftPerFileCompile SyntaxParsable+ExpressibleByStringInterpolation.swift
SwiftCompile normal arm64_32 /Users/admin/builder/spi-builder-workspace/.dependencies/checkouts/swift-syntax/Sources/SwiftSyntaxBuilder/ValidatingSyntaxNodes.swift (in target 'SwiftSyntaxBuilder' from project 'swift-syntax')
    cd /Users/admin/builder/spi-builder-workspace/.swiftpm/xcode
    builtin-SwiftPerFileCompile ValidatingSyntaxNodes.swift
SwiftCompile normal arm64_32 Compiling\ SyntaxExpressibleByStringInterpolationConformances.swift /Users/admin/builder/spi-builder-workspace/.dependencies/checkouts/swift-syntax/Sources/SwiftSyntaxBuilder/generated/SyntaxExpressibleByStringInterpolationConformances.swift (in target 'SwiftSyntaxBuilder' from project 'swift-syntax')
SwiftCompile normal arm64_32 /Users/admin/builder/spi-builder-workspace/.dependencies/checkouts/swift-syntax/Sources/SwiftSyntaxBuilder/generated/SyntaxExpressibleByStringInterpolationConformances.swift (in target 'SwiftSyntaxBuilder' from project 'swift-syntax')
    cd /Users/admin/builder/spi-builder-workspace/.swiftpm/xcode
    builtin-SwiftPerFileCompile SyntaxExpressibleByStringInterpolationConformances.swift
SwiftCompile normal arm64_32 Compiling\ WithTrailingCommaSyntax+EnsuringTrailingComma.swift /Users/admin/builder/spi-builder-workspace/.dependencies/checkouts/swift-syntax/Sources/SwiftSyntaxBuilder/WithTrailingCommaSyntax+EnsuringTrailingComma.swift (in target 'SwiftSyntaxBuilder' from project 'swift-syntax')
SwiftCompile normal arm64_32 /Users/admin/builder/spi-builder-workspace/.dependencies/checkouts/swift-syntax/Sources/SwiftSyntaxBuilder/WithTrailingCommaSyntax+EnsuringTrailingComma.swift (in target 'SwiftSyntaxBuilder' from project 'swift-syntax')
    cd /Users/admin/builder/spi-builder-workspace/.swiftpm/xcode
    builtin-SwiftPerFileCompile WithTrailingCommaSyntax+EnsuringTrailingComma.swift
SwiftEmitModule normal arm64_32 Emitting\ module\ for\ SwiftSyntaxBuilder (in target 'SwiftSyntaxBuilder' from project 'swift-syntax')
SwiftCompile normal arm64_32 (in target 'SwiftSyntaxBuilder' from project 'swift-syntax')
    cd /Users/admin/builder/spi-builder-workspace/.swiftpm/xcode

SwiftEmitModule normal arm64 Emitting\ module\ for\ SwiftSyntaxBuilder (in target 'SwiftSyntaxBuilder' from project 'swift-syntax')
SwiftCompile normal arm64 (in target 'SwiftSyntaxBuilder' from project 'swift-syntax')
    cd /Users/admin/builder/spi-builder-workspace/.swiftpm/xcode

SwiftDriverJobDiscovery normal arm64_32 Compiling WithTrailingCommaSyntax+EnsuringTrailingComma.swift (in target 'SwiftSyntaxBuilder' from project 'swift-syntax')
SwiftCompile normal arm64 Compiling\ ConvenienceInitializers.swift,\ DeclSyntaxParseable.swift /Users/admin/builder/spi-builder-workspace/.dependencies/checkouts/swift-syntax/Sources/SwiftSyntaxBuilder/ConvenienceInitializers.swift /Users/admin/builder/spi-builder-workspace/.dependencies/checkouts/swift-syntax/Sources/SwiftSyntaxBuilder/DeclSyntaxParseable.swift (in target 'SwiftSyntaxBuilder' from project 'swift-syntax')
SwiftCompile normal arm64 /Users/admin/builder/spi-builder-workspace/.dependencies/checkouts/swift-syntax/Sources/SwiftSyntaxBuilder/ConvenienceInitializers.swift (in target 'SwiftSyntaxBuilder' from project 'swift-syntax')
    cd /Users/admin/builder/spi-builder-workspace/.swiftpm/xcode
    builtin-SwiftPerFileCompile ConvenienceInitializers.swift
SwiftCompile normal arm64 /Users/admin/builder/spi-builder-workspace/.dependencies/checkouts/swift-syntax/Sources/SwiftSyntaxBuilder/DeclSyntaxParseable.swift (in target 'SwiftSyntaxBuilder' from project 'swift-syntax')
    cd /Users/admin/builder/spi-builder-workspace/.swiftpm/xcode
    builtin-SwiftPerFileCompile DeclSyntaxParseable.swift
SwiftDriverJobDiscovery normal arm64_32 Compiling SyntaxExpressibleByStringInterpolationConformances.swift (in target 'SwiftSyntaxBuilder' from project 'swift-syntax')
SwiftCompile normal arm64 Compiling\ WithTrailingCommaSyntax+EnsuringTrailingComma.swift /Users/admin/builder/spi-builder-workspace/.dependencies/checkouts/swift-syntax/Sources/SwiftSyntaxBuilder/WithTrailingCommaSyntax+EnsuringTrailingComma.swift (in target 'SwiftSyntaxBuilder' from project 'swift-syntax')
SwiftCompile normal arm64 /Users/admin/builder/spi-builder-workspace/.dependencies/checkouts/swift-syntax/Sources/SwiftSyntaxBuilder/WithTrailingCommaSyntax+EnsuringTrailingComma.swift (in target 'SwiftSyntaxBuilder' from project 'swift-syntax')
    cd /Users/admin/builder/spi-builder-workspace/.swiftpm/xcode
    builtin-SwiftPerFileCompile WithTrailingCommaSyntax+EnsuringTrailingComma.swift
SwiftDriverJobDiscovery normal arm64_32 Compiling MultiLineStringLiteralDiagnosticsGenerator.swift, ParseDiagnosticsGenerator.swift (in target 'SwiftParserDiagnostics' from project 'swift-syntax')
SwiftCompile normal arm64 Compiling\ BuildableNodes.swift /Users/admin/builder/spi-builder-workspace/.dependencies/checkouts/swift-syntax/Sources/SwiftSyntaxBuilder/generated/BuildableNodes.swift (in target 'SwiftSyntaxBuilder' from project 'swift-syntax')
SwiftCompile normal arm64 /Users/admin/builder/spi-builder-workspace/.dependencies/checkouts/swift-syntax/Sources/SwiftSyntaxBuilder/generated/BuildableNodes.swift (in target 'SwiftSyntaxBuilder' from project 'swift-syntax')
    cd /Users/admin/builder/spi-builder-workspace/.swiftpm/xcode
    builtin-SwiftPerFileCompile BuildableNodes.swift
SwiftDriverJobDiscovery normal arm64_32 Compiling RenamedChildrenBuilderCompatibility.swift (in target 'SwiftSyntaxBuilder' from project 'swift-syntax')
SwiftCompile normal arm64 Compiling\ Indenter.swift,\ ListBuilder.swift /Users/admin/builder/spi-builder-workspace/.dependencies/checkouts/swift-syntax/Sources/SwiftSyntaxBuilder/Indenter.swift /Users/admin/builder/spi-builder-workspace/.dependencies/checkouts/swift-syntax/Sources/SwiftSyntaxBuilder/ListBuilder.swift (in target 'SwiftSyntaxBuilder' from project 'swift-syntax')
SwiftCompile normal arm64 /Users/admin/builder/spi-builder-workspace/.dependencies/checkouts/swift-syntax/Sources/SwiftSyntaxBuilder/Indenter.swift (in target 'SwiftSyntaxBuilder' from project 'swift-syntax')
    cd /Users/admin/builder/spi-builder-workspace/.swiftpm/xcode
    builtin-SwiftPerFileCompile Indenter.swift
SwiftCompile normal arm64 /Users/admin/builder/spi-builder-workspace/.dependencies/checkouts/swift-syntax/Sources/SwiftSyntaxBuilder/ListBuilder.swift (in target 'SwiftSyntaxBuilder' from project 'swift-syntax')
    cd /Users/admin/builder/spi-builder-workspace/.swiftpm/xcode
    builtin-SwiftPerFileCompile ListBuilder.swift
SwiftDriverJobDiscovery normal arm64 Compiling WithTrailingCommaSyntax+EnsuringTrailingComma.swift (in target 'SwiftSyntaxBuilder' from project 'swift-syntax')
SwiftCompile normal arm64 Compiling\ SyntaxExpressibleByStringInterpolationConformances.swift /Users/admin/builder/spi-builder-workspace/.dependencies/checkouts/swift-syntax/Sources/SwiftSyntaxBuilder/generated/SyntaxExpressibleByStringInterpolationConformances.swift (in target 'SwiftSyntaxBuilder' from project 'swift-syntax')
SwiftCompile normal arm64 /Users/admin/builder/spi-builder-workspace/.dependencies/checkouts/swift-syntax/Sources/SwiftSyntaxBuilder/generated/SyntaxExpressibleByStringInterpolationConformances.swift (in target 'SwiftSyntaxBuilder' from project 'swift-syntax')
    cd /Users/admin/builder/spi-builder-workspace/.swiftpm/xcode
    builtin-SwiftPerFileCompile SyntaxExpressibleByStringInterpolationConformances.swift
SwiftDriverJobDiscovery normal arm64_32 Compiling SyntaxParsable+ExpressibleByStringInterpolation.swift, ValidatingSyntaxNodes.swift (in target 'SwiftSyntaxBuilder' from project 'swift-syntax')
SwiftCompile normal arm64 Compiling\ SyntaxParsable+ExpressibleByStringInterpolation.swift,\ ValidatingSyntaxNodes.swift /Users/admin/builder/spi-builder-workspace/.dependencies/checkouts/swift-syntax/Sources/SwiftSyntaxBuilder/SyntaxParsable+ExpressibleByStringInterpolation.swift /Users/admin/builder/spi-builder-workspace/.dependencies/checkouts/swift-syntax/Sources/SwiftSyntaxBuilder/ValidatingSyntaxNodes.swift (in target 'SwiftSyntaxBuilder' from project 'swift-syntax')
SwiftCompile normal arm64 /Users/admin/builder/spi-builder-workspace/.dependencies/checkouts/swift-syntax/Sources/SwiftSyntaxBuilder/SyntaxParsable+ExpressibleByStringInterpolation.swift (in target 'SwiftSyntaxBuilder' from project 'swift-syntax')
    cd /Users/admin/builder/spi-builder-workspace/.swiftpm/xcode
    builtin-SwiftPerFileCompile SyntaxParsable+ExpressibleByStringInterpolation.swift
SwiftCompile normal arm64 /Users/admin/builder/spi-builder-workspace/.dependencies/checkouts/swift-syntax/Sources/SwiftSyntaxBuilder/ValidatingSyntaxNodes.swift (in target 'SwiftSyntaxBuilder' from project 'swift-syntax')
    cd /Users/admin/builder/spi-builder-workspace/.swiftpm/xcode
    builtin-SwiftPerFileCompile ValidatingSyntaxNodes.swift
SwiftDriverJobDiscovery normal arm64_32 Compiling BuildableNodes.swift (in target 'SwiftSyntaxBuilder' from project 'swift-syntax')
SwiftCompile normal arm64_32 Compiling\ Indenter.swift,\ ListBuilder.swift /Users/admin/builder/spi-builder-workspace/.dependencies/checkouts/swift-syntax/Sources/SwiftSyntaxBuilder/Indenter.swift /Users/admin/builder/spi-builder-workspace/.dependencies/checkouts/swift-syntax/Sources/SwiftSyntaxBuilder/ListBuilder.swift (in target 'SwiftSyntaxBuilder' from project 'swift-syntax')
SwiftCompile normal arm64_32 /Users/admin/builder/spi-builder-workspace/.dependencies/checkouts/swift-syntax/Sources/SwiftSyntaxBuilder/Indenter.swift (in target 'SwiftSyntaxBuilder' from project 'swift-syntax')
    cd /Users/admin/builder/spi-builder-workspace/.swiftpm/xcode
    builtin-SwiftPerFileCompile Indenter.swift
SwiftCompile normal arm64_32 /Users/admin/builder/spi-builder-workspace/.dependencies/checkouts/swift-syntax/Sources/SwiftSyntaxBuilder/ListBuilder.swift (in target 'SwiftSyntaxBuilder' from project 'swift-syntax')
    cd /Users/admin/builder/spi-builder-workspace/.swiftpm/xcode
    builtin-SwiftPerFileCompile ListBuilder.swift
SwiftDriverJobDiscovery normal arm64_32 Emitting module for SwiftSyntaxBuilder (in target 'SwiftSyntaxBuilder' from project 'swift-syntax')
SwiftDriver\ Compilation\ Requirements SwiftSyntaxBuilder normal arm64_32 com.apple.xcode.tools.swift.compiler (in target 'SwiftSyntaxBuilder' from project 'swift-syntax')
    cd /Users/admin/builder/spi-builder-workspace/.swiftpm/xcode
    builtin-Swift-Compilation-Requirements -- /Applications/Xcode-27.0.0-Release.Candidate.app/Contents/Developer/Toolchains/XcodeDefault.xctoolchain/usr/bin/swiftc -parse-as-library -module-name SwiftSyntaxBuilder -Onone @/Users/admin/builder/spi-builder-workspace/.derivedData/Build/Intermediates.noindex/swift-syntax.build/Debug-watchos/SwiftSyntaxBuilder-t.build/Objects-normal/arm64_32/SwiftSyntaxBuilder.SwiftFileList -DSWIFT_PACKAGE -DDEBUG -DSWIFT_MODULE_RESOURCE_BUNDLE_UNAVAILABLE -Xcc -fmodule-map-file\=/Users/admin/builder/spi-builder-workspace/.dependencies/checkouts/swift-syntax/Sources/_SwiftSyntaxCShims/include/module.modulemap -DXcode -plugin-path /Applications/Xcode-27.0.0-Release.Candidate.app/Contents/Developer/Toolchains/XcodeDefault.xctoolchain/usr/lib/swift/host/plugins/testing -enable-experimental-feature DebugDescriptionMacro -sdk /Applications/Xcode-27.0.0-Release.Candidate.app/Contents/Developer/Platforms/WatchOS.platform/Developer/SDKs/WatchOS27.0.sdk -target arm64_32-apple-watchos9.0 -g -module-cache-path /Users/admin/builder/spi-builder-workspace/.derivedData/ModuleCache.noindex -Xfrontend -serialize-debugging-options -profile-coverage-mapping -profile-generate -enable-testing -suppress-warnings -index-store-path /Users/admin/builder/spi-builder-workspace/.derivedData/Index.noindex/DataStore -Xcc -D_LIBCPP_HARDENING_MODE\=_LIBCPP_HARDENING_MODE_DEBUG -swift-version 6 -I /Users/admin/builder/spi-builder-workspace/.derivedData/Build/Products/Debug-watchos -Isystem /Applications/Xcode-27.0.0-Release.Candidate.app/Contents/Developer/Platforms/WatchOS.platform/Developer/usr/lib -F /Users/admin/builder/spi-builder-workspace/.derivedData/Build/Products/Debug-watchos/PackageFrameworks -F /Users/admin/builder/spi-builder-workspace/.derivedData/Build/Products/Debug-watchos -F /Applications/Xcode-27.0.0-Release.Candidate.app/Contents/Developer/Platforms/WatchOS.platform/Developer/Library/Frameworks -F /Applications/Xcode-27.0.0-Release.Candidate.app/Contents/Developer/Platforms/WatchOS.platform/Developer/SDKs/WatchOS27.0.sdk/Developer/Library/Frameworks -c -j10 -enable-batch-mode -incremental -Xcc -ivfsstatcache -Xcc /Users/admin/builder/spi-builder-workspace/.derivedData/SDKStatCaches.noindex/watchos27.0-24R360-e829b21a6f8c9b70876ba0858053c04477534ef55a1706bf4c1112bbb242f0a2.sdkstatcache -output-file-map /Users/admin/builder/spi-builder-workspace/.derivedData/Build/Intermediates.noindex/swift-syntax.build/Debug-watchos/SwiftSyntaxBuilder-t.build/Objects-normal/arm64_32/SwiftSyntaxBuilder-OutputFileMap.json -save-temps -no-color-diagnostics -explicit-module-build -module-cache-path /Users/admin/builder/spi-builder-workspace/.derivedData/Build/Intermediates.noindex/SwiftExplicitPrecompiledModules -clang-scanner-module-cache-path /Users/admin/builder/spi-builder-workspace/.derivedData/ModuleCache.noindex -sdk-module-cache-path /Users/admin/builder/spi-builder-workspace/.derivedData/SDKExplicitPrecompiledModules -emit-dependencies -emit-module -emit-module-path /Users/admin/builder/spi-builder-workspace/.derivedData/Build/Intermediates.noindex/swift-syntax.build/Debug-watchos/SwiftSyntaxBuilder-t.build/Objects-normal/arm64_32/SwiftSyntaxBuilder.swiftmodule -serialize-diagnostics -dependency-scan-serialize-diagnostics-path /Users/admin/builder/spi-builder-workspace/.derivedData/Build/Intermediates.noindex/swift-syntax.build/Debug-watchos/SwiftSyntaxBuilder-t.build/Objects-normal/arm64_32/SwiftSyntaxBuilder-dependency-scan.dia -validate-clang-modules-once -clang-build-session-file /Users/admin/builder/spi-builder-workspace/.derivedData/ModuleCache.noindex/Session.modulevalidation -Xcc -fmodules-prune-interval\=86400 -Xcc -fmodules-prune-after\=345600 -package-name swift_syntax -emit-const-values -const-gather-protocols-list /Users/admin/builder/spi-builder-workspace/.derivedData/Build/Intermediates.noindex/swift-syntax.build/Debug-watchos/SwiftSyntaxBuilder-t.build/Objects-normal/arm64_32/SwiftSyntaxBuilder_const_extract_protocols.json -Xcc -I/Users/admin/builder/spi-builder-workspace/.dependencies/checkouts/swift-syntax/Sources/_SwiftSyntaxCShims/include -Xcc -I/Users/admin/builder/spi-builder-workspace/.derivedData/Build/Products/Debug-watchos/include -Xcc -I/Users/admin/builder/spi-builder-workspace/.derivedData/Build/Intermediates.noindex/swift-syntax.build/Debug-watchos/SwiftSyntaxBuilder-t.build/DerivedSources-normal/arm64_32 -Xcc -I/Users/admin/builder/spi-builder-workspace/.derivedData/Build/Intermediates.noindex/swift-syntax.build/Debug-watchos/SwiftSyntaxBuilder-t.build/DerivedSources/arm64_32 -Xcc -I/Users/admin/builder/spi-builder-workspace/.derivedData/Build/Intermediates.noindex/swift-syntax.build/Debug-watchos/SwiftSyntaxBuilder-t.build/DerivedSources -Xcc -DSWIFT_PACKAGE -Xcc -DDEBUG\=1 -emit-objc-header -emit-objc-header-path /Users/admin/builder/spi-builder-workspace/.derivedData/Build/Intermediates.noindex/swift-syntax.build/Debug-watchos/SwiftSyntaxBuilder-t.build/Objects-normal/arm64_32/SwiftSyntaxBuilder-Swift.h -working-directory /Users/admin/builder/spi-builder-workspace/.swiftpm/xcode -experimental-emit-module-separately -disable-cmo
SwiftDriverJobDiscovery normal arm64_32 Compiling ResultBuilders.swift (in target 'SwiftSyntaxBuilder' from project 'swift-syntax')
SwiftCompile normal arm64 Compiling\ ResultBuilderExtensions.swift,\ SwiftSyntaxBuilderCompatibility.swift /Users/admin/builder/spi-builder-workspace/.dependencies/checkouts/swift-syntax/Sources/SwiftSyntaxBuilder/ResultBuilderExtensions.swift /Users/admin/builder/spi-builder-workspace/.dependencies/checkouts/swift-syntax/Sources/SwiftSyntaxBuilder/SwiftSyntaxBuilderCompatibility.swift (in target 'SwiftSyntaxBuilder' from project 'swift-syntax')
SwiftCompile normal arm64 /Users/admin/builder/spi-builder-workspace/.dependencies/checkouts/swift-syntax/Sources/SwiftSyntaxBuilder/ResultBuilderExtensions.swift (in target 'SwiftSyntaxBuilder' from project 'swift-syntax')
    cd /Users/admin/builder/spi-builder-workspace/.swiftpm/xcode
    builtin-SwiftPerFileCompile ResultBuilderExtensions.swift
SwiftCompile normal arm64 /Users/admin/builder/spi-builder-workspace/.dependencies/checkouts/swift-syntax/Sources/SwiftSyntaxBuilder/SwiftSyntaxBuilderCompatibility.swift (in target 'SwiftSyntaxBuilder' from project 'swift-syntax')
    cd /Users/admin/builder/spi-builder-workspace/.swiftpm/xcode
    builtin-SwiftPerFileCompile SwiftSyntaxBuilderCompatibility.swift
Copy /Users/admin/builder/spi-builder-workspace/.derivedData/Build/Products/Debug-watchos/SwiftSyntaxBuilder.swiftmodule/arm64_32-apple-watchos.swiftmodule /Users/admin/builder/spi-builder-workspace/.derivedData/Build/Intermediates.noindex/swift-syntax.build/Debug-watchos/SwiftSyntaxBuilder-t.build/Objects-normal/arm64_32/SwiftSyntaxBuilder.swiftmodule (in target 'SwiftSyntaxBuilder' from project 'swift-syntax')
    cd /Users/admin/builder/spi-builder-workspace/.dependencies/checkouts/swift-syntax
    builtin-copy -exclude .DS_Store -exclude CVS -exclude .svn -exclude .git -exclude .hg -resolve-src-symlinks -rename /Users/admin/builder/spi-builder-workspace/.derivedData/Build/Intermediates.noindex/swift-syntax.build/Debug-watchos/SwiftSyntaxBuilder-t.build/Objects-normal/arm64_32/SwiftSyntaxBuilder.swiftmodule /Users/admin/builder/spi-builder-workspace/.derivedData/Build/Products/Debug-watchos/SwiftSyntaxBuilder.swiftmodule/arm64_32-apple-watchos.swiftmodule
SwiftDriverJobDiscovery normal arm64 Emitting module for SwiftSyntaxBuilder (in target 'SwiftSyntaxBuilder' from project 'swift-syntax')
SwiftDriver\ Compilation\ Requirements SwiftSyntaxBuilder normal arm64 com.apple.xcode.tools.swift.compiler (in target 'SwiftSyntaxBuilder' from project 'swift-syntax')
    cd /Users/admin/builder/spi-builder-workspace/.swiftpm/xcode
    builtin-Swift-Compilation-Requirements -- /Applications/Xcode-27.0.0-Release.Candidate.app/Contents/Developer/Toolchains/XcodeDefault.xctoolchain/usr/bin/swiftc -parse-as-library -module-name SwiftSyntaxBuilder -Onone @/Users/admin/builder/spi-builder-workspace/.derivedData/Build/Intermediates.noindex/swift-syntax.build/Debug-watchos/SwiftSyntaxBuilder-t.build/Objects-normal/arm64/SwiftSyntaxBuilder.SwiftFileList -DSWIFT_PACKAGE -DDEBUG -DSWIFT_MODULE_RESOURCE_BUNDLE_UNAVAILABLE -Xcc -fmodule-map-file\=/Users/admin/builder/spi-builder-workspace/.dependencies/checkouts/swift-syntax/Sources/_SwiftSyntaxCShims/include/module.modulemap -DXcode -plugin-path /Applications/Xcode-27.0.0-Release.Candidate.app/Contents/Developer/Toolchains/XcodeDefault.xctoolchain/usr/lib/swift/host/plugins/testing -enable-experimental-feature DebugDescriptionMacro -sdk /Applications/Xcode-27.0.0-Release.Candidate.app/Contents/Developer/Platforms/WatchOS.platform/Developer/SDKs/WatchOS27.0.sdk -target arm64-apple-watchos9.0 -g -module-cache-path /Users/admin/builder/spi-builder-workspace/.derivedData/ModuleCache.noindex -Xfrontend -serialize-debugging-options -profile-coverage-mapping -profile-generate -enable-testing -suppress-warnings -index-store-path /Users/admin/builder/spi-builder-workspace/.derivedData/Index.noindex/DataStore -Xcc -D_LIBCPP_HARDENING_MODE\=_LIBCPP_HARDENING_MODE_DEBUG -swift-version 6 -I /Users/admin/builder/spi-builder-workspace/.derivedData/Build/Products/Debug-watchos -Isystem /Applications/Xcode-27.0.0-Release.Candidate.app/Contents/Developer/Platforms/WatchOS.platform/Developer/usr/lib -F /Users/admin/builder/spi-builder-workspace/.derivedData/Build/Products/Debug-watchos/PackageFrameworks -F /Users/admin/builder/spi-builder-workspace/.derivedData/Build/Products/Debug-watchos -F /Applications/Xcode-27.0.0-Release.Candidate.app/Contents/Developer/Platforms/WatchOS.platform/Developer/Library/Frameworks -F /Applications/Xcode-27.0.0-Release.Candidate.app/Contents/Developer/Platforms/WatchOS.platform/Developer/SDKs/WatchOS27.0.sdk/Developer/Library/Frameworks -c -j10 -enable-batch-mode -incremental -Xcc -ivfsstatcache -Xcc /Users/admin/builder/spi-builder-workspace/.derivedData/SDKStatCaches.noindex/watchos27.0-24R360-e829b21a6f8c9b70876ba0858053c04477534ef55a1706bf4c1112bbb242f0a2.sdkstatcache -output-file-map /Users/admin/builder/spi-builder-workspace/.derivedData/Build/Intermediates.noindex/swift-syntax.build/Debug-watchos/SwiftSyntaxBuilder-t.build/Objects-normal/arm64/SwiftSyntaxBuilder-OutputFileMap.json -save-temps -no-color-diagnostics -explicit-module-build -module-cache-path /Users/admin/builder/spi-builder-workspace/.derivedData/Build/Intermediates.noindex/SwiftExplicitPrecompiledModules -clang-scanner-module-cache-path /Users/admin/builder/spi-builder-workspace/.derivedData/ModuleCache.noindex -sdk-module-cache-path /Users/admin/builder/spi-builder-workspace/.derivedData/SDKExplicitPrecompiledModules -emit-dependencies -emit-module -emit-module-path /Users/admin/builder/spi-builder-workspace/.derivedData/Build/Intermediates.noindex/swift-syntax.build/Debug-watchos/SwiftSyntaxBuilder-t.build/Objects-normal/arm64/SwiftSyntaxBuilder.swiftmodule -serialize-diagnostics -dependency-scan-serialize-diagnostics-path /Users/admin/builder/spi-builder-workspace/.derivedData/Build/Intermediates.noindex/swift-syntax.build/Debug-watchos/SwiftSyntaxBuilder-t.build/Objects-normal/arm64/SwiftSyntaxBuilder-dependency-scan.dia -validate-clang-modules-once -clang-build-session-file /Users/admin/builder/spi-builder-workspace/.derivedData/ModuleCache.noindex/Session.modulevalidation -Xcc -fmodules-prune-interval\=86400 -Xcc -fmodules-prune-after\=345600 -package-name swift_syntax -emit-const-values -const-gather-protocols-list /Users/admin/builder/spi-builder-workspace/.derivedData/Build/Intermediates.noindex/swift-syntax.build/Debug-watchos/SwiftSyntaxBuilder-t.build/Objects-normal/arm64/SwiftSyntaxBuilder_const_extract_protocols.json -Xcc -I/Users/admin/builder/spi-builder-workspace/.dependencies/checkouts/swift-syntax/Sources/_SwiftSyntaxCShims/include -Xcc -I/Users/admin/builder/spi-builder-workspace/.derivedData/Build/Products/Debug-watchos/include -Xcc -I/Users/admin/builder/spi-builder-workspace/.derivedData/Build/Intermediates.noindex/swift-syntax.build/Debug-watchos/SwiftSyntaxBuilder-t.build/DerivedSources-normal/arm64 -Xcc -I/Users/admin/builder/spi-builder-workspace/.derivedData/Build/Intermediates.noindex/swift-syntax.build/Debug-watchos/SwiftSyntaxBuilder-t.build/DerivedSources/arm64 -Xcc -I/Users/admin/builder/spi-builder-workspace/.derivedData/Build/Intermediates.noindex/swift-syntax.build/Debug-watchos/SwiftSyntaxBuilder-t.build/DerivedSources -Xcc -DSWIFT_PACKAGE -Xcc -DDEBUG\=1 -emit-objc-header -emit-objc-header-path /Users/admin/builder/spi-builder-workspace/.derivedData/Build/Intermediates.noindex/swift-syntax.build/Debug-watchos/SwiftSyntaxBuilder-t.build/Objects-normal/arm64/SwiftSyntaxBuilder-Swift.h -working-directory /Users/admin/builder/spi-builder-workspace/.swiftpm/xcode -experimental-emit-module-separately -disable-cmo
Copy /Users/admin/builder/spi-builder-workspace/.derivedData/Build/Products/Debug-watchos/SwiftSyntaxBuilder.swiftmodule/arm64_32-apple-watchos.swiftdoc /Users/admin/builder/spi-builder-workspace/.derivedData/Build/Intermediates.noindex/swift-syntax.build/Debug-watchos/SwiftSyntaxBuilder-t.build/Objects-normal/arm64_32/SwiftSyntaxBuilder.swiftdoc (in target 'SwiftSyntaxBuilder' from project 'swift-syntax')
    cd /Users/admin/builder/spi-builder-workspace/.dependencies/checkouts/swift-syntax
    builtin-copy -exclude .DS_Store -exclude CVS -exclude .svn -exclude .git -exclude .hg -resolve-src-symlinks -rename /Users/admin/builder/spi-builder-workspace/.derivedData/Build/Intermediates.noindex/swift-syntax.build/Debug-watchos/SwiftSyntaxBuilder-t.build/Objects-normal/arm64_32/SwiftSyntaxBuilder.swiftdoc /Users/admin/builder/spi-builder-workspace/.derivedData/Build/Products/Debug-watchos/SwiftSyntaxBuilder.swiftmodule/arm64_32-apple-watchos.swiftdoc
SwiftMergeGeneratedHeaders /Users/admin/builder/spi-builder-workspace/.derivedData/Build/Intermediates.noindex/GeneratedModuleMaps-watchos/SwiftSyntaxBuilder-Swift.h /Users/admin/builder/spi-builder-workspace/.derivedData/Build/Intermediates.noindex/swift-syntax.build/Debug-watchos/SwiftSyntaxBuilder-t.build/Objects-normal/arm64/SwiftSyntaxBuilder-Swift.h /Users/admin/builder/spi-builder-workspace/.derivedData/Build/Intermediates.noindex/swift-syntax.build/Debug-watchos/SwiftSyntaxBuilder-t.build/Objects-normal/arm64_32/SwiftSyntaxBuilder-Swift.h (in target 'SwiftSyntaxBuilder' from project 'swift-syntax')
    cd /Users/admin/builder/spi-builder-workspace/.dependencies/checkouts/swift-syntax
    builtin-swiftHeaderTool -arch arm64 /Users/admin/builder/spi-builder-workspace/.derivedData/Build/Intermediates.noindex/swift-syntax.build/Debug-watchos/SwiftSyntaxBuilder-t.build/Objects-normal/arm64/SwiftSyntaxBuilder-Swift.h -arch arm64_32 /Users/admin/builder/spi-builder-workspace/.derivedData/Build/Intermediates.noindex/swift-syntax.build/Debug-watchos/SwiftSyntaxBuilder-t.build/Objects-normal/arm64_32/SwiftSyntaxBuilder-Swift.h -o /Users/admin/builder/spi-builder-workspace/.derivedData/Build/Intermediates.noindex/GeneratedModuleMaps-watchos/SwiftSyntaxBuilder-Swift.h
Copy /Users/admin/builder/spi-builder-workspace/.derivedData/Build/Products/Debug-watchos/SwiftSyntaxBuilder.swiftmodule/arm64_32-apple-watchos.abi.json /Users/admin/builder/spi-builder-workspace/.derivedData/Build/Intermediates.noindex/swift-syntax.build/Debug-watchos/SwiftSyntaxBuilder-t.build/Objects-normal/arm64_32/SwiftSyntaxBuilder.abi.json (in target 'SwiftSyntaxBuilder' from project 'swift-syntax')
    cd /Users/admin/builder/spi-builder-workspace/.dependencies/checkouts/swift-syntax
    builtin-copy -exclude .DS_Store -exclude CVS -exclude .svn -exclude .git -exclude .hg -resolve-src-symlinks -rename /Users/admin/builder/spi-builder-workspace/.derivedData/Build/Intermediates.noindex/swift-syntax.build/Debug-watchos/SwiftSyntaxBuilder-t.build/Objects-normal/arm64_32/SwiftSyntaxBuilder.abi.json /Users/admin/builder/spi-builder-workspace/.derivedData/Build/Products/Debug-watchos/SwiftSyntaxBuilder.swiftmodule/arm64_32-apple-watchos.abi.json
Copy /Users/admin/builder/spi-builder-workspace/.derivedData/Build/Products/Debug-watchos/SwiftSyntaxBuilder.swiftmodule/arm64-apple-watchos.swiftmodule /Users/admin/builder/spi-builder-workspace/.derivedData/Build/Intermediates.noindex/swift-syntax.build/Debug-watchos/SwiftSyntaxBuilder-t.build/Objects-normal/arm64/SwiftSyntaxBuilder.swiftmodule (in target 'SwiftSyntaxBuilder' from project 'swift-syntax')
    cd /Users/admin/builder/spi-builder-workspace/.dependencies/checkouts/swift-syntax
    builtin-copy -exclude .DS_Store -exclude CVS -exclude .svn -exclude .git -exclude .hg -resolve-src-symlinks -rename /Users/admin/builder/spi-builder-workspace/.derivedData/Build/Intermediates.noindex/swift-syntax.build/Debug-watchos/SwiftSyntaxBuilder-t.build/Objects-normal/arm64/SwiftSyntaxBuilder.swiftmodule /Users/admin/builder/spi-builder-workspace/.derivedData/Build/Products/Debug-watchos/SwiftSyntaxBuilder.swiftmodule/arm64-apple-watchos.swiftmodule
Copy /Users/admin/builder/spi-builder-workspace/.derivedData/Build/Products/Debug-watchos/SwiftSyntaxBuilder.swiftmodule/arm64-apple-watchos.swiftdoc /Users/admin/builder/spi-builder-workspace/.derivedData/Build/Intermediates.noindex/swift-syntax.build/Debug-watchos/SwiftSyntaxBuilder-t.build/Objects-normal/arm64/SwiftSyntaxBuilder.swiftdoc (in target 'SwiftSyntaxBuilder' from project 'swift-syntax')
    cd /Users/admin/builder/spi-builder-workspace/.dependencies/checkouts/swift-syntax
    builtin-copy -exclude .DS_Store -exclude CVS -exclude .svn -exclude .git -exclude .hg -resolve-src-symlinks -rename /Users/admin/builder/spi-builder-workspace/.derivedData/Build/Intermediates.noindex/swift-syntax.build/Debug-watchos/SwiftSyntaxBuilder-t.build/Objects-normal/arm64/SwiftSyntaxBuilder.swiftdoc /Users/admin/builder/spi-builder-workspace/.derivedData/Build/Products/Debug-watchos/SwiftSyntaxBuilder.swiftmodule/arm64-apple-watchos.swiftdoc
Copy /Users/admin/builder/spi-builder-workspace/.derivedData/Build/Products/Debug-watchos/SwiftSyntaxBuilder.swiftmodule/arm64-apple-watchos.abi.json /Users/admin/builder/spi-builder-workspace/.derivedData/Build/Intermediates.noindex/swift-syntax.build/Debug-watchos/SwiftSyntaxBuilder-t.build/Objects-normal/arm64/SwiftSyntaxBuilder.abi.json (in target 'SwiftSyntaxBuilder' from project 'swift-syntax')
    cd /Users/admin/builder/spi-builder-workspace/.dependencies/checkouts/swift-syntax
    builtin-copy -exclude .DS_Store -exclude CVS -exclude .svn -exclude .git -exclude .hg -resolve-src-symlinks -rename /Users/admin/builder/spi-builder-workspace/.derivedData/Build/Intermediates.noindex/swift-syntax.build/Debug-watchos/SwiftSyntaxBuilder-t.build/Objects-normal/arm64/SwiftSyntaxBuilder.abi.json /Users/admin/builder/spi-builder-workspace/.derivedData/Build/Products/Debug-watchos/SwiftSyntaxBuilder.swiftmodule/arm64-apple-watchos.abi.json
Copy /Users/admin/builder/spi-builder-workspace/.derivedData/Build/Products/Debug-watchos/SwiftSyntaxBuilder.swiftmodule/Project/arm64_32-apple-watchos.swiftsourceinfo /Users/admin/builder/spi-builder-workspace/.derivedData/Build/Intermediates.noindex/swift-syntax.build/Debug-watchos/SwiftSyntaxBuilder-t.build/Objects-normal/arm64_32/SwiftSyntaxBuilder.swiftsourceinfo (in target 'SwiftSyntaxBuilder' from project 'swift-syntax')
    cd /Users/admin/builder/spi-builder-workspace/.dependencies/checkouts/swift-syntax
    builtin-copy -exclude .DS_Store -exclude CVS -exclude .svn -exclude .git -exclude .hg -resolve-src-symlinks -rename /Users/admin/builder/spi-builder-workspace/.derivedData/Build/Intermediates.noindex/swift-syntax.build/Debug-watchos/SwiftSyntaxBuilder-t.build/Objects-normal/arm64_32/SwiftSyntaxBuilder.swiftsourceinfo /Users/admin/builder/spi-builder-workspace/.derivedData/Build/Products/Debug-watchos/SwiftSyntaxBuilder.swiftmodule/Project/arm64_32-apple-watchos.swiftsourceinfo
Copy /Users/admin/builder/spi-builder-workspace/.derivedData/Build/Products/Debug-watchos/SwiftSyntaxBuilder.swiftmodule/Project/arm64-apple-watchos.swiftsourceinfo /Users/admin/builder/spi-builder-workspace/.derivedData/Build/Intermediates.noindex/swift-syntax.build/Debug-watchos/SwiftSyntaxBuilder-t.build/Objects-normal/arm64/SwiftSyntaxBuilder.swiftsourceinfo (in target 'SwiftSyntaxBuilder' from project 'swift-syntax')
    cd /Users/admin/builder/spi-builder-workspace/.dependencies/checkouts/swift-syntax
    builtin-copy -exclude .DS_Store -exclude CVS -exclude .svn -exclude .git -exclude .hg -resolve-src-symlinks -rename /Users/admin/builder/spi-builder-workspace/.derivedData/Build/Intermediates.noindex/swift-syntax.build/Debug-watchos/SwiftSyntaxBuilder-t.build/Objects-normal/arm64/SwiftSyntaxBuilder.swiftsourceinfo /Users/admin/builder/spi-builder-workspace/.derivedData/Build/Products/Debug-watchos/SwiftSyntaxBuilder.swiftmodule/Project/arm64-apple-watchos.swiftsourceinfo
SwiftCompile normal arm64 Compiling\ RenamedChildrenBuilderCompatibility.swift /Users/admin/builder/spi-builder-workspace/.dependencies/checkouts/swift-syntax/Sources/SwiftSyntaxBuilder/generated/RenamedChildrenBuilderCompatibility.swift (in target 'SwiftSyntaxBuilder' from project 'swift-syntax')
SwiftCompile normal arm64 /Users/admin/builder/spi-builder-workspace/.dependencies/checkouts/swift-syntax/Sources/SwiftSyntaxBuilder/generated/RenamedChildrenBuilderCompatibility.swift (in target 'SwiftSyntaxBuilder' from project 'swift-syntax')
    cd /Users/admin/builder/spi-builder-workspace/.swiftpm/xcode
    builtin-SwiftPerFileCompile RenamedChildrenBuilderCompatibility.swift
SwiftDriverJobDiscovery normal arm64 Compiling ConvenienceInitializers.swift, DeclSyntaxParseable.swift (in target 'SwiftSyntaxBuilder' from project 'swift-syntax')
SwiftCompile normal arm64_32 Compiling\ ConvenienceInitializers.swift,\ DeclSyntaxParseable.swift /Users/admin/builder/spi-builder-workspace/.dependencies/checkouts/swift-syntax/Sources/SwiftSyntaxBuilder/ConvenienceInitializers.swift /Users/admin/builder/spi-builder-workspace/.dependencies/checkouts/swift-syntax/Sources/SwiftSyntaxBuilder/DeclSyntaxParseable.swift (in target 'SwiftSyntaxBuilder' from project 'swift-syntax')
SwiftCompile normal arm64_32 /Users/admin/builder/spi-builder-workspace/.dependencies/checkouts/swift-syntax/Sources/SwiftSyntaxBuilder/ConvenienceInitializers.swift (in target 'SwiftSyntaxBuilder' from project 'swift-syntax')
    cd /Users/admin/builder/spi-builder-workspace/.swiftpm/xcode
    builtin-SwiftPerFileCompile ConvenienceInitializers.swift
SwiftCompile normal arm64_32 /Users/admin/builder/spi-builder-workspace/.dependencies/checkouts/swift-syntax/Sources/SwiftSyntaxBuilder/DeclSyntaxParseable.swift (in target 'SwiftSyntaxBuilder' from project 'swift-syntax')
    cd /Users/admin/builder/spi-builder-workspace/.swiftpm/xcode
    builtin-SwiftPerFileCompile DeclSyntaxParseable.swift
SwiftCompile normal arm64 Compiling\ Syntax+StringInterpolation.swift,\ SyntaxNodeWithBody.swift /Users/admin/builder/spi-builder-workspace/.dependencies/checkouts/swift-syntax/Sources/SwiftSyntaxBuilder/Syntax+StringInterpolation.swift /Users/admin/builder/spi-builder-workspace/.dependencies/checkouts/swift-syntax/Sources/SwiftSyntaxBuilder/SyntaxNodeWithBody.swift (in target 'SwiftSyntaxBuilder' from project 'swift-syntax')
SwiftCompile normal arm64 /Users/admin/builder/spi-builder-workspace/.dependencies/checkouts/swift-syntax/Sources/SwiftSyntaxBuilder/Syntax+StringInterpolation.swift (in target 'SwiftSyntaxBuilder' from project 'swift-syntax')
    cd /Users/admin/builder/spi-builder-workspace/.swiftpm/xcode
    builtin-SwiftPerFileCompile Syntax+StringInterpolation.swift
SwiftCompile normal arm64 /Users/admin/builder/spi-builder-workspace/.dependencies/checkouts/swift-syntax/Sources/SwiftSyntaxBuilder/SyntaxNodeWithBody.swift (in target 'SwiftSyntaxBuilder' from project 'swift-syntax')
    cd /Users/admin/builder/spi-builder-workspace/.swiftpm/xcode
    builtin-SwiftPerFileCompile SyntaxNodeWithBody.swift
SwiftDriverJobDiscovery normal arm64_32 Compiling Syntax+StringInterpolation.swift, SyntaxNodeWithBody.swift (in target 'SwiftSyntaxBuilder' from project 'swift-syntax')
SwiftDriverJobDiscovery normal arm64 Compiling SyntaxExpressibleByStringInterpolationConformances.swift (in target 'SwiftSyntaxBuilder' from project 'swift-syntax')
SwiftCompile normal arm64_32 Compiling\ ResultBuilderExtensions.swift,\ SwiftSyntaxBuilderCompatibility.swift /Users/admin/builder/spi-builder-workspace/.dependencies/checkouts/swift-syntax/Sources/SwiftSyntaxBuilder/ResultBuilderExtensions.swift /Users/admin/builder/spi-builder-workspace/.dependencies/checkouts/swift-syntax/Sources/SwiftSyntaxBuilder/SwiftSyntaxBuilderCompatibility.swift (in target 'SwiftSyntaxBuilder' from project 'swift-syntax')
SwiftCompile normal arm64_32 /Users/admin/builder/spi-builder-workspace/.dependencies/checkouts/swift-syntax/Sources/SwiftSyntaxBuilder/ResultBuilderExtensions.swift (in target 'SwiftSyntaxBuilder' from project 'swift-syntax')
    cd /Users/admin/builder/spi-builder-workspace/.swiftpm/xcode
    builtin-SwiftPerFileCompile ResultBuilderExtensions.swift
SwiftCompile normal arm64_32 /Users/admin/builder/spi-builder-workspace/.dependencies/checkouts/swift-syntax/Sources/SwiftSyntaxBuilder/SwiftSyntaxBuilderCompatibility.swift (in target 'SwiftSyntaxBuilder' from project 'swift-syntax')
    cd /Users/admin/builder/spi-builder-workspace/.swiftpm/xcode
    builtin-SwiftPerFileCompile SwiftSyntaxBuilderCompatibility.swift
SwiftDriverJobDiscovery normal arm64 Compiling Indenter.swift, ListBuilder.swift (in target 'SwiftSyntaxBuilder' from project 'swift-syntax')
SwiftCompile normal arm64 Compiling\ ResultBuilders.swift /Users/admin/builder/spi-builder-workspace/.dependencies/checkouts/swift-syntax/Sources/SwiftSyntaxBuilder/generated/ResultBuilders.swift (in target 'SwiftSyntaxBuilder' from project 'swift-syntax')
SwiftCompile normal arm64 /Users/admin/builder/spi-builder-workspace/.dependencies/checkouts/swift-syntax/Sources/SwiftSyntaxBuilder/generated/ResultBuilders.swift (in target 'SwiftSyntaxBuilder' from project 'swift-syntax')
    cd /Users/admin/builder/spi-builder-workspace/.swiftpm/xcode
    builtin-SwiftPerFileCompile ResultBuilders.swift
SwiftDriverJobDiscovery normal arm64 Compiling ResultBuilderExtensions.swift, SwiftSyntaxBuilderCompatibility.swift (in target 'SwiftSyntaxBuilder' from project 'swift-syntax')
SwiftDriver\ Compilation SwiftParserDiagnostics normal arm64_32 com.apple.xcode.tools.swift.compiler (in target 'SwiftParserDiagnostics' from project 'swift-syntax')
    cd /Users/admin/builder/spi-builder-workspace/.swiftpm/xcode
    builtin-Swift-Compilation -- /Applications/Xcode-27.0.0-Release.Candidate.app/Contents/Developer/Toolchains/XcodeDefault.xctoolchain/usr/bin/swiftc -parse-as-library -module-name SwiftParserDiagnostics -Onone @/Users/admin/builder/spi-builder-workspace/.derivedData/Build/Intermediates.noindex/swift-syntax.build/Debug-watchos/SwiftParserDiagnostics-t.build/Objects-normal/arm64_32/SwiftParserDiagnostics.SwiftFileList -DSWIFT_PACKAGE -DDEBUG -DSWIFT_MODULE_RESOURCE_BUNDLE_UNAVAILABLE -Xcc -fmodule-map-file\=/Users/admin/builder/spi-builder-workspace/.dependencies/checkouts/swift-syntax/Sources/_SwiftSyntaxCShims/include/module.modulemap -DXcode -plugin-path /Applications/Xcode-27.0.0-Release.Candidate.app/Contents/Developer/Toolchains/XcodeDefault.xctoolchain/usr/lib/swift/host/plugins/testing -enable-experimental-feature DebugDescriptionMacro -sdk /Applications/Xcode-27.0.0-Release.Candidate.app/Contents/Developer/Platforms/WatchOS.platform/Developer/SDKs/WatchOS27.0.sdk -target arm64_32-apple-watchos9.0 -g -module-cache-path /Users/admin/builder/spi-builder-workspace/.derivedData/ModuleCache.noindex -Xfrontend -serialize-debugging-options -profile-coverage-mapping -profile-generate -enable-testing -suppress-warnings -index-store-path /Users/admin/builder/spi-builder-workspace/.derivedData/Index.noindex/DataStore -Xcc -D_LIBCPP_HARDENING_MODE\=_LIBCPP_HARDENING_MODE_DEBUG -swift-version 6 -I /Users/admin/builder/spi-builder-workspace/.derivedData/Build/Products/Debug-watchos -Isystem /Applications/Xcode-27.0.0-Release.Candidate.app/Contents/Developer/Platforms/WatchOS.platform/Developer/usr/lib -F /Users/admin/builder/spi-builder-workspace/.derivedData/Build/Products/Debug-watchos/PackageFrameworks -F /Users/admin/builder/spi-builder-workspace/.derivedData/Build/Products/Debug-watchos -F /Applications/Xcode-27.0.0-Release.Candidate.app/Contents/Developer/Platforms/WatchOS.platform/Developer/Library/Frameworks -F /Applications/Xcode-27.0.0-Release.Candidate.app/Contents/Developer/Platforms/WatchOS.platform/Developer/SDKs/WatchOS27.0.sdk/Developer/Library/Frameworks -c -j10 -enable-batch-mode -incremental -Xcc -ivfsstatcache -Xcc /Users/admin/builder/spi-builder-workspace/.derivedData/SDKStatCaches.noindex/watchos27.0-24R360-e829b21a6f8c9b70876ba0858053c04477534ef55a1706bf4c1112bbb242f0a2.sdkstatcache -output-file-map /Users/admin/builder/spi-builder-workspace/.derivedData/Build/Intermediates.noindex/swift-syntax.build/Debug-watchos/SwiftParserDiagnostics-t.build/Objects-normal/arm64_32/SwiftParserDiagnostics-OutputFileMap.json -save-temps -no-color-diagnostics -explicit-module-build -module-cache-path /Users/admin/builder/spi-builder-workspace/.derivedData/Build/Intermediates.noindex/SwiftExplicitPrecompiledModules -clang-scanner-module-cache-path /Users/admin/builder/spi-builder-workspace/.derivedData/ModuleCache.noindex -sdk-module-cache-path /Users/admin/builder/spi-builder-workspace/.derivedData/SDKExplicitPrecompiledModules -emit-dependencies -emit-module -emit-module-path /Users/admin/builder/spi-builder-workspace/.derivedData/Build/Intermediates.noindex/swift-syntax.build/Debug-watchos/SwiftParserDiagnostics-t.build/Objects-normal/arm64_32/SwiftParserDiagnostics.swiftmodule -serialize-diagnostics -dependency-scan-serialize-diagnostics-path /Users/admin/builder/spi-builder-workspace/.derivedData/Build/Intermediates.noindex/swift-syntax.build/Debug-watchos/SwiftParserDiagnostics-t.build/Objects-normal/arm64_32/SwiftParserDiagnostics-dependency-scan.dia -validate-clang-modules-once -clang-build-session-file /Users/admin/builder/spi-builder-workspace/.derivedData/ModuleCache.noindex/Session.modulevalidation -Xcc -fmodules-prune-interval\=86400 -Xcc -fmodules-prune-after\=345600 -package-name swift_syntax -emit-const-values -const-gather-protocols-list /Users/admin/builder/spi-builder-workspace/.derivedData/Build/Intermediates.noindex/swift-syntax.build/Debug-watchos/SwiftParserDiagnostics-t.build/Objects-normal/arm64_32/SwiftParserDiagnostics_const_extract_protocols.json -Xcc -I/Users/admin/builder/spi-builder-workspace/.dependencies/checkouts/swift-syntax/Sources/_SwiftSyntaxCShims/include -Xcc -I/Users/admin/builder/spi-builder-workspace/.derivedData/Build/Products/Debug-watchos/include -Xcc -I/Users/admin/builder/spi-builder-workspace/.derivedData/Build/Intermediates.noindex/swift-syntax.build/Debug-watchos/SwiftParserDiagnostics-t.build/DerivedSources-normal/arm64_32 -Xcc -I/Users/admin/builder/spi-builder-workspace/.derivedData/Build/Intermediates.noindex/swift-syntax.build/Debug-watchos/SwiftParserDiagnostics-t.build/DerivedSources/arm64_32 -Xcc -I/Users/admin/builder/spi-builder-workspace/.derivedData/Build/Intermediates.noindex/swift-syntax.build/Debug-watchos/SwiftParserDiagnostics-t.build/DerivedSources -Xcc -DSWIFT_PACKAGE -Xcc -DDEBUG\=1 -emit-objc-header -emit-objc-header-path /Users/admin/builder/spi-builder-workspace/.derivedData/Build/Intermediates.noindex/swift-syntax.build/Debug-watchos/SwiftParserDiagnostics-t.build/Objects-normal/arm64_32/SwiftParserDiagnostics-Swift.h -working-directory /Users/admin/builder/spi-builder-workspace/.swiftpm/xcode -experimental-emit-module-separately -disable-cmo
SwiftDriver SwiftReload normal arm64_32 com.apple.xcode.tools.swift.compiler (in target 'SwiftReload' from project 'SwiftReload')
    cd /Users/admin/builder/spi-builder-workspace/.swiftpm/xcode
    builtin-SwiftDriver -- /Applications/Xcode-27.0.0-Release.Candidate.app/Contents/Developer/Toolchains/XcodeDefault.xctoolchain/usr/bin/swiftc -parse-as-library -module-name SwiftReload -Onone @/Users/admin/builder/spi-builder-workspace/.derivedData/Build/Intermediates.noindex/SwiftReload.build/Debug-watchos/SwiftReload-t.build/Objects-normal/arm64_32/SwiftReload.SwiftFileList -DSWIFT_PACKAGE -DDEBUG -DSWIFT_MODULE_RESOURCE_BUNDLE_UNAVAILABLE -Xcc -fmodule-map-file\=/Users/admin/builder/spi-builder-workspace/.dependencies/checkouts/Yams/Sources/CYaml/include/module.modulemap -Xcc -fmodule-map-file\=/Users/admin/builder/spi-builder-workspace/.dependencies/checkouts/swift-syntax/Sources/_SwiftSyntaxCShims/include/module.modulemap -DXcode -plugin-path /Applications/Xcode-27.0.0-Release.Candidate.app/Contents/Developer/Toolchains/XcodeDefault.xctoolchain/usr/lib/swift/host/plugins/testing -enable-experimental-feature DebugDescriptionMacro -sdk /Applications/Xcode-27.0.0-Release.Candidate.app/Contents/Developer/Platforms/WatchOS.platform/Developer/SDKs/WatchOS27.0.sdk -target arm64_32-apple-watchos9.0 -g -module-cache-path /Users/admin/builder/spi-builder-workspace/.derivedData/ModuleCache.noindex -Xfrontend -serialize-debugging-options -profile-coverage-mapping -profile-generate -enable-testing -index-store-path /Users/admin/builder/spi-builder-workspace/.derivedData/Index.noindex/DataStore -Xcc -D_LIBCPP_HARDENING_MODE\=_LIBCPP_HARDENING_MODE_DEBUG -swift-version 5 -I /Users/admin/builder/spi-builder-workspace/.derivedData/Build/Products/Debug-watchos -Isystem /Applications/Xcode-27.0.0-Release.Candidate.app/Contents/Developer/Platforms/WatchOS.platform/Developer/usr/lib -F /Users/admin/builder/spi-builder-workspace/.derivedData/Build/Products/Debug-watchos/PackageFrameworks -F /Users/admin/builder/spi-builder-workspace/.derivedData/Build/Products/Debug-watchos -F /Applications/Xcode-27.0.0-Release.Candidate.app/Contents/Developer/Platforms/WatchOS.platform/Developer/Library/Frameworks -F /Applications/Xcode-27.0.0-Release.Candidate.app/Contents/Developer/Platforms/WatchOS.platform/Developer/SDKs/WatchOS27.0.sdk/Developer/Library/Frameworks -c -j10 -enable-batch-mode -incremental -Xcc -ivfsstatcache -Xcc /Users/admin/builder/spi-builder-workspace/.derivedData/SDKStatCaches.noindex/watchos27.0-24R360-e829b21a6f8c9b70876ba0858053c04477534ef55a1706bf4c1112bbb242f0a2.sdkstatcache -output-file-map /Users/admin/builder/spi-builder-workspace/.derivedData/Build/Intermediates.noindex/SwiftReload.build/Debug-watchos/SwiftReload-t.build/Objects-normal/arm64_32/SwiftReload-OutputFileMap.json -save-temps -no-color-diagnostics -explicit-module-build -module-cache-path /Users/admin/builder/spi-builder-workspace/.derivedData/Build/Intermediates.noindex/SwiftExplicitPrecompiledModules -clang-scanner-module-cache-path /Users/admin/builder/spi-builder-workspace/.derivedData/ModuleCache.noindex -sdk-module-cache-path /Users/admin/builder/spi-builder-workspace/.derivedData/SDKExplicitPrecompiledModules -emit-dependencies -emit-module -emit-module-path /Users/admin/builder/spi-builder-workspace/.derivedData/Build/Intermediates.noindex/SwiftReload.build/Debug-watchos/SwiftReload-t.build/Objects-normal/arm64_32/SwiftReload.swiftmodule -serialize-diagnostics -dependency-scan-serialize-diagnostics-path /Users/admin/builder/spi-builder-workspace/.derivedData/Build/Intermediates.noindex/SwiftReload.build/Debug-watchos/SwiftReload-t.build/Objects-normal/arm64_32/SwiftReload-dependency-scan.dia -validate-clang-modules-once -clang-build-session-file /Users/admin/builder/spi-builder-workspace/.derivedData/ModuleCache.noindex/Session.modulevalidation -Xcc -fmodules-prune-interval\=86400 -Xcc -fmodules-prune-after\=345600 -package-name spi_builder_workspace -emit-const-values -const-gather-protocols-list /Users/admin/builder/spi-builder-workspace/.derivedData/Build/Intermediates.noindex/SwiftReload.build/Debug-watchos/SwiftReload-t.build/Objects-normal/arm64_32/SwiftReload_const_extract_protocols.json -Xcc -I/Users/admin/builder/spi-builder-workspace/.dependencies/checkouts/Yams/Sources/CYaml/include -Xcc -I/Users/admin/builder/spi-builder-workspace/.dependencies/checkouts/swift-syntax/Sources/_SwiftSyntaxCShims/include -Xcc -I/Users/admin/builder/spi-builder-workspace/.derivedData/Build/Products/Debug-watchos/include -Xcc -I/Users/admin/builder/spi-builder-workspace/.derivedData/Build/Intermediates.noindex/SwiftReload.build/Debug-watchos/SwiftReload-t.build/DerivedSources-normal/arm64_32 -Xcc -I/Users/admin/builder/spi-builder-workspace/.derivedData/Build/Intermediates.noindex/SwiftReload.build/Debug-watchos/SwiftReload-t.build/DerivedSources/arm64_32 -Xcc -I/Users/admin/builder/spi-builder-workspace/.derivedData/Build/Intermediates.noindex/SwiftReload.build/Debug-watchos/SwiftReload-t.build/DerivedSources -Xcc -DSWIFT_PACKAGE -Xcc -DDEBUG\=1 -emit-objc-header -emit-objc-header-path /Users/admin/builder/spi-builder-workspace/.derivedData/Build/Intermediates.noindex/SwiftReload.build/Debug-watchos/SwiftReload-t.build/Objects-normal/arm64_32/SwiftReload-Swift.h -working-directory /Users/admin/builder/spi-builder-workspace/.swiftpm/xcode -experimental-emit-module-separately -disable-cmo
SwiftDriver SwiftReload normal arm64 com.apple.xcode.tools.swift.compiler (in target 'SwiftReload' from project 'SwiftReload')
    cd /Users/admin/builder/spi-builder-workspace/.swiftpm/xcode
    builtin-SwiftDriver -- /Applications/Xcode-27.0.0-Release.Candidate.app/Contents/Developer/Toolchains/XcodeDefault.xctoolchain/usr/bin/swiftc -parse-as-library -module-name SwiftReload -Onone @/Users/admin/builder/spi-builder-workspace/.derivedData/Build/Intermediates.noindex/SwiftReload.build/Debug-watchos/SwiftReload-t.build/Objects-normal/arm64/SwiftReload.SwiftFileList -DSWIFT_PACKAGE -DDEBUG -DSWIFT_MODULE_RESOURCE_BUNDLE_UNAVAILABLE -Xcc -fmodule-map-file\=/Users/admin/builder/spi-builder-workspace/.dependencies/checkouts/Yams/Sources/CYaml/include/module.modulemap -Xcc -fmodule-map-file\=/Users/admin/builder/spi-builder-workspace/.dependencies/checkouts/swift-syntax/Sources/_SwiftSyntaxCShims/include/module.modulemap -DXcode -plugin-path /Applications/Xcode-27.0.0-Release.Candidate.app/Contents/Developer/Toolchains/XcodeDefault.xctoolchain/usr/lib/swift/host/plugins/testing -enable-experimental-feature DebugDescriptionMacro -sdk /Applications/Xcode-27.0.0-Release.Candidate.app/Contents/Developer/Platforms/WatchOS.platform/Developer/SDKs/WatchOS27.0.sdk -target arm64-apple-watchos9.0 -g -module-cache-path /Users/admin/builder/spi-builder-workspace/.derivedData/ModuleCache.noindex -Xfrontend -serialize-debugging-options -profile-coverage-mapping -profile-generate -enable-testing -index-store-path /Users/admin/builder/spi-builder-workspace/.derivedData/Index.noindex/DataStore -Xcc -D_LIBCPP_HARDENING_MODE\=_LIBCPP_HARDENING_MODE_DEBUG -swift-version 5 -I /Users/admin/builder/spi-builder-workspace/.derivedData/Build/Products/Debug-watchos -Isystem /Applications/Xcode-27.0.0-Release.Candidate.app/Contents/Developer/Platforms/WatchOS.platform/Developer/usr/lib -F /Users/admin/builder/spi-builder-workspace/.derivedData/Build/Products/Debug-watchos/PackageFrameworks -F /Users/admin/builder/spi-builder-workspace/.derivedData/Build/Products/Debug-watchos -F /Applications/Xcode-27.0.0-Release.Candidate.app/Contents/Developer/Platforms/WatchOS.platform/Developer/Library/Frameworks -F /Applications/Xcode-27.0.0-Release.Candidate.app/Contents/Developer/Platforms/WatchOS.platform/Developer/SDKs/WatchOS27.0.sdk/Developer/Library/Frameworks -c -j10 -enable-batch-mode -incremental -Xcc -ivfsstatcache -Xcc /Users/admin/builder/spi-builder-workspace/.derivedData/SDKStatCaches.noindex/watchos27.0-24R360-e829b21a6f8c9b70876ba0858053c04477534ef55a1706bf4c1112bbb242f0a2.sdkstatcache -output-file-map /Users/admin/builder/spi-builder-workspace/.derivedData/Build/Intermediates.noindex/SwiftReload.build/Debug-watchos/SwiftReload-t.build/Objects-normal/arm64/SwiftReload-OutputFileMap.json -save-temps -no-color-diagnostics -explicit-module-build -module-cache-path /Users/admin/builder/spi-builder-workspace/.derivedData/Build/Intermediates.noindex/SwiftExplicitPrecompiledModules -clang-scanner-module-cache-path /Users/admin/builder/spi-builder-workspace/.derivedData/ModuleCache.noindex -sdk-module-cache-path /Users/admin/builder/spi-builder-workspace/.derivedData/SDKExplicitPrecompiledModules -emit-dependencies -emit-module -emit-module-path /Users/admin/builder/spi-builder-workspace/.derivedData/Build/Intermediates.noindex/SwiftReload.build/Debug-watchos/SwiftReload-t.build/Objects-normal/arm64/SwiftReload.swiftmodule -serialize-diagnostics -dependency-scan-serialize-diagnostics-path /Users/admin/builder/spi-builder-workspace/.derivedData/Build/Intermediates.noindex/SwiftReload.build/Debug-watchos/SwiftReload-t.build/Objects-normal/arm64/SwiftReload-dependency-scan.dia -validate-clang-modules-once -clang-build-session-file /Users/admin/builder/spi-builder-workspace/.derivedData/ModuleCache.noindex/Session.modulevalidation -Xcc -fmodules-prune-interval\=86400 -Xcc -fmodules-prune-after\=345600 -package-name spi_builder_workspace -emit-const-values -const-gather-protocols-list /Users/admin/builder/spi-builder-workspace/.derivedData/Build/Intermediates.noindex/SwiftReload.build/Debug-watchos/SwiftReload-t.build/Objects-normal/arm64/SwiftReload_const_extract_protocols.json -Xcc -I/Users/admin/builder/spi-builder-workspace/.dependencies/checkouts/Yams/Sources/CYaml/include -Xcc -I/Users/admin/builder/spi-builder-workspace/.dependencies/checkouts/swift-syntax/Sources/_SwiftSyntaxCShims/include -Xcc -I/Users/admin/builder/spi-builder-workspace/.derivedData/Build/Products/Debug-watchos/include -Xcc -I/Users/admin/builder/spi-builder-workspace/.derivedData/Build/Intermediates.noindex/SwiftReload.build/Debug-watchos/SwiftReload-t.build/DerivedSources-normal/arm64 -Xcc -I/Users/admin/builder/spi-builder-workspace/.derivedData/Build/Intermediates.noindex/SwiftReload.build/Debug-watchos/SwiftReload-t.build/DerivedSources/arm64 -Xcc -I/Users/admin/builder/spi-builder-workspace/.derivedData/Build/Intermediates.noindex/SwiftReload.build/Debug-watchos/SwiftReload-t.build/DerivedSources -Xcc -DSWIFT_PACKAGE -Xcc -DDEBUG\=1 -emit-objc-header -emit-objc-header-path /Users/admin/builder/spi-builder-workspace/.derivedData/Build/Intermediates.noindex/SwiftReload.build/Debug-watchos/SwiftReload-t.build/Objects-normal/arm64/SwiftReload-Swift.h -working-directory /Users/admin/builder/spi-builder-workspace/.swiftpm/xcode -experimental-emit-module-separately -disable-cmo
SwiftDriverJobDiscovery normal arm64_32 Compiling Indenter.swift, ListBuilder.swift (in target 'SwiftSyntaxBuilder' from project 'swift-syntax')
SwiftDriverJobDiscovery normal arm64 Compiling BuildableNodes.swift (in target 'SwiftSyntaxBuilder' from project 'swift-syntax')
SwiftDriverJobDiscovery normal arm64 Compiling SyntaxParsable+ExpressibleByStringInterpolation.swift, ValidatingSyntaxNodes.swift (in target 'SwiftSyntaxBuilder' from project 'swift-syntax')
SwiftDriverJobDiscovery normal arm64_32 Compiling ResultBuilderExtensions.swift, SwiftSyntaxBuilderCompatibility.swift (in target 'SwiftSyntaxBuilder' from project 'swift-syntax')
SwiftDriverJobDiscovery normal arm64 Compiling RenamedChildrenBuilderCompatibility.swift (in target 'SwiftSyntaxBuilder' from project 'swift-syntax')
SwiftExplicitDependencyGeneratePcm arm64_32 /Users/admin/builder/spi-builder-workspace/.derivedData/SDKExplicitPrecompiledModules/_AvailabilityInternal-244WAN3Z1QBT7PIA64EZEFY1R.pcm
SwiftExplicitDependencyGeneratePcm arm64_32 /Users/admin/builder/spi-builder-workspace/.derivedData/SDKExplicitPrecompiledModules/_SwiftConcurrencyShims-6RTBPQ03V7BM9SPRK8SUE055H.pcm
SwiftExplicitDependencyGeneratePcm arm64_32 /Users/admin/builder/spi-builder-workspace/.derivedData/SDKExplicitPrecompiledModules/_Builtin_stdarg-D305JG44A2WPI6CJY37X3QJE8.pcm
SwiftExplicitDependencyGeneratePcm arm64_32 /Users/admin/builder/spi-builder-workspace/.derivedData/SDKExplicitPrecompiledModules/SwiftShims-9CQQGWTSNTN9EB5NSHDWUJICH.pcm
SwiftExplicitDependencyGeneratePcm arm64_32 /Users/admin/builder/spi-builder-workspace/.derivedData/SDKExplicitPrecompiledModules/_Builtin_float-6KO8O3PEWRCA4WC6PPLOYO6WJ.pcm
SwiftExplicitDependencyGeneratePcm arm64_32 /Users/admin/builder/spi-builder-workspace/.derivedData/SDKExplicitPrecompiledModules/_Builtin_stdbool-A967K8W8YUYEC9SN52KJ7OO88.pcm
SwiftExplicitDependencyGeneratePcm arm64_32 /Users/admin/builder/spi-builder-workspace/.derivedData/SDKExplicitPrecompiledModules/ptrcheck-7ELIH9BTIGVKX3UBITM9N72WD.pcm
SwiftDriverJobDiscovery normal arm64_32 Compiling ConvenienceInitializers.swift, DeclSyntaxParseable.swift (in target 'SwiftSyntaxBuilder' from project 'swift-syntax')
SwiftExplicitDependencyGeneratePcm arm64 /Users/admin/builder/spi-builder-workspace/.derivedData/SDKExplicitPrecompiledModules/_AvailabilityInternal-BUNV3UXM65NT37THI4W1AM0SF.pcm
SwiftExplicitDependencyGeneratePcm arm64 /Users/admin/builder/spi-builder-workspace/.derivedData/SDKExplicitPrecompiledModules/_Builtin_stdarg-A7UU8LE6MP85SM26YO7PBZNUQ.pcm
SwiftExplicitDependencyGeneratePcm arm64 /Users/admin/builder/spi-builder-workspace/.derivedData/SDKExplicitPrecompiledModules/_Builtin_stdbool-83J96QSOFE9VX04AAS6310UAE.pcm
SwiftExplicitDependencyGeneratePcm arm64 /Users/admin/builder/spi-builder-workspace/.derivedData/SDKExplicitPrecompiledModules/_Builtin_stddef-1FU30Y8SWFB7OUUHMJQH5J6FM.pcm
SwiftExplicitDependencyGeneratePcm arm64 /Users/admin/builder/spi-builder-workspace/.derivedData/SDKExplicitPrecompiledModules/_Builtin_float-C0CW5Q4HGBQYKE77TC42IAFB5.pcm
SwiftExplicitDependencyGeneratePcm arm64 /Users/admin/builder/spi-builder-workspace/.derivedData/SDKExplicitPrecompiledModules/_SwiftConcurrencyShims-659N52XSKR5F0QSB880BH2FJR.pcm
SwiftExplicitDependencyGeneratePcm arm64_32 /Users/admin/builder/spi-builder-workspace/.derivedData/SDKExplicitPrecompiledModules/_DarwinFoundation1-2GWF9RFMPLQW4PDHS3NARVI3G.pcm
SwiftDriverJobDiscovery normal arm64 Compiling ResultBuilders.swift (in target 'SwiftSyntaxBuilder' from project 'swift-syntax')
SwiftExplicitDependencyGeneratePcm arm64 /Users/admin/builder/spi-builder-workspace/.derivedData/SDKExplicitPrecompiledModules/ptrauth-3TZ9WJCGLYD25HQPWH4968ONX.pcm
SwiftExplicitDependencyGeneratePcm arm64 /Users/admin/builder/spi-builder-workspace/.derivedData/SDKExplicitPrecompiledModules/ptrcheck-AIF0NDOYZ8ORBNHQAQR5NNB8M.pcm
SwiftExplicitDependencyGeneratePcm arm64_32 /Users/admin/builder/spi-builder-workspace/.derivedData/SDKExplicitPrecompiledModules/ptrauth-BFXF358ME5AK535N5A9Z766WU.pcm
SwiftExplicitDependencyGeneratePcm arm64_32 /Users/admin/builder/spi-builder-workspace/.derivedData/SDKExplicitPrecompiledModules/_Builtin_stddef-H44EFHQX6XSS5MZ7QP6YJZ76.pcm
SwiftExplicitDependencyGeneratePcm arm64 /Users/admin/builder/spi-builder-workspace/.derivedData/SDKExplicitPrecompiledModules/SwiftShims-4MXFZPV6FEB0XBYXCGPWAMQGL.pcm
SwiftDriver\ Compilation SwiftSyntaxBuilder normal arm64_32 com.apple.xcode.tools.swift.compiler (in target 'SwiftSyntaxBuilder' from project 'swift-syntax')
    cd /Users/admin/builder/spi-builder-workspace/.swiftpm/xcode
    builtin-Swift-Compilation -- /Applications/Xcode-27.0.0-Release.Candidate.app/Contents/Developer/Toolchains/XcodeDefault.xctoolchain/usr/bin/swiftc -parse-as-library -module-name SwiftSyntaxBuilder -Onone @/Users/admin/builder/spi-builder-workspace/.derivedData/Build/Intermediates.noindex/swift-syntax.build/Debug-watchos/SwiftSyntaxBuilder-t.build/Objects-normal/arm64_32/SwiftSyntaxBuilder.SwiftFileList -DSWIFT_PACKAGE -DDEBUG -DSWIFT_MODULE_RESOURCE_BUNDLE_UNAVAILABLE -Xcc -fmodule-map-file\=/Users/admin/builder/spi-builder-workspace/.dependencies/checkouts/swift-syntax/Sources/_SwiftSyntaxCShims/include/module.modulemap -DXcode -plugin-path /Applications/Xcode-27.0.0-Release.Candidate.app/Contents/Developer/Toolchains/XcodeDefault.xctoolchain/usr/lib/swift/host/plugins/testing -enable-experimental-feature DebugDescriptionMacro -sdk /Applications/Xcode-27.0.0-Release.Candidate.app/Contents/Developer/Platforms/WatchOS.platform/Developer/SDKs/WatchOS27.0.sdk -target arm64_32-apple-watchos9.0 -g -module-cache-path /Users/admin/builder/spi-builder-workspace/.derivedData/ModuleCache.noindex -Xfrontend -serialize-debugging-options -profile-coverage-mapping -profile-generate -enable-testing -suppress-warnings -index-store-path /Users/admin/builder/spi-builder-workspace/.derivedData/Index.noindex/DataStore -Xcc -D_LIBCPP_HARDENING_MODE\=_LIBCPP_HARDENING_MODE_DEBUG -swift-version 6 -I /Users/admin/builder/spi-builder-workspace/.derivedData/Build/Products/Debug-watchos -Isystem /Applications/Xcode-27.0.0-Release.Candidate.app/Contents/Developer/Platforms/WatchOS.platform/Developer/usr/lib -F /Users/admin/builder/spi-builder-workspace/.derivedData/Build/Products/Debug-watchos/PackageFrameworks -F /Users/admin/builder/spi-builder-workspace/.derivedData/Build/Products/Debug-watchos -F /Applications/Xcode-27.0.0-Release.Candidate.app/Contents/Developer/Platforms/WatchOS.platform/Developer/Library/Frameworks -F /Applications/Xcode-27.0.0-Release.Candidate.app/Contents/Developer/Platforms/WatchOS.platform/Developer/SDKs/WatchOS27.0.sdk/Developer/Library/Frameworks -c -j10 -enable-batch-mode -incremental -Xcc -ivfsstatcache -Xcc /Users/admin/builder/spi-builder-workspace/.derivedData/SDKStatCaches.noindex/watchos27.0-24R360-e829b21a6f8c9b70876ba0858053c04477534ef55a1706bf4c1112bbb242f0a2.sdkstatcache -output-file-map /Users/admin/builder/spi-builder-workspace/.derivedData/Build/Intermediates.noindex/swift-syntax.build/Debug-watchos/SwiftSyntaxBuilder-t.build/Objects-normal/arm64_32/SwiftSyntaxBuilder-OutputFileMap.json -save-temps -no-color-diagnostics -explicit-module-build -module-cache-path /Users/admin/builder/spi-builder-workspace/.derivedData/Build/Intermediates.noindex/SwiftExplicitPrecompiledModules -clang-scanner-module-cache-path /Users/admin/builder/spi-builder-workspace/.derivedData/ModuleCache.noindex -sdk-module-cache-path /Users/admin/builder/spi-builder-workspace/.derivedData/SDKExplicitPrecompiledModules -emit-dependencies -emit-module -emit-module-path /Users/admin/builder/spi-builder-workspace/.derivedData/Build/Intermediates.noindex/swift-syntax.build/Debug-watchos/SwiftSyntaxBuilder-t.build/Objects-normal/arm64_32/SwiftSyntaxBuilder.swiftmodule -serialize-diagnostics -dependency-scan-serialize-diagnostics-path /Users/admin/builder/spi-builder-workspace/.derivedData/Build/Intermediates.noindex/swift-syntax.build/Debug-watchos/SwiftSyntaxBuilder-t.build/Objects-normal/arm64_32/SwiftSyntaxBuilder-dependency-scan.dia -validate-clang-modules-once -clang-build-session-file /Users/admin/builder/spi-builder-workspace/.derivedData/ModuleCache.noindex/Session.modulevalidation -Xcc -fmodules-prune-interval\=86400 -Xcc -fmodules-prune-after\=345600 -package-name swift_syntax -emit-const-values -const-gather-protocols-list /Users/admin/builder/spi-builder-workspace/.derivedData/Build/Intermediates.noindex/swift-syntax.build/Debug-watchos/SwiftSyntaxBuilder-t.build/Objects-normal/arm64_32/SwiftSyntaxBuilder_const_extract_protocols.json -Xcc -I/Users/admin/builder/spi-builder-workspace/.dependencies/checkouts/swift-syntax/Sources/_SwiftSyntaxCShims/include -Xcc -I/Users/admin/builder/spi-builder-workspace/.derivedData/Build/Products/Debug-watchos/include -Xcc -I/Users/admin/builder/spi-builder-workspace/.derivedData/Build/Intermediates.noindex/swift-syntax.build/Debug-watchos/SwiftSyntaxBuilder-t.build/DerivedSources-normal/arm64_32 -Xcc -I/Users/admin/builder/spi-builder-workspace/.derivedData/Build/Intermediates.noindex/swift-syntax.build/Debug-watchos/SwiftSyntaxBuilder-t.build/DerivedSources/arm64_32 -Xcc -I/Users/admin/builder/spi-builder-workspace/.derivedData/Build/Intermediates.noindex/swift-syntax.build/Debug-watchos/SwiftSyntaxBuilder-t.build/DerivedSources -Xcc -DSWIFT_PACKAGE -Xcc -DDEBUG\=1 -emit-objc-header -emit-objc-header-path /Users/admin/builder/spi-builder-workspace/.derivedData/Build/Intermediates.noindex/swift-syntax.build/Debug-watchos/SwiftSyntaxBuilder-t.build/Objects-normal/arm64_32/SwiftSyntaxBuilder-Swift.h -working-directory /Users/admin/builder/spi-builder-workspace/.swiftpm/xcode -experimental-emit-module-separately -disable-cmo
SwiftDriverJobDiscovery normal arm64 Compiling Syntax+StringInterpolation.swift, SyntaxNodeWithBody.swift (in target 'SwiftSyntaxBuilder' from project 'swift-syntax')
SwiftDriver\ Compilation SwiftSyntaxBuilder normal arm64 com.apple.xcode.tools.swift.compiler (in target 'SwiftSyntaxBuilder' from project 'swift-syntax')
    cd /Users/admin/builder/spi-builder-workspace/.swiftpm/xcode
    builtin-Swift-Compilation -- /Applications/Xcode-27.0.0-Release.Candidate.app/Contents/Developer/Toolchains/XcodeDefault.xctoolchain/usr/bin/swiftc -parse-as-library -module-name SwiftSyntaxBuilder -Onone @/Users/admin/builder/spi-builder-workspace/.derivedData/Build/Intermediates.noindex/swift-syntax.build/Debug-watchos/SwiftSyntaxBuilder-t.build/Objects-normal/arm64/SwiftSyntaxBuilder.SwiftFileList -DSWIFT_PACKAGE -DDEBUG -DSWIFT_MODULE_RESOURCE_BUNDLE_UNAVAILABLE -Xcc -fmodule-map-file\=/Users/admin/builder/spi-builder-workspace/.dependencies/checkouts/swift-syntax/Sources/_SwiftSyntaxCShims/include/module.modulemap -DXcode -plugin-path /Applications/Xcode-27.0.0-Release.Candidate.app/Contents/Developer/Toolchains/XcodeDefault.xctoolchain/usr/lib/swift/host/plugins/testing -enable-experimental-feature DebugDescriptionMacro -sdk /Applications/Xcode-27.0.0-Release.Candidate.app/Contents/Developer/Platforms/WatchOS.platform/Developer/SDKs/WatchOS27.0.sdk -target arm64-apple-watchos9.0 -g -module-cache-path /Users/admin/builder/spi-builder-workspace/.derivedData/ModuleCache.noindex -Xfrontend -serialize-debugging-options -profile-coverage-mapping -profile-generate -enable-testing -suppress-warnings -index-store-path /Users/admin/builder/spi-builder-workspace/.derivedData/Index.noindex/DataStore -Xcc -D_LIBCPP_HARDENING_MODE\=_LIBCPP_HARDENING_MODE_DEBUG -swift-version 6 -I /Users/admin/builder/spi-builder-workspace/.derivedData/Build/Products/Debug-watchos -Isystem /Applications/Xcode-27.0.0-Release.Candidate.app/Contents/Developer/Platforms/WatchOS.platform/Developer/usr/lib -F /Users/admin/builder/spi-builder-workspace/.derivedData/Build/Products/Debug-watchos/PackageFrameworks -F /Users/admin/builder/spi-builder-workspace/.derivedData/Build/Products/Debug-watchos -F /Applications/Xcode-27.0.0-Release.Candidate.app/Contents/Developer/Platforms/WatchOS.platform/Developer/Library/Frameworks -F /Applications/Xcode-27.0.0-Release.Candidate.app/Contents/Developer/Platforms/WatchOS.platform/Developer/SDKs/WatchOS27.0.sdk/Developer/Library/Frameworks -c -j10 -enable-batch-mode -incremental -Xcc -ivfsstatcache -Xcc /Users/admin/builder/spi-builder-workspace/.derivedData/SDKStatCaches.noindex/watchos27.0-24R360-e829b21a6f8c9b70876ba0858053c04477534ef55a1706bf4c1112bbb242f0a2.sdkstatcache -output-file-map /Users/admin/builder/spi-builder-workspace/.derivedData/Build/Intermediates.noindex/swift-syntax.build/Debug-watchos/SwiftSyntaxBuilder-t.build/Objects-normal/arm64/SwiftSyntaxBuilder-OutputFileMap.json -save-temps -no-color-diagnostics -explicit-module-build -module-cache-path /Users/admin/builder/spi-builder-workspace/.derivedData/Build/Intermediates.noindex/SwiftExplicitPrecompiledModules -clang-scanner-module-cache-path /Users/admin/builder/spi-builder-workspace/.derivedData/ModuleCache.noindex -sdk-module-cache-path /Users/admin/builder/spi-builder-workspace/.derivedData/SDKExplicitPrecompiledModules -emit-dependencies -emit-module -emit-module-path /Users/admin/builder/spi-builder-workspace/.derivedData/Build/Intermediates.noindex/swift-syntax.build/Debug-watchos/SwiftSyntaxBuilder-t.build/Objects-normal/arm64/SwiftSyntaxBuilder.swiftmodule -serialize-diagnostics -dependency-scan-serialize-diagnostics-path /Users/admin/builder/spi-builder-workspace/.derivedData/Build/Intermediates.noindex/swift-syntax.build/Debug-watchos/SwiftSyntaxBuilder-t.build/Objects-normal/arm64/SwiftSyntaxBuilder-dependency-scan.dia -validate-clang-modules-once -clang-build-session-file /Users/admin/builder/spi-builder-workspace/.derivedData/ModuleCache.noindex/Session.modulevalidation -Xcc -fmodules-prune-interval\=86400 -Xcc -fmodules-prune-after\=345600 -package-name swift_syntax -emit-const-values -const-gather-protocols-list /Users/admin/builder/spi-builder-workspace/.derivedData/Build/Intermediates.noindex/swift-syntax.build/Debug-watchos/SwiftSyntaxBuilder-t.build/Objects-normal/arm64/SwiftSyntaxBuilder_const_extract_protocols.json -Xcc -I/Users/admin/builder/spi-builder-workspace/.dependencies/checkouts/swift-syntax/Sources/_SwiftSyntaxCShims/include -Xcc -I/Users/admin/builder/spi-builder-workspace/.derivedData/Build/Products/Debug-watchos/include -Xcc -I/Users/admin/builder/spi-builder-workspace/.derivedData/Build/Intermediates.noindex/swift-syntax.build/Debug-watchos/SwiftSyntaxBuilder-t.build/DerivedSources-normal/arm64 -Xcc -I/Users/admin/builder/spi-builder-workspace/.derivedData/Build/Intermediates.noindex/swift-syntax.build/Debug-watchos/SwiftSyntaxBuilder-t.build/DerivedSources/arm64 -Xcc -I/Users/admin/builder/spi-builder-workspace/.derivedData/Build/Intermediates.noindex/swift-syntax.build/Debug-watchos/SwiftSyntaxBuilder-t.build/DerivedSources -Xcc -DSWIFT_PACKAGE -Xcc -DDEBUG\=1 -emit-objc-header -emit-objc-header-path /Users/admin/builder/spi-builder-workspace/.derivedData/Build/Intermediates.noindex/swift-syntax.build/Debug-watchos/SwiftSyntaxBuilder-t.build/Objects-normal/arm64/SwiftSyntaxBuilder-Swift.h -working-directory /Users/admin/builder/spi-builder-workspace/.swiftpm/xcode -experimental-emit-module-separately -disable-cmo
SwiftExplicitDependencyGeneratePcm arm64_32 /Users/admin/builder/spi-builder-workspace/.derivedData/SDKExplicitPrecompiledModules/_Builtin_limits-3VKBU2AFTD65PAJZ5CJ3LHFM2.pcm
SwiftExplicitDependencyGeneratePcm arm64 /Users/admin/builder/spi-builder-workspace/.derivedData/SDKExplicitPrecompiledModules/_DarwinFoundation1-7SPX3MD0HMP55E4OLNCPNDQ53.pcm
SwiftExplicitDependencyGeneratePcm arm64_32 /Users/admin/builder/spi-builder-workspace/.derivedData/SDKExplicitPrecompiledModules/_DarwinFoundation2-9MY8GOSYRO0M9MKNXF6D3MBNK.pcm
SwiftExplicitDependencyGeneratePcm arm64 /Users/admin/builder/spi-builder-workspace/.derivedData/SDKExplicitPrecompiledModules/_Builtin_limits-9GWPA2B0H20DYUNYHYCWKABJG.pcm
SwiftExplicitDependencyGeneratePcm arm64 /Users/admin/builder/spi-builder-workspace/.derivedData/SDKExplicitPrecompiledModules/_DarwinFoundation2-D0XAPJU49S5E9XMKYOFGSTB1Q.pcm
SwiftExplicitDependencyGeneratePcm arm64_32 /Users/admin/builder/spi-builder-workspace/.derivedData/SDKExplicitPrecompiledModules/_Builtin_stdint-1HMXWI3V0V4TXHRWZOMZGZ80Y.pcm
SwiftExplicitDependencyGeneratePcm arm64_32 /Users/admin/builder/spi-builder-workspace/.derivedData/SDKExplicitPrecompiledModules/string_h-BFVLUQUSBZWYMLCU9QI7VZALW.pcm
SwiftExplicitDependencyGeneratePcm arm64_32 /Users/admin/builder/spi-builder-workspace/.derivedData/SDKExplicitPrecompiledModules/sys_types-8TLLMW08ZJWDGIIPKOYFGHHZW.pcm
SwiftExplicitDependencyGeneratePcm arm64_32 /Users/admin/builder/spi-builder-workspace/.derivedData/SDKExplicitPrecompiledModules/_Builtin_stdatomic-1TY035TURL76BF2U98PZPPZRX.pcm
SwiftExplicitDependencyGeneratePcm arm64_32 /Users/admin/builder/spi-builder-workspace/.derivedData/SDKExplicitPrecompiledModules/_DarwinFoundation3-3DUTYQDQSD9HUAAVY947NMWOI.pcm
SwiftExplicitDependencyGeneratePcm arm64 /Users/admin/builder/spi-builder-workspace/.derivedData/SDKExplicitPrecompiledModules/sys_types-2KXQLI78OUCDP779AE68GZJ2.pcm
SwiftExplicitDependencyGeneratePcm arm64 /Users/admin/builder/spi-builder-workspace/.derivedData/SDKExplicitPrecompiledModules/string_h-E6PRXK75PHIPCZFWOFCQ3QBMK.pcm
SwiftExplicitDependencyGeneratePcm arm64 /Users/admin/builder/spi-builder-workspace/.derivedData/SDKExplicitPrecompiledModules/_Builtin_stdint-8XMILLJZEGRN2XG7XZUXZ5RLX.pcm
SwiftExplicitDependencyGeneratePcm arm64 /Users/admin/builder/spi-builder-workspace/.derivedData/SDKExplicitPrecompiledModules/_DarwinFoundation3-B97LRG0E9GON2NUE65TVG81HU.pcm
SwiftExplicitDependencyGeneratePcm arm64 /Users/admin/builder/spi-builder-workspace/.derivedData/SDKExplicitPrecompiledModules/_Builtin_stdatomic-7JEFA3KBJJJN6TKJWY3OG1VG5.pcm
SwiftExplicitDependencyGeneratePcm arm64_32 /Users/admin/builder/spi-builder-workspace/.derivedData/Build/Intermediates.noindex/SwiftExplicitPrecompiledModules/_SwiftSyntaxCShims-GCWLEAMP6QP1JXO707L026HY.pcm
SwiftExplicitDependencyGeneratePcm arm64_32 /Users/admin/builder/spi-builder-workspace/.derivedData/SDKExplicitPrecompiledModules/_Builtin_inttypes-D2KPCR4PEX9AQA33NGLUT5SBR.pcm
SwiftExplicitDependencyGeneratePcm arm64_32 /Users/admin/builder/spi-builder-workspace/.derivedData/SDKExplicitPrecompiledModules/Darwin-3FVT1SKLN2ZQ5RVOABMTQBB34.pcm
SwiftExplicitDependencyGeneratePcm arm64 /Users/admin/builder/spi-builder-workspace/.derivedData/SDKExplicitPrecompiledModules/_Builtin_inttypes-3UQSCM7WNM9EK4HZML8TY5J3D.pcm
SwiftExplicitDependencyGeneratePcm arm64 /Users/admin/builder/spi-builder-workspace/.derivedData/Build/Intermediates.noindex/SwiftExplicitPrecompiledModules/_SwiftSyntaxCShims-E75VGH9F7TKHLIC6B96OX9U9Z.pcm
SwiftExplicitDependencyGeneratePcm arm64 /Users/admin/builder/spi-builder-workspace/.derivedData/SDKExplicitPrecompiledModules/Darwin-3984OXKFNSPE77NT743WK8SEX.pcm
SwiftExplicitDependencyGeneratePcm arm64_32 /Users/admin/builder/spi-builder-workspace/.derivedData/SDKExplicitPrecompiledModules/ObjectiveC-6IJNELR2E80E7LUKESVCP2KET.pcm
SwiftExplicitDependencyGeneratePcm arm64_32 /Users/admin/builder/spi-builder-workspace/.derivedData/SDKExplicitPrecompiledModules/MachO-56838ZJ0NC1EBAJ0O6O8QMPDX.pcm
SwiftExplicitDependencyGeneratePcm arm64 /Users/admin/builder/spi-builder-workspace/.derivedData/SDKExplicitPrecompiledModules/MachO-2U90NNSAQILBNBPS1SA4F8TYP.pcm
SwiftExplicitDependencyGeneratePcm arm64 /Users/admin/builder/spi-builder-workspace/.derivedData/SDKExplicitPrecompiledModules/ObjectiveC-72IVD3VS2RS8Q28D9PIMY0KQP.pcm
SwiftExplicitDependencyGeneratePcm arm64_32 /Users/admin/builder/spi-builder-workspace/.derivedData/SDKExplicitPrecompiledModules/os_object-5YWTC6L4756IWSTPGXS5NM0D0.pcm
SwiftExplicitDependencyGeneratePcm arm64_32 /Users/admin/builder/spi-builder-workspace/.derivedData/SDKExplicitPrecompiledModules/os_workgroup-5JHTPDMNBUNHLJI8LPHKQK1JK.pcm
SwiftExplicitDependencyGeneratePcm arm64 /Users/admin/builder/spi-builder-workspace/.derivedData/SDKExplicitPrecompiledModules/os_object-3SDKD7F87FTZ26OON37DRYT6O.pcm
SwiftExplicitDependencyGeneratePcm arm64 /Users/admin/builder/spi-builder-workspace/.derivedData/SDKExplicitPrecompiledModules/os_workgroup-89GG5G7YC2D0ZTK6AZXXQ20DH.pcm
SwiftExplicitDependencyGeneratePcm arm64_32 /Users/admin/builder/spi-builder-workspace/.derivedData/SDKExplicitPrecompiledModules/Dispatch-2P62F1T4XV63S4P99TUDTOK2Q.pcm
SwiftExplicitDependencyGeneratePcm arm64 /Users/admin/builder/spi-builder-workspace/.derivedData/SDKExplicitPrecompiledModules/Dispatch-1NLJOVAK60XP0DUB05XA59EIM.pcm
SwiftExplicitDependencyGeneratePcm arm64_32 /Users/admin/builder/spi-builder-workspace/.derivedData/SDKExplicitPrecompiledModules/XPC-81Y45QFY96XYYFCW2GT6FY8S4.pcm
SwiftExplicitDependencyGeneratePcm arm64_32 /Users/admin/builder/spi-builder-workspace/.derivedData/SDKExplicitPrecompiledModules/CoreFoundation-8E6Y4BA3EXYKUGJ24GT9LGV3N.pcm
SwiftExplicitDependencyGeneratePcm arm64 /Users/admin/builder/spi-builder-workspace/.derivedData/SDKExplicitPrecompiledModules/CoreFoundation-8T2L24YC5NU7WO6WQJWRY7W08.pcm
SwiftExplicitDependencyGeneratePcm arm64 /Users/admin/builder/spi-builder-workspace/.derivedData/SDKExplicitPrecompiledModules/XPC-40DR0X1DHKGCV4J1IOLFS8MOU.pcm
SwiftExplicitDependencyGeneratePcm arm64_32 /Users/admin/builder/spi-builder-workspace/.derivedData/SDKExplicitPrecompiledModules/os-E5IGB442IA6SBB25TTCOLK2OC.pcm
SwiftExplicitDependencyGeneratePcm arm64_32 /Users/admin/builder/spi-builder-workspace/.derivedData/SDKExplicitPrecompiledModules/Security-D7TOWF88VWF67TB9HAFP5UWB1.pcm
SwiftExplicitDependencyGeneratePcm arm64 /Users/admin/builder/spi-builder-workspace/.derivedData/SDKExplicitPrecompiledModules/os-5DIL6Z9LFIGLMZAHM7X2T5435.pcm
SwiftExplicitDependencyGeneratePcm arm64 /Users/admin/builder/spi-builder-workspace/.derivedData/SDKExplicitPrecompiledModules/Security-6RZ6YBRU8WCUHRFFRVUK5WKMM.pcm
SwiftExplicitDependencyGeneratePcm arm64_32 /Users/admin/builder/spi-builder-workspace/.derivedData/SDKExplicitPrecompiledModules/Foundation-BJ2VQGI3OGR34500MEQ1VKHPH.pcm
SwiftExplicitDependencyGeneratePcm arm64 /Users/admin/builder/spi-builder-workspace/.derivedData/SDKExplicitPrecompiledModules/Foundation-DLBKUSGXN8QHAT8W0OARR9S8A.pcm
SwiftCompile normal arm64_32 Compiling\ WatcherUtils.swift,\ WritableByteStream.swift /Users/admin/builder/spi-builder-workspace/Sources/SwiftReload/Watcher/WatcherUtils.swift /Users/admin/builder/spi-builder-workspace/Sources/SwiftReload/Watcher/WritableByteStream.swift (in target 'SwiftReload' from project 'SwiftReload')
SwiftCompile normal arm64_32 /Users/admin/builder/spi-builder-workspace/Sources/SwiftReload/Watcher/WatcherUtils.swift (in target 'SwiftReload' from project 'SwiftReload')
    cd /Users/admin/builder/spi-builder-workspace/.swiftpm/xcode
    builtin-SwiftPerFileCompile WatcherUtils.swift
SwiftCompile normal arm64_32 /Users/admin/builder/spi-builder-workspace/Sources/SwiftReload/Watcher/WritableByteStream.swift (in target 'SwiftReload' from project 'SwiftReload')
    cd /Users/admin/builder/spi-builder-workspace/.swiftpm/xcode
    builtin-SwiftPerFileCompile WritableByteStream.swift
SwiftCompile normal arm64_32 Compiling\ RecursiveWatcher.swift,\ Thread.swift /Users/admin/builder/spi-builder-workspace/Sources/SwiftReload/Watcher/RecursiveWatcher.swift /Users/admin/builder/spi-builder-workspace/Sources/SwiftReload/Watcher/Thread.swift (in target 'SwiftReload' from project 'SwiftReload')
SwiftCompile normal arm64_32 /Users/admin/builder/spi-builder-workspace/Sources/SwiftReload/Watcher/RecursiveWatcher.swift (in target 'SwiftReload' from project 'SwiftReload')
    cd /Users/admin/builder/spi-builder-workspace/.swiftpm/xcode
    builtin-SwiftPerFileCompile RecursiveWatcher.swift
SwiftCompile normal arm64_32 /Users/admin/builder/spi-builder-workspace/Sources/SwiftReload/Watcher/Thread.swift (in target 'SwiftReload' from project 'SwiftReload')
    cd /Users/admin/builder/spi-builder-workspace/.swiftpm/xcode
    builtin-SwiftPerFileCompile Thread.swift
SwiftCompile normal arm64_32 Compiling\ PathUtils.swift,\ ProcessEnv.swift /Users/admin/builder/spi-builder-workspace/Sources/SwiftReload/Watcher/PathUtils.swift /Users/admin/builder/spi-builder-workspace/Sources/SwiftReload/Watcher/ProcessEnv.swift (in target 'SwiftReload' from project 'SwiftReload')
SwiftCompile normal arm64_32 /Users/admin/builder/spi-builder-workspace/Sources/SwiftReload/Watcher/PathUtils.swift (in target 'SwiftReload' from project 'SwiftReload')
    cd /Users/admin/builder/spi-builder-workspace/.swiftpm/xcode
    builtin-SwiftPerFileCompile PathUtils.swift
SwiftCompile normal arm64_32 /Users/admin/builder/spi-builder-workspace/Sources/SwiftReload/Watcher/ProcessEnv.swift (in target 'SwiftReload' from project 'SwiftReload')
    cd /Users/admin/builder/spi-builder-workspace/.swiftpm/xcode
    builtin-SwiftPerFileCompile ProcessEnv.swift
SwiftCompile normal arm64_32 Compiling\ FileInfo.swift,\ FileSystem.swift /Users/admin/builder/spi-builder-workspace/Sources/SwiftReload/Watcher/FileInfo.swift /Users/admin/builder/spi-builder-workspace/Sources/SwiftReload/Watcher/FileSystem.swift (in target 'SwiftReload' from project 'SwiftReload')
SwiftCompile normal arm64_32 /Users/admin/builder/spi-builder-workspace/Sources/SwiftReload/Watcher/FileInfo.swift (in target 'SwiftReload' from project 'SwiftReload')
    cd /Users/admin/builder/spi-builder-workspace/.swiftpm/xcode
    builtin-SwiftPerFileCompile FileInfo.swift
SwiftCompile normal arm64_32 /Users/admin/builder/spi-builder-workspace/Sources/SwiftReload/Watcher/FileSystem.swift (in target 'SwiftReload' from project 'SwiftReload')
    cd /Users/admin/builder/spi-builder-workspace/.swiftpm/xcode
    builtin-SwiftPerFileCompile FileSystem.swift
SwiftCompile normal arm64_32 Compiling\ ProjectExtractor.swift,\ SwiftPMProjectExtractor.swift /Users/admin/builder/spi-builder-workspace/Sources/SwiftReload/ProjectExtractor/ProjectExtractor.swift /Users/admin/builder/spi-builder-workspace/Sources/SwiftReload/ProjectExtractor/SwiftPMProjectExtractor.swift (in target 'SwiftReload' from project 'SwiftReload')
SwiftCompile normal arm64_32 /Users/admin/builder/spi-builder-workspace/Sources/SwiftReload/ProjectExtractor/ProjectExtractor.swift (in target 'SwiftReload' from project 'SwiftReload')
    cd /Users/admin/builder/spi-builder-workspace/.swiftpm/xcode
    builtin-SwiftPerFileCompile ProjectExtractor.swift
SwiftCompile normal arm64_32 /Users/admin/builder/spi-builder-workspace/Sources/SwiftReload/ProjectExtractor/SwiftPMProjectExtractor.swift (in target 'SwiftReload' from project 'SwiftReload')
    cd /Users/admin/builder/spi-builder-workspace/.swiftpm/xcode
    builtin-SwiftPerFileCompile SwiftPMProjectExtractor.swift
SwiftEmitModule normal arm64_32 Emitting\ module\ for\ SwiftReload (in target 'SwiftReload' from project 'SwiftReload')
/Users/admin/builder/spi-builder-workspace/Sources/SwiftReload/Watcher/FileInfo.swift:70:1: warning: extension declares a conformance of imported type 'FileAttributeType' to imported protocols 'Decodable', 'Encodable'; this will not behave correctly if the owners of 'Foundation' introduce this conformance in the future
68 | }
69 |
70 | extension FileAttributeType: Codable {}
   | |- warning: extension declares a conformance of imported type 'FileAttributeType' to imported protocols 'Decodable', 'Encodable'; this will not behave correctly if the owners of 'Foundation' introduce this conformance in the future
   | `- note: add '@retroactive' to silence this warning
SwiftCompile normal arm64_32 (in target 'SwiftReload' from project 'SwiftReload')
    cd /Users/admin/builder/spi-builder-workspace/.swiftpm/xcode

SwiftCompile normal arm64_32 Compiling\ SyntaxDiff.swift,\ ByteString.swift /Users/admin/builder/spi-builder-workspace/Sources/SwiftReload/SyntaxDiff/SyntaxDiff.swift /Users/admin/builder/spi-builder-workspace/Sources/SwiftReload/Watcher/ByteString.swift (in target 'SwiftReload' from project 'SwiftReload')
SwiftCompile normal arm64_32 /Users/admin/builder/spi-builder-workspace/Sources/SwiftReload/SyntaxDiff/SyntaxDiff.swift (in target 'SwiftReload' from project 'SwiftReload')
    cd /Users/admin/builder/spi-builder-workspace/.swiftpm/xcode
    builtin-SwiftPerFileCompile SyntaxDiff.swift
SwiftCompile normal arm64_32 /Users/admin/builder/spi-builder-workspace/Sources/SwiftReload/Watcher/ByteString.swift (in target 'SwiftReload' from project 'SwiftReload')
    cd /Users/admin/builder/spi-builder-workspace/.swiftpm/xcode
    builtin-SwiftPerFileCompile ByteString.swift
SwiftCompile normal arm64_32 Compiling\ Condition.swift,\ FSWatch.swift /Users/admin/builder/spi-builder-workspace/Sources/SwiftReload/Watcher/Condition.swift /Users/admin/builder/spi-builder-workspace/Sources/SwiftReload/Watcher/FSWatch.swift (in target 'SwiftReload' from project 'SwiftReload')
SwiftCompile normal arm64_32 /Users/admin/builder/spi-builder-workspace/Sources/SwiftReload/Watcher/Condition.swift (in target 'SwiftReload' from project 'SwiftReload')
    cd /Users/admin/builder/spi-builder-workspace/.swiftpm/xcode
    builtin-SwiftPerFileCompile Condition.swift
SwiftCompile normal arm64_32 /Users/admin/builder/spi-builder-workspace/Sources/SwiftReload/Watcher/FSWatch.swift (in target 'SwiftReload' from project 'SwiftReload')
    cd /Users/admin/builder/spi-builder-workspace/.swiftpm/xcode
    builtin-SwiftPerFileCompile FSWatch.swift
SwiftCompile normal arm64_32 Compiling\ LocalSwiftReloader.swift,\ CommandPatcher.swift /Users/admin/builder/spi-builder-workspace/Sources/SwiftReload/LocalSwiftReloader.swift /Users/admin/builder/spi-builder-workspace/Sources/SwiftReload/Patcher/CommandPatcher.swift (in target 'SwiftReload' from project 'SwiftReload')
/Users/admin/builder/spi-builder-workspace/Sources/SwiftReload/LocalSwiftReloader.swift:146:24: error: cannot find 'Process' in scope
144 | /// Execute a Swift build command.
145 | private func executeCommand(_ command: SwiftBuildCommand) {
146 |     let process = try! Process.run(
    |                        `- error: cannot find 'Process' in scope
147 |         URL(fileURLWithPath: command.args.first!),
148 |         arguments: command.args.dropFirst().map { $0 }
Failed frontend command:
/Applications/Xcode-27.0.0-Release.Candidate.app/Contents/Developer/Toolchains/XcodeDefault.xctoolchain/usr/bin/swift-frontend -frontend -c /Users/admin/builder/spi-builder-workspace/Sources/SwiftReload/Build/SwiftBuildCommand.swift /Users/admin/builder/spi-builder-workspace/Sources/SwiftReload/Build/SwiftBuildManifest.swift -primary-file /Users/admin/builder/spi-builder-workspace/Sources/SwiftReload/LocalSwiftReloader.swift -primary-file /Users/admin/builder/spi-builder-workspace/Sources/SwiftReload/Patcher/CommandPatcher.swift /Users/admin/builder/spi-builder-workspace/Sources/SwiftReload/Patcher/Patcher.swift /Users/admin/builder/spi-builder-workspace/Sources/SwiftReload/Patcher/PatcherState.swift /Users/admin/builder/spi-builder-workspace/Sources/SwiftReload/ProjectExtractor/ProjectExtractor.swift /Users/admin/builder/spi-builder-workspace/Sources/SwiftReload/ProjectExtractor/SwiftPMProjectExtractor.swift /Users/admin/builder/spi-builder-workspace/Sources/SwiftReload/SyntaxDiff/SyntaxDiff.swift /Users/admin/builder/spi-builder-workspace/Sources/SwiftReload/Watcher/ByteString.swift /Users/admin/builder/spi-builder-workspace/Sources/SwiftReload/Watcher/Condition.swift /Users/admin/builder/spi-builder-workspace/Sources/SwiftReload/Watcher/FSWatch.swift /Users/admin/builder/spi-builder-workspace/Sources/SwiftReload/Watcher/FileInfo.swift /Users/admin/builder/spi-builder-workspace/Sources/SwiftReload/Watcher/FileSystem.swift /Users/admin/builder/spi-builder-workspace/Sources/SwiftReload/Watcher/PathUtils.swift /Users/admin/builder/spi-builder-workspace/Sources/SwiftReload/Watcher/ProcessEnv.swift /Users/admin/builder/spi-builder-workspace/Sources/SwiftReload/Watcher/RecursiveWatcher.swift /Users/admin/builder/spi-builder-workspace/Sources/SwiftReload/Watcher/Thread.swift /Users/admin/builder/spi-builder-workspace/Sources/SwiftReload/Watcher/WatcherUtils.swift /Users/admin/builder/spi-builder-workspace/Sources/SwiftReload/Watcher/WritableByteStream.swift -emit-dependencies-path /Users/admin/builder/spi-builder-workspace/.derivedData/Build/Intermediates.noindex/SwiftReload.build/Debug-watchos/SwiftReload-t.build/Objects-normal/arm64_32/LocalSwiftReloader.d -emit-const-values-path /Users/admin/builder/spi-builder-workspace/.derivedData/Build/Intermediates.noindex/SwiftReload.build/Debug-watchos/SwiftReload-t.build/Objects-normal/arm64_32/LocalSwiftReloader.swiftconstvalues -emit-reference-dependencies-path /Users/admin/builder/spi-builder-workspace/.derivedData/Build/Intermediates.noindex/SwiftReload.build/Debug-watchos/SwiftReload-t.build/Objects-normal/arm64_32/LocalSwiftReloader.swiftdeps -serialize-diagnostics-path /Users/admin/builder/spi-builder-workspace/.derivedData/Build/Intermediates.noindex/SwiftReload.build/Debug-watchos/SwiftReload-t.build/Objects-normal/arm64_32/LocalSwiftReloader.dia -emit-dependencies-path /Users/admin/builder/spi-builder-workspace/.derivedData/Build/Intermediates.noindex/SwiftReload.build/Debug-watchos/SwiftReload-t.build/Objects-normal/arm64_32/CommandPatcher.d -emit-const-values-path /Users/admin/builder/spi-builder-workspace/.derivedData/Build/Intermediates.noindex/SwiftReload.build/Debug-watchos/SwiftReload-t.build/Objects-normal/arm64_32/CommandPatcher.swiftconstvalues -emit-reference-dependencies-path /Users/admin/builder/spi-builder-workspace/.derivedData/Build/Intermediates.noindex/SwiftReload.build/Debug-watchos/SwiftReload-t.build/Objects-normal/arm64_32/CommandPatcher.swiftdeps -serialize-diagnostics-path /Users/admin/builder/spi-builder-workspace/.derivedData/Build/Intermediates.noindex/SwiftReload.build/Debug-watchos/SwiftReload-t.build/Objects-normal/arm64_32/CommandPatcher.dia -target arm64_32-apple-watchos9.0 -module-can-import-version Darwin 428.0.10 0 -disable-cross-import-overlay-search -load-resolved-plugin /Applications/Xcode-27.0.0-Release.Candidate.app/Contents/Developer/Platforms/WatchOS.platform/Developer/usr/lib/swift/host/plugins/libFoundationMacros.dylib\#/Applications/Xcode-27.0.0-Release.Candidate.app/Contents/Developer/Platforms/WatchOS.platform/Developer/usr/bin/swift-plugin-server\#FoundationMacros -load-resolved-plugin /Applications/Xcode-27.0.0-Release.Candidate.app/Contents/Developer/Platforms/WatchOS.platform/Developer/usr/lib/swift/host/plugins/libObservationMacros.dylib\#/Applications/Xcode-27.0.0-Release.Candidate.app/Contents/Developer/Platforms/WatchOS.platform/Developer/usr/bin/swift-plugin-server\#ObservationMacros -load-resolved-plugin /Applications/Xcode-27.0.0-Release.Candidate.app/Contents/Developer/Platforms/WatchOS.platform/Developer/usr/lib/swift/host/plugins/libSwiftMacros.dylib\#/Applications/Xcode-27.0.0-Release.Candidate.app/Contents/Developer/Platforms/WatchOS.platform/Developer/usr/bin/swift-plugin-server\#SwiftMacros -disable-implicit-swift-modules -Xcc -fno-implicit-modules -Xcc -fno-implicit-module-maps -explicit-swift-module-map-file /Users/admin/builder/spi-builder-workspace/.derivedData/Build/Intermediates.noindex/SwiftReload.build/Debug-watchos/SwiftReload-t.build/Objects-normal/arm64_32/SwiftReload-dependencies-1.json -enable-objc-interop -sdk /Applications/Xcode-27.0.0-Release.Candidate.app/Contents/Developer/Platforms/WatchOS.platform/Developer/SDKs/WatchOS27.0.sdk -I /Users/admin/builder/spi-builder-workspace/.derivedData/Build/Products/Debug-watchos -Isystem /Applications/Xcode-27.0.0-Release.Candidate.app/Contents/Developer/Platforms/WatchOS.platform/Developer/usr/lib -F /Users/admin/builder/spi-builder-workspace/.derivedData/Build/Products/Debug-watchos/PackageFrameworks -F /Users/admin/builder/spi-builder-workspace/.derivedData/Build/Products/Debug-watchos -F /Applications/Xcode-27.0.0-Release.Candidate.app/Contents/Developer/Platforms/WatchOS.platform/Developer/Library/Frameworks -F /Applications/Xcode-27.0.0-Release.Candidate.app/Contents/Developer/Platforms/WatchOS.platform/Developer/SDKs/WatchOS27.0.sdk/Developer/Library/Frameworks -module-cache-path /Users/admin/builder/spi-builder-workspace/.derivedData/Build/Intermediates.noindex/SwiftExplicitPrecompiledModules -no-color-diagnostics -Xcc -fno-color-diagnostics -enable-testing -g -debug-info-format\=dwarf -dwarf-version\=4 -profile-generate -profile-coverage-mapping -swift-version 5 -Onone -D SWIFT_PACKAGE -D DEBUG -D SWIFT_MODULE_RESOURCE_BUNDLE_UNAVAILABLE -D Xcode -serialize-debugging-options -enable-experimental-feature DebugDescriptionMacro -empty-abi-descriptor -validate-clang-modules-once -clang-build-session-file /Users/admin/builder/spi-builder-workspace/.derivedData/ModuleCache.noindex/Session.modulevalidation -Xcc -working-directory -Xcc /Users/admin/builder/spi-builder-workspace/.swiftpm/xcode -enable-anonymous-context-mangled-names -file-compilation-dir /Users/admin/builder/spi-builder-workspace/.swiftpm/xcode -Xcc -fmodule-map-file\=/Users/admin/builder/spi-builder-workspace/.dependencies/checkouts/Yams/Sources/CYaml/include/module.modulemap -Xcc -fmodule-map-file\=/Users/admin/builder/spi-builder-workspace/.dependencies/checkouts/swift-syntax/Sources/_SwiftSyntaxCShims/include/module.modulemap -Xcc -D_LIBCPP_HARDENING_MODE\=_LIBCPP_HARDENING_MODE_DEBUG -Xcc -ivfsstatcache -Xcc /Users/admin/builder/spi-builder-workspace/.derivedData/SDKStatCaches.noindex/watchos27.0-24R360-e829b21a6f8c9b70876ba0858053c04477534ef55a1706bf4c1112bbb242f0a2.sdkstatcache -Xcc -fmodules-prune-interval\=86400 -Xcc -fmodules-prune-after\=345600 -Xcc -I/Users/admin/builder/spi-builder-workspace/.dependencies/checkouts/Yams/Sources/CYaml/include -Xcc -I/Users/admin/builder/spi-builder-workspace/.dependencies/checkouts/swift-syntax/Sources/_SwiftSyntaxCShims/include -Xcc -I/Users/admin/builder/spi-builder-workspace/.derivedData/Build/Products/Debug-watchos/include -Xcc -I/Users/admin/builder/spi-builder-workspace/.derivedData/Build/Intermediates.noindex/SwiftReload.build/Debug-watchos/SwiftReload-t.build/DerivedSources-normal/arm64_32 -Xcc -I/Users/admin/builder/spi-builder-workspace/.derivedData/Build/Intermediates.noindex/SwiftReload.build/Debug-watchos/SwiftReload-t.build/DerivedSources/arm64_32 -Xcc -I/Users/admin/builder/spi-builder-workspace/.derivedData/Build/Intermediates.noindex/SwiftReload.build/Debug-watchos/SwiftReload-t.build/DerivedSources -Xcc -DSWIFT_PACKAGE -Xcc -DDEBUG\=1 -no-auto-bridging-header-chaining -module-name SwiftReload -package-name spi_builder_workspace -const-gather-protocols-file /Users/admin/builder/spi-builder-workspace/.derivedData/Build/Intermediates.noindex/SwiftReload.build/Debug-watchos/SwiftReload-t.build/Objects-normal/arm64_32/SwiftReload_const_extract_protocols.json -disable-clang-spi -clang-target arm64_32-apple-watchos27.0 -target-sdk-version 27.0 -target-sdk-name watchos27.0 -in-process-plugin-server-path /Applications/Xcode-27.0.0-Release.Candidate.app/Contents/Developer/Toolchains/XcodeDefault.xctoolchain/usr/lib/swift/host/libSwiftInProcPluginServer.dylib -parse-as-library -o /Users/admin/builder/spi-builder-workspace/.derivedData/Build/Intermediates.noindex/SwiftReload.build/Debug-watchos/SwiftReload-t.build/Objects-normal/arm64_32/LocalSwiftReloader.o -o /Users/admin/builder/spi-builder-workspace/.derivedData/Build/Intermediates.noindex/SwiftReload.build/Debug-watchos/SwiftReload-t.build/Objects-normal/arm64_32/CommandPatcher.o -debug-module-path /Users/admin/builder/spi-builder-workspace/.derivedData/Build/Intermediates.noindex/SwiftReload.build/Debug-watchos/SwiftReload-t.build/Objects-normal/arm64_32/SwiftReload.swiftmodule -index-unit-output-path /SwiftReload.build/Debug-watchos/SwiftReload-t.build/Objects-normal/arm64_32/LocalSwiftReloader.o -index-unit-output-path /SwiftReload.build/Debug-watchos/SwiftReload-t.build/Objects-normal/arm64_32/CommandPatcher.o -index-store-path /Users/admin/builder/spi-builder-workspace/.derivedData/Index.noindex/DataStore -index-system-modules
SwiftCompile normal arm64_32 /Users/admin/builder/spi-builder-workspace/Sources/SwiftReload/LocalSwiftReloader.swift (in target 'SwiftReload' from project 'SwiftReload')
    cd /Users/admin/builder/spi-builder-workspace/.swiftpm/xcode
    builtin-SwiftPerFileCompile LocalSwiftReloader.swift
SwiftCompile normal arm64_32 /Users/admin/builder/spi-builder-workspace/Sources/SwiftReload/Patcher/CommandPatcher.swift (in target 'SwiftReload' from project 'SwiftReload')
    cd /Users/admin/builder/spi-builder-workspace/.swiftpm/xcode
    builtin-SwiftPerFileCompile CommandPatcher.swift
SwiftEmitModule normal arm64 Emitting\ module\ for\ SwiftReload (in target 'SwiftReload' from project 'SwiftReload')
SwiftCompile normal arm64 (in target 'SwiftReload' from project 'SwiftReload')
    cd /Users/admin/builder/spi-builder-workspace/.swiftpm/xcode

SwiftDriverJobDiscovery normal arm64_32 Compiling Condition.swift, FSWatch.swift (in target 'SwiftReload' from project 'SwiftReload')
SwiftCompile normal arm64 Compiling\ SwiftBuildCommand.swift,\ SwiftBuildManifest.swift /Users/admin/builder/spi-builder-workspace/Sources/SwiftReload/Build/SwiftBuildCommand.swift /Users/admin/builder/spi-builder-workspace/Sources/SwiftReload/Build/SwiftBuildManifest.swift (in target 'SwiftReload' from project 'SwiftReload')
SwiftCompile normal arm64 /Users/admin/builder/spi-builder-workspace/Sources/SwiftReload/Build/SwiftBuildCommand.swift (in target 'SwiftReload' from project 'SwiftReload')
    cd /Users/admin/builder/spi-builder-workspace/.swiftpm/xcode
    builtin-SwiftPerFileCompile SwiftBuildCommand.swift
SwiftCompile normal arm64 /Users/admin/builder/spi-builder-workspace/Sources/SwiftReload/Build/SwiftBuildManifest.swift (in target 'SwiftReload' from project 'SwiftReload')
    cd /Users/admin/builder/spi-builder-workspace/.swiftpm/xcode
    builtin-SwiftPerFileCompile SwiftBuildManifest.swift
SwiftCompile normal arm64 Compiling\ PathUtils.swift,\ ProcessEnv.swift /Users/admin/builder/spi-builder-workspace/Sources/SwiftReload/Watcher/PathUtils.swift /Users/admin/builder/spi-builder-workspace/Sources/SwiftReload/Watcher/ProcessEnv.swift (in target 'SwiftReload' from project 'SwiftReload')
SwiftCompile normal arm64 /Users/admin/builder/spi-builder-workspace/Sources/SwiftReload/Watcher/PathUtils.swift (in target 'SwiftReload' from project 'SwiftReload')
    cd /Users/admin/builder/spi-builder-workspace/.swiftpm/xcode
    builtin-SwiftPerFileCompile PathUtils.swift
SwiftCompile normal arm64 /Users/admin/builder/spi-builder-workspace/Sources/SwiftReload/Watcher/ProcessEnv.swift (in target 'SwiftReload' from project 'SwiftReload')
    cd /Users/admin/builder/spi-builder-workspace/.swiftpm/xcode
    builtin-SwiftPerFileCompile ProcessEnv.swift
PruneExplicitPrecompiledModules /Users/admin/builder/spi-builder-workspace/.derivedData/Build/Intermediates.noindex/ExplicitPrecompiledModules
PruneExplicitPrecompiledModules /Users/admin/builder/spi-builder-workspace/.derivedData/Build/Intermediates.noindex/SwiftExplicitPrecompiledModules
PruneExplicitPrecompiledModules /Users/admin/builder/spi-builder-workspace/.derivedData/SDKExplicitPrecompiledModules
2026-09-23 06:19:19.656 xcodebuild[730:4421] [MT] IDERunDestination: Supported platforms for the buildables in the current scheme is empty.
** BUILD FAILED **
The following build commands failed:
	SwiftCompile normal arm64_32 Compiling\ LocalSwiftReloader.swift,\ CommandPatcher.swift /Users/admin/builder/spi-builder-workspace/Sources/SwiftReload/LocalSwiftReloader.swift /Users/admin/builder/spi-builder-workspace/Sources/SwiftReload/Patcher/CommandPatcher.swift (in target 'SwiftReload' from project 'SwiftReload')
	SwiftCompile normal arm64_32 /Users/admin/builder/spi-builder-workspace/Sources/SwiftReload/LocalSwiftReloader.swift (in target 'SwiftReload' from project 'SwiftReload')
	Building workspace SwiftReload with scheme SwiftReload-Package
(3 failures)
Command line invocation:
    /Applications/Xcode-27.0.0-Release.Candidate.app/Contents/Developer/usr/bin/xcodebuild -IDEClonedSourcePackagesDirPathOverride=/Users/admin/builder/spi-builder-workspace/.dependencies -resolvePackageDependencies
Resolve Package Graph
Resolved source packages:
  SwiftReload: /Users/admin/builder/spi-builder-workspace
  Yams: https://github.com/jpsim/Yams.git @ 5.3.1
  swift-syntax: https://github.com/swiftlang/swift-syntax.git @ 602.0.0
resolved source packages: SwiftReload, Yams, swift-syntax
2026-09-23 06:19:46.542 xcodebuild[1215:6706] [MT] IDERunDestination: Supported platforms for the buildables in the current scheme is empty.
{
  "dependencies" : [
    {
      "identity" : "yams",
      "requirement" : {
        "range" : [
          {
            "lower_bound" : "5.0.0",
            "upper_bound" : "5.4.0"
          }
        ]
      },
      "type" : "sourceControl",
      "url" : "https://github.com/jpsim/Yams.git"
    },
    {
      "identity" : "swift-syntax",
      "requirement" : {
        "range" : [
          {
            "lower_bound" : "602.0.0",
            "upper_bound" : "603.0.0"
          }
        ]
      },
      "type" : "sourceControl",
      "url" : "https://github.com/swiftlang/swift-syntax.git"
    }
  ],
  "manifest_display_name" : "SwiftReload",
  "name" : "SwiftReload",
  "path" : "/Users/admin/builder/spi-builder-workspace",
  "platforms" : [
    {
      "name" : "macos",
      "version" : "14.0"
    },
    {
      "name" : "ios",
      "version" : "15.0"
    },
    {
      "name" : "watchos",
      "version" : "8.0"
    },
    {
      "name" : "tvos",
      "version" : "15.0"
    }
  ],
  "products" : [
    {
      "name" : "SwiftReload",
      "targets" : [
        "SwiftReload"
      ],
      "type" : {
        "library" : [
          "automatic"
        ]
      }
    },
    {
      "name" : "SwiftReloadExample",
      "targets" : [
        "SwiftReloadExample"
      ],
      "type" : {
        "executable" : null
      }
    }
  ],
  "targets" : [
    {
      "c99name" : "SwiftReloadTests",
      "module_type" : "SwiftTarget",
      "name" : "SwiftReloadTests",
      "path" : "Tests/SwiftReloadTests",
      "sources" : [
        "SwiftReloadTests.swift"
      ],
      "target_dependencies" : [
        "SwiftReload"
      ],
      "type" : "test"
    },
    {
      "c99name" : "SwiftReloadExample",
      "module_type" : "SwiftTarget",
      "name" : "SwiftReloadExample",
      "path" : "Sources/SwiftReloadExample",
      "product_dependencies" : [
        "SwiftParser",
        "SwiftSyntax"
      ],
      "product_memberships" : [
        "SwiftReloadExample"
      ],
      "sources" : [
        "main.swift"
      ],
      "target_dependencies" : [
        "SwiftReload"
      ],
      "type" : "executable"
    },
    {
      "c99name" : "SwiftReload",
      "module_type" : "SwiftTarget",
      "name" : "SwiftReload",
      "path" : "Sources/SwiftReload",
      "product_dependencies" : [
        "Yams",
        "SwiftParser",
        "SwiftSyntax",
        "SwiftSyntaxBuilder"
      ],
      "product_memberships" : [
        "SwiftReload",
        "SwiftReloadExample"
      ],
      "sources" : [
        "Build/SwiftBuildCommand.swift",
        "Build/SwiftBuildManifest.swift",
        "LocalSwiftReloader.swift",
        "Patcher/CommandPatcher.swift",
        "Patcher/Patcher.swift",
        "Patcher/PatcherState.swift",
        "ProjectExtractor/ProjectExtractor.swift",
        "ProjectExtractor/SwiftPMProjectExtractor.swift",
        "SyntaxDiff/SyntaxDiff.swift",
        "Watcher/ByteString.swift",
        "Watcher/Condition.swift",
        "Watcher/FSWatch.swift",
        "Watcher/FileInfo.swift",
        "Watcher/FileSystem.swift",
        "Watcher/PathUtils.swift",
        "Watcher/ProcessEnv.swift",
        "Watcher/RecursiveWatcher.swift",
        "Watcher/Thread.swift",
        "Watcher/WatcherUtils.swift",
        "Watcher/WritableByteStream.swift"
      ],
      "type" : "library"
    }
  ],
  "tools_version" : "5.9"
}
{
  "workspace" : {
    "name" : "SwiftReload",
    "schemes" : [
      "SwiftReload",
      "SwiftReload-Package",
      "SwiftReloadExample"
    ]
  }
}
2026-09-23 06:19:48.662 xcodebuild[1224:6783] [MT] IDERunDestination: Supported platforms for the buildables in the current scheme is empty.
Running build ...
env DEVELOPER_DIR=/Applications/Xcode-27.0.0-Release.Candidate.app xcrun xcodebuild -IDEClonedSourcePackagesDirPathOverride=$PWD/.dependencies -skipMacroValidation -skipPackagePluginValidation -derivedDataPath $PWD/.derivedData build -scheme SwiftReload-Package -destination generic/platform=watchOS
Command line invocation:
    /Applications/Xcode-27.0.0-Release.Candidate.app/Contents/Developer/usr/bin/xcodebuild -IDEClonedSourcePackagesDirPathOverride=/Users/admin/builder/spi-builder-workspace/.dependencies -skipMacroValidation -skipPackagePluginValidation -derivedDataPath /Users/admin/builder/spi-builder-workspace/.derivedData build -scheme SwiftReload-Package -destination generic/platform=watchOS
Resolve Package Graph
Resolved source packages:
  Yams: https://github.com/jpsim/Yams.git @ 5.3.1
  SwiftReload: /Users/admin/builder/spi-builder-workspace
  swift-syntax: https://github.com/swiftlang/swift-syntax.git @ 602.0.0
ComputePackagePrebuildTargetDependencyGraph
Prepare packages
CreateBuildRequest
SendProjectDescription
CreateBuildOperation
ComputeTargetDependencyGraph
note: Building targets in dependency order
note: Target dependency graph (21 targets)
    Target 'SwiftReloadExample-product' in project 'SwiftReload'
        ➜ Explicit dependency on target 'SwiftReload' in project 'SwiftReload'
        ➜ Explicit dependency on target 'Yams-product' in project 'Yams'
        ➜ Explicit dependency on target 'SwiftParser-product' in project 'swift-syntax'
        ➜ Explicit dependency on target 'SwiftSyntax-product' in project 'swift-syntax'
        ➜ Explicit dependency on target 'SwiftSyntaxBuilder-product' in project 'swift-syntax'
    Target 'SwiftReload-product' in project 'SwiftReload'
        ➜ Explicit dependency on target 'SwiftReload' in project 'SwiftReload'
        ➜ Explicit dependency on target 'Yams-product' in project 'Yams'
        ➜ Explicit dependency on target 'SwiftParser-product' in project 'swift-syntax'
        ➜ Explicit dependency on target 'SwiftSyntax-product' in project 'swift-syntax'
        ➜ Explicit dependency on target 'SwiftSyntaxBuilder-product' in project 'swift-syntax'
    Target 'SwiftReload' in project 'SwiftReload'
        ➜ Explicit dependency on target 'Yams-product' in project 'Yams'
        ➜ Explicit dependency on target 'SwiftParser-product' in project 'swift-syntax'
        ➜ Explicit dependency on target 'SwiftSyntax-product' in project 'swift-syntax'
        ➜ Explicit dependency on target 'SwiftSyntaxBuilder-product' in project 'swift-syntax'
    Target 'SwiftSyntaxBuilder-product' in project 'swift-syntax'
        ➜ Explicit dependency on target 'SwiftSyntaxBuilder' in project 'swift-syntax'
        ➜ Explicit dependency on target '_SwiftSyntaxCShims' in project 'swift-syntax'
        ➜ Explicit dependency on target 'SwiftSyntax509' in project 'swift-syntax'
        ➜ Explicit dependency on target 'SwiftSyntax510' in project 'swift-syntax'
        ➜ Explicit dependency on target 'SwiftSyntax600' in project 'swift-syntax'
        ➜ Explicit dependency on target 'SwiftSyntax601' in project 'swift-syntax'
        ➜ Explicit dependency on target 'SwiftSyntax602' in project 'swift-syntax'
        ➜ Explicit dependency on target 'SwiftSyntax' in project 'swift-syntax'
        ➜ Explicit dependency on target 'SwiftBasicFormat' in project 'swift-syntax'
        ➜ Explicit dependency on target 'SwiftParser' in project 'swift-syntax'
        ➜ Explicit dependency on target 'SwiftDiagnostics' in project 'swift-syntax'
        ➜ Explicit dependency on target 'SwiftParserDiagnostics' in project 'swift-syntax'
    Target 'SwiftSyntaxBuilder' in project 'swift-syntax'
        ➜ Explicit dependency on target '_SwiftSyntaxCShims' in project 'swift-syntax'
        ➜ Explicit dependency on target 'SwiftSyntax509' in project 'swift-syntax'
        ➜ Explicit dependency on target 'SwiftSyntax510' in project 'swift-syntax'
        ➜ Explicit dependency on target 'SwiftSyntax600' in project 'swift-syntax'
        ➜ Explicit dependency on target 'SwiftSyntax601' in project 'swift-syntax'
        ➜ Explicit dependency on target 'SwiftSyntax602' in project 'swift-syntax'
        ➜ Explicit dependency on target 'SwiftSyntax' in project 'swift-syntax'
        ➜ Explicit dependency on target 'SwiftBasicFormat' in project 'swift-syntax'
        ➜ Explicit dependency on target 'SwiftParser' in project 'swift-syntax'
        ➜ Explicit dependency on target 'SwiftDiagnostics' in project 'swift-syntax'
        ➜ Explicit dependency on target 'SwiftParserDiagnostics' in project 'swift-syntax'
    Target 'SwiftParserDiagnostics' in project 'swift-syntax'
        ➜ Explicit dependency on target '_SwiftSyntaxCShims' in project 'swift-syntax'
        ➜ Explicit dependency on target 'SwiftSyntax509' in project 'swift-syntax'
        ➜ Explicit dependency on target 'SwiftSyntax510' in project 'swift-syntax'
        ➜ Explicit dependency on target 'SwiftSyntax600' in project 'swift-syntax'
        ➜ Explicit dependency on target 'SwiftSyntax601' in project 'swift-syntax'
        ➜ Explicit dependency on target 'SwiftSyntax602' in project 'swift-syntax'
        ➜ Explicit dependency on target 'SwiftSyntax' in project 'swift-syntax'
        ➜ Explicit dependency on target 'SwiftBasicFormat' in project 'swift-syntax'
        ➜ Explicit dependency on target 'SwiftDiagnostics' in project 'swift-syntax'
        ➜ Explicit dependency on target 'SwiftParser' in project 'swift-syntax'
    Target 'SwiftDiagnostics' in project 'swift-syntax'
        ➜ Explicit dependency on target '_SwiftSyntaxCShims' in project 'swift-syntax'
        ➜ Explicit dependency on target 'SwiftSyntax509' in project 'swift-syntax'
        ➜ Explicit dependency on target 'SwiftSyntax510' in project 'swift-syntax'
        ➜ Explicit dependency on target 'SwiftSyntax600' in project 'swift-syntax'
        ➜ Explicit dependency on target 'SwiftSyntax601' in project 'swift-syntax'
        ➜ Explicit dependency on target 'SwiftSyntax602' in project 'swift-syntax'
        ➜ Explicit dependency on target 'SwiftSyntax' in project 'swift-syntax'
    Target 'SwiftBasicFormat' in project 'swift-syntax'
        ➜ Explicit dependency on target '_SwiftSyntaxCShims' in project 'swift-syntax'
        ➜ Explicit dependency on target 'SwiftSyntax509' in project 'swift-syntax'
        ➜ Explicit dependency on target 'SwiftSyntax510' in project 'swift-syntax'
        ➜ Explicit dependency on target 'SwiftSyntax600' in project 'swift-syntax'
        ➜ Explicit dependency on target 'SwiftSyntax601' in project 'swift-syntax'
        ➜ Explicit dependency on target 'SwiftSyntax602' in project 'swift-syntax'
        ➜ Explicit dependency on target 'SwiftSyntax' in project 'swift-syntax'
    Target 'SwiftSyntax-product' in project 'swift-syntax'
        ➜ Explicit dependency on target 'SwiftSyntax' in project 'swift-syntax'
        ➜ Explicit dependency on target '_SwiftSyntaxCShims' in project 'swift-syntax'
        ➜ Explicit dependency on target 'SwiftSyntax509' in project 'swift-syntax'
        ➜ Explicit dependency on target 'SwiftSyntax510' in project 'swift-syntax'
        ➜ Explicit dependency on target 'SwiftSyntax600' in project 'swift-syntax'
        ➜ Explicit dependency on target 'SwiftSyntax601' in project 'swift-syntax'
        ➜ Explicit dependency on target 'SwiftSyntax602' in project 'swift-syntax'
    Target 'SwiftParser-product' in project 'swift-syntax'
        ➜ Explicit dependency on target 'SwiftParser' in project 'swift-syntax'
        ➜ Explicit dependency on target '_SwiftSyntaxCShims' in project 'swift-syntax'
        ➜ Explicit dependency on target 'SwiftSyntax509' in project 'swift-syntax'
        ➜ Explicit dependency on target 'SwiftSyntax510' in project 'swift-syntax'
        ➜ Explicit dependency on target 'SwiftSyntax600' in project 'swift-syntax'
        ➜ Explicit dependency on target 'SwiftSyntax601' in project 'swift-syntax'
        ➜ Explicit dependency on target 'SwiftSyntax602' in project 'swift-syntax'
        ➜ Explicit dependency on target 'SwiftSyntax' in project 'swift-syntax'
    Target 'SwiftParser' in project 'swift-syntax'
        ➜ Explicit dependency on target '_SwiftSyntaxCShims' in project 'swift-syntax'
        ➜ Explicit dependency on target 'SwiftSyntax509' in project 'swift-syntax'
        ➜ Explicit dependency on target 'SwiftSyntax510' in project 'swift-syntax'
        ➜ Explicit dependency on target 'SwiftSyntax600' in project 'swift-syntax'
        ➜ Explicit dependency on target 'SwiftSyntax601' in project 'swift-syntax'
        ➜ Explicit dependency on target 'SwiftSyntax602' in project 'swift-syntax'
        ➜ Explicit dependency on target 'SwiftSyntax' in project 'swift-syntax'
    Target 'SwiftSyntax' in project 'swift-syntax'
        ➜ Explicit dependency on target '_SwiftSyntaxCShims' in project 'swift-syntax'
        ➜ Explicit dependency on target 'SwiftSyntax509' in project 'swift-syntax'
        ➜ Explicit dependency on target 'SwiftSyntax510' in project 'swift-syntax'
        ➜ Explicit dependency on target 'SwiftSyntax600' in project 'swift-syntax'
        ➜ Explicit dependency on target 'SwiftSyntax601' in project 'swift-syntax'
        ➜ Explicit dependency on target 'SwiftSyntax602' in project 'swift-syntax'
    Target 'SwiftSyntax602' in project 'swift-syntax' (no dependencies)
    Target 'SwiftSyntax601' in project 'swift-syntax' (no dependencies)
    Target 'SwiftSyntax600' in project 'swift-syntax' (no dependencies)
    Target 'SwiftSyntax510' in project 'swift-syntax' (no dependencies)
    Target 'SwiftSyntax509' in project 'swift-syntax' (no dependencies)
    Target '_SwiftSyntaxCShims' in project 'swift-syntax' (no dependencies)
    Target 'Yams-product' in project 'Yams'
        ➜ Explicit dependency on target 'Yams' in project 'Yams'
        ➜ Explicit dependency on target 'CYaml' in project 'Yams'
    Target 'Yams' in project 'Yams'
        ➜ Explicit dependency on target 'CYaml' in project 'Yams'
    Target 'CYaml' in project 'Yams' (no dependencies)
GatherProvisioningInputs
CreateBuildDescription
ClangStatCache /Applications/Xcode-27.0.0-Release.Candidate.app/Contents/Developer/Toolchains/XcodeDefault.xctoolchain/usr/bin/clang-stat-cache /Applications/Xcode-27.0.0-Release.Candidate.app/Contents/Developer/Platforms/WatchOS.platform/Developer/SDKs/WatchOS27.0.sdk /Users/admin/builder/spi-builder-workspace/.derivedData/SDKStatCaches.noindex/watchos27.0-24R360-e829b21a6f8c9b70876ba0858053c04477534ef55a1706bf4c1112bbb242f0a2.sdkstatcache
    cd /Users/admin/builder/spi-builder-workspace/.swiftpm/xcode
    /Applications/Xcode-27.0.0-Release.Candidate.app/Contents/Developer/Toolchains/XcodeDefault.xctoolchain/usr/bin/clang-stat-cache /Applications/Xcode-27.0.0-Release.Candidate.app/Contents/Developer/Platforms/WatchOS.platform/Developer/SDKs/WatchOS27.0.sdk -o /Users/admin/builder/spi-builder-workspace/.derivedData/SDKStatCaches.noindex/watchos27.0-24R360-e829b21a6f8c9b70876ba0858053c04477534ef55a1706bf4c1112bbb242f0a2.sdkstatcache
SwiftDriver SwiftReload normal arm64_32 com.apple.xcode.tools.swift.compiler (in target 'SwiftReload' from project 'SwiftReload')
    cd /Users/admin/builder/spi-builder-workspace/.swiftpm/xcode
    builtin-SwiftDriver -- /Applications/Xcode-27.0.0-Release.Candidate.app/Contents/Developer/Toolchains/XcodeDefault.xctoolchain/usr/bin/swiftc -parse-as-library -module-name SwiftReload -Onone @/Users/admin/builder/spi-builder-workspace/.derivedData/Build/Intermediates.noindex/SwiftReload.build/Debug-watchos/SwiftReload-t.build/Objects-normal/arm64_32/SwiftReload.SwiftFileList -DSWIFT_PACKAGE -DDEBUG -DSWIFT_MODULE_RESOURCE_BUNDLE_UNAVAILABLE -Xcc -fmodule-map-file\=/Users/admin/builder/spi-builder-workspace/.dependencies/checkouts/Yams/Sources/CYaml/include/module.modulemap -Xcc -fmodule-map-file\=/Users/admin/builder/spi-builder-workspace/.dependencies/checkouts/swift-syntax/Sources/_SwiftSyntaxCShims/include/module.modulemap -DXcode -plugin-path /Applications/Xcode-27.0.0-Release.Candidate.app/Contents/Developer/Toolchains/XcodeDefault.xctoolchain/usr/lib/swift/host/plugins/testing -enable-experimental-feature DebugDescriptionMacro -sdk /Applications/Xcode-27.0.0-Release.Candidate.app/Contents/Developer/Platforms/WatchOS.platform/Developer/SDKs/WatchOS27.0.sdk -target arm64_32-apple-watchos9.0 -g -module-cache-path /Users/admin/builder/spi-builder-workspace/.derivedData/ModuleCache.noindex -Xfrontend -serialize-debugging-options -profile-coverage-mapping -profile-generate -enable-testing -index-store-path /Users/admin/builder/spi-builder-workspace/.derivedData/Index.noindex/DataStore -Xcc -D_LIBCPP_HARDENING_MODE\=_LIBCPP_HARDENING_MODE_DEBUG -swift-version 5 -I /Users/admin/builder/spi-builder-workspace/.derivedData/Build/Products/Debug-watchos -Isystem /Applications/Xcode-27.0.0-Release.Candidate.app/Contents/Developer/Platforms/WatchOS.platform/Developer/usr/lib -F /Users/admin/builder/spi-builder-workspace/.derivedData/Build/Products/Debug-watchos/PackageFrameworks -F /Users/admin/builder/spi-builder-workspace/.derivedData/Build/Products/Debug-watchos -F /Applications/Xcode-27.0.0-Release.Candidate.app/Contents/Developer/Platforms/WatchOS.platform/Developer/Library/Frameworks -F /Applications/Xcode-27.0.0-Release.Candidate.app/Contents/Developer/Platforms/WatchOS.platform/Developer/SDKs/WatchOS27.0.sdk/Developer/Library/Frameworks -c -j10 -enable-batch-mode -incremental -Xcc -ivfsstatcache -Xcc /Users/admin/builder/spi-builder-workspace/.derivedData/SDKStatCaches.noindex/watchos27.0-24R360-e829b21a6f8c9b70876ba0858053c04477534ef55a1706bf4c1112bbb242f0a2.sdkstatcache -output-file-map /Users/admin/builder/spi-builder-workspace/.derivedData/Build/Intermediates.noindex/SwiftReload.build/Debug-watchos/SwiftReload-t.build/Objects-normal/arm64_32/SwiftReload-OutputFileMap.json -save-temps -no-color-diagnostics -explicit-module-build -module-cache-path /Users/admin/builder/spi-builder-workspace/.derivedData/Build/Intermediates.noindex/SwiftExplicitPrecompiledModules -clang-scanner-module-cache-path /Users/admin/builder/spi-builder-workspace/.derivedData/ModuleCache.noindex -sdk-module-cache-path /Users/admin/builder/spi-builder-workspace/.derivedData/SDKExplicitPrecompiledModules -emit-dependencies -emit-module -emit-module-path /Users/admin/builder/spi-builder-workspace/.derivedData/Build/Intermediates.noindex/SwiftReload.build/Debug-watchos/SwiftReload-t.build/Objects-normal/arm64_32/SwiftReload.swiftmodule -serialize-diagnostics -dependency-scan-serialize-diagnostics-path /Users/admin/builder/spi-builder-workspace/.derivedData/Build/Intermediates.noindex/SwiftReload.build/Debug-watchos/SwiftReload-t.build/Objects-normal/arm64_32/SwiftReload-dependency-scan.dia -validate-clang-modules-once -clang-build-session-file /Users/admin/builder/spi-builder-workspace/.derivedData/ModuleCache.noindex/Session.modulevalidation -Xcc -fmodules-prune-interval\=86400 -Xcc -fmodules-prune-after\=345600 -package-name spi_builder_workspace -emit-const-values -const-gather-protocols-list /Users/admin/builder/spi-builder-workspace/.derivedData/Build/Intermediates.noindex/SwiftReload.build/Debug-watchos/SwiftReload-t.build/Objects-normal/arm64_32/SwiftReload_const_extract_protocols.json -Xcc -I/Users/admin/builder/spi-builder-workspace/.dependencies/checkouts/Yams/Sources/CYaml/include -Xcc -I/Users/admin/builder/spi-builder-workspace/.dependencies/checkouts/swift-syntax/Sources/_SwiftSyntaxCShims/include -Xcc -I/Users/admin/builder/spi-builder-workspace/.derivedData/Build/Products/Debug-watchos/include -Xcc -I/Users/admin/builder/spi-builder-workspace/.derivedData/Build/Intermediates.noindex/SwiftReload.build/Debug-watchos/SwiftReload-t.build/DerivedSources-normal/arm64_32 -Xcc -I/Users/admin/builder/spi-builder-workspace/.derivedData/Build/Intermediates.noindex/SwiftReload.build/Debug-watchos/SwiftReload-t.build/DerivedSources/arm64_32 -Xcc -I/Users/admin/builder/spi-builder-workspace/.derivedData/Build/Intermediates.noindex/SwiftReload.build/Debug-watchos/SwiftReload-t.build/DerivedSources -Xcc -DSWIFT_PACKAGE -Xcc -DDEBUG\=1 -emit-objc-header -emit-objc-header-path /Users/admin/builder/spi-builder-workspace/.derivedData/Build/Intermediates.noindex/SwiftReload.build/Debug-watchos/SwiftReload-t.build/Objects-normal/arm64_32/SwiftReload-Swift.h -working-directory /Users/admin/builder/spi-builder-workspace/.swiftpm/xcode -experimental-emit-module-separately -disable-cmo
SwiftDriver SwiftSyntax normal arm64 com.apple.xcode.tools.swift.compiler (in target 'SwiftSyntax' from project 'swift-syntax')
    cd /Users/admin/builder/spi-builder-workspace/.swiftpm/xcode
    builtin-SwiftDriver -- /Applications/Xcode-27.0.0-Release.Candidate.app/Contents/Developer/Toolchains/XcodeDefault.xctoolchain/usr/bin/swiftc -parse-as-library -module-name SwiftSyntax -Onone @/Users/admin/builder/spi-builder-workspace/.derivedData/Build/Intermediates.noindex/swift-syntax.build/Debug-watchos/SwiftSyntax-t.build/Objects-normal/arm64/SwiftSyntax.SwiftFileList -DSWIFT_PACKAGE -DDEBUG -DSWIFT_MODULE_RESOURCE_BUNDLE_UNAVAILABLE -Xcc -fmodule-map-file\=/Users/admin/builder/spi-builder-workspace/.dependencies/checkouts/swift-syntax/Sources/_SwiftSyntaxCShims/include/module.modulemap -DXcode -plugin-path /Applications/Xcode-27.0.0-Release.Candidate.app/Contents/Developer/Toolchains/XcodeDefault.xctoolchain/usr/lib/swift/host/plugins/testing -enable-experimental-feature DebugDescriptionMacro -sdk /Applications/Xcode-27.0.0-Release.Candidate.app/Contents/Developer/Platforms/WatchOS.platform/Developer/SDKs/WatchOS27.0.sdk -target arm64-apple-watchos9.0 -g -module-cache-path /Users/admin/builder/spi-builder-workspace/.derivedData/ModuleCache.noindex -Xfrontend -serialize-debugging-options -profile-coverage-mapping -profile-generate -enable-testing -suppress-warnings -index-store-path /Users/admin/builder/spi-builder-workspace/.derivedData/Index.noindex/DataStore -Xcc -D_LIBCPP_HARDENING_MODE\=_LIBCPP_HARDENING_MODE_DEBUG -swift-version 6 -I /Users/admin/builder/spi-builder-workspace/.derivedData/Build/Products/Debug-watchos -Isystem /Applications/Xcode-27.0.0-Release.Candidate.app/Contents/Developer/Platforms/WatchOS.platform/Developer/usr/lib -F /Users/admin/builder/spi-builder-workspace/.derivedData/Build/Products/Debug-watchos/PackageFrameworks -F /Users/admin/builder/spi-builder-workspace/.derivedData/Build/Products/Debug-watchos -F /Applications/Xcode-27.0.0-Release.Candidate.app/Contents/Developer/Platforms/WatchOS.platform/Developer/Library/Frameworks -F /Applications/Xcode-27.0.0-Release.Candidate.app/Contents/Developer/Platforms/WatchOS.platform/Developer/SDKs/WatchOS27.0.sdk/Developer/Library/Frameworks -c -j10 -enable-batch-mode -incremental -Xcc -ivfsstatcache -Xcc /Users/admin/builder/spi-builder-workspace/.derivedData/SDKStatCaches.noindex/watchos27.0-24R360-e829b21a6f8c9b70876ba0858053c04477534ef55a1706bf4c1112bbb242f0a2.sdkstatcache -output-file-map /Users/admin/builder/spi-builder-workspace/.derivedData/Build/Intermediates.noindex/swift-syntax.build/Debug-watchos/SwiftSyntax-t.build/Objects-normal/arm64/SwiftSyntax-OutputFileMap.json -save-temps -no-color-diagnostics -explicit-module-build -module-cache-path /Users/admin/builder/spi-builder-workspace/.derivedData/Build/Intermediates.noindex/SwiftExplicitPrecompiledModules -clang-scanner-module-cache-path /Users/admin/builder/spi-builder-workspace/.derivedData/ModuleCache.noindex -sdk-module-cache-path /Users/admin/builder/spi-builder-workspace/.derivedData/SDKExplicitPrecompiledModules -emit-dependencies -emit-module -emit-module-path /Users/admin/builder/spi-builder-workspace/.derivedData/Build/Intermediates.noindex/swift-syntax.build/Debug-watchos/SwiftSyntax-t.build/Objects-normal/arm64/SwiftSyntax.swiftmodule -serialize-diagnostics -dependency-scan-serialize-diagnostics-path /Users/admin/builder/spi-builder-workspace/.derivedData/Build/Intermediates.noindex/swift-syntax.build/Debug-watchos/SwiftSyntax-t.build/Objects-normal/arm64/SwiftSyntax-dependency-scan.dia -validate-clang-modules-once -clang-build-session-file /Users/admin/builder/spi-builder-workspace/.derivedData/ModuleCache.noindex/Session.modulevalidation -Xcc -fmodules-prune-interval\=86400 -Xcc -fmodules-prune-after\=345600 -package-name swift_syntax -emit-const-values -const-gather-protocols-list /Users/admin/builder/spi-builder-workspace/.derivedData/Build/Intermediates.noindex/swift-syntax.build/Debug-watchos/SwiftSyntax-t.build/Objects-normal/arm64/SwiftSyntax_const_extract_protocols.json -Xcc -I/Users/admin/builder/spi-builder-workspace/.dependencies/checkouts/swift-syntax/Sources/_SwiftSyntaxCShims/include -Xcc -I/Users/admin/builder/spi-builder-workspace/.derivedData/Build/Products/Debug-watchos/include -Xcc -I/Users/admin/builder/spi-builder-workspace/.derivedData/Build/Intermediates.noindex/swift-syntax.build/Debug-watchos/SwiftSyntax-t.build/DerivedSources-normal/arm64 -Xcc -I/Users/admin/builder/spi-builder-workspace/.derivedData/Build/Intermediates.noindex/swift-syntax.build/Debug-watchos/SwiftSyntax-t.build/DerivedSources/arm64 -Xcc -I/Users/admin/builder/spi-builder-workspace/.derivedData/Build/Intermediates.noindex/swift-syntax.build/Debug-watchos/SwiftSyntax-t.build/DerivedSources -Xcc -DSWIFT_PACKAGE -Xcc -DDEBUG\=1 -emit-objc-header -emit-objc-header-path /Users/admin/builder/spi-builder-workspace/.derivedData/Build/Intermediates.noindex/swift-syntax.build/Debug-watchos/SwiftSyntax-t.build/Objects-normal/arm64/SwiftSyntax-Swift.h -working-directory /Users/admin/builder/spi-builder-workspace/.swiftpm/xcode -experimental-emit-module-separately -disable-cmo
SwiftDriver SwiftReload normal arm64 com.apple.xcode.tools.swift.compiler (in target 'SwiftReload' from project 'SwiftReload')
    cd /Users/admin/builder/spi-builder-workspace/.swiftpm/xcode
    builtin-SwiftDriver -- /Applications/Xcode-27.0.0-Release.Candidate.app/Contents/Developer/Toolchains/XcodeDefault.xctoolchain/usr/bin/swiftc -parse-as-library -module-name SwiftReload -Onone @/Users/admin/builder/spi-builder-workspace/.derivedData/Build/Intermediates.noindex/SwiftReload.build/Debug-watchos/SwiftReload-t.build/Objects-normal/arm64/SwiftReload.SwiftFileList -DSWIFT_PACKAGE -DDEBUG -DSWIFT_MODULE_RESOURCE_BUNDLE_UNAVAILABLE -Xcc -fmodule-map-file\=/Users/admin/builder/spi-builder-workspace/.dependencies/checkouts/Yams/Sources/CYaml/include/module.modulemap -Xcc -fmodule-map-file\=/Users/admin/builder/spi-builder-workspace/.dependencies/checkouts/swift-syntax/Sources/_SwiftSyntaxCShims/include/module.modulemap -DXcode -plugin-path /Applications/Xcode-27.0.0-Release.Candidate.app/Contents/Developer/Toolchains/XcodeDefault.xctoolchain/usr/lib/swift/host/plugins/testing -enable-experimental-feature DebugDescriptionMacro -sdk /Applications/Xcode-27.0.0-Release.Candidate.app/Contents/Developer/Platforms/WatchOS.platform/Developer/SDKs/WatchOS27.0.sdk -target arm64-apple-watchos9.0 -g -module-cache-path /Users/admin/builder/spi-builder-workspace/.derivedData/ModuleCache.noindex -Xfrontend -serialize-debugging-options -profile-coverage-mapping -profile-generate -enable-testing -index-store-path /Users/admin/builder/spi-builder-workspace/.derivedData/Index.noindex/DataStore -Xcc -D_LIBCPP_HARDENING_MODE\=_LIBCPP_HARDENING_MODE_DEBUG -swift-version 5 -I /Users/admin/builder/spi-builder-workspace/.derivedData/Build/Products/Debug-watchos -Isystem /Applications/Xcode-27.0.0-Release.Candidate.app/Contents/Developer/Platforms/WatchOS.platform/Developer/usr/lib -F /Users/admin/builder/spi-builder-workspace/.derivedData/Build/Products/Debug-watchos/PackageFrameworks -F /Users/admin/builder/spi-builder-workspace/.derivedData/Build/Products/Debug-watchos -F /Applications/Xcode-27.0.0-Release.Candidate.app/Contents/Developer/Platforms/WatchOS.platform/Developer/Library/Frameworks -F /Applications/Xcode-27.0.0-Release.Candidate.app/Contents/Developer/Platforms/WatchOS.platform/Developer/SDKs/WatchOS27.0.sdk/Developer/Library/Frameworks -c -j10 -enable-batch-mode -incremental -Xcc -ivfsstatcache -Xcc /Users/admin/builder/spi-builder-workspace/.derivedData/SDKStatCaches.noindex/watchos27.0-24R360-e829b21a6f8c9b70876ba0858053c04477534ef55a1706bf4c1112bbb242f0a2.sdkstatcache -output-file-map /Users/admin/builder/spi-builder-workspace/.derivedData/Build/Intermediates.noindex/SwiftReload.build/Debug-watchos/SwiftReload-t.build/Objects-normal/arm64/SwiftReload-OutputFileMap.json -save-temps -no-color-diagnostics -explicit-module-build -module-cache-path /Users/admin/builder/spi-builder-workspace/.derivedData/Build/Intermediates.noindex/SwiftExplicitPrecompiledModules -clang-scanner-module-cache-path /Users/admin/builder/spi-builder-workspace/.derivedData/ModuleCache.noindex -sdk-module-cache-path /Users/admin/builder/spi-builder-workspace/.derivedData/SDKExplicitPrecompiledModules -emit-dependencies -emit-module -emit-module-path /Users/admin/builder/spi-builder-workspace/.derivedData/Build/Intermediates.noindex/SwiftReload.build/Debug-watchos/SwiftReload-t.build/Objects-normal/arm64/SwiftReload.swiftmodule -serialize-diagnostics -dependency-scan-serialize-diagnostics-path /Users/admin/builder/spi-builder-workspace/.derivedData/Build/Intermediates.noindex/SwiftReload.build/Debug-watchos/SwiftReload-t.build/Objects-normal/arm64/SwiftReload-dependency-scan.dia -validate-clang-modules-once -clang-build-session-file /Users/admin/builder/spi-builder-workspace/.derivedData/ModuleCache.noindex/Session.modulevalidation -Xcc -fmodules-prune-interval\=86400 -Xcc -fmodules-prune-after\=345600 -package-name spi_builder_workspace -emit-const-values -const-gather-protocols-list /Users/admin/builder/spi-builder-workspace/.derivedData/Build/Intermediates.noindex/SwiftReload.build/Debug-watchos/SwiftReload-t.build/Objects-normal/arm64/SwiftReload_const_extract_protocols.json -Xcc -I/Users/admin/builder/spi-builder-workspace/.dependencies/checkouts/Yams/Sources/CYaml/include -Xcc -I/Users/admin/builder/spi-builder-workspace/.dependencies/checkouts/swift-syntax/Sources/_SwiftSyntaxCShims/include -Xcc -I/Users/admin/builder/spi-builder-workspace/.derivedData/Build/Products/Debug-watchos/include -Xcc -I/Users/admin/builder/spi-builder-workspace/.derivedData/Build/Intermediates.noindex/SwiftReload.build/Debug-watchos/SwiftReload-t.build/DerivedSources-normal/arm64 -Xcc -I/Users/admin/builder/spi-builder-workspace/.derivedData/Build/Intermediates.noindex/SwiftReload.build/Debug-watchos/SwiftReload-t.build/DerivedSources/arm64 -Xcc -I/Users/admin/builder/spi-builder-workspace/.derivedData/Build/Intermediates.noindex/SwiftReload.build/Debug-watchos/SwiftReload-t.build/DerivedSources -Xcc -DSWIFT_PACKAGE -Xcc -DDEBUG\=1 -emit-objc-header -emit-objc-header-path /Users/admin/builder/spi-builder-workspace/.derivedData/Build/Intermediates.noindex/SwiftReload.build/Debug-watchos/SwiftReload-t.build/Objects-normal/arm64/SwiftReload-Swift.h -working-directory /Users/admin/builder/spi-builder-workspace/.swiftpm/xcode -experimental-emit-module-separately -disable-cmo
SwiftEmitModule normal arm64_32 Emitting\ module\ for\ SwiftReload (in target 'SwiftReload' from project 'SwiftReload')
SwiftCompile normal arm64_32 (in target 'SwiftReload' from project 'SwiftReload')
    cd /Users/admin/builder/spi-builder-workspace/.swiftpm/xcode

SwiftCompile normal arm64_32 Compiling\ LocalSwiftReloader.swift,\ CommandPatcher.swift /Users/admin/builder/spi-builder-workspace/Sources/SwiftReload/LocalSwiftReloader.swift /Users/admin/builder/spi-builder-workspace/Sources/SwiftReload/Patcher/CommandPatcher.swift (in target 'SwiftReload' from project 'SwiftReload')
/Users/admin/builder/spi-builder-workspace/Sources/SwiftReload/LocalSwiftReloader.swift:146:24: error: cannot find 'Process' in scope
144 | /// Execute a Swift build command.
145 | private func executeCommand(_ command: SwiftBuildCommand) {
146 |     let process = try! Process.run(
    |                        `- error: cannot find 'Process' in scope
147 |         URL(fileURLWithPath: command.args.first!),
148 |         arguments: command.args.dropFirst().map { $0 }
Failed frontend command:
/Applications/Xcode-27.0.0-Release.Candidate.app/Contents/Developer/Toolchains/XcodeDefault.xctoolchain/usr/bin/swift-frontend -frontend -c /Users/admin/builder/spi-builder-workspace/Sources/SwiftReload/Build/SwiftBuildCommand.swift /Users/admin/builder/spi-builder-workspace/Sources/SwiftReload/Build/SwiftBuildManifest.swift -primary-file /Users/admin/builder/spi-builder-workspace/Sources/SwiftReload/LocalSwiftReloader.swift -primary-file /Users/admin/builder/spi-builder-workspace/Sources/SwiftReload/Patcher/CommandPatcher.swift /Users/admin/builder/spi-builder-workspace/Sources/SwiftReload/Patcher/Patcher.swift /Users/admin/builder/spi-builder-workspace/Sources/SwiftReload/Patcher/PatcherState.swift /Users/admin/builder/spi-builder-workspace/Sources/SwiftReload/ProjectExtractor/ProjectExtractor.swift /Users/admin/builder/spi-builder-workspace/Sources/SwiftReload/ProjectExtractor/SwiftPMProjectExtractor.swift /Users/admin/builder/spi-builder-workspace/Sources/SwiftReload/SyntaxDiff/SyntaxDiff.swift /Users/admin/builder/spi-builder-workspace/Sources/SwiftReload/Watcher/ByteString.swift /Users/admin/builder/spi-builder-workspace/Sources/SwiftReload/Watcher/Condition.swift /Users/admin/builder/spi-builder-workspace/Sources/SwiftReload/Watcher/FSWatch.swift /Users/admin/builder/spi-builder-workspace/Sources/SwiftReload/Watcher/FileInfo.swift /Users/admin/builder/spi-builder-workspace/Sources/SwiftReload/Watcher/FileSystem.swift /Users/admin/builder/spi-builder-workspace/Sources/SwiftReload/Watcher/PathUtils.swift /Users/admin/builder/spi-builder-workspace/Sources/SwiftReload/Watcher/ProcessEnv.swift /Users/admin/builder/spi-builder-workspace/Sources/SwiftReload/Watcher/RecursiveWatcher.swift /Users/admin/builder/spi-builder-workspace/Sources/SwiftReload/Watcher/Thread.swift /Users/admin/builder/spi-builder-workspace/Sources/SwiftReload/Watcher/WatcherUtils.swift /Users/admin/builder/spi-builder-workspace/Sources/SwiftReload/Watcher/WritableByteStream.swift -emit-dependencies-path /Users/admin/builder/spi-builder-workspace/.derivedData/Build/Intermediates.noindex/SwiftReload.build/Debug-watchos/SwiftReload-t.build/Objects-normal/arm64_32/LocalSwiftReloader.d -emit-const-values-path /Users/admin/builder/spi-builder-workspace/.derivedData/Build/Intermediates.noindex/SwiftReload.build/Debug-watchos/SwiftReload-t.build/Objects-normal/arm64_32/LocalSwiftReloader.swiftconstvalues -emit-reference-dependencies-path /Users/admin/builder/spi-builder-workspace/.derivedData/Build/Intermediates.noindex/SwiftReload.build/Debug-watchos/SwiftReload-t.build/Objects-normal/arm64_32/LocalSwiftReloader.swiftdeps -serialize-diagnostics-path /Users/admin/builder/spi-builder-workspace/.derivedData/Build/Intermediates.noindex/SwiftReload.build/Debug-watchos/SwiftReload-t.build/Objects-normal/arm64_32/LocalSwiftReloader.dia -emit-dependencies-path /Users/admin/builder/spi-builder-workspace/.derivedData/Build/Intermediates.noindex/SwiftReload.build/Debug-watchos/SwiftReload-t.build/Objects-normal/arm64_32/CommandPatcher.d -emit-const-values-path /Users/admin/builder/spi-builder-workspace/.derivedData/Build/Intermediates.noindex/SwiftReload.build/Debug-watchos/SwiftReload-t.build/Objects-normal/arm64_32/CommandPatcher.swiftconstvalues -emit-reference-dependencies-path /Users/admin/builder/spi-builder-workspace/.derivedData/Build/Intermediates.noindex/SwiftReload.build/Debug-watchos/SwiftReload-t.build/Objects-normal/arm64_32/CommandPatcher.swiftdeps -serialize-diagnostics-path /Users/admin/builder/spi-builder-workspace/.derivedData/Build/Intermediates.noindex/SwiftReload.build/Debug-watchos/SwiftReload-t.build/Objects-normal/arm64_32/CommandPatcher.dia -target arm64_32-apple-watchos9.0 -module-can-import-version Darwin 428.0.10 0 -disable-cross-import-overlay-search -load-resolved-plugin /Applications/Xcode-27.0.0-Release.Candidate.app/Contents/Developer/Platforms/WatchOS.platform/Developer/usr/lib/swift/host/plugins/libFoundationMacros.dylib\#/Applications/Xcode-27.0.0-Release.Candidate.app/Contents/Developer/Platforms/WatchOS.platform/Developer/usr/bin/swift-plugin-server\#FoundationMacros -load-resolved-plugin /Applications/Xcode-27.0.0-Release.Candidate.app/Contents/Developer/Platforms/WatchOS.platform/Developer/usr/lib/swift/host/plugins/libObservationMacros.dylib\#/Applications/Xcode-27.0.0-Release.Candidate.app/Contents/Developer/Platforms/WatchOS.platform/Developer/usr/bin/swift-plugin-server\#ObservationMacros -load-resolved-plugin /Applications/Xcode-27.0.0-Release.Candidate.app/Contents/Developer/Platforms/WatchOS.platform/Developer/usr/lib/swift/host/plugins/libSwiftMacros.dylib\#/Applications/Xcode-27.0.0-Release.Candidate.app/Contents/Developer/Platforms/WatchOS.platform/Developer/usr/bin/swift-plugin-server\#SwiftMacros -disable-implicit-swift-modules -Xcc -fno-implicit-modules -Xcc -fno-implicit-module-maps -explicit-swift-module-map-file /Users/admin/builder/spi-builder-workspace/.derivedData/Build/Intermediates.noindex/SwiftReload.build/Debug-watchos/SwiftReload-t.build/Objects-normal/arm64_32/SwiftReload-dependencies-2.json -enable-objc-interop -sdk /Applications/Xcode-27.0.0-Release.Candidate.app/Contents/Developer/Platforms/WatchOS.platform/Developer/SDKs/WatchOS27.0.sdk -I /Users/admin/builder/spi-builder-workspace/.derivedData/Build/Products/Debug-watchos -Isystem /Applications/Xcode-27.0.0-Release.Candidate.app/Contents/Developer/Platforms/WatchOS.platform/Developer/usr/lib -F /Users/admin/builder/spi-builder-workspace/.derivedData/Build/Products/Debug-watchos/PackageFrameworks -F /Users/admin/builder/spi-builder-workspace/.derivedData/Build/Products/Debug-watchos -F /Applications/Xcode-27.0.0-Release.Candidate.app/Contents/Developer/Platforms/WatchOS.platform/Developer/Library/Frameworks -F /Applications/Xcode-27.0.0-Release.Candidate.app/Contents/Developer/Platforms/WatchOS.platform/Developer/SDKs/WatchOS27.0.sdk/Developer/Library/Frameworks -module-cache-path /Users/admin/builder/spi-builder-workspace/.derivedData/Build/Intermediates.noindex/SwiftExplicitPrecompiledModules -no-color-diagnostics -Xcc -fno-color-diagnostics -enable-testing -g -debug-info-format\=dwarf -dwarf-version\=4 -profile-generate -profile-coverage-mapping -swift-version 5 -Onone -D SWIFT_PACKAGE -D DEBUG -D SWIFT_MODULE_RESOURCE_BUNDLE_UNAVAILABLE -D Xcode -serialize-debugging-options -enable-experimental-feature DebugDescriptionMacro -empty-abi-descriptor -validate-clang-modules-once -clang-build-session-file /Users/admin/builder/spi-builder-workspace/.derivedData/ModuleCache.noindex/Session.modulevalidation -Xcc -working-directory -Xcc /Users/admin/builder/spi-builder-workspace/.swiftpm/xcode -enable-anonymous-context-mangled-names -file-compilation-dir /Users/admin/builder/spi-builder-workspace/.swiftpm/xcode -Xcc -fmodule-map-file\=/Users/admin/builder/spi-builder-workspace/.dependencies/checkouts/Yams/Sources/CYaml/include/module.modulemap -Xcc -fmodule-map-file\=/Users/admin/builder/spi-builder-workspace/.dependencies/checkouts/swift-syntax/Sources/_SwiftSyntaxCShims/include/module.modulemap -Xcc -D_LIBCPP_HARDENING_MODE\=_LIBCPP_HARDENING_MODE_DEBUG -Xcc -ivfsstatcache -Xcc /Users/admin/builder/spi-builder-workspace/.derivedData/SDKStatCaches.noindex/watchos27.0-24R360-e829b21a6f8c9b70876ba0858053c04477534ef55a1706bf4c1112bbb242f0a2.sdkstatcache -Xcc -fmodules-prune-interval\=86400 -Xcc -fmodules-prune-after\=345600 -Xcc -I/Users/admin/builder/spi-builder-workspace/.dependencies/checkouts/Yams/Sources/CYaml/include -Xcc -I/Users/admin/builder/spi-builder-workspace/.dependencies/checkouts/swift-syntax/Sources/_SwiftSyntaxCShims/include -Xcc -I/Users/admin/builder/spi-builder-workspace/.derivedData/Build/Products/Debug-watchos/include -Xcc -I/Users/admin/builder/spi-builder-workspace/.derivedData/Build/Intermediates.noindex/SwiftReload.build/Debug-watchos/SwiftReload-t.build/DerivedSources-normal/arm64_32 -Xcc -I/Users/admin/builder/spi-builder-workspace/.derivedData/Build/Intermediates.noindex/SwiftReload.build/Debug-watchos/SwiftReload-t.build/DerivedSources/arm64_32 -Xcc -I/Users/admin/builder/spi-builder-workspace/.derivedData/Build/Intermediates.noindex/SwiftReload.build/Debug-watchos/SwiftReload-t.build/DerivedSources -Xcc -DSWIFT_PACKAGE -Xcc -DDEBUG\=1 -no-auto-bridging-header-chaining -module-name SwiftReload -package-name spi_builder_workspace -const-gather-protocols-file /Users/admin/builder/spi-builder-workspace/.derivedData/Build/Intermediates.noindex/SwiftReload.build/Debug-watchos/SwiftReload-t.build/Objects-normal/arm64_32/SwiftReload_const_extract_protocols.json -disable-clang-spi -clang-target arm64_32-apple-watchos27.0 -target-sdk-version 27.0 -target-sdk-name watchos27.0 -in-process-plugin-server-path /Applications/Xcode-27.0.0-Release.Candidate.app/Contents/Developer/Toolchains/XcodeDefault.xctoolchain/usr/lib/swift/host/libSwiftInProcPluginServer.dylib -parse-as-library -o /Users/admin/builder/spi-builder-workspace/.derivedData/Build/Intermediates.noindex/SwiftReload.build/Debug-watchos/SwiftReload-t.build/Objects-normal/arm64_32/LocalSwiftReloader.o -o /Users/admin/builder/spi-builder-workspace/.derivedData/Build/Intermediates.noindex/SwiftReload.build/Debug-watchos/SwiftReload-t.build/Objects-normal/arm64_32/CommandPatcher.o -debug-module-path /Users/admin/builder/spi-builder-workspace/.derivedData/Build/Intermediates.noindex/SwiftReload.build/Debug-watchos/SwiftReload-t.build/Objects-normal/arm64_32/SwiftReload.swiftmodule -index-unit-output-path /SwiftReload.build/Debug-watchos/SwiftReload-t.build/Objects-normal/arm64_32/LocalSwiftReloader.o -index-unit-output-path /SwiftReload.build/Debug-watchos/SwiftReload-t.build/Objects-normal/arm64_32/CommandPatcher.o -index-store-path /Users/admin/builder/spi-builder-workspace/.derivedData/Index.noindex/DataStore -index-system-modules
SwiftCompile normal arm64_32 /Users/admin/builder/spi-builder-workspace/Sources/SwiftReload/LocalSwiftReloader.swift (in target 'SwiftReload' from project 'SwiftReload')
    cd /Users/admin/builder/spi-builder-workspace/.swiftpm/xcode
    builtin-SwiftPerFileCompile LocalSwiftReloader.swift
SwiftCompile normal arm64_32 /Users/admin/builder/spi-builder-workspace/Sources/SwiftReload/Patcher/CommandPatcher.swift (in target 'SwiftReload' from project 'SwiftReload')
    cd /Users/admin/builder/spi-builder-workspace/.swiftpm/xcode
    builtin-SwiftPerFileCompile CommandPatcher.swift
SwiftCompile normal arm64_32 Compiling\ SyntaxDiff.swift,\ ByteString.swift /Users/admin/builder/spi-builder-workspace/Sources/SwiftReload/SyntaxDiff/SyntaxDiff.swift /Users/admin/builder/spi-builder-workspace/Sources/SwiftReload/Watcher/ByteString.swift (in target 'SwiftReload' from project 'SwiftReload')
SwiftCompile normal arm64_32 /Users/admin/builder/spi-builder-workspace/Sources/SwiftReload/SyntaxDiff/SyntaxDiff.swift (in target 'SwiftReload' from project 'SwiftReload')
    cd /Users/admin/builder/spi-builder-workspace/.swiftpm/xcode
    builtin-SwiftPerFileCompile SyntaxDiff.swift
SwiftCompile normal arm64_32 /Users/admin/builder/spi-builder-workspace/Sources/SwiftReload/Watcher/ByteString.swift (in target 'SwiftReload' from project 'SwiftReload')
    cd /Users/admin/builder/spi-builder-workspace/.swiftpm/xcode
    builtin-SwiftPerFileCompile ByteString.swift
SwiftCompile normal arm64_32 Compiling\ Patcher.swift,\ PatcherState.swift /Users/admin/builder/spi-builder-workspace/Sources/SwiftReload/Patcher/Patcher.swift /Users/admin/builder/spi-builder-workspace/Sources/SwiftReload/Patcher/PatcherState.swift (in target 'SwiftReload' from project 'SwiftReload')
SwiftCompile normal arm64_32 /Users/admin/builder/spi-builder-workspace/Sources/SwiftReload/Patcher/Patcher.swift (in target 'SwiftReload' from project 'SwiftReload')
    cd /Users/admin/builder/spi-builder-workspace/.swiftpm/xcode
    builtin-SwiftPerFileCompile Patcher.swift
SwiftCompile normal arm64_32 /Users/admin/builder/spi-builder-workspace/Sources/SwiftReload/Patcher/PatcherState.swift (in target 'SwiftReload' from project 'SwiftReload')
    cd /Users/admin/builder/spi-builder-workspace/.swiftpm/xcode
    builtin-SwiftPerFileCompile PatcherState.swift
SwiftCompile normal arm64_32 Compiling\ Condition.swift,\ FSWatch.swift /Users/admin/builder/spi-builder-workspace/Sources/SwiftReload/Watcher/Condition.swift /Users/admin/builder/spi-builder-workspace/Sources/SwiftReload/Watcher/FSWatch.swift (in target 'SwiftReload' from project 'SwiftReload')
SwiftCompile normal arm64_32 /Users/admin/builder/spi-builder-workspace/Sources/SwiftReload/Watcher/Condition.swift (in target 'SwiftReload' from project 'SwiftReload')
    cd /Users/admin/builder/spi-builder-workspace/.swiftpm/xcode
    builtin-SwiftPerFileCompile Condition.swift
SwiftCompile normal arm64_32 /Users/admin/builder/spi-builder-workspace/Sources/SwiftReload/Watcher/FSWatch.swift (in target 'SwiftReload' from project 'SwiftReload')
    cd /Users/admin/builder/spi-builder-workspace/.swiftpm/xcode
    builtin-SwiftPerFileCompile FSWatch.swift
SwiftCompile normal arm64_32 Compiling\ PathUtils.swift,\ ProcessEnv.swift /Users/admin/builder/spi-builder-workspace/Sources/SwiftReload/Watcher/PathUtils.swift /Users/admin/builder/spi-builder-workspace/Sources/SwiftReload/Watcher/ProcessEnv.swift (in target 'SwiftReload' from project 'SwiftReload')
SwiftCompile normal arm64_32 /Users/admin/builder/spi-builder-workspace/Sources/SwiftReload/Watcher/PathUtils.swift (in target 'SwiftReload' from project 'SwiftReload')
    cd /Users/admin/builder/spi-builder-workspace/.swiftpm/xcode
    builtin-SwiftPerFileCompile PathUtils.swift
SwiftCompile normal arm64_32 /Users/admin/builder/spi-builder-workspace/Sources/SwiftReload/Watcher/ProcessEnv.swift (in target 'SwiftReload' from project 'SwiftReload')
    cd /Users/admin/builder/spi-builder-workspace/.swiftpm/xcode
    builtin-SwiftPerFileCompile ProcessEnv.swift
SwiftCompile normal arm64_32 Compiling\ FileInfo.swift,\ FileSystem.swift /Users/admin/builder/spi-builder-workspace/Sources/SwiftReload/Watcher/FileInfo.swift /Users/admin/builder/spi-builder-workspace/Sources/SwiftReload/Watcher/FileSystem.swift (in target 'SwiftReload' from project 'SwiftReload')
SwiftCompile normal arm64_32 /Users/admin/builder/spi-builder-workspace/Sources/SwiftReload/Watcher/FileInfo.swift (in target 'SwiftReload' from project 'SwiftReload')
    cd /Users/admin/builder/spi-builder-workspace/.swiftpm/xcode
    builtin-SwiftPerFileCompile FileInfo.swift
SwiftCompile normal arm64_32 /Users/admin/builder/spi-builder-workspace/Sources/SwiftReload/Watcher/FileSystem.swift (in target 'SwiftReload' from project 'SwiftReload')
    cd /Users/admin/builder/spi-builder-workspace/.swiftpm/xcode
    builtin-SwiftPerFileCompile FileSystem.swift
SwiftCompile normal arm64_32 Compiling\ WatcherUtils.swift,\ WritableByteStream.swift /Users/admin/builder/spi-builder-workspace/Sources/SwiftReload/Watcher/WatcherUtils.swift /Users/admin/builder/spi-builder-workspace/Sources/SwiftReload/Watcher/WritableByteStream.swift (in target 'SwiftReload' from project 'SwiftReload')
SwiftCompile normal arm64_32 /Users/admin/builder/spi-builder-workspace/Sources/SwiftReload/Watcher/WatcherUtils.swift (in target 'SwiftReload' from project 'SwiftReload')
    cd /Users/admin/builder/spi-builder-workspace/.swiftpm/xcode
    builtin-SwiftPerFileCompile WatcherUtils.swift
SwiftCompile normal arm64_32 /Users/admin/builder/spi-builder-workspace/Sources/SwiftReload/Watcher/WritableByteStream.swift (in target 'SwiftReload' from project 'SwiftReload')
    cd /Users/admin/builder/spi-builder-workspace/.swiftpm/xcode
    builtin-SwiftPerFileCompile WritableByteStream.swift
SwiftCompile normal arm64_32 Compiling\ ProjectExtractor.swift,\ SwiftPMProjectExtractor.swift /Users/admin/builder/spi-builder-workspace/Sources/SwiftReload/ProjectExtractor/ProjectExtractor.swift /Users/admin/builder/spi-builder-workspace/Sources/SwiftReload/ProjectExtractor/SwiftPMProjectExtractor.swift (in target 'SwiftReload' from project 'SwiftReload')
SwiftCompile normal arm64_32 /Users/admin/builder/spi-builder-workspace/Sources/SwiftReload/ProjectExtractor/ProjectExtractor.swift (in target 'SwiftReload' from project 'SwiftReload')
    cd /Users/admin/builder/spi-builder-workspace/.swiftpm/xcode
    builtin-SwiftPerFileCompile ProjectExtractor.swift
SwiftCompile normal arm64_32 /Users/admin/builder/spi-builder-workspace/Sources/SwiftReload/ProjectExtractor/SwiftPMProjectExtractor.swift (in target 'SwiftReload' from project 'SwiftReload')
    cd /Users/admin/builder/spi-builder-workspace/.swiftpm/xcode
    builtin-SwiftPerFileCompile SwiftPMProjectExtractor.swift
SwiftEmitModule normal arm64 Emitting\ module\ for\ SwiftReload (in target 'SwiftReload' from project 'SwiftReload')
SwiftCompile normal arm64 (in target 'SwiftReload' from project 'SwiftReload')
    cd /Users/admin/builder/spi-builder-workspace/.swiftpm/xcode

SwiftEmitModule normal arm64 Emitting\ module\ for\ SwiftSyntax (in target 'SwiftSyntax' from project 'swift-syntax')
SwiftCompile normal arm64 (in target 'SwiftSyntax' from project 'swift-syntax')
    cd /Users/admin/builder/spi-builder-workspace/.swiftpm/xcode

SwiftDriverJobDiscovery normal arm64_32 Compiling Condition.swift, FSWatch.swift (in target 'SwiftReload' from project 'SwiftReload')
SwiftCompile normal arm64 Compiling\ SwiftSyntaxCompatibility.swift,\ Syntax.swift,\ SyntaxChildren.swift,\ SyntaxCollection.swift,\ SyntaxHashable.swift,\ SyntaxIdentifier.swift,\ SyntaxNodeStructure.swift /Users/admin/builder/spi-builder-workspace/.dependencies/checkouts/swift-syntax/Sources/SwiftSyntax/SwiftSyntaxCompatibility.swift /Users/admin/builder/spi-builder-workspace/.dependencies/checkouts/swift-syntax/Sources/SwiftSyntax/Syntax.swift /Users/admin/builder/spi-builder-workspace/.dependencies/checkouts/swift-syntax/Sources/SwiftSyntax/SyntaxChildren.swift /Users/admin/builder/spi-builder-workspace/.dependencies/checkouts/swift-syntax/Sources/SwiftSyntax/SyntaxCollection.swift /Users/admin/builder/spi-builder-workspace/.dependencies/checkouts/swift-syntax/Sources/SwiftSyntax/SyntaxHashable.swift /Users/admin/builder/spi-builder-workspace/.dependencies/checkouts/swift-syntax/Sources/SwiftSyntax/SyntaxIdentifier.swift /Users/admin/builder/spi-builder-workspace/.dependencies/checkouts/swift-syntax/Sources/SwiftSyntax/SyntaxNodeStructure.swift (in target 'SwiftSyntax' from project 'swift-syntax')
SwiftCompile normal arm64 /Users/admin/builder/spi-builder-workspace/.dependencies/checkouts/swift-syntax/Sources/SwiftSyntax/SwiftSyntaxCompatibility.swift (in target 'SwiftSyntax' from project 'swift-syntax')
    cd /Users/admin/builder/spi-builder-workspace/.swiftpm/xcode
    builtin-SwiftPerFileCompile SwiftSyntaxCompatibility.swift
SwiftCompile normal arm64 /Users/admin/builder/spi-builder-workspace/.dependencies/checkouts/swift-syntax/Sources/SwiftSyntax/Syntax.swift (in target 'SwiftSyntax' from project 'swift-syntax')
    cd /Users/admin/builder/spi-builder-workspace/.swiftpm/xcode
    builtin-SwiftPerFileCompile Syntax.swift
SwiftCompile normal arm64 /Users/admin/builder/spi-builder-workspace/.dependencies/checkouts/swift-syntax/Sources/SwiftSyntax/SyntaxChildren.swift (in target 'SwiftSyntax' from project 'swift-syntax')
    cd /Users/admin/builder/spi-builder-workspace/.swiftpm/xcode
    builtin-SwiftPerFileCompile SyntaxChildren.swift
SwiftCompile normal arm64 /Users/admin/builder/spi-builder-workspace/.dependencies/checkouts/swift-syntax/Sources/SwiftSyntax/SyntaxCollection.swift (in target 'SwiftSyntax' from project 'swift-syntax')
    cd /Users/admin/builder/spi-builder-workspace/.swiftpm/xcode
    builtin-SwiftPerFileCompile SyntaxCollection.swift
SwiftCompile normal arm64 /Users/admin/builder/spi-builder-workspace/.dependencies/checkouts/swift-syntax/Sources/SwiftSyntax/SyntaxHashable.swift (in target 'SwiftSyntax' from project 'swift-syntax')
    cd /Users/admin/builder/spi-builder-workspace/.swiftpm/xcode
    builtin-SwiftPerFileCompile SyntaxHashable.swift
SwiftCompile normal arm64 /Users/admin/builder/spi-builder-workspace/.dependencies/checkouts/swift-syntax/Sources/SwiftSyntax/SyntaxIdentifier.swift (in target 'SwiftSyntax' from project 'swift-syntax')
    cd /Users/admin/builder/spi-builder-workspace/.swiftpm/xcode
    builtin-SwiftPerFileCompile SyntaxIdentifier.swift
SwiftCompile normal arm64 /Users/admin/builder/spi-builder-workspace/.dependencies/checkouts/swift-syntax/Sources/SwiftSyntax/SyntaxNodeStructure.swift (in target 'SwiftSyntax' from project 'swift-syntax')
    cd /Users/admin/builder/spi-builder-workspace/.swiftpm/xcode
    builtin-SwiftPerFileCompile SyntaxNodeStructure.swift
PruneExplicitPrecompiledModules /Users/admin/builder/spi-builder-workspace/.derivedData/SDKExplicitPrecompiledModules
PruneExplicitPrecompiledModules /Users/admin/builder/spi-builder-workspace/.derivedData/Build/Intermediates.noindex/SwiftExplicitPrecompiledModules
PruneExplicitPrecompiledModules /Users/admin/builder/spi-builder-workspace/.derivedData/Build/Intermediates.noindex/ExplicitPrecompiledModules
2026-09-23 06:19:50.537 xcodebuild[1226:6814] [MT] IDERunDestination: Supported platforms for the buildables in the current scheme is empty.
** BUILD FAILED **
The following build commands failed:
	SwiftCompile normal arm64_32 Compiling\ LocalSwiftReloader.swift,\ CommandPatcher.swift /Users/admin/builder/spi-builder-workspace/Sources/SwiftReload/LocalSwiftReloader.swift /Users/admin/builder/spi-builder-workspace/Sources/SwiftReload/Patcher/CommandPatcher.swift (in target 'SwiftReload' from project 'SwiftReload')
	SwiftCompile normal arm64_32 /Users/admin/builder/spi-builder-workspace/Sources/SwiftReload/LocalSwiftReloader.swift (in target 'SwiftReload' from project 'SwiftReload')
	Building workspace SwiftReload with scheme SwiftReload-Package
(3 failures)
BUILD FAILURE 6.4 watchOS