Build Information
Failed to build SwiftUIActivityGrid, reference 0.5.0 (93fb35), with Swift 6.2 for Linux on 9 Oct 2026 12:38:52 UTC.
Build Command
bash -c docker run --pull=always --rm -v "checkouts-54344845-0":/host -w "$PWD" -e JAVA_HOME="/root/.sdkman/candidates/java/current" -e SPI_BUILD="1" -e SPI_PROCESSING="1" registry.gitlab.com/saguaro1/spi-images:basic-6.2-latest swift build --triple x86_64-unknown-linux-gnu 2>&1Build Log
========================================
RunAll
========================================
Builder version: 5.1.1
Interrupt handler set up.
========================================
Checkout
========================================
Clone URL: https://github.com/ferenozcelik/swiftui-activity-grid.git
Reference: 0.5.0
Initialized empty Git repository in /host/spi-builder-workspace/.git/
hint: Using 'master' as the name for the initial branch. This default branch name
hint: is subject to change. To configure the initial branch name to use in all
hint: of your new repositories, which will suppress this warning, call:
hint:
hint: git config --global init.defaultBranch <name>
hint:
hint: Names commonly chosen instead of 'master' are 'main', 'trunk' and
hint: 'development'. The just-created branch can be renamed via this command:
hint:
hint: git branch -m <name>
From https://github.com/ferenozcelik/swiftui-activity-grid
* tag 0.5.0 -> FETCH_HEAD
HEAD is now at 93fb35a Share: PNG only, grid alignment, example page fixes
Cloned https://github.com/ferenozcelik/swiftui-activity-grid.git
Revision (git rev-parse @):
93fb35a8c46b772d0a5c88757d8898ea3adf1b0a
SPI manifest file found: $PWD/.spi.yml
SUCCESS checkout https://github.com/ferenozcelik/swiftui-activity-grid.git at 0.5.0
========================================
Build
========================================
Selected platform: linux
Swift version: 6.2
Building package at path: $PWD
https://github.com/ferenozcelik/swiftui-activity-grid.git
Running build ...
bash -c docker run --pull=always --rm -v "checkouts-54344845-0":/host -w "$PWD" -e JAVA_HOME="/root/.sdkman/candidates/java/current" -e SPI_BUILD="1" -e SPI_PROCESSING="1" registry.gitlab.com/saguaro1/spi-images:basic-6.2-latest swift build --triple x86_64-unknown-linux-gnu 2>&1
basic-6.2-latest: Pulling from saguaro1/spi-images
Digest: sha256:24009fa1488c01937630ee3297a7a7a1872c773069724929dff85071fefc3743
Status: Image is up to date for registry.gitlab.com/saguaro1/spi-images:basic-6.2-latest
Building for debugging...
[0/5] Write sources
[1/5] Copying PrivacyInfo.xcprivacy
[1/5] Copying Localizable.xcstrings
[3/5] Copying Info.plist
[4/5] Write swift-version-24593BA9C3E375BF.txt
error: emit-module command failed with exit code 1 (use -v to see invocation)
[6/32] Emitting module SwiftUIActivityGrid
/host/spi-builder-workspace/Sources/SwiftUIActivityGrid/ActivityGrid.swift:1:8: error: no such module 'Combine'
1 | import Combine
| `- error: no such module 'Combine'
2 | import SwiftUI
3 |
[7/35] Compiling SwiftUIActivityGrid ActivityGrid.swift
/host/spi-builder-workspace/Sources/SwiftUIActivityGrid/ActivityGrid.swift:1:8: error: no such module 'Combine'
1 | import Combine
| `- error: no such module 'Combine'
2 | import SwiftUI
3 |
[8/35] Compiling SwiftUIActivityGrid ActivityGridExporter.swift
/host/spi-builder-workspace/Sources/SwiftUIActivityGrid/ActivityGrid.swift:1:8: error: no such module 'Combine'
1 | import Combine
| `- error: no such module 'Combine'
2 | import SwiftUI
3 |
[9/35] Compiling SwiftUIActivityGrid ActivityGridShareButton.swift
/host/spi-builder-workspace/Sources/SwiftUIActivityGrid/ActivityGrid.swift:1:8: error: no such module 'Combine'
1 | import Combine
| `- error: no such module 'Combine'
2 | import SwiftUI
3 |
[10/35] Compiling SwiftUIActivityGrid ActivityGridShareCard.swift
/host/spi-builder-workspace/Sources/SwiftUIActivityGrid/ActivityGrid.swift:1:8: error: no such module 'Combine'
1 | import Combine
| `- error: no such module 'Combine'
2 | import SwiftUI
3 |
[11/35] Compiling SwiftUIActivityGrid ActivityGridShareFormat.swift
/host/spi-builder-workspace/Sources/SwiftUIActivityGrid/ActivityGrid.swift:1:8: error: no such module 'Combine'
1 | import Combine
| `- error: no such module 'Combine'
2 | import SwiftUI
3 |
[12/35] Compiling SwiftUIActivityGrid Tooltip.swift
/host/spi-builder-workspace/Sources/SwiftUIActivityGrid/ActivityGrid.swift:1:8: error: no such module 'Combine'
1 | import Combine
| `- error: no such module 'Combine'
2 | import SwiftUI
3 |
[13/35] Compiling SwiftUIActivityGrid GridLabels.swift
/host/spi-builder-workspace/Sources/SwiftUIActivityGrid/ActivityGrid.swift:1:8: error: no such module 'Combine'
1 | import Combine
| `- error: no such module 'Combine'
2 | import SwiftUI
3 |
[14/35] Compiling SwiftUIActivityGrid LabelOptions.swift
/host/spi-builder-workspace/Sources/SwiftUIActivityGrid/ActivityGrid.swift:1:8: error: no such module 'Combine'
1 | import Combine
| `- error: no such module 'Combine'
2 | import SwiftUI
3 |
[15/35] Compiling SwiftUIActivityGrid ActivityGridText.swift
/host/spi-builder-workspace/Sources/SwiftUIActivityGrid/ActivityGrid.swift:1:8: error: no such module 'Combine'
1 | import Combine
| `- error: no such module 'Combine'
2 | import SwiftUI
3 |
[16/35] Compiling SwiftUIActivityGrid View+OnChange.swift
/host/spi-builder-workspace/Sources/SwiftUIActivityGrid/ActivityGrid.swift:1:8: error: no such module 'Combine'
1 | import Combine
| `- error: no such module 'Combine'
2 | import SwiftUI
3 |
[17/35] Compiling SwiftUIActivityGrid resource_bundle_accessor.swift
/host/spi-builder-workspace/Sources/SwiftUIActivityGrid/ActivityGrid.swift:1:8: error: no such module 'Combine'
1 | import Combine
| `- error: no such module 'Combine'
2 | import SwiftUI
3 |
[18/35] Compiling SwiftUIActivityGrid DayKey.swift
/host/spi-builder-workspace/Sources/SwiftUIActivityGrid/ActivityGrid.swift:1:8: error: no such module 'Combine'
1 | import Combine
| `- error: no such module 'Combine'
2 | import SwiftUI
3 |
[19/35] Compiling SwiftUIActivityGrid ActivityGridStyle.swift
/host/spi-builder-workspace/Sources/SwiftUIActivityGrid/ActivityGrid.swift:1:8: error: no such module 'Combine'
1 | import Combine
| `- error: no such module 'Combine'
2 | import SwiftUI
3 |
[20/35] Compiling SwiftUIActivityGrid ActivityPalette.swift
/host/spi-builder-workspace/Sources/SwiftUIActivityGrid/ActivityGrid.swift:1:8: error: no such module 'Combine'
1 | import Combine
| `- error: no such module 'Combine'
2 | import SwiftUI
3 |
[21/35] Compiling SwiftUIActivityGrid ColorInterpolation.swift
/host/spi-builder-workspace/Sources/SwiftUIActivityGrid/ActivityGrid.swift:1:8: error: no such module 'Combine'
1 | import Combine
| `- error: no such module 'Combine'
2 | import SwiftUI
3 |
[22/35] Compiling SwiftUIActivityGrid DefaultActivityGridStyle.swift
/host/spi-builder-workspace/Sources/SwiftUIActivityGrid/ActivityGrid.swift:1:8: error: no such module 'Combine'
1 | import Combine
| `- error: no such module 'Combine'
2 | import SwiftUI
3 |
[23/35] Compiling SwiftUIActivityGrid EnvironmentValues+ActivityGrid.swift
/host/spi-builder-workspace/Sources/SwiftUIActivityGrid/ActivityGrid.swift:1:8: error: no such module 'Combine'
1 | import Combine
| `- error: no such module 'Combine'
2 | import SwiftUI
3 |
[24/35] Compiling SwiftUIActivityGrid LegendView.swift
/host/spi-builder-workspace/Sources/SwiftUIActivityGrid/ActivityGrid.swift:1:8: error: no such module 'Combine'
1 | import Combine
| `- error: no such module 'Combine'
2 | import SwiftUI
3 |
[25/35] Compiling SwiftUIActivityGrid ActivityGridDisplayMode.swift
/host/spi-builder-workspace/Sources/SwiftUIActivityGrid/ActivityGrid.swift:1:8: error: no such module 'Combine'
1 | import Combine
| `- error: no such module 'Combine'
2 | import SwiftUI
3 |
[26/35] Compiling SwiftUIActivityGrid ActivityGridFitLayout.swift
/host/spi-builder-workspace/Sources/SwiftUIActivityGrid/ActivityGrid.swift:1:8: error: no such module 'Combine'
1 | import Combine
| `- error: no such module 'Combine'
2 | import SwiftUI
3 |
[27/35] Compiling SwiftUIActivityGrid GridLayoutEngine.swift
/host/spi-builder-workspace/Sources/SwiftUIActivityGrid/ActivityGrid.swift:1:8: error: no such module 'Combine'
1 | import Combine
| `- error: no such module 'Combine'
2 | import SwiftUI
3 |
[28/35] Compiling SwiftUIActivityGrid ActivityDay.swift
/host/spi-builder-workspace/Sources/SwiftUIActivityGrid/ActivityGrid.swift:1:8: error: no such module 'Combine'
1 | import Combine
| `- error: no such module 'Combine'
2 | import SwiftUI
3 |
[29/35] Compiling SwiftUIActivityGrid ActivityEntry.swift
/host/spi-builder-workspace/Sources/SwiftUIActivityGrid/ActivityGrid.swift:1:8: error: no such module 'Combine'
1 | import Combine
| `- error: no such module 'Combine'
2 | import SwiftUI
3 |
[30/35] Compiling SwiftUIActivityGrid ActivityGridData.swift
/host/spi-builder-workspace/Sources/SwiftUIActivityGrid/ActivityGrid.swift:1:8: error: no such module 'Combine'
1 | import Combine
| `- error: no such module 'Combine'
2 | import SwiftUI
3 |
[31/35] Compiling SwiftUIActivityGrid ActivityGridRange.swift
/host/spi-builder-workspace/Sources/SwiftUIActivityGrid/ActivityGrid.swift:1:8: error: no such module 'Combine'
1 | import Combine
| `- error: no such module 'Combine'
2 | import SwiftUI
3 |
[32/35] Compiling SwiftUIActivityGrid ResolvedGrid.swift
/host/spi-builder-workspace/Sources/SwiftUIActivityGrid/ActivityGrid.swift:1:8: error: no such module 'Combine'
1 | import Combine
| `- error: no such module 'Combine'
2 | import SwiftUI
3 |
[33/35] Compiling SwiftUIActivityGrid ScrollableGrid.swift
/host/spi-builder-workspace/Sources/SwiftUIActivityGrid/ActivityGrid.swift:1:8: error: no such module 'Combine'
1 | import Combine
| `- error: no such module 'Combine'
2 | import SwiftUI
3 |
[34/35] Compiling SwiftUIActivityGrid WeekColumnView.swift
/host/spi-builder-workspace/Sources/SwiftUIActivityGrid/ActivityGrid.swift:1:8: error: no such module 'Combine'
1 | import Combine
| `- error: no such module 'Combine'
2 | import SwiftUI
3 |
[35/35] Compiling SwiftUIActivityGrid ActivityLevelMapping.swift
/host/spi-builder-workspace/Sources/SwiftUIActivityGrid/ActivityGrid.swift:1:8: error: no such module 'Combine'
1 | import Combine
| `- error: no such module 'Combine'
2 | import SwiftUI
3 |
BUILD FAILURE 6.2 linux