The Swift Package Index logo.Swift Package Index

Track the adoption of Swift 6 strict concurrency checks for data race safety. How many packages are Ready for Swift 6?

Build Information

Failed to build AliasWonderland with Swift 5.8 for iOS using Xcode 14.3.

Build Command

Build command unavailable

Build Log

========================================
RunAll
========================================
Builder version: 4.28.0
Interrupt handler set up.
========================================
Checkout
========================================
Clone URL: https://github.com/sloik/AliasWonderland.git
Reference: 4.0.1
Initialized empty Git repository in /Users/builder/builds/o86TiJKT/1/finestructure/swiftpackageindex-builder/spi-builder-workspace/.git/
From https://github.com/sloik/AliasWonderland
 * tag               4.0.1      -> FETCH_HEAD
HEAD is now at 2995155 Adds more definitions.
Cloned https://github.com/sloik/AliasWonderland.git
Revision (git rev-parse @):
29951552c3b6265a8f1ef8904ca39a40f78b1ea6
SUCCESS checkout https://github.com/sloik/AliasWonderland.git at 4.0.1
========================================
Build
========================================
Selected platform:         iOS
Swift version:             5.8
Building package at path:  $PWD/checkout
Command line invocation:
    /Applications/Xcode-14.3.1.app/Contents/Developer/usr/bin/xcodebuild -IDEClonedSourcePackagesDirPathOverride=/Users/builder/builds/o86TiJKT/1/finestructure/swiftpackageindex-builder/spi-builder-workspace/.dependencies -resolvePackageDependencies
User defaults from command line:
    IDEClonedSourcePackagesDirPathOverride = /Users/builder/builds/o86TiJKT/1/finestructure/swiftpackageindex-builder/spi-builder-workspace/.dependencies
    IDEPackageSupportUseBuiltinSCM = YES
Resolve Package Graph
Resolved source packages:
  AliasWonderland: /Users/builder/builds/o86TiJKT/1/finestructure/swiftpackageindex-builder/spi-builder-workspace
resolved source packages: AliasWonderland
2023-12-17 16:00:11.379 xcodebuild[76389:22049565] DVTCoreDeviceEnabledState: DVTCoreDeviceEnabledState_Disabled set via user default (DVTEnableCoreDevice=disabled)
{
  "workspace" : {
    "name" : "spi-builder-workspace",
    "schemes" : [
      "AliasWonderland"
    ]
  }
}
2023-12-17 16:00:12.167 xcodebuild[76405:22049630] DVTCoreDeviceEnabledState: DVTCoreDeviceEnabledState_Disabled set via user default (DVTEnableCoreDevice=disabled)
Running build ...
env DEVELOPER_DIR=/Applications/Xcode-14.3.1.app xcrun xcodebuild -IDEClonedSourcePackagesDirPathOverride=$PWD/checkout/.dependencies -derivedDataPath $PWD/checkout/.derivedData build -scheme AliasWonderland -destination generic/platform=ios
Command line invocation:
    /Applications/Xcode-14.3.1.app/Contents/Developer/usr/bin/xcodebuild -IDEClonedSourcePackagesDirPathOverride=/Users/builder/builds/o86TiJKT/1/finestructure/swiftpackageindex-builder/spi-builder-workspace/.dependencies -derivedDataPath /Users/builder/builds/o86TiJKT/1/finestructure/swiftpackageindex-builder/spi-builder-workspace/.derivedData build -scheme AliasWonderland -destination generic/platform=ios
User defaults from command line:
    IDEClonedSourcePackagesDirPathOverride = /Users/builder/builds/o86TiJKT/1/finestructure/swiftpackageindex-builder/spi-builder-workspace/.dependencies
    IDEDerivedDataPathOverride = /Users/builder/builds/o86TiJKT/1/finestructure/swiftpackageindex-builder/spi-builder-workspace/.derivedData
    IDEPackageSupportUseBuiltinSCM = YES
Resolve Package Graph
Resolved source packages:
  AliasWonderland: /Users/builder/builds/o86TiJKT/1/finestructure/swiftpackageindex-builder/spi-builder-workspace
Prepare packages
Computing target dependency graph and provisioning inputs
Create build description
Build description signature: 6eccd3ea09106a70d42f8da2d67fb738
Build description path: /Users/builder/builds/o86TiJKT/1/finestructure/swiftpackageindex-builder/spi-builder-workspace/.derivedData/Build/Intermediates.noindex/XCBuildData/6eccd3ea09106a70d42f8da2d67fb738.xcbuilddata
note: Building targets in dependency order
CreateBuildDirectory /Users/builder/builds/o86TiJKT/1/finestructure/swiftpackageindex-builder/spi-builder-workspace/.derivedData/Build/Intermediates.noindex
    cd /Users/builder/builds/o86TiJKT/1/finestructure/swiftpackageindex-builder/spi-builder-workspace/.swiftpm/xcode
    builtin-create-build-directory /Users/builder/builds/o86TiJKT/1/finestructure/swiftpackageindex-builder/spi-builder-workspace/.derivedData/Build/Intermediates.noindex
CreateBuildDirectory /Users/builder/builds/o86TiJKT/1/finestructure/swiftpackageindex-builder/spi-builder-workspace/.derivedData/Build/Products
    cd /Users/builder/builds/o86TiJKT/1/finestructure/swiftpackageindex-builder/spi-builder-workspace/.swiftpm/xcode
    builtin-create-build-directory /Users/builder/builds/o86TiJKT/1/finestructure/swiftpackageindex-builder/spi-builder-workspace/.derivedData/Build/Products
ClangStatCache /Applications/Xcode-14.3.1.app/Contents/Developer/Toolchains/XcodeDefault.xctoolchain/usr/bin/clang-stat-cache /Applications/Xcode-14.3.1.app/Contents/Developer/Platforms/iPhoneOS.platform/Developer/SDKs/iPhoneOS16.4.sdk /Users/builder/builds/o86TiJKT/1/finestructure/swiftpackageindex-builder/spi-builder-workspace/.derivedData/SDKStatCaches.noindex/iphoneos16.4-20E238-.sdkstatcache
    cd /Users/builder/builds/o86TiJKT/1/finestructure/swiftpackageindex-builder/spi-builder-workspace/.swiftpm/xcode
    /Applications/Xcode-14.3.1.app/Contents/Developer/Toolchains/XcodeDefault.xctoolchain/usr/bin/clang-stat-cache /Applications/Xcode-14.3.1.app/Contents/Developer/Platforms/iPhoneOS.platform/Developer/SDKs/iPhoneOS16.4.sdk -o /Users/builder/builds/o86TiJKT/1/finestructure/swiftpackageindex-builder/spi-builder-workspace/.derivedData/SDKStatCaches.noindex/iphoneos16.4-20E238-.sdkstatcache
CreateBuildDirectory /Users/builder/builds/o86TiJKT/1/finestructure/swiftpackageindex-builder/spi-builder-workspace/.derivedData/Build/Products/Debug-iphoneos
    cd /Users/builder/builds/o86TiJKT/1/finestructure/swiftpackageindex-builder/spi-builder-workspace/.swiftpm/xcode
    builtin-create-build-directory /Users/builder/builds/o86TiJKT/1/finestructure/swiftpackageindex-builder/spi-builder-workspace/.derivedData/Build/Products/Debug-iphoneos
CreateBuildDirectory /Users/builder/builds/o86TiJKT/1/finestructure/swiftpackageindex-builder/spi-builder-workspace/.derivedData/Build/Intermediates.noindex/EagerLinkingTBDs/Debug-iphoneos
    cd /Users/builder/builds/o86TiJKT/1/finestructure/swiftpackageindex-builder/spi-builder-workspace/.swiftpm/xcode
    builtin-create-build-directory /Users/builder/builds/o86TiJKT/1/finestructure/swiftpackageindex-builder/spi-builder-workspace/.derivedData/Build/Intermediates.noindex/EagerLinkingTBDs/Debug-iphoneos
CreateBuildDirectory /Users/builder/builds/o86TiJKT/1/finestructure/swiftpackageindex-builder/spi-builder-workspace/.derivedData/Build/Products/Debug-iphoneos/PackageFrameworks
    cd /Users/builder/builds/o86TiJKT/1/finestructure/swiftpackageindex-builder/spi-builder-workspace/.swiftpm/xcode
    builtin-create-build-directory /Users/builder/builds/o86TiJKT/1/finestructure/swiftpackageindex-builder/spi-builder-workspace/.derivedData/Build/Products/Debug-iphoneos/PackageFrameworks
CreateBuildDirectory /Users/builder/builds/o86TiJKT/1/finestructure/swiftpackageindex-builder/spi-builder-workspace/.derivedData/Build/Products/Debug-iphoneos/PackageFrameworks/PackageFrameworks
    cd /Users/builder/builds/o86TiJKT/1/finestructure/swiftpackageindex-builder/spi-builder-workspace/.swiftpm/xcode
    builtin-create-build-directory /Users/builder/builds/o86TiJKT/1/finestructure/swiftpackageindex-builder/spi-builder-workspace/.derivedData/Build/Products/Debug-iphoneos/PackageFrameworks/PackageFrameworks
MkDir /Users/builder/builds/o86TiJKT/1/finestructure/swiftpackageindex-builder/spi-builder-workspace/.derivedData/Build/Products/Debug-iphoneos/PackageFrameworks/AliasWonderland.framework (in target 'AliasWonderland' from project 'AliasWonderland')
    cd /Users/builder/builds/o86TiJKT/1/finestructure/swiftpackageindex-builder/spi-builder-workspace
    /bin/mkdir -p /Users/builder/builds/o86TiJKT/1/finestructure/swiftpackageindex-builder/spi-builder-workspace/.derivedData/Build/Products/Debug-iphoneos/PackageFrameworks/AliasWonderland.framework
MkDir /Users/builder/builds/o86TiJKT/1/finestructure/swiftpackageindex-builder/spi-builder-workspace/.derivedData/Build/Products/Debug-iphoneos/AliasWonderlandTests.xctest (in target 'AliasWonderlandTests' from project 'AliasWonderland')
    cd /Users/builder/builds/o86TiJKT/1/finestructure/swiftpackageindex-builder/spi-builder-workspace
    /bin/mkdir -p /Users/builder/builds/o86TiJKT/1/finestructure/swiftpackageindex-builder/spi-builder-workspace/.derivedData/Build/Products/Debug-iphoneos/AliasWonderlandTests.xctest
WriteAuxiliaryFile /Users/builder/builds/o86TiJKT/1/finestructure/swiftpackageindex-builder/spi-builder-workspace/.derivedData/Build/Intermediates.noindex/AliasWonderland.build/Debug-iphoneos/AliasWonderland.build/AliasWonderland.modulemap (in target 'AliasWonderland' from project 'AliasWonderland')
    cd /Users/builder/builds/o86TiJKT/1/finestructure/swiftpackageindex-builder/spi-builder-workspace
    write-file /Users/builder/builds/o86TiJKT/1/finestructure/swiftpackageindex-builder/spi-builder-workspace/.derivedData/Build/Intermediates.noindex/AliasWonderland.build/Debug-iphoneos/AliasWonderland.build/AliasWonderland.modulemap
Copy /Users/builder/builds/o86TiJKT/1/finestructure/swiftpackageindex-builder/spi-builder-workspace/.derivedData/Build/Intermediates.noindex/GeneratedModuleMaps-iphoneos/AliasWonderland.modulemap /Users/builder/builds/o86TiJKT/1/finestructure/swiftpackageindex-builder/spi-builder-workspace/.derivedData/Build/Intermediates.noindex/AliasWonderland.build/Debug-iphoneos/AliasWonderland.build/AliasWonderland.modulemap (in target 'AliasWonderland' from project 'AliasWonderland')
    cd /Users/builder/builds/o86TiJKT/1/finestructure/swiftpackageindex-builder/spi-builder-workspace
    builtin-copy -exclude .DS_Store -exclude CVS -exclude .svn -exclude .git -exclude .hg -resolve-src-symlinks /Users/builder/builds/o86TiJKT/1/finestructure/swiftpackageindex-builder/spi-builder-workspace/.derivedData/Build/Intermediates.noindex/AliasWonderland.build/Debug-iphoneos/AliasWonderland.build/AliasWonderland.modulemap /Users/builder/builds/o86TiJKT/1/finestructure/swiftpackageindex-builder/spi-builder-workspace/.derivedData/Build/Intermediates.noindex/GeneratedModuleMaps-iphoneos
WriteAuxiliaryFile /Users/builder/builds/o86TiJKT/1/finestructure/swiftpackageindex-builder/spi-builder-workspace/.derivedData/Build/Intermediates.noindex/AliasWonderland.build/Debug-iphoneos/AliasWonderland.build/Objects-normal/arm64/AliasWonderland-OutputFileMap.json (in target 'AliasWonderland' from project 'AliasWonderland')
    cd /Users/builder/builds/o86TiJKT/1/finestructure/swiftpackageindex-builder/spi-builder-workspace
    write-file /Users/builder/builds/o86TiJKT/1/finestructure/swiftpackageindex-builder/spi-builder-workspace/.derivedData/Build/Intermediates.noindex/AliasWonderland.build/Debug-iphoneos/AliasWonderland.build/Objects-normal/arm64/AliasWonderland-OutputFileMap.json
WriteAuxiliaryFile /Users/builder/builds/o86TiJKT/1/finestructure/swiftpackageindex-builder/spi-builder-workspace/.derivedData/Build/Intermediates.noindex/AliasWonderland.build/Debug-iphoneos/AliasWonderland.build/Objects-normal/arm64/AliasWonderland.LinkFileList (in target 'AliasWonderland' from project 'AliasWonderland')
    cd /Users/builder/builds/o86TiJKT/1/finestructure/swiftpackageindex-builder/spi-builder-workspace
    write-file /Users/builder/builds/o86TiJKT/1/finestructure/swiftpackageindex-builder/spi-builder-workspace/.derivedData/Build/Intermediates.noindex/AliasWonderland.build/Debug-iphoneos/AliasWonderland.build/Objects-normal/arm64/AliasWonderland.LinkFileList
WriteAuxiliaryFile /Users/builder/builds/o86TiJKT/1/finestructure/swiftpackageindex-builder/spi-builder-workspace/.derivedData/Build/Intermediates.noindex/AliasWonderland.build/Debug-iphoneos/AliasWonderland.build/Objects-normal/arm64/AliasWonderland.SwiftFileList (in target 'AliasWonderland' from project 'AliasWonderland')
    cd /Users/builder/builds/o86TiJKT/1/finestructure/swiftpackageindex-builder/spi-builder-workspace
    write-file /Users/builder/builds/o86TiJKT/1/finestructure/swiftpackageindex-builder/spi-builder-workspace/.derivedData/Build/Intermediates.noindex/AliasWonderland.build/Debug-iphoneos/AliasWonderland.build/Objects-normal/arm64/AliasWonderland.SwiftFileList
SwiftDriver AliasWonderland normal arm64 com.apple.xcode.tools.swift.compiler (in target 'AliasWonderland' from project 'AliasWonderland')
    cd /Users/builder/builds/o86TiJKT/1/finestructure/swiftpackageindex-builder/spi-builder-workspace
    builtin-SwiftDriver -- /Applications/Xcode-14.3.1.app/Contents/Developer/Toolchains/XcodeDefault.xctoolchain/usr/bin/swiftc -module-name AliasWonderland -Onone -enforce-exclusivity\=checked @/Users/builder/builds/o86TiJKT/1/finestructure/swiftpackageindex-builder/spi-builder-workspace/.derivedData/Build/Intermediates.noindex/AliasWonderland.build/Debug-iphoneos/AliasWonderland.build/Objects-normal/arm64/AliasWonderland.SwiftFileList -DSWIFT_PACKAGE -DDEBUG -DXcode -sdk /Applications/Xcode-14.3.1.app/Contents/Developer/Platforms/iPhoneOS.platform/Developer/SDKs/iPhoneOS16.4.sdk -target arm64-apple-ios11.0 -g -module-cache-path /Users/builder/builds/o86TiJKT/1/finestructure/swiftpackageindex-builder/spi-builder-workspace/.derivedData/ModuleCache.noindex -Xfrontend -serialize-debugging-options -enable-testing -index-store-path /Users/builder/builds/o86TiJKT/1/finestructure/swiftpackageindex-builder/spi-builder-workspace/.derivedData/Index.noindex/DataStore -swift-version 5 -I /Users/builder/builds/o86TiJKT/1/finestructure/swiftpackageindex-builder/spi-builder-workspace/.derivedData/Build/Products/Debug-iphoneos -I /Applications/Xcode-14.3.1.app/Contents/Developer/Platforms/iPhoneOS.platform/Developer/usr/lib -F /Users/builder/builds/o86TiJKT/1/finestructure/swiftpackageindex-builder/spi-builder-workspace/.derivedData/Build/Products/Debug-iphoneos -F /Applications/Xcode-14.3.1.app/Contents/Developer/Platforms/iPhoneOS.platform/Developer/Library/Frameworks -F /Applications/Xcode-14.3.1.app/Contents/Developer/Platforms/iPhoneOS.platform/Developer/SDKs/iPhoneOS16.4.sdk/Developer/Library/Frameworks -c -j8 -enable-batch-mode -incremental -Xcc -ivfsstatcache -Xcc /Users/builder/builds/o86TiJKT/1/finestructure/swiftpackageindex-builder/spi-builder-workspace/.derivedData/SDKStatCaches.noindex/iphoneos16.4-20E238-.sdkstatcache -output-file-map /Users/builder/builds/o86TiJKT/1/finestructure/swiftpackageindex-builder/spi-builder-workspace/.derivedData/Build/Intermediates.noindex/AliasWonderland.build/Debug-iphoneos/AliasWonderland.build/Objects-normal/arm64/AliasWonderland-OutputFileMap.json -use-frontend-parseable-output -save-temps -no-color-diagnostics -serialize-diagnostics -emit-dependencies -emit-module -emit-module-path /Users/builder/builds/o86TiJKT/1/finestructure/swiftpackageindex-builder/spi-builder-workspace/.derivedData/Build/Intermediates.noindex/AliasWonderland.build/Debug-iphoneos/AliasWonderland.build/Objects-normal/arm64/AliasWonderland.swiftmodule -Xcc -I/Users/builder/builds/o86TiJKT/1/finestructure/swiftpackageindex-builder/spi-builder-workspace/.derivedData/Build/Intermediates.noindex/AliasWonderland.build/Debug-iphoneos/AliasWonderland.build/swift-overrides.hmap -Xcc -I/Users/builder/builds/o86TiJKT/1/finestructure/swiftpackageindex-builder/spi-builder-workspace/.derivedData/Build/Products/Debug-iphoneos/include -Xcc -I/Users/builder/builds/o86TiJKT/1/finestructure/swiftpackageindex-builder/spi-builder-workspace/.derivedData/Build/Intermediates.noindex/AliasWonderland.build/Debug-iphoneos/AliasWonderland.build/DerivedSources-normal/arm64 -Xcc -I/Users/builder/builds/o86TiJKT/1/finestructure/swiftpackageindex-builder/spi-builder-workspace/.derivedData/Build/Intermediates.noindex/AliasWonderland.build/Debug-iphoneos/AliasWonderland.build/DerivedSources/arm64 -Xcc -I/Users/builder/builds/o86TiJKT/1/finestructure/swiftpackageindex-builder/spi-builder-workspace/.derivedData/Build/Intermediates.noindex/AliasWonderland.build/Debug-iphoneos/AliasWonderland.build/DerivedSources -Xcc -DSWIFT_PACKAGE -Xcc -DDEBUG\=1 -emit-objc-header -emit-objc-header-path /Users/builder/builds/o86TiJKT/1/finestructure/swiftpackageindex-builder/spi-builder-workspace/.derivedData/Build/Intermediates.noindex/AliasWonderland.build/Debug-iphoneos/AliasWonderland.build/Objects-normal/arm64/AliasWonderland-Swift.h -working-directory /Users/builder/builds/o86TiJKT/1/finestructure/swiftpackageindex-builder/spi-builder-workspace -experimental-emit-module-separately -disable-cmo
SwiftEmitModule normal arm64 Emitting\ module\ for\ AliasWonderland (in target 'AliasWonderland' from project 'AliasWonderland')
    cd /Users/builder/builds/o86TiJKT/1/finestructure/swiftpackageindex-builder/spi-builder-workspace
    builtin-swiftTaskExecution -- /Applications/Xcode-14.3.1.app/Contents/Developer/Toolchains/XcodeDefault.xctoolchain/usr/bin/swift-frontend -frontend -emit-module -experimental-skip-non-inlinable-function-bodies-without-types /Users/builder/builds/o86TiJKT/1/finestructure/swiftpackageindex-builder/spi-builder-workspace/Sources/AliasWonderland/ClosuresAliases.swift /Users/builder/builds/o86TiJKT/1/finestructure/swiftpackageindex-builder/spi-builder-workspace/Sources/AliasWonderland/SideEffectAliases.swift -target arm64-apple-ios11.0 -Xllvm -aarch64-use-tbi -enable-objc-interop -sdk /Applications/Xcode-14.3.1.app/Contents/Developer/Platforms/iPhoneOS.platform/Developer/SDKs/iPhoneOS16.4.sdk -I /Users/builder/builds/o86TiJKT/1/finestructure/swiftpackageindex-builder/spi-builder-workspace/.derivedData/Build/Products/Debug-iphoneos -I /Applications/Xcode-14.3.1.app/Contents/Developer/Platforms/iPhoneOS.platform/Developer/usr/lib -F /Users/builder/builds/o86TiJKT/1/finestructure/swiftpackageindex-builder/spi-builder-workspace/.derivedData/Build/Products/Debug-iphoneos -F /Applications/Xcode-14.3.1.app/Contents/Developer/Platforms/iPhoneOS.platform/Developer/Library/Frameworks -F /Applications/Xcode-14.3.1.app/Contents/Developer/Platforms/iPhoneOS.platform/Developer/SDKs/iPhoneOS16.4.sdk/Developer/Library/Frameworks -no-color-diagnostics -enable-testing -g -module-cache-path /Users/builder/builds/o86TiJKT/1/finestructure/swiftpackageindex-builder/spi-builder-workspace/.derivedData/ModuleCache.noindex -swift-version 5 -enforce-exclusivity\=checked -Onone -D SWIFT_PACKAGE -D DEBUG -D Xcode -serialize-debugging-options -empty-abi-descriptor -Xcc -working-directory -Xcc /Users/builder/builds/o86TiJKT/1/finestructure/swiftpackageindex-builder/spi-builder-workspace -resource-dir /Applications/Xcode-14.3.1.app/Contents/Developer/Toolchains/XcodeDefault.xctoolchain/usr/lib/swift -enable-anonymous-context-mangled-names -Xcc -ivfsstatcache -Xcc /Users/builder/builds/o86TiJKT/1/finestructure/swiftpackageindex-builder/spi-builder-workspace/.derivedData/SDKStatCaches.noindex/iphoneos16.4-20E238-.sdkstatcache -Xcc -I/Users/builder/builds/o86TiJKT/1/finestructure/swiftpackageindex-builder/spi-builder-workspace/.derivedData/Build/Intermediates.noindex/AliasWonderland.build/Debug-iphoneos/AliasWonderland.build/swift-overrides.hmap -Xcc -I/Users/builder/builds/o86TiJKT/1/finestructure/swiftpackageindex-builder/spi-builder-workspace/.derivedData/Build/Products/Debug-iphoneos/include -Xcc -I/Users/builder/builds/o86TiJKT/1/finestructure/swiftpackageindex-builder/spi-builder-workspace/.derivedData/Build/Intermediates.noindex/AliasWonderland.build/Debug-iphoneos/AliasWonderland.build/DerivedSources-normal/arm64 -Xcc -I/Users/builder/builds/o86TiJKT/1/finestructure/swiftpackageindex-builder/spi-builder-workspace/.derivedData/Build/Intermediates.noindex/AliasWonderland.build/Debug-iphoneos/AliasWonderland.build/DerivedSources/arm64 -Xcc -I/Users/builder/builds/o86TiJKT/1/finestructure/swiftpackageindex-builder/spi-builder-workspace/.derivedData/Build/Intermediates.noindex/AliasWonderland.build/Debug-iphoneos/AliasWonderland.build/DerivedSources -Xcc -DSWIFT_PACKAGE -Xcc -DDEBUG\=1 -module-name AliasWonderland -disable-clang-spi -target-sdk-version 16.4 -target-sdk-name iphoneos16.4 -emit-module-doc-path /Users/builder/builds/o86TiJKT/1/finestructure/swiftpackageindex-builder/spi-builder-workspace/.derivedData/Build/Intermediates.noindex/AliasWonderland.build/Debug-iphoneos/AliasWonderland.build/Objects-normal/arm64/AliasWonderland.swiftdoc -emit-module-source-info-path /Users/builder/builds/o86TiJKT/1/finestructure/swiftpackageindex-builder/spi-builder-workspace/.derivedData/Build/Intermediates.noindex/AliasWonderland.build/Debug-iphoneos/AliasWonderland.build/Objects-normal/arm64/AliasWonderland.swiftsourceinfo -emit-objc-header-path /Users/builder/builds/o86TiJKT/1/finestructure/swiftpackageindex-builder/spi-builder-workspace/.derivedData/Build/Intermediates.noindex/AliasWonderland.build/Debug-iphoneos/AliasWonderland.build/Objects-normal/arm64/AliasWonderland-Swift.h -serialize-diagnostics-path /Users/builder/builds/o86TiJKT/1/finestructure/swiftpackageindex-builder/spi-builder-workspace/.derivedData/Build/Intermediates.noindex/AliasWonderland.build/Debug-iphoneos/AliasWonderland.build/Objects-normal/arm64/AliasWonderland-master-emit-module.dia -emit-dependencies-path /Users/builder/builds/o86TiJKT/1/finestructure/swiftpackageindex-builder/spi-builder-workspace/.derivedData/Build/Intermediates.noindex/AliasWonderland.build/Debug-iphoneos/AliasWonderland.build/Objects-normal/arm64/AliasWonderland-master-emit-module.d -o /Users/builder/builds/o86TiJKT/1/finestructure/swiftpackageindex-builder/spi-builder-workspace/.derivedData/Build/Intermediates.noindex/AliasWonderland.build/Debug-iphoneos/AliasWonderland.build/Objects-normal/arm64/AliasWonderland.swiftmodule -emit-abi-descriptor-path /Users/builder/builds/o86TiJKT/1/finestructure/swiftpackageindex-builder/spi-builder-workspace/.derivedData/Build/Intermediates.noindex/AliasWonderland.build/Debug-iphoneos/AliasWonderland.build/Objects-normal/arm64/AliasWonderland.abi.json
/Users/builder/builds/o86TiJKT/1/finestructure/swiftpackageindex-builder/spi-builder-workspace/Sources/AliasWonderland/ClosuresAliases.swift:10:31: error: expected '>' to complete generic parameter list
public typealias Closure<each I, O>           = (repeat each I)              -> O
                              ^
/Users/builder/builds/o86TiJKT/1/finestructure/swiftpackageindex-builder/spi-builder-workspace/Sources/AliasWonderland/ClosuresAliases.swift:10:25: note: to match this opening '<'
public typealias Closure<each I, O>           = (repeat each I)              -> O
                        ^
/Users/builder/builds/o86TiJKT/1/finestructure/swiftpackageindex-builder/spi-builder-workspace/Sources/AliasWonderland/ClosuresAliases.swift:10:62: error: expected ':' following argument label and parameter name
public typealias Closure<each I, O>           = (repeat each I)              -> O
                                                             ^
/Users/builder/builds/o86TiJKT/1/finestructure/swiftpackageindex-builder/spi-builder-workspace/Sources/AliasWonderland/ClosuresAliases.swift:11:37: error: expected '>' to complete generic parameter list
public typealias ThrowsClosure<each I,O>      = (repeat each I) throws       -> O
                                    ^
/Users/builder/builds/o86TiJKT/1/finestructure/swiftpackageindex-builder/spi-builder-workspace/Sources/AliasWonderland/ClosuresAliases.swift:11:31: note: to match this opening '<'
public typealias ThrowsClosure<each I,O>      = (repeat each I) throws       -> O
                              ^
/Users/builder/builds/o86TiJKT/1/finestructure/swiftpackageindex-builder/spi-builder-workspace/Sources/AliasWonderland/ClosuresAliases.swift:11:62: error: expected ':' following argument label and parameter name
public typealias ThrowsClosure<each I,O>      = (repeat each I) throws       -> O
                                                             ^
/Users/builder/builds/o86TiJKT/1/finestructure/swiftpackageindex-builder/spi-builder-workspace/Sources/AliasWonderland/ClosuresAliases.swift:12:36: error: expected '>' to complete generic parameter list
public typealias AsyncClosure<each I, O>      = (repeat each I) async        -> O
                                   ^
/Users/builder/builds/o86TiJKT/1/finestructure/swiftpackageindex-builder/spi-builder-workspace/Sources/AliasWonderland/ClosuresAliases.swift:12:30: note: to match this opening '<'
public typealias AsyncClosure<each I, O>      = (repeat each I) async        -> O
                             ^
/Users/builder/builds/o86TiJKT/1/finestructure/swiftpackageindex-builder/spi-builder-workspace/Sources/AliasWonderland/ClosuresAliases.swift:12:62: error: expected ':' following argument label and parameter name
public typealias AsyncClosure<each I, O>      = (repeat each I) async        -> O
                                                             ^
/Users/builder/builds/o86TiJKT/1/finestructure/swiftpackageindex-builder/spi-builder-workspace/Sources/AliasWonderland/ClosuresAliases.swift:13:42: error: expected '>' to complete generic parameter list
public typealias AsyncThrowsClosure<each I,O> = (repeat each I) async throws -> O
                                         ^
/Users/builder/builds/o86TiJKT/1/finestructure/swiftpackageindex-builder/spi-builder-workspace/Sources/AliasWonderland/ClosuresAliases.swift:13:36: note: to match this opening '<'
public typealias AsyncThrowsClosure<each I,O> = (repeat each I) async throws -> O
                                   ^
/Users/builder/builds/o86TiJKT/1/finestructure/swiftpackageindex-builder/spi-builder-workspace/Sources/AliasWonderland/ClosuresAliases.swift:13:62: error: expected ':' following argument label and parameter name
public typealias AsyncThrowsClosure<each I,O> = (repeat each I) async throws -> O
                                                             ^
/Users/builder/builds/o86TiJKT/1/finestructure/swiftpackageindex-builder/spi-builder-workspace/Sources/AliasWonderland/ClosuresAliases.swift:23:32: error: expected '>' to complete generic parameter list
public typealias Producer<each T>              = ()                 -> (repeat each T)
                               ^
/Users/builder/builds/o86TiJKT/1/finestructure/swiftpackageindex-builder/spi-builder-workspace/Sources/AliasWonderland/ClosuresAliases.swift:23:26: note: to match this opening '<'
public typealias Producer<each T>              = ()                 -> (repeat each T)
                         ^
/Users/builder/builds/o86TiJKT/1/finestructure/swiftpackageindex-builder/spi-builder-workspace/Sources/AliasWonderland/ClosuresAliases.swift:23:85: error: expected ':' following argument label and parameter name
public typealias Producer<each T>              = ()                 -> (repeat each T)
                                                                                    ^
/Users/builder/builds/o86TiJKT/1/finestructure/swiftpackageindex-builder/spi-builder-workspace/Sources/AliasWonderland/ClosuresAliases.swift:25:38: error: expected '>' to complete generic parameter list
public typealias ThrowsProducer<each T>        = () throws          -> (repeat each T)
                                     ^
/Users/builder/builds/o86TiJKT/1/finestructure/swiftpackageindex-builder/spi-builder-workspace/Sources/AliasWonderland/ClosuresAliases.swift:25:32: note: to match this opening '<'
public typealias ThrowsProducer<each T>        = () throws          -> (repeat each T)
                               ^
/Users/builder/builds/o86TiJKT/1/finestructure/swiftpackageindex-builder/spi-builder-workspace/Sources/AliasWonderland/ClosuresAliases.swift:25:85: error: expected ':' following argument label and parameter name
public typealias ThrowsProducer<each T>        = () throws          -> (repeat each T)
                                                                                    ^
/Users/builder/builds/o86TiJKT/1/finestructure/swiftpackageindex-builder/spi-builder-workspace/Sources/AliasWonderland/ClosuresAliases.swift:28:37: error: expected '>' to complete generic parameter list
public typealias AsyncProducer<each T>         = () async           -> (repeat each T)
                                    ^
/Users/builder/builds/o86TiJKT/1/finestructure/swiftpackageindex-builder/spi-builder-workspace/Sources/AliasWonderland/ClosuresAliases.swift:28:31: note: to match this opening '<'
public typealias AsyncProducer<each T>         = () async           -> (repeat each T)
                              ^
/Users/builder/builds/o86TiJKT/1/finestructure/swiftpackageindex-builder/spi-builder-workspace/Sources/AliasWonderland/ClosuresAliases.swift:28:85: error: expected ':' following argument label and parameter name
public typealias AsyncProducer<each T>         = () async           -> (repeat each T)
                                                                                    ^
/Users/builder/builds/o86TiJKT/1/finestructure/swiftpackageindex-builder/spi-builder-workspace/Sources/AliasWonderland/ClosuresAliases.swift:31:43: error: expected '>' to complete generic parameter list
public typealias AsyncThrowsProducer<each T>   = () async throws    -> (repeat each T)
                                          ^
/Users/builder/builds/o86TiJKT/1/finestructure/swiftpackageindex-builder/spi-builder-workspace/Sources/AliasWonderland/ClosuresAliases.swift:31:37: note: to match this opening '<'
public typealias AsyncThrowsProducer<each T>   = () async throws    -> (repeat each T)
                                    ^
/Users/builder/builds/o86TiJKT/1/finestructure/swiftpackageindex-builder/spi-builder-workspace/Sources/AliasWonderland/ClosuresAliases.swift:31:85: error: expected ':' following argument label and parameter name
public typealias AsyncThrowsProducer<each T>   = () async throws    -> (repeat each T)
                                                                                    ^
/Users/builder/builds/o86TiJKT/1/finestructure/swiftpackageindex-builder/spi-builder-workspace/Sources/AliasWonderland/ClosuresAliases.swift:34:45: error: expected '>' to complete generic parameter list
public typealias SendableAsyncProducer<each T> = @Sendable () async -> (repeat each T)
                                            ^
/Users/builder/builds/o86TiJKT/1/finestructure/swiftpackageindex-builder/spi-builder-workspace/Sources/AliasWonderland/ClosuresAliases.swift:34:39: note: to match this opening '<'
public typealias SendableAsyncProducer<each T> = @Sendable () async -> (repeat each T)
                                      ^
/Users/builder/builds/o86TiJKT/1/finestructure/swiftpackageindex-builder/spi-builder-workspace/Sources/AliasWonderland/ClosuresAliases.swift:34:85: error: expected ':' following argument label and parameter name
public typealias SendableAsyncProducer<each T> = @Sendable () async -> (repeat each T)
                                                                                    ^
/Users/builder/builds/o86TiJKT/1/finestructure/swiftpackageindex-builder/spi-builder-workspace/Sources/AliasWonderland/SideEffectAliases.swift:33:32: error: expected '>' to complete generic parameter list
public typealias Consumer<each I>       = (repeat each I)        -> Void
                               ^
/Users/builder/builds/o86TiJKT/1/finestructure/swiftpackageindex-builder/spi-builder-workspace/Sources/AliasWonderland/SideEffectAliases.swift:33:26: note: to match this opening '<'
public typealias Consumer<each I>       = (repeat each I)        -> Void
                         ^
/Users/builder/builds/o86TiJKT/1/finestructure/swiftpackageindex-builder/spi-builder-workspace/Sources/AliasWonderland/SideEffectAliases.swift:33:56: error: expected ':' following argument label and parameter name
public typealias Consumer<each I>       = (repeat each I)        -> Void
                                                       ^
/Users/builder/builds/o86TiJKT/1/finestructure/swiftpackageindex-builder/spi-builder-workspace/Sources/AliasWonderland/SideEffectAliases.swift:34:38: error: expected '>' to complete generic parameter list
public typealias ThrowsConsumer<each I> = (repeat each I) throws -> Void
                                     ^
/Users/builder/builds/o86TiJKT/1/finestructure/swiftpackageindex-builder/spi-builder-workspace/Sources/AliasWonderland/SideEffectAliases.swift:34:32: note: to match this opening '<'
public typealias ThrowsConsumer<each I> = (repeat each I) throws -> Void
                               ^
/Users/builder/builds/o86TiJKT/1/finestructure/swiftpackageindex-builder/spi-builder-workspace/Sources/AliasWonderland/SideEffectAliases.swift:34:56: error: expected ':' following argument label and parameter name
public typealias ThrowsConsumer<each I> = (repeat each I) throws -> Void
                                                       ^
/Users/builder/builds/o86TiJKT/1/finestructure/swiftpackageindex-builder/spi-builder-workspace/Sources/AliasWonderland/SideEffectAliases.swift:39:37: error: expected '>' to complete generic parameter list
public typealias AsyncConsumer<each I> = (repeat each I) async -> Void
                                    ^
/Users/builder/builds/o86TiJKT/1/finestructure/swiftpackageindex-builder/spi-builder-workspace/Sources/AliasWonderland/SideEffectAliases.swift:39:31: note: to match this opening '<'
public typealias AsyncConsumer<each I> = (repeat each I) async -> Void
                              ^
/Users/builder/builds/o86TiJKT/1/finestructure/swiftpackageindex-builder/spi-builder-workspace/Sources/AliasWonderland/SideEffectAliases.swift:39:55: error: expected ':' following argument label and parameter name
public typealias AsyncConsumer<each I> = (repeat each I) async -> Void
                                                      ^
/Users/builder/builds/o86TiJKT/1/finestructure/swiftpackageindex-builder/spi-builder-workspace/Sources/AliasWonderland/SideEffectAliases.swift:43:43: error: expected '>' to complete generic parameter list
public typealias AsyncThrowsConsumer<each I> = (repeat each I) async throws -> Void
                                          ^
/Users/builder/builds/o86TiJKT/1/finestructure/swiftpackageindex-builder/spi-builder-workspace/Sources/AliasWonderland/SideEffectAliases.swift:43:37: note: to match this opening '<'
public typealias AsyncThrowsConsumer<each I> = (repeat each I) async throws -> Void
                                    ^
/Users/builder/builds/o86TiJKT/1/finestructure/swiftpackageindex-builder/spi-builder-workspace/Sources/AliasWonderland/SideEffectAliases.swift:43:61: error: expected ':' following argument label and parameter name
public typealias AsyncThrowsConsumer<each I> = (repeat each I) async throws -> Void
                                                            ^
/Users/builder/builds/o86TiJKT/1/finestructure/swiftpackageindex-builder/spi-builder-workspace/Sources/AliasWonderland/ClosuresAliases.swift:10:62: error: cannot find type 'I' in scope
public typealias Closure<each I, O>           = (repeat each I)              -> O
                                                             ^
/Users/builder/builds/o86TiJKT/1/finestructure/swiftpackageindex-builder/spi-builder-workspace/Sources/AliasWonderland/ClosuresAliases.swift:10:81: error: cannot find type 'O' in scope
public typealias Closure<each I, O>           = (repeat each I)              -> O
                                                                                ^
/Users/builder/builds/o86TiJKT/1/finestructure/swiftpackageindex-builder/spi-builder-workspace/Sources/AliasWonderland/ClosuresAliases.swift:11:62: error: cannot find type 'I' in scope
public typealias ThrowsClosure<each I,O>      = (repeat each I) throws       -> O
                                                             ^
/Users/builder/builds/o86TiJKT/1/finestructure/swiftpackageindex-builder/spi-builder-workspace/Sources/AliasWonderland/ClosuresAliases.swift:11:81: error: cannot find type 'O' in scope
public typealias ThrowsClosure<each I,O>      = (repeat each I) throws       -> O
                                                                                ^
/Users/builder/builds/o86TiJKT/1/finestructure/swiftpackageindex-builder/spi-builder-workspace/Sources/AliasWonderland/ClosuresAliases.swift:12:62: error: cannot find type 'I' in scope
public typealias AsyncClosure<each I, O>      = (repeat each I) async        -> O
                                                             ^
/Users/builder/builds/o86TiJKT/1/finestructure/swiftpackageindex-builder/spi-builder-workspace/Sources/AliasWonderland/ClosuresAliases.swift:12:81: error: cannot find type 'O' in scope
public typealias AsyncClosure<each I, O>      = (repeat each I) async        -> O
                                                                                ^
/Users/builder/builds/o86TiJKT/1/finestructure/swiftpackageindex-builder/spi-builder-workspace/Sources/AliasWonderland/ClosuresAliases.swift:13:62: error: cannot find type 'I' in scope
public typealias AsyncThrowsClosure<each I,O> = (repeat each I) async throws -> O
                                                             ^
/Users/builder/builds/o86TiJKT/1/finestructure/swiftpackageindex-builder/spi-builder-workspace/Sources/AliasWonderland/ClosuresAliases.swift:13:81: error: cannot find type 'O' in scope
public typealias AsyncThrowsClosure<each I,O> = (repeat each I) async throws -> O
                                                                                ^
/Users/builder/builds/o86TiJKT/1/finestructure/swiftpackageindex-builder/spi-builder-workspace/Sources/AliasWonderland/ClosuresAliases.swift:23:85: error: cannot find type 'T' in scope
public typealias Producer<each T>              = ()                 -> (repeat each T)
                                                                                    ^
/Users/builder/builds/o86TiJKT/1/finestructure/swiftpackageindex-builder/spi-builder-workspace/Sources/AliasWonderland/ClosuresAliases.swift:25:85: error: cannot find type 'T' in scope
public typealias ThrowsProducer<each T>        = () throws          -> (repeat each T)
                                                                                    ^
/Users/builder/builds/o86TiJKT/1/finestructure/swiftpackageindex-builder/spi-builder-workspace/Sources/AliasWonderland/ClosuresAliases.swift:28:85: error: cannot find type 'T' in scope
public typealias AsyncProducer<each T>         = () async           -> (repeat each T)
                                                                                    ^
/Users/builder/builds/o86TiJKT/1/finestructure/swiftpackageindex-builder/spi-builder-workspace/Sources/AliasWonderland/ClosuresAliases.swift:31:85: error: cannot find type 'T' in scope
public typealias AsyncThrowsProducer<each T>   = () async throws    -> (repeat each T)
                                                                                    ^
/Users/builder/builds/o86TiJKT/1/finestructure/swiftpackageindex-builder/spi-builder-workspace/Sources/AliasWonderland/ClosuresAliases.swift:34:85: error: cannot find type 'T' in scope
public typealias SendableAsyncProducer<each T> = @Sendable () async -> (repeat each T)
                                                                                    ^
/Users/builder/builds/o86TiJKT/1/finestructure/swiftpackageindex-builder/spi-builder-workspace/Sources/AliasWonderland/SideEffectAliases.swift:33:56: error: cannot find type 'I' in scope
public typealias Consumer<each I>       = (repeat each I)        -> Void
                                                       ^
/Users/builder/builds/o86TiJKT/1/finestructure/swiftpackageindex-builder/spi-builder-workspace/Sources/AliasWonderland/SideEffectAliases.swift:34:56: error: cannot find type 'I' in scope
public typealias ThrowsConsumer<each I> = (repeat each I) throws -> Void
                                                       ^
/Users/builder/builds/o86TiJKT/1/finestructure/swiftpackageindex-builder/spi-builder-workspace/Sources/AliasWonderland/SideEffectAliases.swift:39:55: error: cannot find type 'I' in scope
public typealias AsyncConsumer<each I> = (repeat each I) async -> Void
                                                      ^
/Users/builder/builds/o86TiJKT/1/finestructure/swiftpackageindex-builder/spi-builder-workspace/Sources/AliasWonderland/SideEffectAliases.swift:43:61: error: cannot find type 'I' in scope
public typealias AsyncThrowsConsumer<each I> = (repeat each I) async throws -> Void
                                                            ^
SwiftCompile normal arm64 Compiling\ ClosuresAliases.swift /Users/builder/builds/o86TiJKT/1/finestructure/swiftpackageindex-builder/spi-builder-workspace/Sources/AliasWonderland/ClosuresAliases.swift (in target 'AliasWonderland' from project 'AliasWonderland')
    cd /Users/builder/builds/o86TiJKT/1/finestructure/swiftpackageindex-builder/spi-builder-workspace
    builtin-swiftTaskExecution -- /Applications/Xcode-14.3.1.app/Contents/Developer/Toolchains/XcodeDefault.xctoolchain/usr/bin/swift-frontend -frontend -c -primary-file /Users/builder/builds/o86TiJKT/1/finestructure/swiftpackageindex-builder/spi-builder-workspace/Sources/AliasWonderland/ClosuresAliases.swift /Users/builder/builds/o86TiJKT/1/finestructure/swiftpackageindex-builder/spi-builder-workspace/Sources/AliasWonderland/SideEffectAliases.swift -emit-dependencies-path /Users/builder/builds/o86TiJKT/1/finestructure/swiftpackageindex-builder/spi-builder-workspace/.derivedData/Build/Intermediates.noindex/AliasWonderland.build/Debug-iphoneos/AliasWonderland.build/Objects-normal/arm64/ClosuresAliases.d -emit-reference-dependencies-path /Users/builder/builds/o86TiJKT/1/finestructure/swiftpackageindex-builder/spi-builder-workspace/.derivedData/Build/Intermediates.noindex/AliasWonderland.build/Debug-iphoneos/AliasWonderland.build/Objects-normal/arm64/ClosuresAliases.swiftdeps -serialize-diagnostics-path /Users/builder/builds/o86TiJKT/1/finestructure/swiftpackageindex-builder/spi-builder-workspace/.derivedData/Build/Intermediates.noindex/AliasWonderland.build/Debug-iphoneos/AliasWonderland.build/Objects-normal/arm64/ClosuresAliases.dia -target arm64-apple-ios11.0 -Xllvm -aarch64-use-tbi -enable-objc-interop -sdk /Applications/Xcode-14.3.1.app/Contents/Developer/Platforms/iPhoneOS.platform/Developer/SDKs/iPhoneOS16.4.sdk -I /Users/builder/builds/o86TiJKT/1/finestructure/swiftpackageindex-builder/spi-builder-workspace/.derivedData/Build/Products/Debug-iphoneos -I /Applications/Xcode-14.3.1.app/Contents/Developer/Platforms/iPhoneOS.platform/Developer/usr/lib -F /Users/builder/builds/o86TiJKT/1/finestructure/swiftpackageindex-builder/spi-builder-workspace/.derivedData/Build/Products/Debug-iphoneos -F /Applications/Xcode-14.3.1.app/Contents/Developer/Platforms/iPhoneOS.platform/Developer/Library/Frameworks -F /Applications/Xcode-14.3.1.app/Contents/Developer/Platforms/iPhoneOS.platform/Developer/SDKs/iPhoneOS16.4.sdk/Developer/Library/Frameworks -no-color-diagnostics -enable-testing -g -module-cache-path /Users/builder/builds/o86TiJKT/1/finestructure/swiftpackageindex-builder/spi-builder-workspace/.derivedData/ModuleCache.noindex -swift-version 5 -enforce-exclusivity\=checked -Onone -D SWIFT_PACKAGE -D DEBUG -D Xcode -serialize-debugging-options -empty-abi-descriptor -Xcc -working-directory -Xcc /Users/builder/builds/o86TiJKT/1/finestructure/swiftpackageindex-builder/spi-builder-workspace -resource-dir /Applications/Xcode-14.3.1.app/Contents/Developer/Toolchains/XcodeDefault.xctoolchain/usr/lib/swift -enable-anonymous-context-mangled-names -Xcc -ivfsstatcache -Xcc /Users/builder/builds/o86TiJKT/1/finestructure/swiftpackageindex-builder/spi-builder-workspace/.derivedData/SDKStatCaches.noindex/iphoneos16.4-20E238-.sdkstatcache -Xcc -I/Users/builder/builds/o86TiJKT/1/finestructure/swiftpackageindex-builder/spi-builder-workspace/.derivedData/Build/Intermediates.noindex/AliasWonderland.build/Debug-iphoneos/AliasWonderland.build/swift-overrides.hmap -Xcc -I/Users/builder/builds/o86TiJKT/1/finestructure/swiftpackageindex-builder/spi-builder-workspace/.derivedData/Build/Products/Debug-iphoneos/include -Xcc -I/Users/builder/builds/o86TiJKT/1/finestructure/swiftpackageindex-builder/spi-builder-workspace/.derivedData/Build/Intermediates.noindex/AliasWonderland.build/Debug-iphoneos/AliasWonderland.build/DerivedSources-normal/arm64 -Xcc -I/Users/builder/builds/o86TiJKT/1/finestructure/swiftpackageindex-builder/spi-builder-workspace/.derivedData/Build/Intermediates.noindex/AliasWonderland.build/Debug-iphoneos/AliasWonderland.build/DerivedSources/arm64 -Xcc -I/Users/builder/builds/o86TiJKT/1/finestructure/swiftpackageindex-builder/spi-builder-workspace/.derivedData/Build/Intermediates.noindex/AliasWonderland.build/Debug-iphoneos/AliasWonderland.build/DerivedSources -Xcc -DSWIFT_PACKAGE -Xcc -DDEBUG\=1 -module-name AliasWonderland -frontend-parseable-output -disable-clang-spi -target-sdk-version 16.4 -target-sdk-name iphoneos16.4 -o /Users/builder/builds/o86TiJKT/1/finestructure/swiftpackageindex-builder/spi-builder-workspace/.derivedData/Build/Intermediates.noindex/AliasWonderland.build/Debug-iphoneos/AliasWonderland.build/Objects-normal/arm64/ClosuresAliases.o -index-unit-output-path /AliasWonderland.build/Debug-iphoneos/AliasWonderland.build/Objects-normal/arm64/ClosuresAliases.o -index-store-path /Users/builder/builds/o86TiJKT/1/finestructure/swiftpackageindex-builder/spi-builder-workspace/.derivedData/Index.noindex/DataStore -index-system-modules
SwiftCompile normal arm64 /Users/builder/builds/o86TiJKT/1/finestructure/swiftpackageindex-builder/spi-builder-workspace/Sources/AliasWonderland/ClosuresAliases.swift (in target 'AliasWonderland' from project 'AliasWonderland')
    cd /Users/builder/builds/o86TiJKT/1/finestructure/swiftpackageindex-builder/spi-builder-workspace
    /Applications/Xcode-14.3.1.app/Contents/Developer/Toolchains/XcodeDefault.xctoolchain/usr/bin/swift-frontend -c -primary-file /Users/builder/builds/o86TiJKT/1/finestructure/swiftpackageindex-builder/spi-builder-workspace/Sources/AliasWonderland/ClosuresAliases.swift /Users/builder/builds/o86TiJKT/1/finestructure/swiftpackageindex-builder/spi-builder-workspace/Sources/AliasWonderland/SideEffectAliases.swift -emit-dependencies-path /Users/builder/builds/o86TiJKT/1/finestructure/swiftpackageindex-builder/spi-builder-workspace/.derivedData/Build/Intermediates.noindex/AliasWonderland.build/Debug-iphoneos/AliasWonderland.build/Objects-normal/arm64/ClosuresAliases.d -emit-reference-dependencies-path /Users/builder/builds/o86TiJKT/1/finestructure/swiftpackageindex-builder/spi-builder-workspace/.derivedData/Build/Intermediates.noindex/AliasWonderland.build/Debug-iphoneos/AliasWonderland.build/Objects-normal/arm64/ClosuresAliases.swiftdeps -serialize-diagnostics-path /Users/builder/builds/o86TiJKT/1/finestructure/swiftpackageindex-builder/spi-builder-workspace/.derivedData/Build/Intermediates.noindex/AliasWonderland.build/Debug-iphoneos/AliasWonderland.build/Objects-normal/arm64/ClosuresAliases.dia -target arm64-apple-ios11.0 -Xllvm -aarch64-use-tbi -enable-objc-interop -sdk /Applications/Xcode-14.3.1.app/Contents/Developer/Platforms/iPhoneOS.platform/Developer/SDKs/iPhoneOS16.4.sdk -I /Users/builder/builds/o86TiJKT/1/finestructure/swiftpackageindex-builder/spi-builder-workspace/.derivedData/Build/Products/Debug-iphoneos -I /Applications/Xcode-14.3.1.app/Contents/Developer/Platforms/iPhoneOS.platform/Developer/usr/lib -F /Users/builder/builds/o86TiJKT/1/finestructure/swiftpackageindex-builder/spi-builder-workspace/.derivedData/Build/Products/Debug-iphoneos -F /Applications/Xcode-14.3.1.app/Contents/Developer/Platforms/iPhoneOS.platform/Developer/Library/Frameworks -F /Applications/Xcode-14.3.1.app/Contents/Developer/Platforms/iPhoneOS.platform/Developer/SDKs/iPhoneOS16.4.sdk/Developer/Library/Frameworks -no-color-diagnostics -enable-testing -g -module-cache-path /Users/builder/builds/o86TiJKT/1/finestructure/swiftpackageindex-builder/spi-builder-workspace/.derivedData/ModuleCache.noindex -swift-version 5 -enforce-exclusivity\=checked -Onone -D SWIFT_PACKAGE -D DEBUG -D Xcode -serialize-debugging-options -empty-abi-descriptor -Xcc -working-directory -Xcc /Users/builder/builds/o86TiJKT/1/finestructure/swiftpackageindex-builder/spi-builder-workspace -resource-dir /Applications/Xcode-14.3.1.app/Contents/Developer/Toolchains/XcodeDefault.xctoolchain/usr/lib/swift -enable-anonymous-context-mangled-names -Xcc -ivfsstatcache -Xcc /Users/builder/builds/o86TiJKT/1/finestructure/swiftpackageindex-builder/spi-builder-workspace/.derivedData/SDKStatCaches.noindex/iphoneos16.4-20E238-.sdkstatcache -Xcc -I/Users/builder/builds/o86TiJKT/1/finestructure/swiftpackageindex-builder/spi-builder-workspace/.derivedData/Build/Intermediates.noindex/AliasWonderland.build/Debug-iphoneos/AliasWonderland.build/swift-overrides.hmap -Xcc -I/Users/builder/builds/o86TiJKT/1/finestructure/swiftpackageindex-builder/spi-builder-workspace/.derivedData/Build/Products/Debug-iphoneos/include -Xcc -I/Users/builder/builds/o86TiJKT/1/finestructure/swiftpackageindex-builder/spi-builder-workspace/.derivedData/Build/Intermediates.noindex/AliasWonderland.build/Debug-iphoneos/AliasWonderland.build/DerivedSources-normal/arm64 -Xcc -I/Users/builder/builds/o86TiJKT/1/finestructure/swiftpackageindex-builder/spi-builder-workspace/.derivedData/Build/Intermediates.noindex/AliasWonderland.build/Debug-iphoneos/AliasWonderland.build/DerivedSources/arm64 -Xcc -I/Users/builder/builds/o86TiJKT/1/finestructure/swiftpackageindex-builder/spi-builder-workspace/.derivedData/Build/Intermediates.noindex/AliasWonderland.build/Debug-iphoneos/AliasWonderland.build/DerivedSources -Xcc -DSWIFT_PACKAGE -Xcc -DDEBUG\=1 -module-name AliasWonderland -frontend-parseable-output -disable-clang-spi -target-sdk-version 16.4 -target-sdk-name iphoneos16.4 -o /Users/builder/builds/o86TiJKT/1/finestructure/swiftpackageindex-builder/spi-builder-workspace/.derivedData/Build/Intermediates.noindex/AliasWonderland.build/Debug-iphoneos/AliasWonderland.build/Objects-normal/arm64/ClosuresAliases.o -index-unit-output-path /AliasWonderland.build/Debug-iphoneos/AliasWonderland.build/Objects-normal/arm64/ClosuresAliases.o -index-store-path /Users/builder/builds/o86TiJKT/1/finestructure/swiftpackageindex-builder/spi-builder-workspace/.derivedData/Index.noindex/DataStore -index-system-modules
SwiftCompile normal arm64 Compiling\ SideEffectAliases.swift /Users/builder/builds/o86TiJKT/1/finestructure/swiftpackageindex-builder/spi-builder-workspace/Sources/AliasWonderland/SideEffectAliases.swift (in target 'AliasWonderland' from project 'AliasWonderland')
    cd /Users/builder/builds/o86TiJKT/1/finestructure/swiftpackageindex-builder/spi-builder-workspace
    builtin-swiftTaskExecution -- /Applications/Xcode-14.3.1.app/Contents/Developer/Toolchains/XcodeDefault.xctoolchain/usr/bin/swift-frontend -frontend -c /Users/builder/builds/o86TiJKT/1/finestructure/swiftpackageindex-builder/spi-builder-workspace/Sources/AliasWonderland/ClosuresAliases.swift -primary-file /Users/builder/builds/o86TiJKT/1/finestructure/swiftpackageindex-builder/spi-builder-workspace/Sources/AliasWonderland/SideEffectAliases.swift -emit-dependencies-path /Users/builder/builds/o86TiJKT/1/finestructure/swiftpackageindex-builder/spi-builder-workspace/.derivedData/Build/Intermediates.noindex/AliasWonderland.build/Debug-iphoneos/AliasWonderland.build/Objects-normal/arm64/SideEffectAliases.d -emit-reference-dependencies-path /Users/builder/builds/o86TiJKT/1/finestructure/swiftpackageindex-builder/spi-builder-workspace/.derivedData/Build/Intermediates.noindex/AliasWonderland.build/Debug-iphoneos/AliasWonderland.build/Objects-normal/arm64/SideEffectAliases.swiftdeps -serialize-diagnostics-path /Users/builder/builds/o86TiJKT/1/finestructure/swiftpackageindex-builder/spi-builder-workspace/.derivedData/Build/Intermediates.noindex/AliasWonderland.build/Debug-iphoneos/AliasWonderland.build/Objects-normal/arm64/SideEffectAliases.dia -target arm64-apple-ios11.0 -Xllvm -aarch64-use-tbi -enable-objc-interop -sdk /Applications/Xcode-14.3.1.app/Contents/Developer/Platforms/iPhoneOS.platform/Developer/SDKs/iPhoneOS16.4.sdk -I /Users/builder/builds/o86TiJKT/1/finestructure/swiftpackageindex-builder/spi-builder-workspace/.derivedData/Build/Products/Debug-iphoneos -I /Applications/Xcode-14.3.1.app/Contents/Developer/Platforms/iPhoneOS.platform/Developer/usr/lib -F /Users/builder/builds/o86TiJKT/1/finestructure/swiftpackageindex-builder/spi-builder-workspace/.derivedData/Build/Products/Debug-iphoneos -F /Applications/Xcode-14.3.1.app/Contents/Developer/Platforms/iPhoneOS.platform/Developer/Library/Frameworks -F /Applications/Xcode-14.3.1.app/Contents/Developer/Platforms/iPhoneOS.platform/Developer/SDKs/iPhoneOS16.4.sdk/Developer/Library/Frameworks -no-color-diagnostics -enable-testing -g -module-cache-path /Users/builder/builds/o86TiJKT/1/finestructure/swiftpackageindex-builder/spi-builder-workspace/.derivedData/ModuleCache.noindex -swift-version 5 -enforce-exclusivity\=checked -Onone -D SWIFT_PACKAGE -D DEBUG -D Xcode -serialize-debugging-options -empty-abi-descriptor -Xcc -working-directory -Xcc /Users/builder/builds/o86TiJKT/1/finestructure/swiftpackageindex-builder/spi-builder-workspace -resource-dir /Applications/Xcode-14.3.1.app/Contents/Developer/Toolchains/XcodeDefault.xctoolchain/usr/lib/swift -enable-anonymous-context-mangled-names -Xcc -ivfsstatcache -Xcc /Users/builder/builds/o86TiJKT/1/finestructure/swiftpackageindex-builder/spi-builder-workspace/.derivedData/SDKStatCaches.noindex/iphoneos16.4-20E238-.sdkstatcache -Xcc -I/Users/builder/builds/o86TiJKT/1/finestructure/swiftpackageindex-builder/spi-builder-workspace/.derivedData/Build/Intermediates.noindex/AliasWonderland.build/Debug-iphoneos/AliasWonderland.build/swift-overrides.hmap -Xcc -I/Users/builder/builds/o86TiJKT/1/finestructure/swiftpackageindex-builder/spi-builder-workspace/.derivedData/Build/Products/Debug-iphoneos/include -Xcc -I/Users/builder/builds/o86TiJKT/1/finestructure/swiftpackageindex-builder/spi-builder-workspace/.derivedData/Build/Intermediates.noindex/AliasWonderland.build/Debug-iphoneos/AliasWonderland.build/DerivedSources-normal/arm64 -Xcc -I/Users/builder/builds/o86TiJKT/1/finestructure/swiftpackageindex-builder/spi-builder-workspace/.derivedData/Build/Intermediates.noindex/AliasWonderland.build/Debug-iphoneos/AliasWonderland.build/DerivedSources/arm64 -Xcc -I/Users/builder/builds/o86TiJKT/1/finestructure/swiftpackageindex-builder/spi-builder-workspace/.derivedData/Build/Intermediates.noindex/AliasWonderland.build/Debug-iphoneos/AliasWonderland.build/DerivedSources -Xcc -DSWIFT_PACKAGE -Xcc -DDEBUG\=1 -module-name AliasWonderland -frontend-parseable-output -disable-clang-spi -target-sdk-version 16.4 -target-sdk-name iphoneos16.4 -o /Users/builder/builds/o86TiJKT/1/finestructure/swiftpackageindex-builder/spi-builder-workspace/.derivedData/Build/Intermediates.noindex/AliasWonderland.build/Debug-iphoneos/AliasWonderland.build/Objects-normal/arm64/SideEffectAliases.o -index-unit-output-path /AliasWonderland.build/Debug-iphoneos/AliasWonderland.build/Objects-normal/arm64/SideEffectAliases.o -index-store-path /Users/builder/builds/o86TiJKT/1/finestructure/swiftpackageindex-builder/spi-builder-workspace/.derivedData/Index.noindex/DataStore -index-system-modules
SwiftCompile normal arm64 /Users/builder/builds/o86TiJKT/1/finestructure/swiftpackageindex-builder/spi-builder-workspace/Sources/AliasWonderland/SideEffectAliases.swift (in target 'AliasWonderland' from project 'AliasWonderland')
    cd /Users/builder/builds/o86TiJKT/1/finestructure/swiftpackageindex-builder/spi-builder-workspace
    /Applications/Xcode-14.3.1.app/Contents/Developer/Toolchains/XcodeDefault.xctoolchain/usr/bin/swift-frontend -c /Users/builder/builds/o86TiJKT/1/finestructure/swiftpackageindex-builder/spi-builder-workspace/Sources/AliasWonderland/ClosuresAliases.swift -primary-file /Users/builder/builds/o86TiJKT/1/finestructure/swiftpackageindex-builder/spi-builder-workspace/Sources/AliasWonderland/SideEffectAliases.swift -emit-dependencies-path /Users/builder/builds/o86TiJKT/1/finestructure/swiftpackageindex-builder/spi-builder-workspace/.derivedData/Build/Intermediates.noindex/AliasWonderland.build/Debug-iphoneos/AliasWonderland.build/Objects-normal/arm64/SideEffectAliases.d -emit-reference-dependencies-path /Users/builder/builds/o86TiJKT/1/finestructure/swiftpackageindex-builder/spi-builder-workspace/.derivedData/Build/Intermediates.noindex/AliasWonderland.build/Debug-iphoneos/AliasWonderland.build/Objects-normal/arm64/SideEffectAliases.swiftdeps -serialize-diagnostics-path /Users/builder/builds/o86TiJKT/1/finestructure/swiftpackageindex-builder/spi-builder-workspace/.derivedData/Build/Intermediates.noindex/AliasWonderland.build/Debug-iphoneos/AliasWonderland.build/Objects-normal/arm64/SideEffectAliases.dia -target arm64-apple-ios11.0 -Xllvm -aarch64-use-tbi -enable-objc-interop -sdk /Applications/Xcode-14.3.1.app/Contents/Developer/Platforms/iPhoneOS.platform/Developer/SDKs/iPhoneOS16.4.sdk -I /Users/builder/builds/o86TiJKT/1/finestructure/swiftpackageindex-builder/spi-builder-workspace/.derivedData/Build/Products/Debug-iphoneos -I /Applications/Xcode-14.3.1.app/Contents/Developer/Platforms/iPhoneOS.platform/Developer/usr/lib -F /Users/builder/builds/o86TiJKT/1/finestructure/swiftpackageindex-builder/spi-builder-workspace/.derivedData/Build/Products/Debug-iphoneos -F /Applications/Xcode-14.3.1.app/Contents/Developer/Platforms/iPhoneOS.platform/Developer/Library/Frameworks -F /Applications/Xcode-14.3.1.app/Contents/Developer/Platforms/iPhoneOS.platform/Developer/SDKs/iPhoneOS16.4.sdk/Developer/Library/Frameworks -no-color-diagnostics -enable-testing -g -module-cache-path /Users/builder/builds/o86TiJKT/1/finestructure/swiftpackageindex-builder/spi-builder-workspace/.derivedData/ModuleCache.noindex -swift-version 5 -enforce-exclusivity\=checked -Onone -D SWIFT_PACKAGE -D DEBUG -D Xcode -serialize-debugging-options -empty-abi-descriptor -Xcc -working-directory -Xcc /Users/builder/builds/o86TiJKT/1/finestructure/swiftpackageindex-builder/spi-builder-workspace -resource-dir /Applications/Xcode-14.3.1.app/Contents/Developer/Toolchains/XcodeDefault.xctoolchain/usr/lib/swift -enable-anonymous-context-mangled-names -Xcc -ivfsstatcache -Xcc /Users/builder/builds/o86TiJKT/1/finestructure/swiftpackageindex-builder/spi-builder-workspace/.derivedData/SDKStatCaches.noindex/iphoneos16.4-20E238-.sdkstatcache -Xcc -I/Users/builder/builds/o86TiJKT/1/finestructure/swiftpackageindex-builder/spi-builder-workspace/.derivedData/Build/Intermediates.noindex/AliasWonderland.build/Debug-iphoneos/AliasWonderland.build/swift-overrides.hmap -Xcc -I/Users/builder/builds/o86TiJKT/1/finestructure/swiftpackageindex-builder/spi-builder-workspace/.derivedData/Build/Products/Debug-iphoneos/include -Xcc -I/Users/builder/builds/o86TiJKT/1/finestructure/swiftpackageindex-builder/spi-builder-workspace/.derivedData/Build/Intermediates.noindex/AliasWonderland.build/Debug-iphoneos/AliasWonderland.build/DerivedSources-normal/arm64 -Xcc -I/Users/builder/builds/o86TiJKT/1/finestructure/swiftpackageindex-builder/spi-builder-workspace/.derivedData/Build/Intermediates.noindex/AliasWonderland.build/Debug-iphoneos/AliasWonderland.build/DerivedSources/arm64 -Xcc -I/Users/builder/builds/o86TiJKT/1/finestructure/swiftpackageindex-builder/spi-builder-workspace/.derivedData/Build/Intermediates.noindex/AliasWonderland.build/Debug-iphoneos/AliasWonderland.build/DerivedSources -Xcc -DSWIFT_PACKAGE -Xcc -DDEBUG\=1 -module-name AliasWonderland -frontend-parseable-output -disable-clang-spi -target-sdk-version 16.4 -target-sdk-name iphoneos16.4 -o /Users/builder/builds/o86TiJKT/1/finestructure/swiftpackageindex-builder/spi-builder-workspace/.derivedData/Build/Intermediates.noindex/AliasWonderland.build/Debug-iphoneos/AliasWonderland.build/Objects-normal/arm64/SideEffectAliases.o -index-unit-output-path /AliasWonderland.build/Debug-iphoneos/AliasWonderland.build/Objects-normal/arm64/SideEffectAliases.o -index-store-path /Users/builder/builds/o86TiJKT/1/finestructure/swiftpackageindex-builder/spi-builder-workspace/.derivedData/Index.noindex/DataStore -index-system-modules
Resolve Package Graph
2023-12-17 16:00:12.707 xcodebuild[76406:22049655] DVTCoreDeviceEnabledState: DVTCoreDeviceEnabledState_Disabled set via user default (DVTEnableCoreDevice=disabled)
** BUILD FAILED **
The following build commands failed:
	SwiftEmitModule normal arm64 Emitting\ module\ for\ AliasWonderland (in target 'AliasWonderland' from project 'AliasWonderland')
(1 failure)
Command line invocation:
    /Applications/Xcode-14.3.1.app/Contents/Developer/usr/bin/xcodebuild -IDEClonedSourcePackagesDirPathOverride=/Users/builder/builds/o86TiJKT/1/finestructure/swiftpackageindex-builder/spi-builder-workspace/.dependencies -derivedDataPath /Users/builder/builds/o86TiJKT/1/finestructure/swiftpackageindex-builder/spi-builder-workspace/.derivedData build -scheme AliasWonderland -destination generic/platform=ios
User defaults from command line:
    IDEClonedSourcePackagesDirPathOverride = /Users/builder/builds/o86TiJKT/1/finestructure/swiftpackageindex-builder/spi-builder-workspace/.dependencies
    IDEDerivedDataPathOverride = /Users/builder/builds/o86TiJKT/1/finestructure/swiftpackageindex-builder/spi-builder-workspace/.derivedData
    IDEPackageSupportUseBuiltinSCM = YES
Resolve Package Graph
Resolved source packages:
  AliasWonderland: /Users/builder/builds/o86TiJKT/1/finestructure/swiftpackageindex-builder/spi-builder-workspace
Prepare packages
Computing target dependency graph and provisioning inputs
Create build description
note: Building targets in dependency order
ClangStatCache /Applications/Xcode-14.3.1.app/Contents/Developer/Toolchains/XcodeDefault.xctoolchain/usr/bin/clang-stat-cache /Applications/Xcode-14.3.1.app/Contents/Developer/Platforms/iPhoneOS.platform/Developer/SDKs/iPhoneOS16.4.sdk /Users/builder/builds/o86TiJKT/1/finestructure/swiftpackageindex-builder/spi-builder-workspace/.derivedData/SDKStatCaches.noindex/iphoneos16.4-20E238-.sdkstatcache
    cd /Users/builder/builds/o86TiJKT/1/finestructure/swiftpackageindex-builder/spi-builder-workspace/.swiftpm/xcode
    /Applications/Xcode-14.3.1.app/Contents/Developer/Toolchains/XcodeDefault.xctoolchain/usr/bin/clang-stat-cache /Applications/Xcode-14.3.1.app/Contents/Developer/Platforms/iPhoneOS.platform/Developer/SDKs/iPhoneOS16.4.sdk -o /Users/builder/builds/o86TiJKT/1/finestructure/swiftpackageindex-builder/spi-builder-workspace/.derivedData/SDKStatCaches.noindex/iphoneos16.4-20E238-.sdkstatcache
SwiftDriver AliasWonderland normal arm64 com.apple.xcode.tools.swift.compiler (in target 'AliasWonderland' from project 'AliasWonderland')
    cd /Users/builder/builds/o86TiJKT/1/finestructure/swiftpackageindex-builder/spi-builder-workspace
    builtin-SwiftDriver -- /Applications/Xcode-14.3.1.app/Contents/Developer/Toolchains/XcodeDefault.xctoolchain/usr/bin/swiftc -module-name AliasWonderland -Onone -enforce-exclusivity\=checked @/Users/builder/builds/o86TiJKT/1/finestructure/swiftpackageindex-builder/spi-builder-workspace/.derivedData/Build/Intermediates.noindex/AliasWonderland.build/Debug-iphoneos/AliasWonderland.build/Objects-normal/arm64/AliasWonderland.SwiftFileList -DSWIFT_PACKAGE -DDEBUG -DXcode -sdk /Applications/Xcode-14.3.1.app/Contents/Developer/Platforms/iPhoneOS.platform/Developer/SDKs/iPhoneOS16.4.sdk -target arm64-apple-ios11.0 -g -module-cache-path /Users/builder/builds/o86TiJKT/1/finestructure/swiftpackageindex-builder/spi-builder-workspace/.derivedData/ModuleCache.noindex -Xfrontend -serialize-debugging-options -enable-testing -index-store-path /Users/builder/builds/o86TiJKT/1/finestructure/swiftpackageindex-builder/spi-builder-workspace/.derivedData/Index.noindex/DataStore -swift-version 5 -I /Users/builder/builds/o86TiJKT/1/finestructure/swiftpackageindex-builder/spi-builder-workspace/.derivedData/Build/Products/Debug-iphoneos -I /Applications/Xcode-14.3.1.app/Contents/Developer/Platforms/iPhoneOS.platform/Developer/usr/lib -F /Users/builder/builds/o86TiJKT/1/finestructure/swiftpackageindex-builder/spi-builder-workspace/.derivedData/Build/Products/Debug-iphoneos -F /Applications/Xcode-14.3.1.app/Contents/Developer/Platforms/iPhoneOS.platform/Developer/Library/Frameworks -F /Applications/Xcode-14.3.1.app/Contents/Developer/Platforms/iPhoneOS.platform/Developer/SDKs/iPhoneOS16.4.sdk/Developer/Library/Frameworks -c -j8 -enable-batch-mode -incremental -Xcc -ivfsstatcache -Xcc /Users/builder/builds/o86TiJKT/1/finestructure/swiftpackageindex-builder/spi-builder-workspace/.derivedData/SDKStatCaches.noindex/iphoneos16.4-20E238-.sdkstatcache -output-file-map /Users/builder/builds/o86TiJKT/1/finestructure/swiftpackageindex-builder/spi-builder-workspace/.derivedData/Build/Intermediates.noindex/AliasWonderland.build/Debug-iphoneos/AliasWonderland.build/Objects-normal/arm64/AliasWonderland-OutputFileMap.json -use-frontend-parseable-output -save-temps -no-color-diagnostics -serialize-diagnostics -emit-dependencies -emit-module -emit-module-path /Users/builder/builds/o86TiJKT/1/finestructure/swiftpackageindex-builder/spi-builder-workspace/.derivedData/Build/Intermediates.noindex/AliasWonderland.build/Debug-iphoneos/AliasWonderland.build/Objects-normal/arm64/AliasWonderland.swiftmodule -Xcc -I/Users/builder/builds/o86TiJKT/1/finestructure/swiftpackageindex-builder/spi-builder-workspace/.derivedData/Build/Intermediates.noindex/AliasWonderland.build/Debug-iphoneos/AliasWonderland.build/swift-overrides.hmap -Xcc -I/Users/builder/builds/o86TiJKT/1/finestructure/swiftpackageindex-builder/spi-builder-workspace/.derivedData/Build/Products/Debug-iphoneos/include -Xcc -I/Users/builder/builds/o86TiJKT/1/finestructure/swiftpackageindex-builder/spi-builder-workspace/.derivedData/Build/Intermediates.noindex/AliasWonderland.build/Debug-iphoneos/AliasWonderland.build/DerivedSources-normal/arm64 -Xcc -I/Users/builder/builds/o86TiJKT/1/finestructure/swiftpackageindex-builder/spi-builder-workspace/.derivedData/Build/Intermediates.noindex/AliasWonderland.build/Debug-iphoneos/AliasWonderland.build/DerivedSources/arm64 -Xcc -I/Users/builder/builds/o86TiJKT/1/finestructure/swiftpackageindex-builder/spi-builder-workspace/.derivedData/Build/Intermediates.noindex/AliasWonderland.build/Debug-iphoneos/AliasWonderland.build/DerivedSources -Xcc -DSWIFT_PACKAGE -Xcc -DDEBUG\=1 -emit-objc-header -emit-objc-header-path /Users/builder/builds/o86TiJKT/1/finestructure/swiftpackageindex-builder/spi-builder-workspace/.derivedData/Build/Intermediates.noindex/AliasWonderland.build/Debug-iphoneos/AliasWonderland.build/Objects-normal/arm64/AliasWonderland-Swift.h -working-directory /Users/builder/builds/o86TiJKT/1/finestructure/swiftpackageindex-builder/spi-builder-workspace -experimental-emit-module-separately -disable-cmo
SwiftCompile normal arm64 Compiling\ ClosuresAliases.swift /Users/builder/builds/o86TiJKT/1/finestructure/swiftpackageindex-builder/spi-builder-workspace/Sources/AliasWonderland/ClosuresAliases.swift (in target 'AliasWonderland' from project 'AliasWonderland')
    cd /Users/builder/builds/o86TiJKT/1/finestructure/swiftpackageindex-builder/spi-builder-workspace
    builtin-swiftTaskExecution -- /Applications/Xcode-14.3.1.app/Contents/Developer/Toolchains/XcodeDefault.xctoolchain/usr/bin/swift-frontend -frontend -c -primary-file /Users/builder/builds/o86TiJKT/1/finestructure/swiftpackageindex-builder/spi-builder-workspace/Sources/AliasWonderland/ClosuresAliases.swift /Users/builder/builds/o86TiJKT/1/finestructure/swiftpackageindex-builder/spi-builder-workspace/Sources/AliasWonderland/SideEffectAliases.swift -emit-dependencies-path /Users/builder/builds/o86TiJKT/1/finestructure/swiftpackageindex-builder/spi-builder-workspace/.derivedData/Build/Intermediates.noindex/AliasWonderland.build/Debug-iphoneos/AliasWonderland.build/Objects-normal/arm64/ClosuresAliases.d -emit-reference-dependencies-path /Users/builder/builds/o86TiJKT/1/finestructure/swiftpackageindex-builder/spi-builder-workspace/.derivedData/Build/Intermediates.noindex/AliasWonderland.build/Debug-iphoneos/AliasWonderland.build/Objects-normal/arm64/ClosuresAliases.swiftdeps -serialize-diagnostics-path /Users/builder/builds/o86TiJKT/1/finestructure/swiftpackageindex-builder/spi-builder-workspace/.derivedData/Build/Intermediates.noindex/AliasWonderland.build/Debug-iphoneos/AliasWonderland.build/Objects-normal/arm64/ClosuresAliases.dia -target arm64-apple-ios11.0 -Xllvm -aarch64-use-tbi -enable-objc-interop -sdk /Applications/Xcode-14.3.1.app/Contents/Developer/Platforms/iPhoneOS.platform/Developer/SDKs/iPhoneOS16.4.sdk -I /Users/builder/builds/o86TiJKT/1/finestructure/swiftpackageindex-builder/spi-builder-workspace/.derivedData/Build/Products/Debug-iphoneos -I /Applications/Xcode-14.3.1.app/Contents/Developer/Platforms/iPhoneOS.platform/Developer/usr/lib -F /Users/builder/builds/o86TiJKT/1/finestructure/swiftpackageindex-builder/spi-builder-workspace/.derivedData/Build/Products/Debug-iphoneos -F /Applications/Xcode-14.3.1.app/Contents/Developer/Platforms/iPhoneOS.platform/Developer/Library/Frameworks -F /Applications/Xcode-14.3.1.app/Contents/Developer/Platforms/iPhoneOS.platform/Developer/SDKs/iPhoneOS16.4.sdk/Developer/Library/Frameworks -no-color-diagnostics -enable-testing -g -module-cache-path /Users/builder/builds/o86TiJKT/1/finestructure/swiftpackageindex-builder/spi-builder-workspace/.derivedData/ModuleCache.noindex -swift-version 5 -enforce-exclusivity\=checked -Onone -D SWIFT_PACKAGE -D DEBUG -D Xcode -serialize-debugging-options -empty-abi-descriptor -Xcc -working-directory -Xcc /Users/builder/builds/o86TiJKT/1/finestructure/swiftpackageindex-builder/spi-builder-workspace -resource-dir /Applications/Xcode-14.3.1.app/Contents/Developer/Toolchains/XcodeDefault.xctoolchain/usr/lib/swift -enable-anonymous-context-mangled-names -Xcc -ivfsstatcache -Xcc /Users/builder/builds/o86TiJKT/1/finestructure/swiftpackageindex-builder/spi-builder-workspace/.derivedData/SDKStatCaches.noindex/iphoneos16.4-20E238-.sdkstatcache -Xcc -I/Users/builder/builds/o86TiJKT/1/finestructure/swiftpackageindex-builder/spi-builder-workspace/.derivedData/Build/Intermediates.noindex/AliasWonderland.build/Debug-iphoneos/AliasWonderland.build/swift-overrides.hmap -Xcc -I/Users/builder/builds/o86TiJKT/1/finestructure/swiftpackageindex-builder/spi-builder-workspace/.derivedData/Build/Products/Debug-iphoneos/include -Xcc -I/Users/builder/builds/o86TiJKT/1/finestructure/swiftpackageindex-builder/spi-builder-workspace/.derivedData/Build/Intermediates.noindex/AliasWonderland.build/Debug-iphoneos/AliasWonderland.build/DerivedSources-normal/arm64 -Xcc -I/Users/builder/builds/o86TiJKT/1/finestructure/swiftpackageindex-builder/spi-builder-workspace/.derivedData/Build/Intermediates.noindex/AliasWonderland.build/Debug-iphoneos/AliasWonderland.build/DerivedSources/arm64 -Xcc -I/Users/builder/builds/o86TiJKT/1/finestructure/swiftpackageindex-builder/spi-builder-workspace/.derivedData/Build/Intermediates.noindex/AliasWonderland.build/Debug-iphoneos/AliasWonderland.build/DerivedSources -Xcc -DSWIFT_PACKAGE -Xcc -DDEBUG\=1 -module-name AliasWonderland -frontend-parseable-output -disable-clang-spi -target-sdk-version 16.4 -target-sdk-name iphoneos16.4 -o /Users/builder/builds/o86TiJKT/1/finestructure/swiftpackageindex-builder/spi-builder-workspace/.derivedData/Build/Intermediates.noindex/AliasWonderland.build/Debug-iphoneos/AliasWonderland.build/Objects-normal/arm64/ClosuresAliases.o -index-unit-output-path /AliasWonderland.build/Debug-iphoneos/AliasWonderland.build/Objects-normal/arm64/ClosuresAliases.o -index-store-path /Users/builder/builds/o86TiJKT/1/finestructure/swiftpackageindex-builder/spi-builder-workspace/.derivedData/Index.noindex/DataStore -index-system-modules
SwiftCompile normal arm64 /Users/builder/builds/o86TiJKT/1/finestructure/swiftpackageindex-builder/spi-builder-workspace/Sources/AliasWonderland/ClosuresAliases.swift (in target 'AliasWonderland' from project 'AliasWonderland')
    cd /Users/builder/builds/o86TiJKT/1/finestructure/swiftpackageindex-builder/spi-builder-workspace
    /Applications/Xcode-14.3.1.app/Contents/Developer/Toolchains/XcodeDefault.xctoolchain/usr/bin/swift-frontend -c -primary-file /Users/builder/builds/o86TiJKT/1/finestructure/swiftpackageindex-builder/spi-builder-workspace/Sources/AliasWonderland/ClosuresAliases.swift /Users/builder/builds/o86TiJKT/1/finestructure/swiftpackageindex-builder/spi-builder-workspace/Sources/AliasWonderland/SideEffectAliases.swift -emit-dependencies-path /Users/builder/builds/o86TiJKT/1/finestructure/swiftpackageindex-builder/spi-builder-workspace/.derivedData/Build/Intermediates.noindex/AliasWonderland.build/Debug-iphoneos/AliasWonderland.build/Objects-normal/arm64/ClosuresAliases.d -emit-reference-dependencies-path /Users/builder/builds/o86TiJKT/1/finestructure/swiftpackageindex-builder/spi-builder-workspace/.derivedData/Build/Intermediates.noindex/AliasWonderland.build/Debug-iphoneos/AliasWonderland.build/Objects-normal/arm64/ClosuresAliases.swiftdeps -serialize-diagnostics-path /Users/builder/builds/o86TiJKT/1/finestructure/swiftpackageindex-builder/spi-builder-workspace/.derivedData/Build/Intermediates.noindex/AliasWonderland.build/Debug-iphoneos/AliasWonderland.build/Objects-normal/arm64/ClosuresAliases.dia -target arm64-apple-ios11.0 -Xllvm -aarch64-use-tbi -enable-objc-interop -sdk /Applications/Xcode-14.3.1.app/Contents/Developer/Platforms/iPhoneOS.platform/Developer/SDKs/iPhoneOS16.4.sdk -I /Users/builder/builds/o86TiJKT/1/finestructure/swiftpackageindex-builder/spi-builder-workspace/.derivedData/Build/Products/Debug-iphoneos -I /Applications/Xcode-14.3.1.app/Contents/Developer/Platforms/iPhoneOS.platform/Developer/usr/lib -F /Users/builder/builds/o86TiJKT/1/finestructure/swiftpackageindex-builder/spi-builder-workspace/.derivedData/Build/Products/Debug-iphoneos -F /Applications/Xcode-14.3.1.app/Contents/Developer/Platforms/iPhoneOS.platform/Developer/Library/Frameworks -F /Applications/Xcode-14.3.1.app/Contents/Developer/Platforms/iPhoneOS.platform/Developer/SDKs/iPhoneOS16.4.sdk/Developer/Library/Frameworks -no-color-diagnostics -enable-testing -g -module-cache-path /Users/builder/builds/o86TiJKT/1/finestructure/swiftpackageindex-builder/spi-builder-workspace/.derivedData/ModuleCache.noindex -swift-version 5 -enforce-exclusivity\=checked -Onone -D SWIFT_PACKAGE -D DEBUG -D Xcode -serialize-debugging-options -empty-abi-descriptor -Xcc -working-directory -Xcc /Users/builder/builds/o86TiJKT/1/finestructure/swiftpackageindex-builder/spi-builder-workspace -resource-dir /Applications/Xcode-14.3.1.app/Contents/Developer/Toolchains/XcodeDefault.xctoolchain/usr/lib/swift -enable-anonymous-context-mangled-names -Xcc -ivfsstatcache -Xcc /Users/builder/builds/o86TiJKT/1/finestructure/swiftpackageindex-builder/spi-builder-workspace/.derivedData/SDKStatCaches.noindex/iphoneos16.4-20E238-.sdkstatcache -Xcc -I/Users/builder/builds/o86TiJKT/1/finestructure/swiftpackageindex-builder/spi-builder-workspace/.derivedData/Build/Intermediates.noindex/AliasWonderland.build/Debug-iphoneos/AliasWonderland.build/swift-overrides.hmap -Xcc -I/Users/builder/builds/o86TiJKT/1/finestructure/swiftpackageindex-builder/spi-builder-workspace/.derivedData/Build/Products/Debug-iphoneos/include -Xcc -I/Users/builder/builds/o86TiJKT/1/finestructure/swiftpackageindex-builder/spi-builder-workspace/.derivedData/Build/Intermediates.noindex/AliasWonderland.build/Debug-iphoneos/AliasWonderland.build/DerivedSources-normal/arm64 -Xcc -I/Users/builder/builds/o86TiJKT/1/finestructure/swiftpackageindex-builder/spi-builder-workspace/.derivedData/Build/Intermediates.noindex/AliasWonderland.build/Debug-iphoneos/AliasWonderland.build/DerivedSources/arm64 -Xcc -I/Users/builder/builds/o86TiJKT/1/finestructure/swiftpackageindex-builder/spi-builder-workspace/.derivedData/Build/Intermediates.noindex/AliasWonderland.build/Debug-iphoneos/AliasWonderland.build/DerivedSources -Xcc -DSWIFT_PACKAGE -Xcc -DDEBUG\=1 -module-name AliasWonderland -frontend-parseable-output -disable-clang-spi -target-sdk-version 16.4 -target-sdk-name iphoneos16.4 -o /Users/builder/builds/o86TiJKT/1/finestructure/swiftpackageindex-builder/spi-builder-workspace/.derivedData/Build/Intermediates.noindex/AliasWonderland.build/Debug-iphoneos/AliasWonderland.build/Objects-normal/arm64/ClosuresAliases.o -index-unit-output-path /AliasWonderland.build/Debug-iphoneos/AliasWonderland.build/Objects-normal/arm64/ClosuresAliases.o -index-store-path /Users/builder/builds/o86TiJKT/1/finestructure/swiftpackageindex-builder/spi-builder-workspace/.derivedData/Index.noindex/DataStore -index-system-modules
SwiftEmitModule normal arm64 Emitting\ module\ for\ AliasWonderland (in target 'AliasWonderland' from project 'AliasWonderland')
    cd /Users/builder/builds/o86TiJKT/1/finestructure/swiftpackageindex-builder/spi-builder-workspace
    builtin-swiftTaskExecution -- /Applications/Xcode-14.3.1.app/Contents/Developer/Toolchains/XcodeDefault.xctoolchain/usr/bin/swift-frontend -frontend -emit-module -experimental-skip-non-inlinable-function-bodies-without-types /Users/builder/builds/o86TiJKT/1/finestructure/swiftpackageindex-builder/spi-builder-workspace/Sources/AliasWonderland/ClosuresAliases.swift /Users/builder/builds/o86TiJKT/1/finestructure/swiftpackageindex-builder/spi-builder-workspace/Sources/AliasWonderland/SideEffectAliases.swift -target arm64-apple-ios11.0 -Xllvm -aarch64-use-tbi -enable-objc-interop -sdk /Applications/Xcode-14.3.1.app/Contents/Developer/Platforms/iPhoneOS.platform/Developer/SDKs/iPhoneOS16.4.sdk -I /Users/builder/builds/o86TiJKT/1/finestructure/swiftpackageindex-builder/spi-builder-workspace/.derivedData/Build/Products/Debug-iphoneos -I /Applications/Xcode-14.3.1.app/Contents/Developer/Platforms/iPhoneOS.platform/Developer/usr/lib -F /Users/builder/builds/o86TiJKT/1/finestructure/swiftpackageindex-builder/spi-builder-workspace/.derivedData/Build/Products/Debug-iphoneos -F /Applications/Xcode-14.3.1.app/Contents/Developer/Platforms/iPhoneOS.platform/Developer/Library/Frameworks -F /Applications/Xcode-14.3.1.app/Contents/Developer/Platforms/iPhoneOS.platform/Developer/SDKs/iPhoneOS16.4.sdk/Developer/Library/Frameworks -no-color-diagnostics -enable-testing -g -module-cache-path /Users/builder/builds/o86TiJKT/1/finestructure/swiftpackageindex-builder/spi-builder-workspace/.derivedData/ModuleCache.noindex -swift-version 5 -enforce-exclusivity\=checked -Onone -D SWIFT_PACKAGE -D DEBUG -D Xcode -serialize-debugging-options -empty-abi-descriptor -Xcc -working-directory -Xcc /Users/builder/builds/o86TiJKT/1/finestructure/swiftpackageindex-builder/spi-builder-workspace -resource-dir /Applications/Xcode-14.3.1.app/Contents/Developer/Toolchains/XcodeDefault.xctoolchain/usr/lib/swift -enable-anonymous-context-mangled-names -Xcc -ivfsstatcache -Xcc /Users/builder/builds/o86TiJKT/1/finestructure/swiftpackageindex-builder/spi-builder-workspace/.derivedData/SDKStatCaches.noindex/iphoneos16.4-20E238-.sdkstatcache -Xcc -I/Users/builder/builds/o86TiJKT/1/finestructure/swiftpackageindex-builder/spi-builder-workspace/.derivedData/Build/Intermediates.noindex/AliasWonderland.build/Debug-iphoneos/AliasWonderland.build/swift-overrides.hmap -Xcc -I/Users/builder/builds/o86TiJKT/1/finestructure/swiftpackageindex-builder/spi-builder-workspace/.derivedData/Build/Products/Debug-iphoneos/include -Xcc -I/Users/builder/builds/o86TiJKT/1/finestructure/swiftpackageindex-builder/spi-builder-workspace/.derivedData/Build/Intermediates.noindex/AliasWonderland.build/Debug-iphoneos/AliasWonderland.build/DerivedSources-normal/arm64 -Xcc -I/Users/builder/builds/o86TiJKT/1/finestructure/swiftpackageindex-builder/spi-builder-workspace/.derivedData/Build/Intermediates.noindex/AliasWonderland.build/Debug-iphoneos/AliasWonderland.build/DerivedSources/arm64 -Xcc -I/Users/builder/builds/o86TiJKT/1/finestructure/swiftpackageindex-builder/spi-builder-workspace/.derivedData/Build/Intermediates.noindex/AliasWonderland.build/Debug-iphoneos/AliasWonderland.build/DerivedSources -Xcc -DSWIFT_PACKAGE -Xcc -DDEBUG\=1 -module-name AliasWonderland -disable-clang-spi -target-sdk-version 16.4 -target-sdk-name iphoneos16.4 -emit-module-doc-path /Users/builder/builds/o86TiJKT/1/finestructure/swiftpackageindex-builder/spi-builder-workspace/.derivedData/Build/Intermediates.noindex/AliasWonderland.build/Debug-iphoneos/AliasWonderland.build/Objects-normal/arm64/AliasWonderland.swiftdoc -emit-module-source-info-path /Users/builder/builds/o86TiJKT/1/finestructure/swiftpackageindex-builder/spi-builder-workspace/.derivedData/Build/Intermediates.noindex/AliasWonderland.build/Debug-iphoneos/AliasWonderland.build/Objects-normal/arm64/AliasWonderland.swiftsourceinfo -emit-objc-header-path /Users/builder/builds/o86TiJKT/1/finestructure/swiftpackageindex-builder/spi-builder-workspace/.derivedData/Build/Intermediates.noindex/AliasWonderland.build/Debug-iphoneos/AliasWonderland.build/Objects-normal/arm64/AliasWonderland-Swift.h -serialize-diagnostics-path /Users/builder/builds/o86TiJKT/1/finestructure/swiftpackageindex-builder/spi-builder-workspace/.derivedData/Build/Intermediates.noindex/AliasWonderland.build/Debug-iphoneos/AliasWonderland.build/Objects-normal/arm64/AliasWonderland-master-emit-module.dia -emit-dependencies-path /Users/builder/builds/o86TiJKT/1/finestructure/swiftpackageindex-builder/spi-builder-workspace/.derivedData/Build/Intermediates.noindex/AliasWonderland.build/Debug-iphoneos/AliasWonderland.build/Objects-normal/arm64/AliasWonderland-master-emit-module.d -o /Users/builder/builds/o86TiJKT/1/finestructure/swiftpackageindex-builder/spi-builder-workspace/.derivedData/Build/Intermediates.noindex/AliasWonderland.build/Debug-iphoneos/AliasWonderland.build/Objects-normal/arm64/AliasWonderland.swiftmodule -emit-abi-descriptor-path /Users/builder/builds/o86TiJKT/1/finestructure/swiftpackageindex-builder/spi-builder-workspace/.derivedData/Build/Intermediates.noindex/AliasWonderland.build/Debug-iphoneos/AliasWonderland.build/Objects-normal/arm64/AliasWonderland.abi.json
/Users/builder/builds/o86TiJKT/1/finestructure/swiftpackageindex-builder/spi-builder-workspace/Sources/AliasWonderland/ClosuresAliases.swift:10:31: error: expected '>' to complete generic parameter list
public typealias Closure<each I, O>           = (repeat each I)              -> O
                              ^
/Users/builder/builds/o86TiJKT/1/finestructure/swiftpackageindex-builder/spi-builder-workspace/Sources/AliasWonderland/ClosuresAliases.swift:10:25: note: to match this opening '<'
public typealias Closure<each I, O>           = (repeat each I)              -> O
                        ^
/Users/builder/builds/o86TiJKT/1/finestructure/swiftpackageindex-builder/spi-builder-workspace/Sources/AliasWonderland/ClosuresAliases.swift:10:62: error: expected ':' following argument label and parameter name
public typealias Closure<each I, O>           = (repeat each I)              -> O
                                                             ^
/Users/builder/builds/o86TiJKT/1/finestructure/swiftpackageindex-builder/spi-builder-workspace/Sources/AliasWonderland/ClosuresAliases.swift:11:37: error: expected '>' to complete generic parameter list
public typealias ThrowsClosure<each I,O>      = (repeat each I) throws       -> O
                                    ^
/Users/builder/builds/o86TiJKT/1/finestructure/swiftpackageindex-builder/spi-builder-workspace/Sources/AliasWonderland/ClosuresAliases.swift:11:31: note: to match this opening '<'
public typealias ThrowsClosure<each I,O>      = (repeat each I) throws       -> O
                              ^
/Users/builder/builds/o86TiJKT/1/finestructure/swiftpackageindex-builder/spi-builder-workspace/Sources/AliasWonderland/ClosuresAliases.swift:11:62: error: expected ':' following argument label and parameter name
public typealias ThrowsClosure<each I,O>      = (repeat each I) throws       -> O
                                                             ^
/Users/builder/builds/o86TiJKT/1/finestructure/swiftpackageindex-builder/spi-builder-workspace/Sources/AliasWonderland/ClosuresAliases.swift:12:36: error: expected '>' to complete generic parameter list
public typealias AsyncClosure<each I, O>      = (repeat each I) async        -> O
                                   ^
/Users/builder/builds/o86TiJKT/1/finestructure/swiftpackageindex-builder/spi-builder-workspace/Sources/AliasWonderland/ClosuresAliases.swift:12:30: note: to match this opening '<'
public typealias AsyncClosure<each I, O>      = (repeat each I) async        -> O
                             ^
/Users/builder/builds/o86TiJKT/1/finestructure/swiftpackageindex-builder/spi-builder-workspace/Sources/AliasWonderland/ClosuresAliases.swift:12:62: error: expected ':' following argument label and parameter name
public typealias AsyncClosure<each I, O>      = (repeat each I) async        -> O
                                                             ^
/Users/builder/builds/o86TiJKT/1/finestructure/swiftpackageindex-builder/spi-builder-workspace/Sources/AliasWonderland/ClosuresAliases.swift:13:42: error: expected '>' to complete generic parameter list
public typealias AsyncThrowsClosure<each I,O> = (repeat each I) async throws -> O
                                         ^
/Users/builder/builds/o86TiJKT/1/finestructure/swiftpackageindex-builder/spi-builder-workspace/Sources/AliasWonderland/ClosuresAliases.swift:13:36: note: to match this opening '<'
public typealias AsyncThrowsClosure<each I,O> = (repeat each I) async throws -> O
                                   ^
/Users/builder/builds/o86TiJKT/1/finestructure/swiftpackageindex-builder/spi-builder-workspace/Sources/AliasWonderland/ClosuresAliases.swift:13:62: error: expected ':' following argument label and parameter name
public typealias AsyncThrowsClosure<each I,O> = (repeat each I) async throws -> O
                                                             ^
/Users/builder/builds/o86TiJKT/1/finestructure/swiftpackageindex-builder/spi-builder-workspace/Sources/AliasWonderland/ClosuresAliases.swift:23:32: error: expected '>' to complete generic parameter list
public typealias Producer<each T>              = ()                 -> (repeat each T)
                               ^
/Users/builder/builds/o86TiJKT/1/finestructure/swiftpackageindex-builder/spi-builder-workspace/Sources/AliasWonderland/ClosuresAliases.swift:23:26: note: to match this opening '<'
public typealias Producer<each T>              = ()                 -> (repeat each T)
                         ^
/Users/builder/builds/o86TiJKT/1/finestructure/swiftpackageindex-builder/spi-builder-workspace/Sources/AliasWonderland/ClosuresAliases.swift:23:85: error: expected ':' following argument label and parameter name
public typealias Producer<each T>              = ()                 -> (repeat each T)
                                                                                    ^
/Users/builder/builds/o86TiJKT/1/finestructure/swiftpackageindex-builder/spi-builder-workspace/Sources/AliasWonderland/ClosuresAliases.swift:25:38: error: expected '>' to complete generic parameter list
public typealias ThrowsProducer<each T>        = () throws          -> (repeat each T)
                                     ^
/Users/builder/builds/o86TiJKT/1/finestructure/swiftpackageindex-builder/spi-builder-workspace/Sources/AliasWonderland/ClosuresAliases.swift:25:32: note: to match this opening '<'
public typealias ThrowsProducer<each T>        = () throws          -> (repeat each T)
                               ^
/Users/builder/builds/o86TiJKT/1/finestructure/swiftpackageindex-builder/spi-builder-workspace/Sources/AliasWonderland/ClosuresAliases.swift:25:85: error: expected ':' following argument label and parameter name
public typealias ThrowsProducer<each T>        = () throws          -> (repeat each T)
                                                                                    ^
/Users/builder/builds/o86TiJKT/1/finestructure/swiftpackageindex-builder/spi-builder-workspace/Sources/AliasWonderland/ClosuresAliases.swift:28:37: error: expected '>' to complete generic parameter list
public typealias AsyncProducer<each T>         = () async           -> (repeat each T)
                                    ^
/Users/builder/builds/o86TiJKT/1/finestructure/swiftpackageindex-builder/spi-builder-workspace/Sources/AliasWonderland/ClosuresAliases.swift:28:31: note: to match this opening '<'
public typealias AsyncProducer<each T>         = () async           -> (repeat each T)
                              ^
/Users/builder/builds/o86TiJKT/1/finestructure/swiftpackageindex-builder/spi-builder-workspace/Sources/AliasWonderland/ClosuresAliases.swift:28:85: error: expected ':' following argument label and parameter name
public typealias AsyncProducer<each T>         = () async           -> (repeat each T)
                                                                                    ^
/Users/builder/builds/o86TiJKT/1/finestructure/swiftpackageindex-builder/spi-builder-workspace/Sources/AliasWonderland/ClosuresAliases.swift:31:43: error: expected '>' to complete generic parameter list
public typealias AsyncThrowsProducer<each T>   = () async throws    -> (repeat each T)
                                          ^
/Users/builder/builds/o86TiJKT/1/finestructure/swiftpackageindex-builder/spi-builder-workspace/Sources/AliasWonderland/ClosuresAliases.swift:31:37: note: to match this opening '<'
public typealias AsyncThrowsProducer<each T>   = () async throws    -> (repeat each T)
                                    ^
/Users/builder/builds/o86TiJKT/1/finestructure/swiftpackageindex-builder/spi-builder-workspace/Sources/AliasWonderland/ClosuresAliases.swift:31:85: error: expected ':' following argument label and parameter name
public typealias AsyncThrowsProducer<each T>   = () async throws    -> (repeat each T)
                                                                                    ^
/Users/builder/builds/o86TiJKT/1/finestructure/swiftpackageindex-builder/spi-builder-workspace/Sources/AliasWonderland/ClosuresAliases.swift:34:45: error: expected '>' to complete generic parameter list
public typealias SendableAsyncProducer<each T> = @Sendable () async -> (repeat each T)
                                            ^
/Users/builder/builds/o86TiJKT/1/finestructure/swiftpackageindex-builder/spi-builder-workspace/Sources/AliasWonderland/ClosuresAliases.swift:34:39: note: to match this opening '<'
public typealias SendableAsyncProducer<each T> = @Sendable () async -> (repeat each T)
                                      ^
/Users/builder/builds/o86TiJKT/1/finestructure/swiftpackageindex-builder/spi-builder-workspace/Sources/AliasWonderland/ClosuresAliases.swift:34:85: error: expected ':' following argument label and parameter name
public typealias SendableAsyncProducer<each T> = @Sendable () async -> (repeat each T)
                                                                                    ^
/Users/builder/builds/o86TiJKT/1/finestructure/swiftpackageindex-builder/spi-builder-workspace/Sources/AliasWonderland/SideEffectAliases.swift:33:32: error: expected '>' to complete generic parameter list
public typealias Consumer<each I>       = (repeat each I)        -> Void
                               ^
/Users/builder/builds/o86TiJKT/1/finestructure/swiftpackageindex-builder/spi-builder-workspace/Sources/AliasWonderland/SideEffectAliases.swift:33:26: note: to match this opening '<'
public typealias Consumer<each I>       = (repeat each I)        -> Void
                         ^
/Users/builder/builds/o86TiJKT/1/finestructure/swiftpackageindex-builder/spi-builder-workspace/Sources/AliasWonderland/SideEffectAliases.swift:33:56: error: expected ':' following argument label and parameter name
public typealias Consumer<each I>       = (repeat each I)        -> Void
                                                       ^
/Users/builder/builds/o86TiJKT/1/finestructure/swiftpackageindex-builder/spi-builder-workspace/Sources/AliasWonderland/SideEffectAliases.swift:34:38: error: expected '>' to complete generic parameter list
public typealias ThrowsConsumer<each I> = (repeat each I) throws -> Void
                                     ^
/Users/builder/builds/o86TiJKT/1/finestructure/swiftpackageindex-builder/spi-builder-workspace/Sources/AliasWonderland/SideEffectAliases.swift:34:32: note: to match this opening '<'
public typealias ThrowsConsumer<each I> = (repeat each I) throws -> Void
                               ^
/Users/builder/builds/o86TiJKT/1/finestructure/swiftpackageindex-builder/spi-builder-workspace/Sources/AliasWonderland/SideEffectAliases.swift:34:56: error: expected ':' following argument label and parameter name
public typealias ThrowsConsumer<each I> = (repeat each I) throws -> Void
                                                       ^
/Users/builder/builds/o86TiJKT/1/finestructure/swiftpackageindex-builder/spi-builder-workspace/Sources/AliasWonderland/SideEffectAliases.swift:39:37: error: expected '>' to complete generic parameter list
public typealias AsyncConsumer<each I> = (repeat each I) async -> Void
                                    ^
/Users/builder/builds/o86TiJKT/1/finestructure/swiftpackageindex-builder/spi-builder-workspace/Sources/AliasWonderland/SideEffectAliases.swift:39:31: note: to match this opening '<'
public typealias AsyncConsumer<each I> = (repeat each I) async -> Void
                              ^
/Users/builder/builds/o86TiJKT/1/finestructure/swiftpackageindex-builder/spi-builder-workspace/Sources/AliasWonderland/SideEffectAliases.swift:39:55: error: expected ':' following argument label and parameter name
public typealias AsyncConsumer<each I> = (repeat each I) async -> Void
                                                      ^
/Users/builder/builds/o86TiJKT/1/finestructure/swiftpackageindex-builder/spi-builder-workspace/Sources/AliasWonderland/SideEffectAliases.swift:43:43: error: expected '>' to complete generic parameter list
public typealias AsyncThrowsConsumer<each I> = (repeat each I) async throws -> Void
                                          ^
/Users/builder/builds/o86TiJKT/1/finestructure/swiftpackageindex-builder/spi-builder-workspace/Sources/AliasWonderland/SideEffectAliases.swift:43:37: note: to match this opening '<'
public typealias AsyncThrowsConsumer<each I> = (repeat each I) async throws -> Void
                                    ^
/Users/builder/builds/o86TiJKT/1/finestructure/swiftpackageindex-builder/spi-builder-workspace/Sources/AliasWonderland/SideEffectAliases.swift:43:61: error: expected ':' following argument label and parameter name
public typealias AsyncThrowsConsumer<each I> = (repeat each I) async throws -> Void
                                                            ^
/Users/builder/builds/o86TiJKT/1/finestructure/swiftpackageindex-builder/spi-builder-workspace/Sources/AliasWonderland/ClosuresAliases.swift:10:62: error: cannot find type 'I' in scope
public typealias Closure<each I, O>           = (repeat each I)              -> O
                                                             ^
/Users/builder/builds/o86TiJKT/1/finestructure/swiftpackageindex-builder/spi-builder-workspace/Sources/AliasWonderland/ClosuresAliases.swift:10:81: error: cannot find type 'O' in scope
public typealias Closure<each I, O>           = (repeat each I)              -> O
                                                                                ^
/Users/builder/builds/o86TiJKT/1/finestructure/swiftpackageindex-builder/spi-builder-workspace/Sources/AliasWonderland/ClosuresAliases.swift:11:62: error: cannot find type 'I' in scope
public typealias ThrowsClosure<each I,O>      = (repeat each I) throws       -> O
                                                             ^
/Users/builder/builds/o86TiJKT/1/finestructure/swiftpackageindex-builder/spi-builder-workspace/Sources/AliasWonderland/ClosuresAliases.swift:11:81: error: cannot find type 'O' in scope
public typealias ThrowsClosure<each I,O>      = (repeat each I) throws       -> O
                                                                                ^
/Users/builder/builds/o86TiJKT/1/finestructure/swiftpackageindex-builder/spi-builder-workspace/Sources/AliasWonderland/ClosuresAliases.swift:12:62: error: cannot find type 'I' in scope
public typealias AsyncClosure<each I, O>      = (repeat each I) async        -> O
                                                             ^
/Users/builder/builds/o86TiJKT/1/finestructure/swiftpackageindex-builder/spi-builder-workspace/Sources/AliasWonderland/ClosuresAliases.swift:12:81: error: cannot find type 'O' in scope
public typealias AsyncClosure<each I, O>      = (repeat each I) async        -> O
                                                                                ^
/Users/builder/builds/o86TiJKT/1/finestructure/swiftpackageindex-builder/spi-builder-workspace/Sources/AliasWonderland/ClosuresAliases.swift:13:62: error: cannot find type 'I' in scope
public typealias AsyncThrowsClosure<each I,O> = (repeat each I) async throws -> O
                                                             ^
/Users/builder/builds/o86TiJKT/1/finestructure/swiftpackageindex-builder/spi-builder-workspace/Sources/AliasWonderland/ClosuresAliases.swift:13:81: error: cannot find type 'O' in scope
public typealias AsyncThrowsClosure<each I,O> = (repeat each I) async throws -> O
                                                                                ^
/Users/builder/builds/o86TiJKT/1/finestructure/swiftpackageindex-builder/spi-builder-workspace/Sources/AliasWonderland/ClosuresAliases.swift:23:85: error: cannot find type 'T' in scope
public typealias Producer<each T>              = ()                 -> (repeat each T)
                                                                                    ^
/Users/builder/builds/o86TiJKT/1/finestructure/swiftpackageindex-builder/spi-builder-workspace/Sources/AliasWonderland/ClosuresAliases.swift:25:85: error: cannot find type 'T' in scope
public typealias ThrowsProducer<each T>        = () throws          -> (repeat each T)
                                                                                    ^
/Users/builder/builds/o86TiJKT/1/finestructure/swiftpackageindex-builder/spi-builder-workspace/Sources/AliasWonderland/ClosuresAliases.swift:28:85: error: cannot find type 'T' in scope
public typealias AsyncProducer<each T>         = () async           -> (repeat each T)
                                                                                    ^
/Users/builder/builds/o86TiJKT/1/finestructure/swiftpackageindex-builder/spi-builder-workspace/Sources/AliasWonderland/ClosuresAliases.swift:31:85: error: cannot find type 'T' in scope
public typealias AsyncThrowsProducer<each T>   = () async throws    -> (repeat each T)
                                                                                    ^
/Users/builder/builds/o86TiJKT/1/finestructure/swiftpackageindex-builder/spi-builder-workspace/Sources/AliasWonderland/ClosuresAliases.swift:34:85: error: cannot find type 'T' in scope
public typealias SendableAsyncProducer<each T> = @Sendable () async -> (repeat each T)
                                                                                    ^
/Users/builder/builds/o86TiJKT/1/finestructure/swiftpackageindex-builder/spi-builder-workspace/Sources/AliasWonderland/SideEffectAliases.swift:33:56: error: cannot find type 'I' in scope
public typealias Consumer<each I>       = (repeat each I)        -> Void
                                                       ^
/Users/builder/builds/o86TiJKT/1/finestructure/swiftpackageindex-builder/spi-builder-workspace/Sources/AliasWonderland/SideEffectAliases.swift:34:56: error: cannot find type 'I' in scope
public typealias ThrowsConsumer<each I> = (repeat each I) throws -> Void
                                                       ^
/Users/builder/builds/o86TiJKT/1/finestructure/swiftpackageindex-builder/spi-builder-workspace/Sources/AliasWonderland/SideEffectAliases.swift:39:55: error: cannot find type 'I' in scope
public typealias AsyncConsumer<each I> = (repeat each I) async -> Void
                                                      ^
/Users/builder/builds/o86TiJKT/1/finestructure/swiftpackageindex-builder/spi-builder-workspace/Sources/AliasWonderland/SideEffectAliases.swift:43:61: error: cannot find type 'I' in scope
public typealias AsyncThrowsConsumer<each I> = (repeat each I) async throws -> Void
                                                            ^
SwiftCompile normal arm64 Compiling\ SideEffectAliases.swift /Users/builder/builds/o86TiJKT/1/finestructure/swiftpackageindex-builder/spi-builder-workspace/Sources/AliasWonderland/SideEffectAliases.swift (in target 'AliasWonderland' from project 'AliasWonderland')
    cd /Users/builder/builds/o86TiJKT/1/finestructure/swiftpackageindex-builder/spi-builder-workspace
    builtin-swiftTaskExecution -- /Applications/Xcode-14.3.1.app/Contents/Developer/Toolchains/XcodeDefault.xctoolchain/usr/bin/swift-frontend -frontend -c /Users/builder/builds/o86TiJKT/1/finestructure/swiftpackageindex-builder/spi-builder-workspace/Sources/AliasWonderland/ClosuresAliases.swift -primary-file /Users/builder/builds/o86TiJKT/1/finestructure/swiftpackageindex-builder/spi-builder-workspace/Sources/AliasWonderland/SideEffectAliases.swift -emit-dependencies-path /Users/builder/builds/o86TiJKT/1/finestructure/swiftpackageindex-builder/spi-builder-workspace/.derivedData/Build/Intermediates.noindex/AliasWonderland.build/Debug-iphoneos/AliasWonderland.build/Objects-normal/arm64/SideEffectAliases.d -emit-reference-dependencies-path /Users/builder/builds/o86TiJKT/1/finestructure/swiftpackageindex-builder/spi-builder-workspace/.derivedData/Build/Intermediates.noindex/AliasWonderland.build/Debug-iphoneos/AliasWonderland.build/Objects-normal/arm64/SideEffectAliases.swiftdeps -serialize-diagnostics-path /Users/builder/builds/o86TiJKT/1/finestructure/swiftpackageindex-builder/spi-builder-workspace/.derivedData/Build/Intermediates.noindex/AliasWonderland.build/Debug-iphoneos/AliasWonderland.build/Objects-normal/arm64/SideEffectAliases.dia -target arm64-apple-ios11.0 -Xllvm -aarch64-use-tbi -enable-objc-interop -sdk /Applications/Xcode-14.3.1.app/Contents/Developer/Platforms/iPhoneOS.platform/Developer/SDKs/iPhoneOS16.4.sdk -I /Users/builder/builds/o86TiJKT/1/finestructure/swiftpackageindex-builder/spi-builder-workspace/.derivedData/Build/Products/Debug-iphoneos -I /Applications/Xcode-14.3.1.app/Contents/Developer/Platforms/iPhoneOS.platform/Developer/usr/lib -F /Users/builder/builds/o86TiJKT/1/finestructure/swiftpackageindex-builder/spi-builder-workspace/.derivedData/Build/Products/Debug-iphoneos -F /Applications/Xcode-14.3.1.app/Contents/Developer/Platforms/iPhoneOS.platform/Developer/Library/Frameworks -F /Applications/Xcode-14.3.1.app/Contents/Developer/Platforms/iPhoneOS.platform/Developer/SDKs/iPhoneOS16.4.sdk/Developer/Library/Frameworks -no-color-diagnostics -enable-testing -g -module-cache-path /Users/builder/builds/o86TiJKT/1/finestructure/swiftpackageindex-builder/spi-builder-workspace/.derivedData/ModuleCache.noindex -swift-version 5 -enforce-exclusivity\=checked -Onone -D SWIFT_PACKAGE -D DEBUG -D Xcode -serialize-debugging-options -empty-abi-descriptor -Xcc -working-directory -Xcc /Users/builder/builds/o86TiJKT/1/finestructure/swiftpackageindex-builder/spi-builder-workspace -resource-dir /Applications/Xcode-14.3.1.app/Contents/Developer/Toolchains/XcodeDefault.xctoolchain/usr/lib/swift -enable-anonymous-context-mangled-names -Xcc -ivfsstatcache -Xcc /Users/builder/builds/o86TiJKT/1/finestructure/swiftpackageindex-builder/spi-builder-workspace/.derivedData/SDKStatCaches.noindex/iphoneos16.4-20E238-.sdkstatcache -Xcc -I/Users/builder/builds/o86TiJKT/1/finestructure/swiftpackageindex-builder/spi-builder-workspace/.derivedData/Build/Intermediates.noindex/AliasWonderland.build/Debug-iphoneos/AliasWonderland.build/swift-overrides.hmap -Xcc -I/Users/builder/builds/o86TiJKT/1/finestructure/swiftpackageindex-builder/spi-builder-workspace/.derivedData/Build/Products/Debug-iphoneos/include -Xcc -I/Users/builder/builds/o86TiJKT/1/finestructure/swiftpackageindex-builder/spi-builder-workspace/.derivedData/Build/Intermediates.noindex/AliasWonderland.build/Debug-iphoneos/AliasWonderland.build/DerivedSources-normal/arm64 -Xcc -I/Users/builder/builds/o86TiJKT/1/finestructure/swiftpackageindex-builder/spi-builder-workspace/.derivedData/Build/Intermediates.noindex/AliasWonderland.build/Debug-iphoneos/AliasWonderland.build/DerivedSources/arm64 -Xcc -I/Users/builder/builds/o86TiJKT/1/finestructure/swiftpackageindex-builder/spi-builder-workspace/.derivedData/Build/Intermediates.noindex/AliasWonderland.build/Debug-iphoneos/AliasWonderland.build/DerivedSources -Xcc -DSWIFT_PACKAGE -Xcc -DDEBUG\=1 -module-name AliasWonderland -frontend-parseable-output -disable-clang-spi -target-sdk-version 16.4 -target-sdk-name iphoneos16.4 -o /Users/builder/builds/o86TiJKT/1/finestructure/swiftpackageindex-builder/spi-builder-workspace/.derivedData/Build/Intermediates.noindex/AliasWonderland.build/Debug-iphoneos/AliasWonderland.build/Objects-normal/arm64/SideEffectAliases.o -index-unit-output-path /AliasWonderland.build/Debug-iphoneos/AliasWonderland.build/Objects-normal/arm64/SideEffectAliases.o -index-store-path /Users/builder/builds/o86TiJKT/1/finestructure/swiftpackageindex-builder/spi-builder-workspace/.derivedData/Index.noindex/DataStore -index-system-modules
SwiftCompile normal arm64 /Users/builder/builds/o86TiJKT/1/finestructure/swiftpackageindex-builder/spi-builder-workspace/Sources/AliasWonderland/SideEffectAliases.swift (in target 'AliasWonderland' from project 'AliasWonderland')
    cd /Users/builder/builds/o86TiJKT/1/finestructure/swiftpackageindex-builder/spi-builder-workspace
    /Applications/Xcode-14.3.1.app/Contents/Developer/Toolchains/XcodeDefault.xctoolchain/usr/bin/swift-frontend -c /Users/builder/builds/o86TiJKT/1/finestructure/swiftpackageindex-builder/spi-builder-workspace/Sources/AliasWonderland/ClosuresAliases.swift -primary-file /Users/builder/builds/o86TiJKT/1/finestructure/swiftpackageindex-builder/spi-builder-workspace/Sources/AliasWonderland/SideEffectAliases.swift -emit-dependencies-path /Users/builder/builds/o86TiJKT/1/finestructure/swiftpackageindex-builder/spi-builder-workspace/.derivedData/Build/Intermediates.noindex/AliasWonderland.build/Debug-iphoneos/AliasWonderland.build/Objects-normal/arm64/SideEffectAliases.d -emit-reference-dependencies-path /Users/builder/builds/o86TiJKT/1/finestructure/swiftpackageindex-builder/spi-builder-workspace/.derivedData/Build/Intermediates.noindex/AliasWonderland.build/Debug-iphoneos/AliasWonderland.build/Objects-normal/arm64/SideEffectAliases.swiftdeps -serialize-diagnostics-path /Users/builder/builds/o86TiJKT/1/finestructure/swiftpackageindex-builder/spi-builder-workspace/.derivedData/Build/Intermediates.noindex/AliasWonderland.build/Debug-iphoneos/AliasWonderland.build/Objects-normal/arm64/SideEffectAliases.dia -target arm64-apple-ios11.0 -Xllvm -aarch64-use-tbi -enable-objc-interop -sdk /Applications/Xcode-14.3.1.app/Contents/Developer/Platforms/iPhoneOS.platform/Developer/SDKs/iPhoneOS16.4.sdk -I /Users/builder/builds/o86TiJKT/1/finestructure/swiftpackageindex-builder/spi-builder-workspace/.derivedData/Build/Products/Debug-iphoneos -I /Applications/Xcode-14.3.1.app/Contents/Developer/Platforms/iPhoneOS.platform/Developer/usr/lib -F /Users/builder/builds/o86TiJKT/1/finestructure/swiftpackageindex-builder/spi-builder-workspace/.derivedData/Build/Products/Debug-iphoneos -F /Applications/Xcode-14.3.1.app/Contents/Developer/Platforms/iPhoneOS.platform/Developer/Library/Frameworks -F /Applications/Xcode-14.3.1.app/Contents/Developer/Platforms/iPhoneOS.platform/Developer/SDKs/iPhoneOS16.4.sdk/Developer/Library/Frameworks -no-color-diagnostics -enable-testing -g -module-cache-path /Users/builder/builds/o86TiJKT/1/finestructure/swiftpackageindex-builder/spi-builder-workspace/.derivedData/ModuleCache.noindex -swift-version 5 -enforce-exclusivity\=checked -Onone -D SWIFT_PACKAGE -D DEBUG -D Xcode -serialize-debugging-options -empty-abi-descriptor -Xcc -working-directory -Xcc /Users/builder/builds/o86TiJKT/1/finestructure/swiftpackageindex-builder/spi-builder-workspace -resource-dir /Applications/Xcode-14.3.1.app/Contents/Developer/Toolchains/XcodeDefault.xctoolchain/usr/lib/swift -enable-anonymous-context-mangled-names -Xcc -ivfsstatcache -Xcc /Users/builder/builds/o86TiJKT/1/finestructure/swiftpackageindex-builder/spi-builder-workspace/.derivedData/SDKStatCaches.noindex/iphoneos16.4-20E238-.sdkstatcache -Xcc -I/Users/builder/builds/o86TiJKT/1/finestructure/swiftpackageindex-builder/spi-builder-workspace/.derivedData/Build/Intermediates.noindex/AliasWonderland.build/Debug-iphoneos/AliasWonderland.build/swift-overrides.hmap -Xcc -I/Users/builder/builds/o86TiJKT/1/finestructure/swiftpackageindex-builder/spi-builder-workspace/.derivedData/Build/Products/Debug-iphoneos/include -Xcc -I/Users/builder/builds/o86TiJKT/1/finestructure/swiftpackageindex-builder/spi-builder-workspace/.derivedData/Build/Intermediates.noindex/AliasWonderland.build/Debug-iphoneos/AliasWonderland.build/DerivedSources-normal/arm64 -Xcc -I/Users/builder/builds/o86TiJKT/1/finestructure/swiftpackageindex-builder/spi-builder-workspace/.derivedData/Build/Intermediates.noindex/AliasWonderland.build/Debug-iphoneos/AliasWonderland.build/DerivedSources/arm64 -Xcc -I/Users/builder/builds/o86TiJKT/1/finestructure/swiftpackageindex-builder/spi-builder-workspace/.derivedData/Build/Intermediates.noindex/AliasWonderland.build/Debug-iphoneos/AliasWonderland.build/DerivedSources -Xcc -DSWIFT_PACKAGE -Xcc -DDEBUG\=1 -module-name AliasWonderland -frontend-parseable-output -disable-clang-spi -target-sdk-version 16.4 -target-sdk-name iphoneos16.4 -o /Users/builder/builds/o86TiJKT/1/finestructure/swiftpackageindex-builder/spi-builder-workspace/.derivedData/Build/Intermediates.noindex/AliasWonderland.build/Debug-iphoneos/AliasWonderland.build/Objects-normal/arm64/SideEffectAliases.o -index-unit-output-path /AliasWonderland.build/Debug-iphoneos/AliasWonderland.build/Objects-normal/arm64/SideEffectAliases.o -index-store-path /Users/builder/builds/o86TiJKT/1/finestructure/swiftpackageindex-builder/spi-builder-workspace/.derivedData/Index.noindex/DataStore -index-system-modules
2023-12-17 16:00:15.707 xcodebuild[76462:22049868] DVTCoreDeviceEnabledState: DVTCoreDeviceEnabledState_Disabled set via user default (DVTEnableCoreDevice=disabled)
** BUILD FAILED **
The following build commands failed:
	SwiftEmitModule normal arm64 Emitting\ module\ for\ AliasWonderland (in target 'AliasWonderland' from project 'AliasWonderland')
(1 failure)
BUILD FAILURE 5.8 iOS