Build Information
Failed to build TextFieldAlert, reference main (9e5686), with Swift 6.1 for watchOS using Xcode 16.3 on 11 Aug 2026 19:16:49 UTC.
Build Command
env DEVELOPER_DIR=/Applications/Xcode-16.3.0.app xcrun xcodebuild -IDEClonedSourcePackagesDirPathOverride=$PWD/.dependencies -skipMacroValidation -skipPackagePluginValidation -derivedDataPath $PWD/.derivedData build -scheme TextFieldAlert -destination generic/platform=watchOSBuild Log
========================================
RunAll
========================================
Builder version: undefined version: run 'make version' to update
Interrupt handler set up.
========================================
Checkout
========================================
Clone URL: https://github.com/sochalewski/TextFieldAlert.git
Reference: main
Initialized empty Git repository in /Users/admin/builder/spi-builder-workspace/.git/
From https://github.com/sochalewski/TextFieldAlert
* branch main -> FETCH_HEAD
* [new branch] main -> origin/main
HEAD is now at 9e5686f Update text field alert lifecycle and action state
Cloned https://github.com/sochalewski/TextFieldAlert.git
Revision (git rev-parse @):
9e5686f1430d7b176e852a67f86846bb79329fa9
SUCCESS checkout https://github.com/sochalewski/TextFieldAlert.git at main
========================================
Build
========================================
Selected platform: watchOS
Swift version: 6.1
Building package at path: $PWD
https://github.com/sochalewski/TextFieldAlert.git
https://github.com/sochalewski/TextFieldAlert.git
{
"dependencies" : [
],
"manifest_display_name" : "TextFieldAlert",
"name" : "TextFieldAlert",
"path" : "/Users/admin/builder/spi-builder-workspace",
"platforms" : [
{
"name" : "ios",
"version" : "13.0"
},
{
"name" : "tvos",
"version" : "13.0"
}
],
"products" : [
{
"name" : "TextFieldAlert",
"targets" : [
"TextFieldAlert"
],
"type" : {
"library" : [
"automatic"
]
}
}
],
"targets" : [
{
"c99name" : "TextFieldAlert",
"module_type" : "SwiftTarget",
"name" : "TextFieldAlert",
"path" : "Sources/TextFieldAlert",
"product_memberships" : [
"TextFieldAlert"
],
"sources" : [
"Extensions.swift",
"TextFieldAlert.swift",
"TextFieldAlertViewController.swift",
"TextFieldWrapper.swift"
],
"type" : "library"
}
],
"tools_version" : "5.1"
}
Command line invocation:
/Applications/Xcode-16.3.0.app/Contents/Developer/usr/bin/xcodebuild -IDEClonedSourcePackagesDirPathOverride=/Users/admin/builder/spi-builder-workspace/.dependencies -resolvePackageDependencies
Resolve Package Graph
Resolved source packages:
TextFieldAlert: /Users/admin/builder/spi-builder-workspace
resolved source packages: TextFieldAlert
{
"dependencies" : [
],
"manifest_display_name" : "TextFieldAlert",
"name" : "TextFieldAlert",
"path" : "/Users/admin/builder/spi-builder-workspace",
"platforms" : [
{
"name" : "ios",
"version" : "13.0"
},
{
"name" : "tvos",
"version" : "13.0"
}
],
"products" : [
{
"name" : "TextFieldAlert",
"targets" : [
"TextFieldAlert"
],
"type" : {
"library" : [
"automatic"
]
}
}
],
"targets" : [
{
"c99name" : "TextFieldAlert",
"module_type" : "SwiftTarget",
"name" : "TextFieldAlert",
"path" : "Sources/TextFieldAlert",
"product_memberships" : [
"TextFieldAlert"
],
"sources" : [
"Extensions.swift",
"TextFieldAlert.swift",
"TextFieldAlertViewController.swift",
"TextFieldWrapper.swift"
],
"type" : "library"
}
],
"tools_version" : "5.1"
}
{
"workspace" : {
"name" : "spi-builder-workspace",
"schemes" : [
"TextFieldAlert"
]
}
}
Running build ...
env DEVELOPER_DIR=/Applications/Xcode-16.3.0.app xcrun xcodebuild -IDEClonedSourcePackagesDirPathOverride=$PWD/.dependencies -skipMacroValidation -skipPackagePluginValidation -derivedDataPath $PWD/.derivedData build -scheme TextFieldAlert -destination generic/platform=watchOS OTHER_SWIFT_FLAGS=-stats-output-dir .stats -strict-concurrency=complete -enable-upcoming-feature StrictConcurrency -enable-upcoming-feature DisableOutwardActorInference -enable-upcoming-feature GlobalActorIsolatedTypesUsability -enable-upcoming-feature InferSendableFromCaptures
Command line invocation:
/Applications/Xcode-16.3.0.app/Contents/Developer/usr/bin/xcodebuild -IDEClonedSourcePackagesDirPathOverride=/Users/admin/builder/spi-builder-workspace/.dependencies -skipMacroValidation -skipPackagePluginValidation -derivedDataPath /Users/admin/builder/spi-builder-workspace/.derivedData build -scheme TextFieldAlert -destination generic/platform=watchOS "OTHER_SWIFT_FLAGS=-stats-output-dir .stats -strict-concurrency=complete -enable-upcoming-feature StrictConcurrency -enable-upcoming-feature DisableOutwardActorInference -enable-upcoming-feature GlobalActorIsolatedTypesUsability -enable-upcoming-feature InferSendableFromCaptures"
Build settings from command line:
OTHER_SWIFT_FLAGS = -stats-output-dir .stats -strict-concurrency=complete -enable-upcoming-feature StrictConcurrency -enable-upcoming-feature DisableOutwardActorInference -enable-upcoming-feature GlobalActorIsolatedTypesUsability -enable-upcoming-feature InferSendableFromCaptures
Resolve Package Graph
Resolved source packages:
TextFieldAlert: /Users/admin/builder/spi-builder-workspace
ComputePackagePrebuildTargetDependencyGraph
Prepare packages
CreateBuildRequest
SendProjectDescription
CreateBuildOperation
ComputeTargetDependencyGraph
note: Building targets in dependency order
note: Target dependency graph (2 targets)
Target 'TextFieldAlert' in project 'TextFieldAlert'
➜ Explicit dependency on target 'TextFieldAlert' in project 'TextFieldAlert'
Target 'TextFieldAlert' in project 'TextFieldAlert' (no dependencies)
GatherProvisioningInputs
CreateBuildDescription
ExecuteExternalTool /Applications/Xcode-16.3.0.app/Contents/Developer/Toolchains/XcodeDefault.xctoolchain/usr/bin/clang -v -E -dM -isysroot /Applications/Xcode-16.3.0.app/Contents/Developer/Platforms/WatchOS.platform/Developer/SDKs/WatchOS11.4.sdk -x c -c /dev/null
ExecuteExternalTool /Applications/Xcode-16.3.0.app/Contents/Developer/Toolchains/XcodeDefault.xctoolchain/usr/bin/swiftc --version
ExecuteExternalTool /Applications/Xcode-16.3.0.app/Contents/Developer/Toolchains/XcodeDefault.xctoolchain/usr/bin/ld -version_details
Build description signature: 0614f289e89e1591d0b951f43af77e6d
Build description path: /Users/admin/builder/spi-builder-workspace/.derivedData/Build/Intermediates.noindex/XCBuildData/0614f289e89e1591d0b951f43af77e6d.xcbuilddata
CreateBuildDirectory /Users/admin/builder/spi-builder-workspace/.derivedData/Build/Intermediates.noindex
cd /Users/admin/builder/spi-builder-workspace/.swiftpm/xcode
builtin-create-build-directory /Users/admin/builder/spi-builder-workspace/.derivedData/Build/Intermediates.noindex
ClangStatCache /Applications/Xcode-16.3.0.app/Contents/Developer/Toolchains/XcodeDefault.xctoolchain/usr/bin/clang-stat-cache /Applications/Xcode-16.3.0.app/Contents/Developer/Platforms/WatchOS.platform/Developer/SDKs/WatchOS11.4.sdk /Users/admin/builder/spi-builder-workspace/.derivedData/SDKStatCaches.noindex/watchos11.4-22T246-43efb940ff07ba2497b70ec94253f576.sdkstatcache
cd /Users/admin/builder/spi-builder-workspace/.swiftpm/xcode
/Applications/Xcode-16.3.0.app/Contents/Developer/Toolchains/XcodeDefault.xctoolchain/usr/bin/clang-stat-cache /Applications/Xcode-16.3.0.app/Contents/Developer/Platforms/WatchOS.platform/Developer/SDKs/WatchOS11.4.sdk -o /Users/admin/builder/spi-builder-workspace/.derivedData/SDKStatCaches.noindex/watchos11.4-22T246-43efb940ff07ba2497b70ec94253f576.sdkstatcache
CreateBuildDirectory /Users/admin/builder/spi-builder-workspace/.derivedData/Build/Products
cd /Users/admin/builder/spi-builder-workspace/.swiftpm/xcode
builtin-create-build-directory /Users/admin/builder/spi-builder-workspace/.derivedData/Build/Products
CreateBuildDirectory /Users/admin/builder/spi-builder-workspace/.derivedData/Build/Intermediates.noindex/EagerLinkingTBDs/Debug-watchos
cd /Users/admin/builder/spi-builder-workspace/.swiftpm/xcode
builtin-create-build-directory /Users/admin/builder/spi-builder-workspace/.derivedData/Build/Intermediates.noindex/EagerLinkingTBDs/Debug-watchos
CreateBuildDirectory /Users/admin/builder/spi-builder-workspace/.derivedData/Build/Products/Debug-watchos
cd /Users/admin/builder/spi-builder-workspace/.swiftpm/xcode
builtin-create-build-directory /Users/admin/builder/spi-builder-workspace/.derivedData/Build/Products/Debug-watchos
CreateBuildDirectory /Users/admin/builder/spi-builder-workspace/.derivedData/Build/Products/Debug-watchos/PackageFrameworks
cd /Users/admin/builder/spi-builder-workspace/.swiftpm/xcode
builtin-create-build-directory /Users/admin/builder/spi-builder-workspace/.derivedData/Build/Products/Debug-watchos/PackageFrameworks
WriteAuxiliaryFile /Users/admin/builder/spi-builder-workspace/.derivedData/Build/Intermediates.noindex/TextFieldAlert.build/Debug-watchos/TextFieldAlert.build/TextFieldAlert.modulemap (in target 'TextFieldAlert' from project 'TextFieldAlert')
cd /Users/admin/builder/spi-builder-workspace
write-file /Users/admin/builder/spi-builder-workspace/.derivedData/Build/Intermediates.noindex/TextFieldAlert.build/Debug-watchos/TextFieldAlert.build/TextFieldAlert.modulemap
WriteAuxiliaryFile /Users/admin/builder/spi-builder-workspace/.derivedData/Build/Intermediates.noindex/TextFieldAlert.build/Debug-watchos/TextFieldAlert.build/Objects-normal/armv7k/TextFieldAlert_const_extract_protocols.json (in target 'TextFieldAlert' from project 'TextFieldAlert')
cd /Users/admin/builder/spi-builder-workspace
write-file /Users/admin/builder/spi-builder-workspace/.derivedData/Build/Intermediates.noindex/TextFieldAlert.build/Debug-watchos/TextFieldAlert.build/Objects-normal/armv7k/TextFieldAlert_const_extract_protocols.json
WriteAuxiliaryFile /Users/admin/builder/spi-builder-workspace/.derivedData/Build/Intermediates.noindex/TextFieldAlert.build/Debug-watchos/TextFieldAlert.build/Objects-normal/armv7k/TextFieldAlert-OutputFileMap.json (in target 'TextFieldAlert' from project 'TextFieldAlert')
cd /Users/admin/builder/spi-builder-workspace
write-file /Users/admin/builder/spi-builder-workspace/.derivedData/Build/Intermediates.noindex/TextFieldAlert.build/Debug-watchos/TextFieldAlert.build/Objects-normal/armv7k/TextFieldAlert-OutputFileMap.json
WriteAuxiliaryFile /Users/admin/builder/spi-builder-workspace/.derivedData/Build/Intermediates.noindex/TextFieldAlert.build/Debug-watchos/TextFieldAlert.build/Objects-normal/arm64_32/TextFieldAlert-OutputFileMap.json (in target 'TextFieldAlert' from project 'TextFieldAlert')
cd /Users/admin/builder/spi-builder-workspace
write-file /Users/admin/builder/spi-builder-workspace/.derivedData/Build/Intermediates.noindex/TextFieldAlert.build/Debug-watchos/TextFieldAlert.build/Objects-normal/arm64_32/TextFieldAlert-OutputFileMap.json
WriteAuxiliaryFile /Users/admin/builder/spi-builder-workspace/.derivedData/Build/Intermediates.noindex/TextFieldAlert.build/Debug-watchos/TextFieldAlert.build/Objects-normal/arm64_32/TextFieldAlert_const_extract_protocols.json (in target 'TextFieldAlert' from project 'TextFieldAlert')
cd /Users/admin/builder/spi-builder-workspace
write-file /Users/admin/builder/spi-builder-workspace/.derivedData/Build/Intermediates.noindex/TextFieldAlert.build/Debug-watchos/TextFieldAlert.build/Objects-normal/arm64_32/TextFieldAlert_const_extract_protocols.json
WriteAuxiliaryFile /Users/admin/builder/spi-builder-workspace/.derivedData/Build/Intermediates.noindex/TextFieldAlert.build/Debug-watchos/TextFieldAlert.build/Objects-normal/arm64/TextFieldAlert_const_extract_protocols.json (in target 'TextFieldAlert' from project 'TextFieldAlert')
cd /Users/admin/builder/spi-builder-workspace
write-file /Users/admin/builder/spi-builder-workspace/.derivedData/Build/Intermediates.noindex/TextFieldAlert.build/Debug-watchos/TextFieldAlert.build/Objects-normal/arm64/TextFieldAlert_const_extract_protocols.json
WriteAuxiliaryFile /Users/admin/builder/spi-builder-workspace/.derivedData/Build/Intermediates.noindex/TextFieldAlert.build/Debug-watchos/TextFieldAlert.build/Objects-normal/armv7k/TextFieldAlert.LinkFileList (in target 'TextFieldAlert' from project 'TextFieldAlert')
cd /Users/admin/builder/spi-builder-workspace
write-file /Users/admin/builder/spi-builder-workspace/.derivedData/Build/Intermediates.noindex/TextFieldAlert.build/Debug-watchos/TextFieldAlert.build/Objects-normal/armv7k/TextFieldAlert.LinkFileList
WriteAuxiliaryFile /Users/admin/builder/spi-builder-workspace/.derivedData/Build/Intermediates.noindex/TextFieldAlert.build/Debug-watchos/TextFieldAlert.build/TextFieldAlert.DependencyStaticMetadataFileList (in target 'TextFieldAlert' from project 'TextFieldAlert')
cd /Users/admin/builder/spi-builder-workspace
write-file /Users/admin/builder/spi-builder-workspace/.derivedData/Build/Intermediates.noindex/TextFieldAlert.build/Debug-watchos/TextFieldAlert.build/TextFieldAlert.DependencyStaticMetadataFileList
WriteAuxiliaryFile /Users/admin/builder/spi-builder-workspace/.derivedData/Build/Intermediates.noindex/TextFieldAlert.build/Debug-watchos/TextFieldAlert.build/TextFieldAlert.DependencyMetadataFileList (in target 'TextFieldAlert' from project 'TextFieldAlert')
cd /Users/admin/builder/spi-builder-workspace
write-file /Users/admin/builder/spi-builder-workspace/.derivedData/Build/Intermediates.noindex/TextFieldAlert.build/Debug-watchos/TextFieldAlert.build/TextFieldAlert.DependencyMetadataFileList
WriteAuxiliaryFile /Users/admin/builder/spi-builder-workspace/.derivedData/Build/Intermediates.noindex/TextFieldAlert.build/Debug-watchos/TextFieldAlert.build/Objects-normal/armv7k/TextFieldAlert.SwiftFileList (in target 'TextFieldAlert' from project 'TextFieldAlert')
cd /Users/admin/builder/spi-builder-workspace
write-file /Users/admin/builder/spi-builder-workspace/.derivedData/Build/Intermediates.noindex/TextFieldAlert.build/Debug-watchos/TextFieldAlert.build/Objects-normal/armv7k/TextFieldAlert.SwiftFileList
WriteAuxiliaryFile /Users/admin/builder/spi-builder-workspace/.derivedData/Build/Intermediates.noindex/TextFieldAlert.build/Debug-watchos/TextFieldAlert.build/Objects-normal/armv7k/TextFieldAlert.SwiftConstValuesFileList (in target 'TextFieldAlert' from project 'TextFieldAlert')
cd /Users/admin/builder/spi-builder-workspace
write-file /Users/admin/builder/spi-builder-workspace/.derivedData/Build/Intermediates.noindex/TextFieldAlert.build/Debug-watchos/TextFieldAlert.build/Objects-normal/armv7k/TextFieldAlert.SwiftConstValuesFileList
WriteAuxiliaryFile /Users/admin/builder/spi-builder-workspace/.derivedData/Build/Intermediates.noindex/TextFieldAlert.build/Debug-watchos/TextFieldAlert.build/Objects-normal/arm64_32/TextFieldAlert.SwiftFileList (in target 'TextFieldAlert' from project 'TextFieldAlert')
cd /Users/admin/builder/spi-builder-workspace
write-file /Users/admin/builder/spi-builder-workspace/.derivedData/Build/Intermediates.noindex/TextFieldAlert.build/Debug-watchos/TextFieldAlert.build/Objects-normal/arm64_32/TextFieldAlert.SwiftFileList
WriteAuxiliaryFile /Users/admin/builder/spi-builder-workspace/.derivedData/Build/Intermediates.noindex/TextFieldAlert.build/Debug-watchos/TextFieldAlert.build/Objects-normal/arm64_32/TextFieldAlert.SwiftConstValuesFileList (in target 'TextFieldAlert' from project 'TextFieldAlert')
cd /Users/admin/builder/spi-builder-workspace
write-file /Users/admin/builder/spi-builder-workspace/.derivedData/Build/Intermediates.noindex/TextFieldAlert.build/Debug-watchos/TextFieldAlert.build/Objects-normal/arm64_32/TextFieldAlert.SwiftConstValuesFileList
WriteAuxiliaryFile /Users/admin/builder/spi-builder-workspace/.derivedData/Build/Intermediates.noindex/TextFieldAlert.build/Debug-watchos/TextFieldAlert.build/Objects-normal/arm64_32/TextFieldAlert.LinkFileList (in target 'TextFieldAlert' from project 'TextFieldAlert')
cd /Users/admin/builder/spi-builder-workspace
write-file /Users/admin/builder/spi-builder-workspace/.derivedData/Build/Intermediates.noindex/TextFieldAlert.build/Debug-watchos/TextFieldAlert.build/Objects-normal/arm64_32/TextFieldAlert.LinkFileList
WriteAuxiliaryFile /Users/admin/builder/spi-builder-workspace/.derivedData/Build/Intermediates.noindex/TextFieldAlert.build/Debug-watchos/TextFieldAlert.build/Objects-normal/arm64/TextFieldAlert.SwiftFileList (in target 'TextFieldAlert' from project 'TextFieldAlert')
cd /Users/admin/builder/spi-builder-workspace
write-file /Users/admin/builder/spi-builder-workspace/.derivedData/Build/Intermediates.noindex/TextFieldAlert.build/Debug-watchos/TextFieldAlert.build/Objects-normal/arm64/TextFieldAlert.SwiftFileList
WriteAuxiliaryFile /Users/admin/builder/spi-builder-workspace/.derivedData/Build/Intermediates.noindex/TextFieldAlert.build/Debug-watchos/TextFieldAlert.build/Objects-normal/arm64/TextFieldAlert.SwiftConstValuesFileList (in target 'TextFieldAlert' from project 'TextFieldAlert')
cd /Users/admin/builder/spi-builder-workspace
write-file /Users/admin/builder/spi-builder-workspace/.derivedData/Build/Intermediates.noindex/TextFieldAlert.build/Debug-watchos/TextFieldAlert.build/Objects-normal/arm64/TextFieldAlert.SwiftConstValuesFileList
WriteAuxiliaryFile /Users/admin/builder/spi-builder-workspace/.derivedData/Build/Intermediates.noindex/TextFieldAlert.build/Debug-watchos/TextFieldAlert.build/Objects-normal/arm64/TextFieldAlert.LinkFileList (in target 'TextFieldAlert' from project 'TextFieldAlert')
cd /Users/admin/builder/spi-builder-workspace
write-file /Users/admin/builder/spi-builder-workspace/.derivedData/Build/Intermediates.noindex/TextFieldAlert.build/Debug-watchos/TextFieldAlert.build/Objects-normal/arm64/TextFieldAlert.LinkFileList
WriteAuxiliaryFile /Users/admin/builder/spi-builder-workspace/.derivedData/Build/Intermediates.noindex/TextFieldAlert.build/Debug-watchos/TextFieldAlert.build/Objects-normal/arm64/TextFieldAlert-OutputFileMap.json (in target 'TextFieldAlert' from project 'TextFieldAlert')
cd /Users/admin/builder/spi-builder-workspace
write-file /Users/admin/builder/spi-builder-workspace/.derivedData/Build/Intermediates.noindex/TextFieldAlert.build/Debug-watchos/TextFieldAlert.build/Objects-normal/arm64/TextFieldAlert-OutputFileMap.json
Copy /Users/admin/builder/spi-builder-workspace/.derivedData/Build/Intermediates.noindex/GeneratedModuleMaps-watchos/TextFieldAlert.modulemap /Users/admin/builder/spi-builder-workspace/.derivedData/Build/Intermediates.noindex/TextFieldAlert.build/Debug-watchos/TextFieldAlert.build/TextFieldAlert.modulemap (in target 'TextFieldAlert' from project 'TextFieldAlert')
cd /Users/admin/builder/spi-builder-workspace
builtin-copy -exclude .DS_Store -exclude CVS -exclude .svn -exclude .git -exclude .hg -resolve-src-symlinks /Users/admin/builder/spi-builder-workspace/.derivedData/Build/Intermediates.noindex/TextFieldAlert.build/Debug-watchos/TextFieldAlert.build/TextFieldAlert.modulemap /Users/admin/builder/spi-builder-workspace/.derivedData/Build/Intermediates.noindex/GeneratedModuleMaps-watchos
SwiftDriver TextFieldAlert normal arm64_32 com.apple.xcode.tools.swift.compiler (in target 'TextFieldAlert' from project 'TextFieldAlert')
cd /Users/admin/builder/spi-builder-workspace/.swiftpm/xcode
builtin-SwiftDriver -- /Applications/Xcode-16.3.0.app/Contents/Developer/Toolchains/XcodeDefault.xctoolchain/usr/bin/swiftc -module-name TextFieldAlert -Onone -enforce-exclusivity\=checked @/Users/admin/builder/spi-builder-workspace/.derivedData/Build/Intermediates.noindex/TextFieldAlert.build/Debug-watchos/TextFieldAlert.build/Objects-normal/arm64_32/TextFieldAlert.SwiftFileList -DSWIFT_PACKAGE -DDEBUG -stats-output-dir .stats -strict-concurrency\=complete -enable-upcoming-feature StrictConcurrency -enable-upcoming-feature DisableOutwardActorInference -enable-upcoming-feature GlobalActorIsolatedTypesUsability -enable-upcoming-feature InferSendableFromCaptures -plugin-path /Applications/Xcode-16.3.0.app/Contents/Developer/Toolchains/XcodeDefault.xctoolchain/usr/lib/swift/host/plugins/testing -enable-experimental-feature DebugDescriptionMacro -sdk /Applications/Xcode-16.3.0.app/Contents/Developer/Platforms/WatchOS.platform/Developer/SDKs/WatchOS11.4.sdk -target arm64_32-apple-watchos6.0 -g -module-cache-path /Users/admin/builder/spi-builder-workspace/.derivedData/ModuleCache.noindex -Xfrontend -serialize-debugging-options -enable-testing -index-store-path /Users/admin/builder/spi-builder-workspace/.derivedData/Index.noindex/DataStore -swift-version 5 -I /Users/admin/builder/spi-builder-workspace/.derivedData/Build/Products/Debug-watchos -I /Applications/Xcode-16.3.0.app/Contents/Developer/Platforms/WatchOS.platform/Developer/usr/lib -F /Users/admin/builder/spi-builder-workspace/.derivedData/Build/Products/Debug-watchos -F /Applications/Xcode-16.3.0.app/Contents/Developer/Platforms/WatchOS.platform/Developer/Library/Frameworks -F /Applications/Xcode-16.3.0.app/Contents/Developer/Platforms/WatchOS.platform/Developer/SDKs/WatchOS11.4.sdk/Developer/Library/Frameworks -c -j10 -enable-batch-mode -incremental -Xcc -ivfsstatcache -Xcc /Users/admin/builder/spi-builder-workspace/.derivedData/SDKStatCaches.noindex/watchos11.4-22T246-43efb940ff07ba2497b70ec94253f576.sdkstatcache -output-file-map /Users/admin/builder/spi-builder-workspace/.derivedData/Build/Intermediates.noindex/TextFieldAlert.build/Debug-watchos/TextFieldAlert.build/Objects-normal/arm64_32/TextFieldAlert-OutputFileMap.json -use-frontend-parseable-output -save-temps -no-color-diagnostics -serialize-diagnostics -emit-dependencies -emit-module -emit-module-path /Users/admin/builder/spi-builder-workspace/.derivedData/Build/Intermediates.noindex/TextFieldAlert.build/Debug-watchos/TextFieldAlert.build/Objects-normal/arm64_32/TextFieldAlert.swiftmodule -validate-clang-modules-once -clang-build-session-file /Users/admin/builder/spi-builder-workspace/.derivedData/ModuleCache.noindex/Session.modulevalidation -Xcc -I/Users/admin/builder/spi-builder-workspace/.derivedData/Build/Intermediates.noindex/TextFieldAlert.build/Debug-watchos/TextFieldAlert.build/swift-overrides.hmap -emit-const-values -Xfrontend -const-gather-protocols-file -Xfrontend /Users/admin/builder/spi-builder-workspace/.derivedData/Build/Intermediates.noindex/TextFieldAlert.build/Debug-watchos/TextFieldAlert.build/Objects-normal/arm64_32/TextFieldAlert_const_extract_protocols.json -Xcc -I/Users/admin/builder/spi-builder-workspace/.derivedData/Build/Products/Debug-watchos/include -Xcc -I/Users/admin/builder/spi-builder-workspace/.derivedData/Build/Intermediates.noindex/TextFieldAlert.build/Debug-watchos/TextFieldAlert.build/DerivedSources-normal/arm64_32 -Xcc -I/Users/admin/builder/spi-builder-workspace/.derivedData/Build/Intermediates.noindex/TextFieldAlert.build/Debug-watchos/TextFieldAlert.build/DerivedSources/arm64_32 -Xcc -I/Users/admin/builder/spi-builder-workspace/.derivedData/Build/Intermediates.noindex/TextFieldAlert.build/Debug-watchos/TextFieldAlert.build/DerivedSources -Xcc -DSWIFT_PACKAGE -Xcc -DDEBUG\=1 -emit-objc-header -emit-objc-header-path /Users/admin/builder/spi-builder-workspace/.derivedData/Build/Intermediates.noindex/TextFieldAlert.build/Debug-watchos/TextFieldAlert.build/Objects-normal/arm64_32/TextFieldAlert-Swift.h -working-directory /Users/admin/builder/spi-builder-workspace/.swiftpm/xcode -experimental-emit-module-separately -disable-cmo
SwiftDriver TextFieldAlert normal arm64 com.apple.xcode.tools.swift.compiler (in target 'TextFieldAlert' from project 'TextFieldAlert')
cd /Users/admin/builder/spi-builder-workspace/.swiftpm/xcode
builtin-SwiftDriver -- /Applications/Xcode-16.3.0.app/Contents/Developer/Toolchains/XcodeDefault.xctoolchain/usr/bin/swiftc -module-name TextFieldAlert -Onone -enforce-exclusivity\=checked @/Users/admin/builder/spi-builder-workspace/.derivedData/Build/Intermediates.noindex/TextFieldAlert.build/Debug-watchos/TextFieldAlert.build/Objects-normal/arm64/TextFieldAlert.SwiftFileList -DSWIFT_PACKAGE -DDEBUG -stats-output-dir .stats -strict-concurrency\=complete -enable-upcoming-feature StrictConcurrency -enable-upcoming-feature DisableOutwardActorInference -enable-upcoming-feature GlobalActorIsolatedTypesUsability -enable-upcoming-feature InferSendableFromCaptures -plugin-path /Applications/Xcode-16.3.0.app/Contents/Developer/Toolchains/XcodeDefault.xctoolchain/usr/lib/swift/host/plugins/testing -enable-experimental-feature DebugDescriptionMacro -sdk /Applications/Xcode-16.3.0.app/Contents/Developer/Platforms/WatchOS.platform/Developer/SDKs/WatchOS11.4.sdk -target arm64-apple-watchos6.0 -g -module-cache-path /Users/admin/builder/spi-builder-workspace/.derivedData/ModuleCache.noindex -Xfrontend -serialize-debugging-options -enable-testing -index-store-path /Users/admin/builder/spi-builder-workspace/.derivedData/Index.noindex/DataStore -swift-version 5 -I /Users/admin/builder/spi-builder-workspace/.derivedData/Build/Products/Debug-watchos -I /Applications/Xcode-16.3.0.app/Contents/Developer/Platforms/WatchOS.platform/Developer/usr/lib -F /Users/admin/builder/spi-builder-workspace/.derivedData/Build/Products/Debug-watchos -F /Applications/Xcode-16.3.0.app/Contents/Developer/Platforms/WatchOS.platform/Developer/Library/Frameworks -F /Applications/Xcode-16.3.0.app/Contents/Developer/Platforms/WatchOS.platform/Developer/SDKs/WatchOS11.4.sdk/Developer/Library/Frameworks -c -j10 -enable-batch-mode -incremental -Xcc -ivfsstatcache -Xcc /Users/admin/builder/spi-builder-workspace/.derivedData/SDKStatCaches.noindex/watchos11.4-22T246-43efb940ff07ba2497b70ec94253f576.sdkstatcache -output-file-map /Users/admin/builder/spi-builder-workspace/.derivedData/Build/Intermediates.noindex/TextFieldAlert.build/Debug-watchos/TextFieldAlert.build/Objects-normal/arm64/TextFieldAlert-OutputFileMap.json -use-frontend-parseable-output -save-temps -no-color-diagnostics -serialize-diagnostics -emit-dependencies -emit-module -emit-module-path /Users/admin/builder/spi-builder-workspace/.derivedData/Build/Intermediates.noindex/TextFieldAlert.build/Debug-watchos/TextFieldAlert.build/Objects-normal/arm64/TextFieldAlert.swiftmodule -validate-clang-modules-once -clang-build-session-file /Users/admin/builder/spi-builder-workspace/.derivedData/ModuleCache.noindex/Session.modulevalidation -Xcc -I/Users/admin/builder/spi-builder-workspace/.derivedData/Build/Intermediates.noindex/TextFieldAlert.build/Debug-watchos/TextFieldAlert.build/swift-overrides.hmap -emit-const-values -Xfrontend -const-gather-protocols-file -Xfrontend /Users/admin/builder/spi-builder-workspace/.derivedData/Build/Intermediates.noindex/TextFieldAlert.build/Debug-watchos/TextFieldAlert.build/Objects-normal/arm64/TextFieldAlert_const_extract_protocols.json -Xcc -I/Users/admin/builder/spi-builder-workspace/.derivedData/Build/Products/Debug-watchos/include -Xcc -I/Users/admin/builder/spi-builder-workspace/.derivedData/Build/Intermediates.noindex/TextFieldAlert.build/Debug-watchos/TextFieldAlert.build/DerivedSources-normal/arm64 -Xcc -I/Users/admin/builder/spi-builder-workspace/.derivedData/Build/Intermediates.noindex/TextFieldAlert.build/Debug-watchos/TextFieldAlert.build/DerivedSources/arm64 -Xcc -I/Users/admin/builder/spi-builder-workspace/.derivedData/Build/Intermediates.noindex/TextFieldAlert.build/Debug-watchos/TextFieldAlert.build/DerivedSources -Xcc -DSWIFT_PACKAGE -Xcc -DDEBUG\=1 -emit-objc-header -emit-objc-header-path /Users/admin/builder/spi-builder-workspace/.derivedData/Build/Intermediates.noindex/TextFieldAlert.build/Debug-watchos/TextFieldAlert.build/Objects-normal/arm64/TextFieldAlert-Swift.h -working-directory /Users/admin/builder/spi-builder-workspace/.swiftpm/xcode -experimental-emit-module-separately -disable-cmo
SwiftDriver TextFieldAlert normal armv7k com.apple.xcode.tools.swift.compiler (in target 'TextFieldAlert' from project 'TextFieldAlert')
cd /Users/admin/builder/spi-builder-workspace/.swiftpm/xcode
builtin-SwiftDriver -- /Applications/Xcode-16.3.0.app/Contents/Developer/Toolchains/XcodeDefault.xctoolchain/usr/bin/swiftc -module-name TextFieldAlert -Onone -enforce-exclusivity\=checked @/Users/admin/builder/spi-builder-workspace/.derivedData/Build/Intermediates.noindex/TextFieldAlert.build/Debug-watchos/TextFieldAlert.build/Objects-normal/armv7k/TextFieldAlert.SwiftFileList -DSWIFT_PACKAGE -DDEBUG -stats-output-dir .stats -strict-concurrency\=complete -enable-upcoming-feature StrictConcurrency -enable-upcoming-feature DisableOutwardActorInference -enable-upcoming-feature GlobalActorIsolatedTypesUsability -enable-upcoming-feature InferSendableFromCaptures -plugin-path /Applications/Xcode-16.3.0.app/Contents/Developer/Toolchains/XcodeDefault.xctoolchain/usr/lib/swift/host/plugins/testing -enable-experimental-feature DebugDescriptionMacro -sdk /Applications/Xcode-16.3.0.app/Contents/Developer/Platforms/WatchOS.platform/Developer/SDKs/WatchOS11.4.sdk -target armv7k-apple-watchos6.0 -g -module-cache-path /Users/admin/builder/spi-builder-workspace/.derivedData/ModuleCache.noindex -Xfrontend -serialize-debugging-options -enable-testing -index-store-path /Users/admin/builder/spi-builder-workspace/.derivedData/Index.noindex/DataStore -swift-version 5 -I /Users/admin/builder/spi-builder-workspace/.derivedData/Build/Products/Debug-watchos -I /Applications/Xcode-16.3.0.app/Contents/Developer/Platforms/WatchOS.platform/Developer/usr/lib -F /Users/admin/builder/spi-builder-workspace/.derivedData/Build/Products/Debug-watchos -F /Applications/Xcode-16.3.0.app/Contents/Developer/Platforms/WatchOS.platform/Developer/Library/Frameworks -F /Applications/Xcode-16.3.0.app/Contents/Developer/Platforms/WatchOS.platform/Developer/SDKs/WatchOS11.4.sdk/Developer/Library/Frameworks -c -j10 -enable-batch-mode -incremental -Xcc -ivfsstatcache -Xcc /Users/admin/builder/spi-builder-workspace/.derivedData/SDKStatCaches.noindex/watchos11.4-22T246-43efb940ff07ba2497b70ec94253f576.sdkstatcache -output-file-map /Users/admin/builder/spi-builder-workspace/.derivedData/Build/Intermediates.noindex/TextFieldAlert.build/Debug-watchos/TextFieldAlert.build/Objects-normal/armv7k/TextFieldAlert-OutputFileMap.json -use-frontend-parseable-output -save-temps -no-color-diagnostics -serialize-diagnostics -emit-dependencies -emit-module -emit-module-path /Users/admin/builder/spi-builder-workspace/.derivedData/Build/Intermediates.noindex/TextFieldAlert.build/Debug-watchos/TextFieldAlert.build/Objects-normal/armv7k/TextFieldAlert.swiftmodule -validate-clang-modules-once -clang-build-session-file /Users/admin/builder/spi-builder-workspace/.derivedData/ModuleCache.noindex/Session.modulevalidation -Xcc -I/Users/admin/builder/spi-builder-workspace/.derivedData/Build/Intermediates.noindex/TextFieldAlert.build/Debug-watchos/TextFieldAlert.build/swift-overrides.hmap -emit-const-values -Xfrontend -const-gather-protocols-file -Xfrontend /Users/admin/builder/spi-builder-workspace/.derivedData/Build/Intermediates.noindex/TextFieldAlert.build/Debug-watchos/TextFieldAlert.build/Objects-normal/armv7k/TextFieldAlert_const_extract_protocols.json -Xcc -I/Users/admin/builder/spi-builder-workspace/.derivedData/Build/Products/Debug-watchos/include -Xcc -I/Users/admin/builder/spi-builder-workspace/.derivedData/Build/Intermediates.noindex/TextFieldAlert.build/Debug-watchos/TextFieldAlert.build/DerivedSources-normal/armv7k -Xcc -I/Users/admin/builder/spi-builder-workspace/.derivedData/Build/Intermediates.noindex/TextFieldAlert.build/Debug-watchos/TextFieldAlert.build/DerivedSources/armv7k -Xcc -I/Users/admin/builder/spi-builder-workspace/.derivedData/Build/Intermediates.noindex/TextFieldAlert.build/Debug-watchos/TextFieldAlert.build/DerivedSources -Xcc -DSWIFT_PACKAGE -Xcc -DDEBUG\=1 -emit-objc-header -emit-objc-header-path /Users/admin/builder/spi-builder-workspace/.derivedData/Build/Intermediates.noindex/TextFieldAlert.build/Debug-watchos/TextFieldAlert.build/Objects-normal/armv7k/TextFieldAlert-Swift.h -working-directory /Users/admin/builder/spi-builder-workspace/.swiftpm/xcode -experimental-emit-module-separately -disable-cmo
SwiftEmitModule normal arm64 Emitting\ module\ for\ TextFieldAlert (in target 'TextFieldAlert' from project 'TextFieldAlert')
EmitSwiftModule normal arm64 (in target 'TextFieldAlert' from project 'TextFieldAlert')
cd /Users/admin/builder/spi-builder-workspace/.swiftpm/xcode
SwiftEmitModule normal armv7k Emitting\ module\ for\ TextFieldAlert (in target 'TextFieldAlert' from project 'TextFieldAlert')
Failed frontend command:
/Applications/Xcode-16.3.0.app/Contents/Developer/Toolchains/XcodeDefault.xctoolchain/usr/bin/swift-frontend -frontend -emit-module -experimental-skip-non-inlinable-function-bodies-without-types /Users/admin/builder/spi-builder-workspace/Sources/TextFieldAlert/Extensions.swift /Users/admin/builder/spi-builder-workspace/Sources/TextFieldAlert/TextFieldAlert.swift /Users/admin/builder/spi-builder-workspace/Sources/TextFieldAlert/TextFieldAlertViewController.swift /Users/admin/builder/spi-builder-workspace/Sources/TextFieldAlert/TextFieldWrapper.swift -target armv7k-apple-watchos6.0 -enable-objc-interop -stack-check -sdk /Applications/Xcode-16.3.0.app/Contents/Developer/Platforms/WatchOS.platform/Developer/SDKs/WatchOS11.4.sdk -I /Users/admin/builder/spi-builder-workspace/.derivedData/Build/Products/Debug-watchos -I /Applications/Xcode-16.3.0.app/Contents/Developer/Platforms/WatchOS.platform/Developer/usr/lib -F /Users/admin/builder/spi-builder-workspace/.derivedData/Build/Products/Debug-watchos -F /Applications/Xcode-16.3.0.app/Contents/Developer/Platforms/WatchOS.platform/Developer/Library/Frameworks -F /Applications/Xcode-16.3.0.app/Contents/Developer/Platforms/WatchOS.platform/Developer/SDKs/WatchOS11.4.sdk/Developer/Library/Frameworks -no-color-diagnostics -enable-testing -g -debug-info-format\=dwarf -dwarf-version\=4 -module-cache-path /Users/admin/builder/spi-builder-workspace/.derivedData/ModuleCache.noindex -swift-version 5 -enforce-exclusivity\=checked -stats-output-dir /Users/admin/builder/spi-builder-workspace/.swiftpm/xcode/.stats -Onone -D SWIFT_PACKAGE -D DEBUG -serialize-debugging-options -const-gather-protocols-file /Users/admin/builder/spi-builder-workspace/.derivedData/Build/Intermediates.noindex/TextFieldAlert.build/Debug-watchos/TextFieldAlert.build/Objects-normal/armv7k/TextFieldAlert_const_extract_protocols.json -enable-upcoming-feature StrictConcurrency -enable-upcoming-feature DisableOutwardActorInference -enable-upcoming-feature GlobalActorIsolatedTypesUsability -enable-upcoming-feature InferSendableFromCaptures -enable-experimental-feature DebugDescriptionMacro -strict-concurrency\=complete -empty-abi-descriptor -plugin-path /Applications/Xcode-16.3.0.app/Contents/Developer/Toolchains/XcodeDefault.xctoolchain/usr/lib/swift/host/plugins/testing -validate-clang-modules-once -clang-build-session-file /Users/admin/builder/spi-builder-workspace/.derivedData/ModuleCache.noindex/Session.modulevalidation -Xcc -working-directory -Xcc /Users/admin/builder/spi-builder-workspace/.swiftpm/xcode -resource-dir /Applications/Xcode-16.3.0.app/Contents/Developer/Toolchains/XcodeDefault.xctoolchain/usr/lib/swift -enable-anonymous-context-mangled-names -file-compilation-dir /Users/admin/builder/spi-builder-workspace/.swiftpm/xcode -Xcc -ivfsstatcache -Xcc /Users/admin/builder/spi-builder-workspace/.derivedData/SDKStatCaches.noindex/watchos11.4-22T246-43efb940ff07ba2497b70ec94253f576.sdkstatcache -Xcc -I/Users/admin/builder/spi-builder-workspace/.derivedData/Build/Intermediates.noindex/TextFieldAlert.build/Debug-watchos/TextFieldAlert.build/swift-overrides.hmap -Xcc -I/Users/admin/builder/spi-builder-workspace/.derivedData/Build/Products/Debug-watchos/include -Xcc -I/Users/admin/builder/spi-builder-workspace/.derivedData/Build/Intermediates.noindex/TextFieldAlert.build/Debug-watchos/TextFieldAlert.build/DerivedSources-normal/armv7k -Xcc -I/Users/admin/builder/spi-builder-workspace/.derivedData/Build/Intermediates.noindex/TextFieldAlert.build/Debug-watchos/TextFieldAlert.build/DerivedSources/armv7k -Xcc -I/Users/admin/builder/spi-builder-workspace/.derivedData/Build/Intermediates.noindex/TextFieldAlert.build/Debug-watchos/TextFieldAlert.build/DerivedSources -Xcc -DSWIFT_PACKAGE -Xcc -DDEBUG\=1 -module-name TextFieldAlert -frontend-parseable-output -disable-clang-spi -target-sdk-version 11.4 -target-sdk-name watchos11.4 -external-plugin-path /Applications/Xcode-16.3.0.app/Contents/Developer/Platforms/WatchOS.platform/Developer/usr/lib/swift/host/plugins\#/Applications/Xcode-16.3.0.app/Contents/Developer/Platforms/WatchOS.platform/Developer/usr/bin/swift-plugin-server -external-plugin-path /Applications/Xcode-16.3.0.app/Contents/Developer/Platforms/WatchOS.platform/Developer/usr/local/lib/swift/host/plugins\#/Applications/Xcode-16.3.0.app/Contents/Developer/Platforms/WatchOS.platform/Developer/usr/bin/swift-plugin-server -in-process-plugin-server-path /Applications/Xcode-16.3.0.app/Contents/Developer/Toolchains/XcodeDefault.xctoolchain/usr/lib/swift/host/libSwiftInProcPluginServer.dylib -plugin-path /Applications/Xcode-16.3.0.app/Contents/Developer/Toolchains/XcodeDefault.xctoolchain/usr/lib/swift/host/plugins -plugin-path /Applications/Xcode-16.3.0.app/Contents/Developer/Toolchains/XcodeDefault.xctoolchain/usr/local/lib/swift/host/plugins -emit-module-doc-path /Users/admin/builder/spi-builder-workspace/.derivedData/Build/Intermediates.noindex/TextFieldAlert.build/Debug-watchos/TextFieldAlert.build/Objects-normal/armv7k/TextFieldAlert.swiftdoc -emit-module-source-info-path /Users/admin/builder/spi-builder-workspace/.derivedData/Build/Intermediates.noindex/TextFieldAlert.build/Debug-watchos/TextFieldAlert.build/Objects-normal/armv7k/TextFieldAlert.swiftsourceinfo -emit-objc-header-path /Users/admin/builder/spi-builder-workspace/.derivedData/Build/Intermediates.noindex/TextFieldAlert.build/Debug-watchos/TextFieldAlert.build/Objects-normal/armv7k/TextFieldAlert-Swift.h -serialize-diagnostics-path /Users/admin/builder/spi-builder-workspace/.derivedData/Build/Intermediates.noindex/TextFieldAlert.build/Debug-watchos/TextFieldAlert.build/Objects-normal/armv7k/TextFieldAlert-master-emit-module.dia -emit-dependencies-path /Users/admin/builder/spi-builder-workspace/.derivedData/Build/Intermediates.noindex/TextFieldAlert.build/Debug-watchos/TextFieldAlert.build/Objects-normal/armv7k/TextFieldAlert-master-emit-module.d -o /Users/admin/builder/spi-builder-workspace/.derivedData/Build/Intermediates.noindex/TextFieldAlert.build/Debug-watchos/TextFieldAlert.build/Objects-normal/armv7k/TextFieldAlert.swiftmodule -emit-abi-descriptor-path /Users/admin/builder/spi-builder-workspace/.derivedData/Build/Intermediates.noindex/TextFieldAlert.build/Debug-watchos/TextFieldAlert.build/Objects-normal/armv7k/TextFieldAlert.abi.json
EmitSwiftModule normal armv7k (in target 'TextFieldAlert' from project 'TextFieldAlert')
cd /Users/admin/builder/spi-builder-workspace/.swiftpm/xcode
/Users/admin/builder/spi-builder-workspace/Sources/TextFieldAlert/Extensions.swift:68:11: error: cannot find type 'UIAlertAction' in scope
extension UIAlertAction.Style {
^~~~~~~~~~~~~
/Users/admin/builder/spi-builder-workspace/Sources/TextFieldAlert/Extensions.swift:84:11: error: cannot find type 'UITextField' in scope
extension UITextField {
^~~~~~~~~~~
/Users/admin/builder/spi-builder-workspace/Sources/TextFieldAlert/TextFieldAlert.swift:10:37: error: cannot find type 'UITextAutocapitalizationType' in scope
let autocapitalizationType: UITextAutocapitalizationType
^~~~~~~~~~~~~~~~~~~~~~~~~~~~
/Users/admin/builder/spi-builder-workspace/Sources/TextFieldAlert/TextFieldAlert.swift:11:33: error: cannot find type 'UITextAutocorrectionType' in scope
let autocorrectionType: UITextAutocorrectionType
^~~~~~~~~~~~~~~~~~~~~~~~
/Users/admin/builder/spi-builder-workspace/Sources/TextFieldAlert/TextFieldAlert.swift:12:27: error: cannot find type 'UIKeyboardType' in scope
let keyboardType: UIKeyboardType
^~~~~~~~~~~~~~
/Users/admin/builder/spi-builder-workspace/Sources/TextFieldAlert/TextFieldAlert.swift:26:37: error: cannot find type 'UITextAutocapitalizationType' in scope
autocapitalizationType: UITextAutocapitalizationType = .sentences,
^~~~~~~~~~~~~~~~~~~~~~~~~~~~
/Users/admin/builder/spi-builder-workspace/Sources/TextFieldAlert/TextFieldAlert.swift:27:33: error: cannot find type 'UITextAutocorrectionType' in scope
autocorrectionType: UITextAutocorrectionType = .default,
^~~~~~~~~~~~~~~~~~~~~~~~
/Users/admin/builder/spi-builder-workspace/Sources/TextFieldAlert/TextFieldAlert.swift:28:27: error: cannot find type 'UIKeyboardType' in scope
keyboardType: UIKeyboardType = .default
^~~~~~~~~~~~~~
/Users/admin/builder/spi-builder-workspace/Sources/TextFieldAlert/TextFieldAlert.swift:42:20: error: cannot find type 'UIAlertAction' in scope
let style: UIAlertAction.Style
^~~~~~~~~~~~~
/Users/admin/builder/spi-builder-workspace/Sources/TextFieldAlert/TextFieldAlert.swift:54:20: error: cannot find type 'UIAlertAction' in scope
style: UIAlertAction.Style = .default,
^~~~~~~~~~~~~
/Users/admin/builder/spi-builder-workspace/Sources/TextFieldAlert/TextFieldAlert.swift:115:27: error: cannot find type 'UIViewControllerRepresentable' in scope
extension TextFieldAlert: UIViewControllerRepresentable {
^~~~~~~~~~~~~~~~~~~~~~~~~~~~~
/Users/admin/builder/spi-builder-workspace/Sources/TextFieldAlert/TextFieldAlert.swift:116:47: error: cannot find type 'UIViewControllerRepresentableContext' in scope
public func makeUIViewController(context: UIViewControllerRepresentableContext<TextFieldAlert>) -> TextFieldAlertViewController {
^~~~~~~~~~~~~~~~~~~~~~~~~~~~~~~~~~~~
/Users/admin/builder/spi-builder-workspace/Sources/TextFieldAlert/TextFieldAlert.swift:121:29: error: cannot find type 'UIViewControllerType' in scope
_ uiViewController: UIViewControllerType,
^~~~~~~~~~~~~~~~~~~~
/Users/admin/builder/spi-builder-workspace/Sources/TextFieldAlert/TextFieldAlert.swift:122:18: error: cannot find type 'UIViewControllerRepresentableContext' in scope
context: UIViewControllerRepresentableContext<TextFieldAlert>
^~~~~~~~~~~~~~~~~~~~~~~~~~~~~~~~~~~~
/Users/admin/builder/spi-builder-workspace/Sources/TextFieldAlert/TextFieldAlertViewController.swift:19:26: error: method does not override any method from its superclass
override public func viewDidAppear(_ animated: Bool) {
~~~~~~~~ ^
/Users/admin/builder/spi-builder-workspace/Sources/TextFieldAlert/TextFieldAlertViewController.swift:6:50: error: cannot find type 'UIViewController' in scope
public final class TextFieldAlertViewController: UIViewController {
^~~~~~~~~~~~~~~~
SwiftCompile normal arm64 Compiling\ Extensions.swift /Users/admin/builder/spi-builder-workspace/Sources/TextFieldAlert/Extensions.swift (in target 'TextFieldAlert' from project 'TextFieldAlert')
SwiftCompile normal arm64 /Users/admin/builder/spi-builder-workspace/Sources/TextFieldAlert/Extensions.swift (in target 'TextFieldAlert' from project 'TextFieldAlert')
cd /Users/admin/builder/spi-builder-workspace/.swiftpm/xcode
SwiftCompile normal armv7k Compiling\ Extensions.swift /Users/admin/builder/spi-builder-workspace/Sources/TextFieldAlert/Extensions.swift (in target 'TextFieldAlert' from project 'TextFieldAlert')
SwiftCompile normal armv7k /Users/admin/builder/spi-builder-workspace/Sources/TextFieldAlert/Extensions.swift (in target 'TextFieldAlert' from project 'TextFieldAlert')
cd /Users/admin/builder/spi-builder-workspace/.swiftpm/xcode
SwiftCompile normal armv7k Compiling\ TextFieldAlert.swift /Users/admin/builder/spi-builder-workspace/Sources/TextFieldAlert/TextFieldAlert.swift (in target 'TextFieldAlert' from project 'TextFieldAlert')
SwiftCompile normal armv7k /Users/admin/builder/spi-builder-workspace/Sources/TextFieldAlert/TextFieldAlert.swift (in target 'TextFieldAlert' from project 'TextFieldAlert')
cd /Users/admin/builder/spi-builder-workspace/.swiftpm/xcode
SwiftCompile normal armv7k Compiling\ TextFieldAlertViewController.swift /Users/admin/builder/spi-builder-workspace/Sources/TextFieldAlert/TextFieldAlertViewController.swift (in target 'TextFieldAlert' from project 'TextFieldAlert')
SwiftCompile normal armv7k /Users/admin/builder/spi-builder-workspace/Sources/TextFieldAlert/TextFieldAlertViewController.swift (in target 'TextFieldAlert' from project 'TextFieldAlert')
cd /Users/admin/builder/spi-builder-workspace/.swiftpm/xcode
SwiftEmitModule normal arm64_32 Emitting\ module\ for\ TextFieldAlert (in target 'TextFieldAlert' from project 'TextFieldAlert')
Failed frontend command:
/Applications/Xcode-16.3.0.app/Contents/Developer/Toolchains/XcodeDefault.xctoolchain/usr/bin/swift-frontend -frontend -emit-module -experimental-skip-non-inlinable-function-bodies-without-types /Users/admin/builder/spi-builder-workspace/Sources/TextFieldAlert/Extensions.swift /Users/admin/builder/spi-builder-workspace/Sources/TextFieldAlert/TextFieldAlert.swift /Users/admin/builder/spi-builder-workspace/Sources/TextFieldAlert/TextFieldAlertViewController.swift /Users/admin/builder/spi-builder-workspace/Sources/TextFieldAlert/TextFieldWrapper.swift -target arm64_32-apple-watchos6.0 -enable-objc-interop -sdk /Applications/Xcode-16.3.0.app/Contents/Developer/Platforms/WatchOS.platform/Developer/SDKs/WatchOS11.4.sdk -I /Users/admin/builder/spi-builder-workspace/.derivedData/Build/Products/Debug-watchos -I /Applications/Xcode-16.3.0.app/Contents/Developer/Platforms/WatchOS.platform/Developer/usr/lib -F /Users/admin/builder/spi-builder-workspace/.derivedData/Build/Products/Debug-watchos -F /Applications/Xcode-16.3.0.app/Contents/Developer/Platforms/WatchOS.platform/Developer/Library/Frameworks -F /Applications/Xcode-16.3.0.app/Contents/Developer/Platforms/WatchOS.platform/Developer/SDKs/WatchOS11.4.sdk/Developer/Library/Frameworks -no-color-diagnostics -enable-testing -g -debug-info-format\=dwarf -dwarf-version\=4 -module-cache-path /Users/admin/builder/spi-builder-workspace/.derivedData/ModuleCache.noindex -swift-version 5 -enforce-exclusivity\=checked -stats-output-dir /Users/admin/builder/spi-builder-workspace/.swiftpm/xcode/.stats -Onone -D SWIFT_PACKAGE -D DEBUG -serialize-debugging-options -const-gather-protocols-file /Users/admin/builder/spi-builder-workspace/.derivedData/Build/Intermediates.noindex/TextFieldAlert.build/Debug-watchos/TextFieldAlert.build/Objects-normal/arm64_32/TextFieldAlert_const_extract_protocols.json -enable-upcoming-feature StrictConcurrency -enable-upcoming-feature DisableOutwardActorInference -enable-upcoming-feature GlobalActorIsolatedTypesUsability -enable-upcoming-feature InferSendableFromCaptures -enable-experimental-feature DebugDescriptionMacro -strict-concurrency\=complete -empty-abi-descriptor -plugin-path /Applications/Xcode-16.3.0.app/Contents/Developer/Toolchains/XcodeDefault.xctoolchain/usr/lib/swift/host/plugins/testing -validate-clang-modules-once -clang-build-session-file /Users/admin/builder/spi-builder-workspace/.derivedData/ModuleCache.noindex/Session.modulevalidation -Xcc -working-directory -Xcc /Users/admin/builder/spi-builder-workspace/.swiftpm/xcode -resource-dir /Applications/Xcode-16.3.0.app/Contents/Developer/Toolchains/XcodeDefault.xctoolchain/usr/lib/swift -enable-anonymous-context-mangled-names -file-compilation-dir /Users/admin/builder/spi-builder-workspace/.swiftpm/xcode -Xcc -ivfsstatcache -Xcc /Users/admin/builder/spi-builder-workspace/.derivedData/SDKStatCaches.noindex/watchos11.4-22T246-43efb940ff07ba2497b70ec94253f576.sdkstatcache -Xcc -I/Users/admin/builder/spi-builder-workspace/.derivedData/Build/Intermediates.noindex/TextFieldAlert.build/Debug-watchos/TextFieldAlert.build/swift-overrides.hmap -Xcc -I/Users/admin/builder/spi-builder-workspace/.derivedData/Build/Products/Debug-watchos/include -Xcc -I/Users/admin/builder/spi-builder-workspace/.derivedData/Build/Intermediates.noindex/TextFieldAlert.build/Debug-watchos/TextFieldAlert.build/DerivedSources-normal/arm64_32 -Xcc -I/Users/admin/builder/spi-builder-workspace/.derivedData/Build/Intermediates.noindex/TextFieldAlert.build/Debug-watchos/TextFieldAlert.build/DerivedSources/arm64_32 -Xcc -I/Users/admin/builder/spi-builder-workspace/.derivedData/Build/Intermediates.noindex/TextFieldAlert.build/Debug-watchos/TextFieldAlert.build/DerivedSources -Xcc -DSWIFT_PACKAGE -Xcc -DDEBUG\=1 -module-name TextFieldAlert -frontend-parseable-output -disable-clang-spi -target-sdk-version 11.4 -target-sdk-name watchos11.4 -external-plugin-path /Applications/Xcode-16.3.0.app/Contents/Developer/Platforms/WatchOS.platform/Developer/usr/lib/swift/host/plugins\#/Applications/Xcode-16.3.0.app/Contents/Developer/Platforms/WatchOS.platform/Developer/usr/bin/swift-plugin-server -external-plugin-path /Applications/Xcode-16.3.0.app/Contents/Developer/Platforms/WatchOS.platform/Developer/usr/local/lib/swift/host/plugins\#/Applications/Xcode-16.3.0.app/Contents/Developer/Platforms/WatchOS.platform/Developer/usr/bin/swift-plugin-server -in-process-plugin-server-path /Applications/Xcode-16.3.0.app/Contents/Developer/Toolchains/XcodeDefault.xctoolchain/usr/lib/swift/host/libSwiftInProcPluginServer.dylib -plugin-path /Applications/Xcode-16.3.0.app/Contents/Developer/Toolchains/XcodeDefault.xctoolchain/usr/lib/swift/host/plugins -plugin-path /Applications/Xcode-16.3.0.app/Contents/Developer/Toolchains/XcodeDefault.xctoolchain/usr/local/lib/swift/host/plugins -emit-module-doc-path /Users/admin/builder/spi-builder-workspace/.derivedData/Build/Intermediates.noindex/TextFieldAlert.build/Debug-watchos/TextFieldAlert.build/Objects-normal/arm64_32/TextFieldAlert.swiftdoc -emit-module-source-info-path /Users/admin/builder/spi-builder-workspace/.derivedData/Build/Intermediates.noindex/TextFieldAlert.build/Debug-watchos/TextFieldAlert.build/Objects-normal/arm64_32/TextFieldAlert.swiftsourceinfo -emit-objc-header-path /Users/admin/builder/spi-builder-workspace/.derivedData/Build/Intermediates.noindex/TextFieldAlert.build/Debug-watchos/TextFieldAlert.build/Objects-normal/arm64_32/TextFieldAlert-Swift.h -serialize-diagnostics-path /Users/admin/builder/spi-builder-workspace/.derivedData/Build/Intermediates.noindex/TextFieldAlert.build/Debug-watchos/TextFieldAlert.build/Objects-normal/arm64_32/TextFieldAlert-master-emit-module.dia -emit-dependencies-path /Users/admin/builder/spi-builder-workspace/.derivedData/Build/Intermediates.noindex/TextFieldAlert.build/Debug-watchos/TextFieldAlert.build/Objects-normal/arm64_32/TextFieldAlert-master-emit-module.d -o /Users/admin/builder/spi-builder-workspace/.derivedData/Build/Intermediates.noindex/TextFieldAlert.build/Debug-watchos/TextFieldAlert.build/Objects-normal/arm64_32/TextFieldAlert.swiftmodule -emit-abi-descriptor-path /Users/admin/builder/spi-builder-workspace/.derivedData/Build/Intermediates.noindex/TextFieldAlert.build/Debug-watchos/TextFieldAlert.build/Objects-normal/arm64_32/TextFieldAlert.abi.json
EmitSwiftModule normal arm64_32 (in target 'TextFieldAlert' from project 'TextFieldAlert')
cd /Users/admin/builder/spi-builder-workspace/.swiftpm/xcode
/Users/admin/builder/spi-builder-workspace/Sources/TextFieldAlert/Extensions.swift:68:11: error: cannot find type 'UIAlertAction' in scope
extension UIAlertAction.Style {
^~~~~~~~~~~~~
/Users/admin/builder/spi-builder-workspace/Sources/TextFieldAlert/Extensions.swift:84:11: error: cannot find type 'UITextField' in scope
extension UITextField {
^~~~~~~~~~~
/Users/admin/builder/spi-builder-workspace/Sources/TextFieldAlert/TextFieldAlert.swift:10:37: error: cannot find type 'UITextAutocapitalizationType' in scope
let autocapitalizationType: UITextAutocapitalizationType
^~~~~~~~~~~~~~~~~~~~~~~~~~~~
/Users/admin/builder/spi-builder-workspace/Sources/TextFieldAlert/TextFieldAlert.swift:11:33: error: cannot find type 'UITextAutocorrectionType' in scope
let autocorrectionType: UITextAutocorrectionType
^~~~~~~~~~~~~~~~~~~~~~~~
/Users/admin/builder/spi-builder-workspace/Sources/TextFieldAlert/TextFieldAlert.swift:12:27: error: cannot find type 'UIKeyboardType' in scope
let keyboardType: UIKeyboardType
^~~~~~~~~~~~~~
/Users/admin/builder/spi-builder-workspace/Sources/TextFieldAlert/TextFieldAlert.swift:26:37: error: cannot find type 'UITextAutocapitalizationType' in scope
autocapitalizationType: UITextAutocapitalizationType = .sentences,
^~~~~~~~~~~~~~~~~~~~~~~~~~~~
/Users/admin/builder/spi-builder-workspace/Sources/TextFieldAlert/TextFieldAlert.swift:27:33: error: cannot find type 'UITextAutocorrectionType' in scope
autocorrectionType: UITextAutocorrectionType = .default,
^~~~~~~~~~~~~~~~~~~~~~~~
/Users/admin/builder/spi-builder-workspace/Sources/TextFieldAlert/TextFieldAlert.swift:28:27: error: cannot find type 'UIKeyboardType' in scope
keyboardType: UIKeyboardType = .default
^~~~~~~~~~~~~~
/Users/admin/builder/spi-builder-workspace/Sources/TextFieldAlert/TextFieldAlert.swift:42:20: error: cannot find type 'UIAlertAction' in scope
let style: UIAlertAction.Style
^~~~~~~~~~~~~
/Users/admin/builder/spi-builder-workspace/Sources/TextFieldAlert/TextFieldAlert.swift:54:20: error: cannot find type 'UIAlertAction' in scope
style: UIAlertAction.Style = .default,
^~~~~~~~~~~~~
/Users/admin/builder/spi-builder-workspace/Sources/TextFieldAlert/TextFieldAlert.swift:115:27: error: cannot find type 'UIViewControllerRepresentable' in scope
extension TextFieldAlert: UIViewControllerRepresentable {
^~~~~~~~~~~~~~~~~~~~~~~~~~~~~
/Users/admin/builder/spi-builder-workspace/Sources/TextFieldAlert/TextFieldAlert.swift:116:47: error: cannot find type 'UIViewControllerRepresentableContext' in scope
public func makeUIViewController(context: UIViewControllerRepresentableContext<TextFieldAlert>) -> TextFieldAlertViewController {
^~~~~~~~~~~~~~~~~~~~~~~~~~~~~~~~~~~~
/Users/admin/builder/spi-builder-workspace/Sources/TextFieldAlert/TextFieldAlert.swift:121:29: error: cannot find type 'UIViewControllerType' in scope
_ uiViewController: UIViewControllerType,
^~~~~~~~~~~~~~~~~~~~
/Users/admin/builder/spi-builder-workspace/Sources/TextFieldAlert/TextFieldAlert.swift:122:18: error: cannot find type 'UIViewControllerRepresentableContext' in scope
context: UIViewControllerRepresentableContext<TextFieldAlert>
^~~~~~~~~~~~~~~~~~~~~~~~~~~~~~~~~~~~
/Users/admin/builder/spi-builder-workspace/Sources/TextFieldAlert/TextFieldAlertViewController.swift:19:26: error: method does not override any method from its superclass
override public func viewDidAppear(_ animated: Bool) {
~~~~~~~~ ^
/Users/admin/builder/spi-builder-workspace/Sources/TextFieldAlert/TextFieldAlertViewController.swift:6:50: error: cannot find type 'UIViewController' in scope
public final class TextFieldAlertViewController: UIViewController {
^~~~~~~~~~~~~~~~
SwiftCompile normal arm64_32 Compiling\ TextFieldAlertViewController.swift /Users/admin/builder/spi-builder-workspace/Sources/TextFieldAlert/TextFieldAlertViewController.swift (in target 'TextFieldAlert' from project 'TextFieldAlert')
SwiftCompile normal arm64_32 /Users/admin/builder/spi-builder-workspace/Sources/TextFieldAlert/TextFieldAlertViewController.swift (in target 'TextFieldAlert' from project 'TextFieldAlert')
cd /Users/admin/builder/spi-builder-workspace/.swiftpm/xcode
SwiftCompile normal arm64_32 Compiling\ TextFieldWrapper.swift /Users/admin/builder/spi-builder-workspace/Sources/TextFieldAlert/TextFieldWrapper.swift (in target 'TextFieldAlert' from project 'TextFieldAlert')
SwiftCompile normal arm64_32 /Users/admin/builder/spi-builder-workspace/Sources/TextFieldAlert/TextFieldWrapper.swift (in target 'TextFieldAlert' from project 'TextFieldAlert')
cd /Users/admin/builder/spi-builder-workspace/.swiftpm/xcode
SwiftCompile normal armv7k Compiling\ TextFieldWrapper.swift /Users/admin/builder/spi-builder-workspace/Sources/TextFieldAlert/TextFieldWrapper.swift (in target 'TextFieldAlert' from project 'TextFieldAlert')
SwiftCompile normal armv7k /Users/admin/builder/spi-builder-workspace/Sources/TextFieldAlert/TextFieldWrapper.swift (in target 'TextFieldAlert' from project 'TextFieldAlert')
cd /Users/admin/builder/spi-builder-workspace/.swiftpm/xcode
SwiftCompile normal arm64_32 Compiling\ TextFieldAlert.swift /Users/admin/builder/spi-builder-workspace/Sources/TextFieldAlert/TextFieldAlert.swift (in target 'TextFieldAlert' from project 'TextFieldAlert')
Command SwiftCompile failed with a nonzero exit code
** BUILD FAILED **
The following build commands failed:
SwiftEmitModule normal armv7k Emitting\ module\ for\ TextFieldAlert (in target 'TextFieldAlert' from project 'TextFieldAlert')
EmitSwiftModule normal armv7k (in target 'TextFieldAlert' from project 'TextFieldAlert')
SwiftEmitModule normal arm64_32 Emitting\ module\ for\ TextFieldAlert (in target 'TextFieldAlert' from project 'TextFieldAlert')
EmitSwiftModule normal arm64_32 (in target 'TextFieldAlert' from project 'TextFieldAlert')
SwiftCompile normal arm64_32 Compiling\ TextFieldAlert.swift /Users/admin/builder/spi-builder-workspace/Sources/TextFieldAlert/TextFieldAlert.swift (in target 'TextFieldAlert' from project 'TextFieldAlert')
Building workspace spi-builder-workspace with scheme TextFieldAlert
(6 failures)
Command line invocation:
/Applications/Xcode-16.3.0.app/Contents/Developer/usr/bin/xcodebuild -IDEClonedSourcePackagesDirPathOverride=/Users/admin/builder/spi-builder-workspace/.dependencies -resolvePackageDependencies
Resolve Package Graph
Resolved source packages:
TextFieldAlert: /Users/admin/builder/spi-builder-workspace
resolved source packages: TextFieldAlert
{
"dependencies" : [
],
"manifest_display_name" : "TextFieldAlert",
"name" : "TextFieldAlert",
"path" : "/Users/admin/builder/spi-builder-workspace",
"platforms" : [
{
"name" : "ios",
"version" : "13.0"
},
{
"name" : "tvos",
"version" : "13.0"
}
],
"products" : [
{
"name" : "TextFieldAlert",
"targets" : [
"TextFieldAlert"
],
"type" : {
"library" : [
"automatic"
]
}
}
],
"targets" : [
{
"c99name" : "TextFieldAlert",
"module_type" : "SwiftTarget",
"name" : "TextFieldAlert",
"path" : "Sources/TextFieldAlert",
"product_memberships" : [
"TextFieldAlert"
],
"sources" : [
"Extensions.swift",
"TextFieldAlert.swift",
"TextFieldAlertViewController.swift",
"TextFieldWrapper.swift"
],
"type" : "library"
}
],
"tools_version" : "5.1"
}
{
"workspace" : {
"name" : "spi-builder-workspace",
"schemes" : [
"TextFieldAlert"
]
}
}
Running build ...
env DEVELOPER_DIR=/Applications/Xcode-16.3.0.app xcrun xcodebuild -IDEClonedSourcePackagesDirPathOverride=$PWD/.dependencies -skipMacroValidation -skipPackagePluginValidation -derivedDataPath $PWD/.derivedData build -scheme TextFieldAlert -destination generic/platform=watchOS
Command line invocation:
/Applications/Xcode-16.3.0.app/Contents/Developer/usr/bin/xcodebuild -IDEClonedSourcePackagesDirPathOverride=/Users/admin/builder/spi-builder-workspace/.dependencies -skipMacroValidation -skipPackagePluginValidation -derivedDataPath /Users/admin/builder/spi-builder-workspace/.derivedData build -scheme TextFieldAlert -destination generic/platform=watchOS
Resolve Package Graph
Resolved source packages:
TextFieldAlert: /Users/admin/builder/spi-builder-workspace
ComputePackagePrebuildTargetDependencyGraph
Prepare packages
CreateBuildRequest
SendProjectDescription
CreateBuildOperation
ComputeTargetDependencyGraph
note: Building targets in dependency order
note: Target dependency graph (2 targets)
Target 'TextFieldAlert' in project 'TextFieldAlert'
➜ Explicit dependency on target 'TextFieldAlert' in project 'TextFieldAlert'
Target 'TextFieldAlert' in project 'TextFieldAlert' (no dependencies)
GatherProvisioningInputs
CreateBuildDescription
ExecuteExternalTool /Applications/Xcode-16.3.0.app/Contents/Developer/Toolchains/XcodeDefault.xctoolchain/usr/bin/clang -v -E -dM -isysroot /Applications/Xcode-16.3.0.app/Contents/Developer/Platforms/WatchOS.platform/Developer/SDKs/WatchOS11.4.sdk -x c -c /dev/null
ExecuteExternalTool /Applications/Xcode-16.3.0.app/Contents/Developer/Toolchains/XcodeDefault.xctoolchain/usr/bin/swiftc --version
ExecuteExternalTool /Applications/Xcode-16.3.0.app/Contents/Developer/Toolchains/XcodeDefault.xctoolchain/usr/bin/ld -version_details
Build description signature: 5341995c10547c20537e286c88ab06f6
Build description path: /Users/admin/builder/spi-builder-workspace/.derivedData/Build/Intermediates.noindex/XCBuildData/5341995c10547c20537e286c88ab06f6.xcbuilddata
ClangStatCache /Applications/Xcode-16.3.0.app/Contents/Developer/Toolchains/XcodeDefault.xctoolchain/usr/bin/clang-stat-cache /Applications/Xcode-16.3.0.app/Contents/Developer/Platforms/WatchOS.platform/Developer/SDKs/WatchOS11.4.sdk /Users/admin/builder/spi-builder-workspace/.derivedData/SDKStatCaches.noindex/watchos11.4-22T246-43efb940ff07ba2497b70ec94253f576.sdkstatcache
cd /Users/admin/builder/spi-builder-workspace/.swiftpm/xcode
/Applications/Xcode-16.3.0.app/Contents/Developer/Toolchains/XcodeDefault.xctoolchain/usr/bin/clang-stat-cache /Applications/Xcode-16.3.0.app/Contents/Developer/Platforms/WatchOS.platform/Developer/SDKs/WatchOS11.4.sdk -o /Users/admin/builder/spi-builder-workspace/.derivedData/SDKStatCaches.noindex/watchos11.4-22T246-43efb940ff07ba2497b70ec94253f576.sdkstatcache
SwiftDriver TextFieldAlert normal armv7k com.apple.xcode.tools.swift.compiler (in target 'TextFieldAlert' from project 'TextFieldAlert')
cd /Users/admin/builder/spi-builder-workspace/.swiftpm/xcode
builtin-SwiftDriver -- /Applications/Xcode-16.3.0.app/Contents/Developer/Toolchains/XcodeDefault.xctoolchain/usr/bin/swiftc -module-name TextFieldAlert -Onone -enforce-exclusivity\=checked @/Users/admin/builder/spi-builder-workspace/.derivedData/Build/Intermediates.noindex/TextFieldAlert.build/Debug-watchos/TextFieldAlert.build/Objects-normal/armv7k/TextFieldAlert.SwiftFileList -DSWIFT_PACKAGE -DDEBUG -DXcode -plugin-path /Applications/Xcode-16.3.0.app/Contents/Developer/Toolchains/XcodeDefault.xctoolchain/usr/lib/swift/host/plugins/testing -enable-experimental-feature DebugDescriptionMacro -sdk /Applications/Xcode-16.3.0.app/Contents/Developer/Platforms/WatchOS.platform/Developer/SDKs/WatchOS11.4.sdk -target armv7k-apple-watchos6.0 -g -module-cache-path /Users/admin/builder/spi-builder-workspace/.derivedData/ModuleCache.noindex -Xfrontend -serialize-debugging-options -enable-testing -index-store-path /Users/admin/builder/spi-builder-workspace/.derivedData/Index.noindex/DataStore -swift-version 5 -I /Users/admin/builder/spi-builder-workspace/.derivedData/Build/Products/Debug-watchos -I /Applications/Xcode-16.3.0.app/Contents/Developer/Platforms/WatchOS.platform/Developer/usr/lib -F /Users/admin/builder/spi-builder-workspace/.derivedData/Build/Products/Debug-watchos -F /Applications/Xcode-16.3.0.app/Contents/Developer/Platforms/WatchOS.platform/Developer/Library/Frameworks -F /Applications/Xcode-16.3.0.app/Contents/Developer/Platforms/WatchOS.platform/Developer/SDKs/WatchOS11.4.sdk/Developer/Library/Frameworks -c -j10 -enable-batch-mode -incremental -Xcc -ivfsstatcache -Xcc /Users/admin/builder/spi-builder-workspace/.derivedData/SDKStatCaches.noindex/watchos11.4-22T246-43efb940ff07ba2497b70ec94253f576.sdkstatcache -output-file-map /Users/admin/builder/spi-builder-workspace/.derivedData/Build/Intermediates.noindex/TextFieldAlert.build/Debug-watchos/TextFieldAlert.build/Objects-normal/armv7k/TextFieldAlert-OutputFileMap.json -use-frontend-parseable-output -save-temps -no-color-diagnostics -serialize-diagnostics -emit-dependencies -emit-module -emit-module-path /Users/admin/builder/spi-builder-workspace/.derivedData/Build/Intermediates.noindex/TextFieldAlert.build/Debug-watchos/TextFieldAlert.build/Objects-normal/armv7k/TextFieldAlert.swiftmodule -validate-clang-modules-once -clang-build-session-file /Users/admin/builder/spi-builder-workspace/.derivedData/ModuleCache.noindex/Session.modulevalidation -Xcc -I/Users/admin/builder/spi-builder-workspace/.derivedData/Build/Intermediates.noindex/TextFieldAlert.build/Debug-watchos/TextFieldAlert.build/swift-overrides.hmap -emit-const-values -Xfrontend -const-gather-protocols-file -Xfrontend /Users/admin/builder/spi-builder-workspace/.derivedData/Build/Intermediates.noindex/TextFieldAlert.build/Debug-watchos/TextFieldAlert.build/Objects-normal/armv7k/TextFieldAlert_const_extract_protocols.json -Xcc -I/Users/admin/builder/spi-builder-workspace/.derivedData/Build/Products/Debug-watchos/include -Xcc -I/Users/admin/builder/spi-builder-workspace/.derivedData/Build/Intermediates.noindex/TextFieldAlert.build/Debug-watchos/TextFieldAlert.build/DerivedSources-normal/armv7k -Xcc -I/Users/admin/builder/spi-builder-workspace/.derivedData/Build/Intermediates.noindex/TextFieldAlert.build/Debug-watchos/TextFieldAlert.build/DerivedSources/armv7k -Xcc -I/Users/admin/builder/spi-builder-workspace/.derivedData/Build/Intermediates.noindex/TextFieldAlert.build/Debug-watchos/TextFieldAlert.build/DerivedSources -Xcc -DSWIFT_PACKAGE -Xcc -DDEBUG\=1 -emit-objc-header -emit-objc-header-path /Users/admin/builder/spi-builder-workspace/.derivedData/Build/Intermediates.noindex/TextFieldAlert.build/Debug-watchos/TextFieldAlert.build/Objects-normal/armv7k/TextFieldAlert-Swift.h -working-directory /Users/admin/builder/spi-builder-workspace/.swiftpm/xcode -experimental-emit-module-separately -disable-cmo
SwiftDriver TextFieldAlert normal arm64 com.apple.xcode.tools.swift.compiler (in target 'TextFieldAlert' from project 'TextFieldAlert')
cd /Users/admin/builder/spi-builder-workspace/.swiftpm/xcode
builtin-SwiftDriver -- /Applications/Xcode-16.3.0.app/Contents/Developer/Toolchains/XcodeDefault.xctoolchain/usr/bin/swiftc -module-name TextFieldAlert -Onone -enforce-exclusivity\=checked @/Users/admin/builder/spi-builder-workspace/.derivedData/Build/Intermediates.noindex/TextFieldAlert.build/Debug-watchos/TextFieldAlert.build/Objects-normal/arm64/TextFieldAlert.SwiftFileList -DSWIFT_PACKAGE -DDEBUG -DXcode -plugin-path /Applications/Xcode-16.3.0.app/Contents/Developer/Toolchains/XcodeDefault.xctoolchain/usr/lib/swift/host/plugins/testing -enable-experimental-feature DebugDescriptionMacro -sdk /Applications/Xcode-16.3.0.app/Contents/Developer/Platforms/WatchOS.platform/Developer/SDKs/WatchOS11.4.sdk -target arm64-apple-watchos6.0 -g -module-cache-path /Users/admin/builder/spi-builder-workspace/.derivedData/ModuleCache.noindex -Xfrontend -serialize-debugging-options -enable-testing -index-store-path /Users/admin/builder/spi-builder-workspace/.derivedData/Index.noindex/DataStore -swift-version 5 -I /Users/admin/builder/spi-builder-workspace/.derivedData/Build/Products/Debug-watchos -I /Applications/Xcode-16.3.0.app/Contents/Developer/Platforms/WatchOS.platform/Developer/usr/lib -F /Users/admin/builder/spi-builder-workspace/.derivedData/Build/Products/Debug-watchos -F /Applications/Xcode-16.3.0.app/Contents/Developer/Platforms/WatchOS.platform/Developer/Library/Frameworks -F /Applications/Xcode-16.3.0.app/Contents/Developer/Platforms/WatchOS.platform/Developer/SDKs/WatchOS11.4.sdk/Developer/Library/Frameworks -c -j10 -enable-batch-mode -incremental -Xcc -ivfsstatcache -Xcc /Users/admin/builder/spi-builder-workspace/.derivedData/SDKStatCaches.noindex/watchos11.4-22T246-43efb940ff07ba2497b70ec94253f576.sdkstatcache -output-file-map /Users/admin/builder/spi-builder-workspace/.derivedData/Build/Intermediates.noindex/TextFieldAlert.build/Debug-watchos/TextFieldAlert.build/Objects-normal/arm64/TextFieldAlert-OutputFileMap.json -use-frontend-parseable-output -save-temps -no-color-diagnostics -serialize-diagnostics -emit-dependencies -emit-module -emit-module-path /Users/admin/builder/spi-builder-workspace/.derivedData/Build/Intermediates.noindex/TextFieldAlert.build/Debug-watchos/TextFieldAlert.build/Objects-normal/arm64/TextFieldAlert.swiftmodule -validate-clang-modules-once -clang-build-session-file /Users/admin/builder/spi-builder-workspace/.derivedData/ModuleCache.noindex/Session.modulevalidation -Xcc -I/Users/admin/builder/spi-builder-workspace/.derivedData/Build/Intermediates.noindex/TextFieldAlert.build/Debug-watchos/TextFieldAlert.build/swift-overrides.hmap -emit-const-values -Xfrontend -const-gather-protocols-file -Xfrontend /Users/admin/builder/spi-builder-workspace/.derivedData/Build/Intermediates.noindex/TextFieldAlert.build/Debug-watchos/TextFieldAlert.build/Objects-normal/arm64/TextFieldAlert_const_extract_protocols.json -Xcc -I/Users/admin/builder/spi-builder-workspace/.derivedData/Build/Products/Debug-watchos/include -Xcc -I/Users/admin/builder/spi-builder-workspace/.derivedData/Build/Intermediates.noindex/TextFieldAlert.build/Debug-watchos/TextFieldAlert.build/DerivedSources-normal/arm64 -Xcc -I/Users/admin/builder/spi-builder-workspace/.derivedData/Build/Intermediates.noindex/TextFieldAlert.build/Debug-watchos/TextFieldAlert.build/DerivedSources/arm64 -Xcc -I/Users/admin/builder/spi-builder-workspace/.derivedData/Build/Intermediates.noindex/TextFieldAlert.build/Debug-watchos/TextFieldAlert.build/DerivedSources -Xcc -DSWIFT_PACKAGE -Xcc -DDEBUG\=1 -emit-objc-header -emit-objc-header-path /Users/admin/builder/spi-builder-workspace/.derivedData/Build/Intermediates.noindex/TextFieldAlert.build/Debug-watchos/TextFieldAlert.build/Objects-normal/arm64/TextFieldAlert-Swift.h -working-directory /Users/admin/builder/spi-builder-workspace/.swiftpm/xcode -experimental-emit-module-separately -disable-cmo
SwiftDriver TextFieldAlert normal arm64_32 com.apple.xcode.tools.swift.compiler (in target 'TextFieldAlert' from project 'TextFieldAlert')
cd /Users/admin/builder/spi-builder-workspace/.swiftpm/xcode
builtin-SwiftDriver -- /Applications/Xcode-16.3.0.app/Contents/Developer/Toolchains/XcodeDefault.xctoolchain/usr/bin/swiftc -module-name TextFieldAlert -Onone -enforce-exclusivity\=checked @/Users/admin/builder/spi-builder-workspace/.derivedData/Build/Intermediates.noindex/TextFieldAlert.build/Debug-watchos/TextFieldAlert.build/Objects-normal/arm64_32/TextFieldAlert.SwiftFileList -DSWIFT_PACKAGE -DDEBUG -DXcode -plugin-path /Applications/Xcode-16.3.0.app/Contents/Developer/Toolchains/XcodeDefault.xctoolchain/usr/lib/swift/host/plugins/testing -enable-experimental-feature DebugDescriptionMacro -sdk /Applications/Xcode-16.3.0.app/Contents/Developer/Platforms/WatchOS.platform/Developer/SDKs/WatchOS11.4.sdk -target arm64_32-apple-watchos6.0 -g -module-cache-path /Users/admin/builder/spi-builder-workspace/.derivedData/ModuleCache.noindex -Xfrontend -serialize-debugging-options -enable-testing -index-store-path /Users/admin/builder/spi-builder-workspace/.derivedData/Index.noindex/DataStore -swift-version 5 -I /Users/admin/builder/spi-builder-workspace/.derivedData/Build/Products/Debug-watchos -I /Applications/Xcode-16.3.0.app/Contents/Developer/Platforms/WatchOS.platform/Developer/usr/lib -F /Users/admin/builder/spi-builder-workspace/.derivedData/Build/Products/Debug-watchos -F /Applications/Xcode-16.3.0.app/Contents/Developer/Platforms/WatchOS.platform/Developer/Library/Frameworks -F /Applications/Xcode-16.3.0.app/Contents/Developer/Platforms/WatchOS.platform/Developer/SDKs/WatchOS11.4.sdk/Developer/Library/Frameworks -c -j10 -enable-batch-mode -incremental -Xcc -ivfsstatcache -Xcc /Users/admin/builder/spi-builder-workspace/.derivedData/SDKStatCaches.noindex/watchos11.4-22T246-43efb940ff07ba2497b70ec94253f576.sdkstatcache -output-file-map /Users/admin/builder/spi-builder-workspace/.derivedData/Build/Intermediates.noindex/TextFieldAlert.build/Debug-watchos/TextFieldAlert.build/Objects-normal/arm64_32/TextFieldAlert-OutputFileMap.json -use-frontend-parseable-output -save-temps -no-color-diagnostics -serialize-diagnostics -emit-dependencies -emit-module -emit-module-path /Users/admin/builder/spi-builder-workspace/.derivedData/Build/Intermediates.noindex/TextFieldAlert.build/Debug-watchos/TextFieldAlert.build/Objects-normal/arm64_32/TextFieldAlert.swiftmodule -validate-clang-modules-once -clang-build-session-file /Users/admin/builder/spi-builder-workspace/.derivedData/ModuleCache.noindex/Session.modulevalidation -Xcc -I/Users/admin/builder/spi-builder-workspace/.derivedData/Build/Intermediates.noindex/TextFieldAlert.build/Debug-watchos/TextFieldAlert.build/swift-overrides.hmap -emit-const-values -Xfrontend -const-gather-protocols-file -Xfrontend /Users/admin/builder/spi-builder-workspace/.derivedData/Build/Intermediates.noindex/TextFieldAlert.build/Debug-watchos/TextFieldAlert.build/Objects-normal/arm64_32/TextFieldAlert_const_extract_protocols.json -Xcc -I/Users/admin/builder/spi-builder-workspace/.derivedData/Build/Products/Debug-watchos/include -Xcc -I/Users/admin/builder/spi-builder-workspace/.derivedData/Build/Intermediates.noindex/TextFieldAlert.build/Debug-watchos/TextFieldAlert.build/DerivedSources-normal/arm64_32 -Xcc -I/Users/admin/builder/spi-builder-workspace/.derivedData/Build/Intermediates.noindex/TextFieldAlert.build/Debug-watchos/TextFieldAlert.build/DerivedSources/arm64_32 -Xcc -I/Users/admin/builder/spi-builder-workspace/.derivedData/Build/Intermediates.noindex/TextFieldAlert.build/Debug-watchos/TextFieldAlert.build/DerivedSources -Xcc -DSWIFT_PACKAGE -Xcc -DDEBUG\=1 -emit-objc-header -emit-objc-header-path /Users/admin/builder/spi-builder-workspace/.derivedData/Build/Intermediates.noindex/TextFieldAlert.build/Debug-watchos/TextFieldAlert.build/Objects-normal/arm64_32/TextFieldAlert-Swift.h -working-directory /Users/admin/builder/spi-builder-workspace/.swiftpm/xcode -experimental-emit-module-separately -disable-cmo
SwiftEmitModule normal arm64_32 Emitting\ module\ for\ TextFieldAlert (in target 'TextFieldAlert' from project 'TextFieldAlert')
EmitSwiftModule normal arm64_32 (in target 'TextFieldAlert' from project 'TextFieldAlert')
cd /Users/admin/builder/spi-builder-workspace/.swiftpm/xcode
/Users/admin/builder/spi-builder-workspace/Sources/TextFieldAlert/Extensions.swift:68:11: error: cannot find type 'UIAlertAction' in scope
extension UIAlertAction.Style {
^~~~~~~~~~~~~
/Users/admin/builder/spi-builder-workspace/Sources/TextFieldAlert/Extensions.swift:84:11: error: cannot find type 'UITextField' in scope
extension UITextField {
^~~~~~~~~~~
/Users/admin/builder/spi-builder-workspace/Sources/TextFieldAlert/TextFieldAlert.swift:10:37: error: cannot find type 'UITextAutocapitalizationType' in scope
let autocapitalizationType: UITextAutocapitalizationType
^~~~~~~~~~~~~~~~~~~~~~~~~~~~
/Users/admin/builder/spi-builder-workspace/Sources/TextFieldAlert/TextFieldAlert.swift:11:33: error: cannot find type 'UITextAutocorrectionType' in scope
let autocorrectionType: UITextAutocorrectionType
^~~~~~~~~~~~~~~~~~~~~~~~
/Users/admin/builder/spi-builder-workspace/Sources/TextFieldAlert/TextFieldAlert.swift:12:27: error: cannot find type 'UIKeyboardType' in scope
let keyboardType: UIKeyboardType
^~~~~~~~~~~~~~
/Users/admin/builder/spi-builder-workspace/Sources/TextFieldAlert/TextFieldAlert.swift:26:37: error: cannot find type 'UITextAutocapitalizationType' in scope
autocapitalizationType: UITextAutocapitalizationType = .sentences,
^~~~~~~~~~~~~~~~~~~~~~~~~~~~
/Users/admin/builder/spi-builder-workspace/Sources/TextFieldAlert/TextFieldAlert.swift:27:33: error: cannot find type 'UITextAutocorrectionType' in scope
autocorrectionType: UITextAutocorrectionType = .default,
^~~~~~~~~~~~~~~~~~~~~~~~
/Users/admin/builder/spi-builder-workspace/Sources/TextFieldAlert/TextFieldAlert.swift:28:27: error: cannot find type 'UIKeyboardType' in scope
keyboardType: UIKeyboardType = .default
^~~~~~~~~~~~~~
/Users/admin/builder/spi-builder-workspace/Sources/TextFieldAlert/TextFieldAlert.swift:42:20: error: cannot find type 'UIAlertAction' in scope
let style: UIAlertAction.Style
^~~~~~~~~~~~~
/Users/admin/builder/spi-builder-workspace/Sources/TextFieldAlert/TextFieldAlert.swift:54:20: error: cannot find type 'UIAlertAction' in scope
style: UIAlertAction.Style = .default,
^~~~~~~~~~~~~
/Users/admin/builder/spi-builder-workspace/Sources/TextFieldAlert/TextFieldAlert.swift:115:27: error: cannot find type 'UIViewControllerRepresentable' in scope
extension TextFieldAlert: UIViewControllerRepresentable {
^~~~~~~~~~~~~~~~~~~~~~~~~~~~~
/Users/admin/builder/spi-builder-workspace/Sources/TextFieldAlert/TextFieldAlert.swift:116:47: error: cannot find type 'UIViewControllerRepresentableContext' in scope
public func makeUIViewController(context: UIViewControllerRepresentableContext<TextFieldAlert>) -> TextFieldAlertViewController {
^~~~~~~~~~~~~~~~~~~~~~~~~~~~~~~~~~~~
/Users/admin/builder/spi-builder-workspace/Sources/TextFieldAlert/TextFieldAlert.swift:121:29: error: cannot find type 'UIViewControllerType' in scope
_ uiViewController: UIViewControllerType,
^~~~~~~~~~~~~~~~~~~~
/Users/admin/builder/spi-builder-workspace/Sources/TextFieldAlert/TextFieldAlert.swift:122:18: error: cannot find type 'UIViewControllerRepresentableContext' in scope
context: UIViewControllerRepresentableContext<TextFieldAlert>
^~~~~~~~~~~~~~~~~~~~~~~~~~~~~~~~~~~~
/Users/admin/builder/spi-builder-workspace/Sources/TextFieldAlert/TextFieldAlertViewController.swift:19:26: error: method does not override any method from its superclass
override public func viewDidAppear(_ animated: Bool) {
~~~~~~~~ ^
/Users/admin/builder/spi-builder-workspace/Sources/TextFieldAlert/TextFieldAlertViewController.swift:6:50: error: cannot find type 'UIViewController' in scope
public final class TextFieldAlertViewController: UIViewController {
^~~~~~~~~~~~~~~~
Failed frontend command:
/Applications/Xcode-16.3.0.app/Contents/Developer/Toolchains/XcodeDefault.xctoolchain/usr/bin/swift-frontend -frontend -emit-module -experimental-skip-non-inlinable-function-bodies-without-types /Users/admin/builder/spi-builder-workspace/Sources/TextFieldAlert/Extensions.swift /Users/admin/builder/spi-builder-workspace/Sources/TextFieldAlert/TextFieldAlert.swift /Users/admin/builder/spi-builder-workspace/Sources/TextFieldAlert/TextFieldAlertViewController.swift /Users/admin/builder/spi-builder-workspace/Sources/TextFieldAlert/TextFieldWrapper.swift -target arm64_32-apple-watchos6.0 -enable-objc-interop -sdk /Applications/Xcode-16.3.0.app/Contents/Developer/Platforms/WatchOS.platform/Developer/SDKs/WatchOS11.4.sdk -I /Users/admin/builder/spi-builder-workspace/.derivedData/Build/Products/Debug-watchos -I /Applications/Xcode-16.3.0.app/Contents/Developer/Platforms/WatchOS.platform/Developer/usr/lib -F /Users/admin/builder/spi-builder-workspace/.derivedData/Build/Products/Debug-watchos -F /Applications/Xcode-16.3.0.app/Contents/Developer/Platforms/WatchOS.platform/Developer/Library/Frameworks -F /Applications/Xcode-16.3.0.app/Contents/Developer/Platforms/WatchOS.platform/Developer/SDKs/WatchOS11.4.sdk/Developer/Library/Frameworks -no-color-diagnostics -enable-testing -g -debug-info-format\=dwarf -dwarf-version\=4 -module-cache-path /Users/admin/builder/spi-builder-workspace/.derivedData/ModuleCache.noindex -swift-version 5 -enforce-exclusivity\=checked -Onone -D SWIFT_PACKAGE -D DEBUG -D Xcode -serialize-debugging-options -const-gather-protocols-file /Users/admin/builder/spi-builder-workspace/.derivedData/Build/Intermediates.noindex/TextFieldAlert.build/Debug-watchos/TextFieldAlert.build/Objects-normal/arm64_32/TextFieldAlert_const_extract_protocols.json -enable-experimental-feature DebugDescriptionMacro -empty-abi-descriptor -plugin-path /Applications/Xcode-16.3.0.app/Contents/Developer/Toolchains/XcodeDefault.xctoolchain/usr/lib/swift/host/plugins/testing -validate-clang-modules-once -clang-build-session-file /Users/admin/builder/spi-builder-workspace/.derivedData/ModuleCache.noindex/Session.modulevalidation -Xcc -working-directory -Xcc /Users/admin/builder/spi-builder-workspace/.swiftpm/xcode -resource-dir /Applications/Xcode-16.3.0.app/Contents/Developer/Toolchains/XcodeDefault.xctoolchain/usr/lib/swift -enable-anonymous-context-mangled-names -file-compilation-dir /Users/admin/builder/spi-builder-workspace/.swiftpm/xcode -Xcc -ivfsstatcache -Xcc /Users/admin/builder/spi-builder-workspace/.derivedData/SDKStatCaches.noindex/watchos11.4-22T246-43efb940ff07ba2497b70ec94253f576.sdkstatcache -Xcc -I/Users/admin/builder/spi-builder-workspace/.derivedData/Build/Intermediates.noindex/TextFieldAlert.build/Debug-watchos/TextFieldAlert.build/swift-overrides.hmap -Xcc -I/Users/admin/builder/spi-builder-workspace/.derivedData/Build/Products/Debug-watchos/include -Xcc -I/Users/admin/builder/spi-builder-workspace/.derivedData/Build/Intermediates.noindex/TextFieldAlert.build/Debug-watchos/TextFieldAlert.build/DerivedSources-normal/arm64_32 -Xcc -I/Users/admin/builder/spi-builder-workspace/.derivedData/Build/Intermediates.noindex/TextFieldAlert.build/Debug-watchos/TextFieldAlert.build/DerivedSources/arm64_32 -Xcc -I/Users/admin/builder/spi-builder-workspace/.derivedData/Build/Intermediates.noindex/TextFieldAlert.build/Debug-watchos/TextFieldAlert.build/DerivedSources -Xcc -DSWIFT_PACKAGE -Xcc -DDEBUG\=1 -module-name TextFieldAlert -frontend-parseable-output -disable-clang-spi -target-sdk-version 11.4 -target-sdk-name watchos11.4 -external-plugin-path /Applications/Xcode-16.3.0.app/Contents/Developer/Platforms/WatchOS.platform/Developer/usr/lib/swift/host/plugins\#/Applications/Xcode-16.3.0.app/Contents/Developer/Platforms/WatchOS.platform/Developer/usr/bin/swift-plugin-server -external-plugin-path /Applications/Xcode-16.3.0.app/Contents/Developer/Platforms/WatchOS.platform/Developer/usr/local/lib/swift/host/plugins\#/Applications/Xcode-16.3.0.app/Contents/Developer/Platforms/WatchOS.platform/Developer/usr/bin/swift-plugin-server -in-process-plugin-server-path /Applications/Xcode-16.3.0.app/Contents/Developer/Toolchains/XcodeDefault.xctoolchain/usr/lib/swift/host/libSwiftInProcPluginServer.dylib -plugin-path /Applications/Xcode-16.3.0.app/Contents/Developer/Toolchains/XcodeDefault.xctoolchain/usr/lib/swift/host/plugins -plugin-path /Applications/Xcode-16.3.0.app/Contents/Developer/Toolchains/XcodeDefault.xctoolchain/usr/local/lib/swift/host/plugins -emit-module-doc-path /Users/admin/builder/spi-builder-workspace/.derivedData/Build/Intermediates.noindex/TextFieldAlert.build/Debug-watchos/TextFieldAlert.build/Objects-normal/arm64_32/TextFieldAlert.swiftdoc -emit-module-source-info-path /Users/admin/builder/spi-builder-workspace/.derivedData/Build/Intermediates.noindex/TextFieldAlert.build/Debug-watchos/TextFieldAlert.build/Objects-normal/arm64_32/TextFieldAlert.swiftsourceinfo -emit-objc-header-path /Users/admin/builder/spi-builder-workspace/.derivedData/Build/Intermediates.noindex/TextFieldAlert.build/Debug-watchos/TextFieldAlert.build/Objects-normal/arm64_32/TextFieldAlert-Swift.h -serialize-diagnostics-path /Users/admin/builder/spi-builder-workspace/.derivedData/Build/Intermediates.noindex/TextFieldAlert.build/Debug-watchos/TextFieldAlert.build/Objects-normal/arm64_32/TextFieldAlert-master-emit-module.dia -emit-dependencies-path /Users/admin/builder/spi-builder-workspace/.derivedData/Build/Intermediates.noindex/TextFieldAlert.build/Debug-watchos/TextFieldAlert.build/Objects-normal/arm64_32/TextFieldAlert-master-emit-module.d -o /Users/admin/builder/spi-builder-workspace/.derivedData/Build/Intermediates.noindex/TextFieldAlert.build/Debug-watchos/TextFieldAlert.build/Objects-normal/arm64_32/TextFieldAlert.swiftmodule -emit-abi-descriptor-path /Users/admin/builder/spi-builder-workspace/.derivedData/Build/Intermediates.noindex/TextFieldAlert.build/Debug-watchos/TextFieldAlert.build/Objects-normal/arm64_32/TextFieldAlert.abi.json
SwiftCompile normal arm64_32 Compiling\ TextFieldWrapper.swift /Users/admin/builder/spi-builder-workspace/Sources/TextFieldAlert/TextFieldWrapper.swift (in target 'TextFieldAlert' from project 'TextFieldAlert')
SwiftCompile normal arm64_32 /Users/admin/builder/spi-builder-workspace/Sources/TextFieldAlert/TextFieldWrapper.swift (in target 'TextFieldAlert' from project 'TextFieldAlert')
cd /Users/admin/builder/spi-builder-workspace/.swiftpm/xcode
SwiftCompile normal arm64_32 Compiling\ TextFieldAlertViewController.swift /Users/admin/builder/spi-builder-workspace/Sources/TextFieldAlert/TextFieldAlertViewController.swift (in target 'TextFieldAlert' from project 'TextFieldAlert')
SwiftCompile normal arm64_32 /Users/admin/builder/spi-builder-workspace/Sources/TextFieldAlert/TextFieldAlertViewController.swift (in target 'TextFieldAlert' from project 'TextFieldAlert')
cd /Users/admin/builder/spi-builder-workspace/.swiftpm/xcode
SwiftCompile normal arm64_32 Compiling\ Extensions.swift /Users/admin/builder/spi-builder-workspace/Sources/TextFieldAlert/Extensions.swift (in target 'TextFieldAlert' from project 'TextFieldAlert')
SwiftCompile normal arm64_32 /Users/admin/builder/spi-builder-workspace/Sources/TextFieldAlert/Extensions.swift (in target 'TextFieldAlert' from project 'TextFieldAlert')
cd /Users/admin/builder/spi-builder-workspace/.swiftpm/xcode
SwiftCompile normal arm64 Compiling\ Extensions.swift /Users/admin/builder/spi-builder-workspace/Sources/TextFieldAlert/Extensions.swift (in target 'TextFieldAlert' from project 'TextFieldAlert')
SwiftCompile normal arm64 /Users/admin/builder/spi-builder-workspace/Sources/TextFieldAlert/Extensions.swift (in target 'TextFieldAlert' from project 'TextFieldAlert')
cd /Users/admin/builder/spi-builder-workspace/.swiftpm/xcode
SwiftCompile normal arm64 Compiling\ TextFieldAlert.swift /Users/admin/builder/spi-builder-workspace/Sources/TextFieldAlert/TextFieldAlert.swift (in target 'TextFieldAlert' from project 'TextFieldAlert')
SwiftCompile normal arm64 /Users/admin/builder/spi-builder-workspace/Sources/TextFieldAlert/TextFieldAlert.swift (in target 'TextFieldAlert' from project 'TextFieldAlert')
cd /Users/admin/builder/spi-builder-workspace/.swiftpm/xcode
SwiftCompile normal arm64_32 Compiling\ TextFieldAlert.swift /Users/admin/builder/spi-builder-workspace/Sources/TextFieldAlert/TextFieldAlert.swift (in target 'TextFieldAlert' from project 'TextFieldAlert')
SwiftCompile normal arm64_32 /Users/admin/builder/spi-builder-workspace/Sources/TextFieldAlert/TextFieldAlert.swift (in target 'TextFieldAlert' from project 'TextFieldAlert')
cd /Users/admin/builder/spi-builder-workspace/.swiftpm/xcode
SwiftCompile normal arm64 Compiling\ TextFieldWrapper.swift /Users/admin/builder/spi-builder-workspace/Sources/TextFieldAlert/TextFieldWrapper.swift (in target 'TextFieldAlert' from project 'TextFieldAlert')
SwiftCompile normal arm64 /Users/admin/builder/spi-builder-workspace/Sources/TextFieldAlert/TextFieldWrapper.swift (in target 'TextFieldAlert' from project 'TextFieldAlert')
cd /Users/admin/builder/spi-builder-workspace/.swiftpm/xcode
SwiftCompile normal arm64 Compiling\ TextFieldAlertViewController.swift /Users/admin/builder/spi-builder-workspace/Sources/TextFieldAlert/TextFieldAlertViewController.swift (in target 'TextFieldAlert' from project 'TextFieldAlert')
SwiftCompile normal arm64 /Users/admin/builder/spi-builder-workspace/Sources/TextFieldAlert/TextFieldAlertViewController.swift (in target 'TextFieldAlert' from project 'TextFieldAlert')
cd /Users/admin/builder/spi-builder-workspace/.swiftpm/xcode
SwiftEmitModule normal armv7k Emitting\ module\ for\ TextFieldAlert (in target 'TextFieldAlert' from project 'TextFieldAlert')
EmitSwiftModule normal armv7k (in target 'TextFieldAlert' from project 'TextFieldAlert')
cd /Users/admin/builder/spi-builder-workspace/.swiftpm/xcode
SwiftEmitModule normal arm64 Emitting\ module\ for\ TextFieldAlert (in target 'TextFieldAlert' from project 'TextFieldAlert')
Command SwiftEmitModule failed with a nonzero exit code
** BUILD FAILED **
The following build commands failed:
EmitSwiftModule normal arm64_32 (in target 'TextFieldAlert' from project 'TextFieldAlert')
SwiftEmitModule normal arm64_32 Emitting\ module\ for\ TextFieldAlert (in target 'TextFieldAlert' from project 'TextFieldAlert')
SwiftEmitModule normal arm64 Emitting\ module\ for\ TextFieldAlert (in target 'TextFieldAlert' from project 'TextFieldAlert')
Building workspace spi-builder-workspace with scheme TextFieldAlert
(4 failures)
BUILD FAILURE 6.1 watchOS