The Swift Package Index logo.Swift Package Index

Build Information

Failed to build swift-opa, reference main (a58104), with Swift 6.3 for Android on 27 Sep 2026 17:03:22 UTC.

Build Command

bash -c docker run --pull=always --rm -v "checkouts-54344847-1":/host -w "$PWD" -e JAVA_HOME="/root/.sdkman/candidates/java/current" -e SPI_BUILD="1" -e SPI_PROCESSING="1" registry.gitlab.com/saguaro1/spi-images:android-6.3-latest swift build --swift-sdk aarch64-unknown-linux-android28 2>&1

Build Log

========================================
RunAll
========================================
Builder version: 5.1.0
Interrupt handler set up.
========================================
Checkout
========================================
Clone URL: https://github.com/open-policy-agent/swift-opa.git
Reference: main
Initialized empty Git repository in /host/spi-builder-workspace/.git/
hint: Using 'master' as the name for the initial branch. This default branch name
hint: is subject to change. To configure the initial branch name to use in all
hint: of your new repositories, which will suppress this warning, call:
hint:
hint: 	git config --global init.defaultBranch <name>
hint:
hint: Names commonly chosen instead of 'master' are 'main', 'trunk' and
hint: 'development'. The just-created branch can be renamed via this command:
hint:
hint: 	git branch -m <name>
From https://github.com/open-policy-agent/swift-opa
 * branch            main       -> FETCH_HEAD
 * [new branch]      main       -> origin/main
HEAD is now at a58104b deps: Update swift-crypto version ranges for the 5.0.0 release. (#202)
Cloned https://github.com/open-policy-agent/swift-opa.git
Revision (git rev-parse @):
a58104b90269068b0122397168f8eb93a3513733
SUCCESS checkout https://github.com/open-policy-agent/swift-opa.git at main
========================================
Build
========================================
Selected platform:         android
Swift version:             6.3
Building package at path:  $PWD
https://github.com/open-policy-agent/swift-opa.git
Running build ...
bash -c docker run --pull=always --rm -v "checkouts-54344847-1":/host -w "$PWD" -e JAVA_HOME="/root/.sdkman/candidates/java/current" -e SPI_BUILD="1" -e SPI_PROCESSING="1" registry.gitlab.com/saguaro1/spi-images:android-6.3-latest swift build --swift-sdk aarch64-unknown-linux-android28 2>&1
android-6.3-latest: Pulling from saguaro1/spi-images
Digest: sha256:8ca9e1e6d70fd53f5b05e4f64d92569d697563f7f457a1485802bc9eb2cd1382
Status: Image is up to date for registry.gitlab.com/saguaro1/spi-images:android-6.3-latest
Fetching https://github.com/apple/swift-crypto.git
Fetching https://github.com/jpsim/Yams
Fetching https://github.com/apple/swift-argument-parser
[1/18562] Fetching swift-crypto
[373/30423] Fetching swift-crypto, yams
[4303/49370] Fetching swift-crypto, yams, swift-argument-parser
Fetched https://github.com/apple/swift-argument-parser from cache (0.98s)
[15574/30423] Fetching swift-crypto, yams
Fetched https://github.com/jpsim/Yams from cache (1.14s)
[7054/18562] Fetching swift-crypto
Fetched https://github.com/apple/swift-crypto.git from cache (1.54s)
Computing version for https://github.com/jpsim/Yams
Computed https://github.com/jpsim/Yams at 6.2.2 (1.69s)
Computing version for https://github.com/apple/swift-argument-parser
Computed https://github.com/apple/swift-argument-parser at 1.8.2 (0.15s)
Computing version for https://github.com/apple/swift-crypto.git
Computed https://github.com/apple/swift-crypto.git at 5.0.0 (0.29s)
Fetching https://github.com/apple/swift-asn1.git
[1/1986] Fetching swift-asn1
Fetched https://github.com/apple/swift-asn1.git from cache (0.48s)
Computing version for https://github.com/apple/swift-asn1.git
Computed https://github.com/apple/swift-asn1.git at 1.7.3 (0.68s)
Creating working copy for https://github.com/apple/swift-asn1.git
Working copy of https://github.com/apple/swift-asn1.git resolved at 1.7.3
Creating working copy for https://github.com/apple/swift-crypto.git
Working copy of https://github.com/apple/swift-crypto.git resolved at 5.0.0
Creating working copy for https://github.com/apple/swift-argument-parser
Working copy of https://github.com/apple/swift-argument-parser resolved at 1.8.2
Creating working copy for https://github.com/jpsim/Yams
Working copy of https://github.com/jpsim/Yams resolved at 6.2.2
[1/1] Compiling plugin GenerateManual
[2/2] Compiling plugin GenerateDoccReference
Building for debugging...
[2/30] Write sources
[12/30] Compiling writer.c
[13/30] Compiling reader.c
[14/30] Compiling parser.c
[15/30] Compiling api.c
[16/30] Compiling emitter.c
[17/30] Compiling scanner.c
[18/30] Write swift-version-272D24FF697CF451.txt
[20/64] Emitting module Yams
[21/66] Compiling AST TypeMeta+Codable.swift
[22/66] Compiling Yams Mark.swift
[23/66] Compiling Yams Node.Alias.swift
[24/66] Compiling Yams Node.Mapping.swift
[25/67] Compiling ArgumentParserToolInfo ToolInfo.swift
[26/67] Emitting module ArgumentParserToolInfo
[27/68] Wrapping AST for ArgumentParserToolInfo for debugging
[29/115] Compiling ArgumentParser ParentCommand.swift
[30/115] Compiling ArgumentParser AsyncParsableCommand.swift
[31/115] Compiling ArgumentParser CommandConfiguration.swift
[32/115] Compiling ArgumentParser CommandGroup.swift
[33/115] Compiling ArgumentParser EnumerableFlag.swift
[34/115] Compiling ArgumentParser ExpressibleByArgument.swift
[35/115] Compiling ArgumentParser ParsableArguments.swift
[36/121] Compiling ArgumentParser AsyncCompletionsValidator.swift
[37/121] Compiling ArgumentParser CodingKeyValidator.swift
[38/121] Compiling ArgumentParser NonsenseFlagsValidator.swift
[39/121] Compiling ArgumentParser ParsableArgumentsValidation.swift
[40/121] Compiling ArgumentParser PositionalArgumentsValidator.swift
[41/121] Compiling ArgumentParser UniqueNamesValidator.swift
[42/121] Compiling ArgumentParser BashCompletionsGenerator.swift
[43/121] Compiling ArgumentParser CompletionsGenerator.swift
[44/121] Compiling ArgumentParser FishCompletionsGenerator.swift
[45/121] Compiling ArgumentParser ZshCompletionsGenerator.swift
[46/121] Compiling ArgumentParser Argument.swift
[47/121] Compiling ArgumentParser ArgumentDiscussion.swift
[48/121] Compiling ArgumentParser ArgumentHelp.swift
[49/121] Emitting module ArgumentParser
[50/121] Compiling ArgumentParser Mutex.swift
[51/121] Compiling ArgumentParser Platform.swift
[52/121] Compiling ArgumentParser SequenceExtensions.swift
[53/121] Compiling ArgumentParser StringExtensions.swift
[54/121] Compiling ArgumentParser SwiftExtensions.swift
[55/121] Compiling ArgumentParser Tree.swift
[56/121] Compiling ArgumentParser ParsedValues.swift
[57/121] Compiling ArgumentParser ParserError.swift
[58/121] Compiling ArgumentParser SplitArguments.swift
[59/121] Compiling ArgumentParser DumpHelpGenerator.swift
[60/121] Compiling ArgumentParser ParsableCommand.swift
[61/121] Compiling ArgumentParser Errors.swift
[62/121] Compiling ArgumentParser Flag.swift
[63/121] Compiling ArgumentParser NameSpecification.swift
[64/121] Compiling ArgumentParser Option.swift
[66/121] Compiling ArgumentParser ArgumentVisibility.swift
[67/121] Compiling ArgumentParser CompletionKind.swift
[68/121] Compiling ArgumentParser Name.swift
[69/121] Compiling ArgumentParser Parsed.swift
[75/121] Compiling ArgumentParser ArgumentDecoder.swift
[76/121] Compiling ArgumentParser ArgumentDefinition.swift
[77/121] Compiling ArgumentParser ArgumentSet.swift
[78/121] Compiling ArgumentParser CommandParser.swift
[79/121] Compiling ArgumentParser InputKey.swift
[80/121] Compiling ArgumentParser InputOrigin.swift
[87/121] Compiling ArgumentParser OptionGroup.swift
[88/121] Compiling ArgumentParser HelpCommand.swift
[89/121] Compiling ArgumentParser HelpGenerator.swift
[90/121] Compiling ArgumentParser MessageInfo.swift
[91/121] Compiling ArgumentParser UsageGenerator.swift
[92/121] Compiling ArgumentParser CollectionExtensions.swift
[93/121] Compiling ArgumentParser Foundation.swift
[98/121] Emitting module AST
[103/121] Compiling AST RegoValue+PatchMerge.swift
[111/123] Compiling AST RegoValue.swift
[112/123] Wrapping AST for ArgumentParser for debugging
[113/123] Wrapping AST for Yams for debugging
[115/123] Compiling AST TypeMeta.swift
[116/124] Wrapping AST for AST for debugging
[118/130] Compiling IR IR.swift
[119/130] Compiling IR IR+Decode.swift
[120/130] Emitting module IR
[121/130] Compiling IR IR+StaticAnalysis.swift
[122/130] Compiling IR Local.swift
[123/130] Compiling IR Statements.swift
[124/131] Wrapping AST for IR for debugging
[126/137] Compiling Bytecode Policy.swift
[127/137] Compiling Bytecode Encoder.swift
[128/137] Compiling Bytecode Opcode.swift
[129/137] Compiling Bytecode Converter.swift
[130/137] Emitting module Bytecode
[131/137] Compiling Bytecode Builder.swift
[132/138] Wrapping AST for Bytecode for debugging
[134/182] Compiling Rego BundleLoader.swift
/host/spi-builder-workspace/Sources/Rego/Builtins/Crypto.swift:7:12: error: no such module 'Crypto'
  5 |     import CryptoKit
  6 | #else
  7 |     import Crypto
    |            `- error: no such module 'Crypto'
  8 | #endif
  9 |
[135/182] Compiling Rego Engine+BundleCache.swift
/host/spi-builder-workspace/Sources/Rego/Builtins/Crypto.swift:7:12: error: no such module 'Crypto'
  5 |     import CryptoKit
  6 | #else
  7 |     import Crypto
    |            `- error: no such module 'Crypto'
  8 | #endif
  9 |
[136/182] Compiling Rego Engine+Prepare.swift
/host/spi-builder-workspace/Sources/Rego/Builtins/Crypto.swift:7:12: error: no such module 'Crypto'
  5 |     import CryptoKit
  6 | #else
  7 |     import Crypto
    |            `- error: no such module 'Crypto'
  8 | #endif
  9 |
[137/182] Compiling Rego Engine.swift
/host/spi-builder-workspace/Sources/Rego/Builtins/Crypto.swift:7:12: error: no such module 'Crypto'
  5 |     import CryptoKit
  6 | #else
  7 |     import Crypto
    |            `- error: no such module 'Crypto'
  8 | #endif
  9 |
[138/182] Compiling Rego Error.swift
/host/spi-builder-workspace/Sources/Rego/Builtins/Crypto.swift:7:12: error: no such module 'Crypto'
  5 |     import CryptoKit
  6 | #else
  7 |     import Crypto
    |            `- error: no such module 'Crypto'
  8 | #endif
  9 |
[139/182] Compiling Rego Evaluator+Codable.swift
/host/spi-builder-workspace/Sources/Rego/Builtins/Crypto.swift:7:12: error: no such module 'Crypto'
  5 |     import CryptoKit
  6 | #else
  7 |     import Crypto
    |            `- error: no such module 'Crypto'
  8 | #endif
  9 |
[140/188] Compiling Rego BlockResult.swift
/host/spi-builder-workspace/Sources/Rego/Builtins/Crypto.swift:7:12: error: no such module 'Crypto'
  5 |     import CryptoKit
  6 | #else
  7 |     import Crypto
    |            `- error: no such module 'Crypto'
  8 | #endif
  9 |
[141/188] Compiling Rego Aggregates.swift
/host/spi-builder-workspace/Sources/Rego/Builtins/Crypto.swift:7:12: error: no such module 'Crypto'
  5 |     import CryptoKit
  6 | #else
  7 |     import Crypto
    |            `- error: no such module 'Crypto'
  8 | #endif
  9 |
[142/188] Compiling Rego Arithmetic.swift
/host/spi-builder-workspace/Sources/Rego/Builtins/Crypto.swift:7:12: error: no such module 'Crypto'
  5 |     import CryptoKit
  6 | #else
  7 |     import Crypto
    |            `- error: no such module 'Crypto'
  8 | #endif
  9 |
[143/188] Compiling Rego Array.swift
/host/spi-builder-workspace/Sources/Rego/Builtins/Crypto.swift:7:12: error: no such module 'Crypto'
  5 |     import CryptoKit
  6 | #else
  7 |     import Crypto
    |            `- error: no such module 'Crypto'
  8 | #endif
  9 |
[144/188] Compiling Rego Bits.swift
/host/spi-builder-workspace/Sources/Rego/Builtins/Crypto.swift:7:12: error: no such module 'Crypto'
  5 |     import CryptoKit
  6 | #else
  7 |     import Crypto
    |            `- error: no such module 'Crypto'
  8 | #endif
  9 |
[145/188] Compiling Rego Builtins.swift
/host/spi-builder-workspace/Sources/Rego/Builtins/Crypto.swift:7:12: error: no such module 'Crypto'
  5 |     import CryptoKit
  6 | #else
  7 |     import Crypto
    |            `- error: no such module 'Crypto'
  8 | #endif
  9 |
[146/188] Compiling Rego BuiltinsCache.swift
/host/spi-builder-workspace/Sources/Rego/Builtins/Crypto.swift:7:12: error: no such module 'Crypto'
  5 |     import CryptoKit
  6 | #else
  7 |     import Crypto
    |            `- error: no such module 'Crypto'
  8 | #endif
  9 |
error: emit-module command failed with exit code 1 (use -v to see invocation)
[147/188] Emitting module Rego
/host/spi-builder-workspace/Sources/Rego/Builtins/Crypto.swift:7:12: error: no such module 'Crypto'
  5 |     import CryptoKit
  6 | #else
  7 |     import Crypto
    |            `- error: no such module 'Crypto'
  8 | #endif
  9 |
[148/188] Compiling Rego Evaluator.swift
/host/spi-builder-workspace/Sources/Rego/Builtins/Crypto.swift:7:12: error: no such module 'Crypto'
  5 |     import CryptoKit
  6 | #else
  7 |     import Crypto
    |            `- error: no such module 'Crypto'
  8 | #endif
  9 |
[149/188] Compiling Rego SyncPeers.swift
/host/spi-builder-workspace/Sources/Rego/Builtins/Crypto.swift:7:12: error: no such module 'Crypto'
  5 |     import CryptoKit
  6 | #else
  7 |     import Crypto
    |            `- error: no such module 'Crypto'
  8 | #endif
  9 |
[150/188] Compiling Rego IREvaluator.swift
/host/spi-builder-workspace/Sources/Rego/Builtins/Crypto.swift:7:12: error: no such module 'Crypto'
  5 |     import CryptoKit
  6 | #else
  7 |     import Crypto
    |            `- error: no such module 'Crypto'
  8 | #endif
  9 |
[151/188] Compiling Rego Locals.swift
/host/spi-builder-workspace/Sources/Rego/Builtins/Crypto.swift:7:12: error: no such module 'Crypto'
  5 |     import CryptoKit
  6 | #else
  7 |     import Crypto
    |            `- error: no such module 'Crypto'
  8 | #endif
  9 |
[152/188] Compiling Rego Manifest+Codable.swift
/host/spi-builder-workspace/Sources/Rego/Builtins/Crypto.swift:7:12: error: no such module 'Crypto'
  5 |     import CryptoKit
  6 | #else
  7 |     import Crypto
    |            `- error: no such module 'Crypto'
  8 | #endif
  9 |
[153/188] Compiling Rego OPA.swift
/host/spi-builder-workspace/Sources/Rego/Builtins/Crypto.swift:7:12: error: no such module 'Crypto'
  5 |     import CryptoKit
  6 | #else
  7 |     import Crypto
    |            `- error: no such module 'Crypto'
  8 | #endif
  9 |
[154/188] Compiling Rego Types.swift
/host/spi-builder-workspace/Sources/Rego/Builtins/Crypto.swift:7:12: error: no such module 'Crypto'
  5 |     import CryptoKit
  6 | #else
  7 |     import Crypto
    |            `- error: no such module 'Crypto'
  8 | #endif
  9 |
[155/188] Compiling Rego Units.swift
/host/spi-builder-workspace/Sources/Rego/Builtins/Crypto.swift:7:12: error: no such module 'Crypto'
  5 |     import CryptoKit
  6 | #else
  7 |     import Crypto
    |            `- error: no such module 'Crypto'
  8 | #endif
  9 |
[156/188] Compiling Rego Uuid.swift
/host/spi-builder-workspace/Sources/Rego/Builtins/Crypto.swift:7:12: error: no such module 'Crypto'
  5 |     import CryptoKit
  6 | #else
  7 |     import Crypto
    |            `- error: no such module 'Crypto'
  8 | #endif
  9 |
[157/188] Compiling Rego Walk.swift
/host/spi-builder-workspace/Sources/Rego/Builtins/Crypto.swift:7:12: error: no such module 'Crypto'
  5 |     import CryptoKit
  6 | #else
  7 |     import Crypto
    |            `- error: no such module 'Crypto'
  8 | #endif
  9 |
[158/188] Compiling Rego Yaml.swift
/host/spi-builder-workspace/Sources/Rego/Builtins/Crypto.swift:7:12: error: no such module 'Crypto'
  5 |     import CryptoKit
  6 | #else
  7 |     import Crypto
    |            `- error: no such module 'Crypto'
  8 | #endif
  9 |
[159/188] Compiling Rego Bundle.swift
/host/spi-builder-workspace/Sources/Rego/Builtins/Crypto.swift:7:12: error: no such module 'Crypto'
  5 |     import CryptoKit
  6 | #else
  7 |     import Crypto
    |            `- error: no such module 'Crypto'
  8 | #endif
  9 |
[160/188] Compiling Rego ByteTrie.swift
/host/spi-builder-workspace/Sources/Rego/Builtins/Crypto.swift:7:12: error: no such module 'Crypto'
  5 |     import CryptoKit
  6 | #else
  7 |     import Crypto
    |            `- error: no such module 'Crypto'
  8 | #endif
  9 |
[161/188] Compiling Rego Casts.swift
/host/spi-builder-workspace/Sources/Rego/Builtins/Crypto.swift:7:12: error: no such module 'Crypto'
  5 |     import CryptoKit
  6 | #else
  7 |     import Crypto
    |            `- error: no such module 'Crypto'
  8 | #endif
  9 |
[162/188] Compiling Rego Collections.swift
/host/spi-builder-workspace/Sources/Rego/Builtins/Crypto.swift:7:12: error: no such module 'Crypto'
  5 |     import CryptoKit
  6 | #else
  7 |     import Crypto
    |            `- error: no such module 'Crypto'
  8 | #endif
  9 |
[163/188] Compiling Rego Comparison.swift
/host/spi-builder-workspace/Sources/Rego/Builtins/Crypto.swift:7:12: error: no such module 'Crypto'
  5 |     import CryptoKit
  6 | #else
  7 |     import Crypto
    |            `- error: no such module 'Crypto'
  8 | #endif
  9 |
[164/188] Compiling Rego Crypto.swift
/host/spi-builder-workspace/Sources/Rego/Builtins/Crypto.swift:7:12: error: no such module 'Crypto'
  5 |     import CryptoKit
  6 | #else
  7 |     import Crypto
    |            `- error: no such module 'Crypto'
  8 | #endif
  9 |
[165/188] Compiling Rego Encoding.swift
/host/spi-builder-workspace/Sources/Rego/Builtins/Crypto.swift:7:12: error: no such module 'Crypto'
  5 |     import CryptoKit
  6 | #else
  7 |     import Crypto
    |            `- error: no such module 'Crypto'
  8 | #endif
  9 |
[166/188] Compiling Rego Json.swift
/host/spi-builder-workspace/Sources/Rego/Builtins/Crypto.swift:7:12: error: no such module 'Crypto'
  5 |     import CryptoKit
  6 | #else
  7 |     import Crypto
    |            `- error: no such module 'Crypto'
  8 | #endif
  9 |
[167/188] Compiling Rego Numbers.swift
/host/spi-builder-workspace/Sources/Rego/Builtins/Crypto.swift:7:12: error: no such module 'Crypto'
  5 |     import CryptoKit
  6 | #else
  7 |     import Crypto
    |            `- error: no such module 'Crypto'
  8 | #endif
  9 |
[168/188] Compiling Rego Objects.swift
/host/spi-builder-workspace/Sources/Rego/Builtins/Crypto.swift:7:12: error: no such module 'Crypto'
  5 |     import CryptoKit
  6 | #else
  7 |     import Crypto
    |            `- error: no such module 'Crypto'
  8 | #endif
  9 |
[169/188] Compiling Rego Rand.swift
/host/spi-builder-workspace/Sources/Rego/Builtins/Crypto.swift:7:12: error: no such module 'Crypto'
  5 |     import CryptoKit
  6 | #else
  7 |     import Crypto
    |            `- error: no such module 'Crypto'
  8 | #endif
  9 |
[170/188] Compiling Rego Regex.swift
/host/spi-builder-workspace/Sources/Rego/Builtins/Crypto.swift:7:12: error: no such module 'Crypto'
  5 |     import CryptoKit
  6 | #else
  7 |     import Crypto
    |            `- error: no such module 'Crypto'
  8 | #endif
  9 |
[171/188] Compiling Rego Registry.swift
/host/spi-builder-workspace/Sources/Rego/Builtins/Crypto.swift:7:12: error: no such module 'Crypto'
  5 |     import CryptoKit
  6 | #else
  7 |     import Crypto
    |            `- error: no such module 'Crypto'
  8 | #endif
  9 |
[172/188] Compiling Rego Ptr.swift
/host/spi-builder-workspace/Sources/Rego/Builtins/Crypto.swift:7:12: error: no such module 'Crypto'
  5 |     import CryptoKit
  6 | #else
  7 |     import Crypto
    |            `- error: no such module 'Crypto'
  8 | #endif
  9 |
[173/188] Compiling Rego Store.swift
/host/spi-builder-workspace/Sources/Rego/Builtins/Crypto.swift:7:12: error: no such module 'Crypto'
  5 |     import CryptoKit
  6 | #else
  7 |     import Crypto
    |            `- error: no such module 'Crypto'
  8 | #endif
  9 |
[174/188] Compiling Rego SyncSafePatcher.swift
/host/spi-builder-workspace/Sources/Rego/Builtins/Crypto.swift:7:12: error: no such module 'Crypto'
  5 |     import CryptoKit
  6 | #else
  7 |     import Crypto
    |            `- error: no such module 'Crypto'
  8 | #endif
  9 |
[175/188] Compiling Rego Tracer.swift
/host/spi-builder-workspace/Sources/Rego/Builtins/Crypto.swift:7:12: error: no such module 'Crypto'
  5 |     import CryptoKit
  6 | #else
  7 |     import Crypto
    |            `- error: no such module 'Crypto'
  8 | #endif
  9 |
[176/188] Compiling Rego VM+Instructions.swift
/host/spi-builder-workspace/Sources/Rego/Builtins/Crypto.swift:7:12: error: no such module 'Crypto'
  5 |     import CryptoKit
  6 | #else
  7 |     import Crypto
    |            `- error: no such module 'Crypto'
  8 | #endif
  9 |
[177/188] Compiling Rego VM.swift
/host/spi-builder-workspace/Sources/Rego/Builtins/Crypto.swift:7:12: error: no such module 'Crypto'
  5 |     import CryptoKit
  6 | #else
  7 |     import Crypto
    |            `- error: no such module 'Crypto'
  8 | #endif
  9 |
[178/188] Compiling Rego Semver.swift
/host/spi-builder-workspace/Sources/Rego/Builtins/Crypto.swift:7:12: error: no such module 'Crypto'
  5 |     import CryptoKit
  6 | #else
  7 |     import Crypto
    |            `- error: no such module 'Crypto'
  8 | #endif
  9 |
[179/188] Compiling Rego Sets.swift
/host/spi-builder-workspace/Sources/Rego/Builtins/Crypto.swift:7:12: error: no such module 'Crypto'
  5 |     import CryptoKit
  6 | #else
  7 |     import Crypto
    |            `- error: no such module 'Crypto'
  8 | #endif
  9 |
[180/188] Compiling Rego Strings.swift
/host/spi-builder-workspace/Sources/Rego/Builtins/Crypto.swift:7:12: error: no such module 'Crypto'
  5 |     import CryptoKit
  6 | #else
  7 |     import Crypto
    |            `- error: no such module 'Crypto'
  8 | #endif
  9 |
[181/188] Compiling Rego TextTemplate.swift
/host/spi-builder-workspace/Sources/Rego/Builtins/Crypto.swift:7:12: error: no such module 'Crypto'
  5 |     import CryptoKit
  6 | #else
  7 |     import Crypto
    |            `- error: no such module 'Crypto'
  8 | #endif
  9 |
[182/188] Compiling Rego Time.swift
/host/spi-builder-workspace/Sources/Rego/Builtins/Crypto.swift:7:12: error: no such module 'Crypto'
  5 |     import CryptoKit
  6 | #else
  7 |     import Crypto
    |            `- error: no such module 'Crypto'
  8 | #endif
  9 |
[183/188] Compiling Rego Trace.swift
/host/spi-builder-workspace/Sources/Rego/Builtins/Crypto.swift:7:12: error: no such module 'Crypto'
  5 |     import CryptoKit
  6 | #else
  7 |     import Crypto
    |            `- error: no such module 'Crypto'
  8 | #endif
  9 |
BUILD FAILURE 6.3 android