The Swift Package Index logo.Swift Package Index

Build Information

Failed to build MapLibre Native, reference 2026.10.19-globe (6c145e), with Swift 6.3 for watchOS using Xcode 26.4 on 25 Oct 2026 00:29:33 UTC.

Build Command

env DEVELOPER_DIR=/Applications/Xcode-26.5.0.app xcrun xcodebuild -IDEClonedSourcePackagesDirPathOverride=$PWD/.dependencies -skipMacroValidation -skipPackagePluginValidation -derivedDataPath $PWD/.derivedData build -scheme MapLibre Native -destination generic/platform=watchOS

Build Log

========================================
RunAll
========================================
Builder version: 5.1.3
Interrupt handler set up.
========================================
Checkout
========================================
Clone URL: https://github.com/maplibre/maplibre-gl-native-distribution.git
Reference: 2026.10.19-globe
Initialized empty Git repository in /Users/admin/builder/spi-builder-workspace/.git/
From https://github.com/maplibre/maplibre-gl-native-distribution
 * tag               2026.10.19-globe -> FETCH_HEAD
HEAD is now at 6c145ea Release 2026.10.19-globe
Cloned https://github.com/maplibre/maplibre-gl-native-distribution.git
Revision (git rev-parse @):
6c145ea8d66baf3d8c2578b310aeb03081480be6
SUCCESS checkout https://github.com/maplibre/maplibre-gl-native-distribution.git at 2026.10.19-globe
========================================
Build
========================================
Selected platform:         watchOS
Swift version:             6.3
Building package at path:  $PWD
https://github.com/maplibre/maplibre-gl-native-distribution.git
Command line invocation:
    /Applications/Xcode-26.5.0.app/Contents/Developer/usr/bin/xcodebuild -IDEClonedSourcePackagesDirPathOverride=/Users/admin/builder/spi-builder-workspace/.dependencies -resolvePackageDependencies
Resolve Package Graph
Resolve Package Graph
Resolved source packages:
  MapLibre Native: /Users/admin/builder/spi-builder-workspace
resolved source packages: MapLibre Native
2026-10-24 20:29:19.967 xcodebuild[536:3090] [MT] IDERunDestination: Supported platforms for the buildables in the current scheme is empty.
{
  "dependencies" : [
  ],
  "manifest_display_name" : "MapLibre Native",
  "name" : "MapLibre Native",
  "path" : "/Users/admin/builder/spi-builder-workspace",
  "platforms" : [
  ],
  "products" : [
    {
      "name" : "MapLibre",
      "targets" : [
        "MapLibre"
      ],
      "type" : {
        "library" : [
          "automatic"
        ]
      }
    }
  ],
  "targets" : [
    {
      "c99name" : "MapLibre",
      "module_type" : "BinaryTarget",
      "name" : "MapLibre",
      "path" : "remote/archive/MapLibre.dynamic.xcframework.zip",
      "product_memberships" : [
        "MapLibre"
      ],
      "sources" : [
      ],
      "type" : "binary"
    }
  ],
  "tools_version" : "5.3"
}
{
  "workspace" : {
    "name" : "spi-builder-workspace",
    "schemes" : [
      "MapLibre Native"
    ]
  }
}
2026-10-24 20:29:27.700 xcodebuild[667:3997] [MT] IDERunDestination: Supported platforms for the buildables in the current scheme is empty.
Running build ...
env DEVELOPER_DIR=/Applications/Xcode-26.5.0.app xcrun xcodebuild -IDEClonedSourcePackagesDirPathOverride=$PWD/.dependencies -skipMacroValidation -skipPackagePluginValidation -derivedDataPath $PWD/.derivedData build -scheme MapLibre Native -destination generic/platform=watchOS
Command line invocation:
    /Applications/Xcode-26.5.0.app/Contents/Developer/usr/bin/xcodebuild -IDEClonedSourcePackagesDirPathOverride=/Users/admin/builder/spi-builder-workspace/.dependencies -skipMacroValidation -skipPackagePluginValidation -derivedDataPath /Users/admin/builder/spi-builder-workspace/.derivedData build -scheme "MapLibre Native" -destination generic/platform=watchOS
Resolve Package Graph
Resolved source packages:
  MapLibre Native: /Users/admin/builder/spi-builder-workspace
ComputePackagePrebuildTargetDependencyGraph
Prepare packages
CreateBuildRequest
SendProjectDescription
CreateBuildOperation
ComputeTargetDependencyGraph
note: Building targets in dependency order
note: Target dependency graph (1 target)
    Target 'MapLibre' in project 'MapLibre Native' (no dependencies)
GatherProvisioningInputs
CreateBuildDescription
ExecuteExternalTool /Applications/Xcode-26.5.0.app/Contents/Developer/Toolchains/XcodeDefault.xctoolchain/usr/bin/clang -v -E -dM -isysroot /Applications/Xcode-26.5.0.app/Contents/Developer/Platforms/WatchOS.platform/Developer/SDKs/WatchOS26.5.sdk -x c -c /dev/null
Build description signature: 5a2ad64446584e6cb6fcac2967d332e5
Build description path: /Users/admin/builder/spi-builder-workspace/.derivedData/Build/Intermediates.noindex/XCBuildData/5a2ad64446584e6cb6fcac2967d332e5.xcbuilddata
/Users/admin/builder/spi-builder-workspace/.dependencies/artifacts/spi-builder-workspace/MapLibre/MapLibre.xcframework:1:1: error: While building for watchOS, no library for this platform was found in '/Users/admin/builder/spi-builder-workspace/.dependencies/artifacts/spi-builder-workspace/MapLibre/MapLibre.xcframework'. (in target 'MapLibre' from project 'MapLibre Native')
2026-10-24 20:29:29.086 xcodebuild[674:4062] [MT] IDERunDestination: Supported platforms for the buildables in the current scheme is empty.
** BUILD FAILED **
The following build commands failed:
	Building workspace spi-builder-workspace with scheme MapLibre Native
(1 failure)
Command line invocation:
    /Applications/Xcode-26.5.0.app/Contents/Developer/usr/bin/xcodebuild -IDEClonedSourcePackagesDirPathOverride=/Users/admin/builder/spi-builder-workspace/.dependencies -resolvePackageDependencies
Resolve Package Graph
Resolved source packages:
  MapLibre Native: /Users/admin/builder/spi-builder-workspace
resolved source packages: MapLibre Native
2026-10-24 20:29:30.907 xcodebuild[689:4174] [MT] IDERunDestination: Supported platforms for the buildables in the current scheme is empty.
{
  "dependencies" : [
  ],
  "manifest_display_name" : "MapLibre Native",
  "name" : "MapLibre Native",
  "path" : "/Users/admin/builder/spi-builder-workspace",
  "platforms" : [
  ],
  "products" : [
    {
      "name" : "MapLibre",
      "targets" : [
        "MapLibre"
      ],
      "type" : {
        "library" : [
          "automatic"
        ]
      }
    }
  ],
  "targets" : [
    {
      "c99name" : "MapLibre",
      "module_type" : "BinaryTarget",
      "name" : "MapLibre",
      "path" : "remote/archive/MapLibre.dynamic.xcframework.zip",
      "product_memberships" : [
        "MapLibre"
      ],
      "sources" : [
      ],
      "type" : "binary"
    }
  ],
  "tools_version" : "5.3"
}
{
  "workspace" : {
    "name" : "spi-builder-workspace",
    "schemes" : [
      "MapLibre Native"
    ]
  }
}
2026-10-24 20:29:32.030 xcodebuild[719:4401] [MT] IDERunDestination: Supported platforms for the buildables in the current scheme is empty.
Running build ...
env DEVELOPER_DIR=/Applications/Xcode-26.5.0.app xcrun xcodebuild -IDEClonedSourcePackagesDirPathOverride=$PWD/.dependencies -skipMacroValidation -skipPackagePluginValidation -derivedDataPath $PWD/.derivedData build -scheme MapLibre Native -destination generic/platform=watchOS
Command line invocation:
    /Applications/Xcode-26.5.0.app/Contents/Developer/usr/bin/xcodebuild -IDEClonedSourcePackagesDirPathOverride=/Users/admin/builder/spi-builder-workspace/.dependencies -skipMacroValidation -skipPackagePluginValidation -derivedDataPath /Users/admin/builder/spi-builder-workspace/.derivedData build -scheme "MapLibre Native" -destination generic/platform=watchOS
Resolve Package Graph
Resolved source packages:
  MapLibre Native: /Users/admin/builder/spi-builder-workspace
ComputePackagePrebuildTargetDependencyGraph
Prepare packages
CreateBuildRequest
SendProjectDescription
CreateBuildOperation
ComputeTargetDependencyGraph
note: Building targets in dependency order
note: Target dependency graph (1 target)
    Target 'MapLibre' in project 'MapLibre Native' (no dependencies)
GatherProvisioningInputs
CreateBuildDescription
ExecuteExternalTool /Applications/Xcode-26.5.0.app/Contents/Developer/Toolchains/XcodeDefault.xctoolchain/usr/bin/clang -v -E -dM -isysroot /Applications/Xcode-26.5.0.app/Contents/Developer/Platforms/WatchOS.platform/Developer/SDKs/WatchOS26.5.sdk -x c -c /dev/null
Build description signature: 5a2ad64446584e6cb6fcac2967d332e5
Build description path: /Users/admin/builder/spi-builder-workspace/.derivedData/Build/Intermediates.noindex/XCBuildData/5a2ad64446584e6cb6fcac2967d332e5.xcbuilddata
/Users/admin/builder/spi-builder-workspace/.dependencies/artifacts/spi-builder-workspace/MapLibre/MapLibre.xcframework:1:1: error: While building for watchOS, no library for this platform was found in '/Users/admin/builder/spi-builder-workspace/.dependencies/artifacts/spi-builder-workspace/MapLibre/MapLibre.xcframework'. (in target 'MapLibre' from project 'MapLibre Native')
2026-10-24 20:29:32.886 xcodebuild[722:4432] [MT] IDERunDestination: Supported platforms for the buildables in the current scheme is empty.
** BUILD FAILED **
The following build commands failed:
	Building workspace spi-builder-workspace with scheme MapLibre Native
(1 failure)
BUILD FAILURE 6.3 watchOS