Build Information
Failed to build SwiftIPAddress, reference 1.0.0 (0e1122), with Swift 6.4 for tvOS using Xcode 27.0 on 20 Sep 2026 05:29:55 UTC.
Build Command
No build command. This typically means the build failed at an early stage where we determine the build command.Build Log
========================================
RunAll
========================================
Builder version: 5.1.0
Interrupt handler set up.
========================================
Checkout
========================================
Clone URL: https://github.com/vkill/SwiftIPAddress.git
Reference: 1.0.0
Initialized empty Git repository in /Users/admin/builder/spi-builder-workspace/.git/
From https://github.com/vkill/SwiftIPAddress
* tag 1.0.0 -> FETCH_HEAD
HEAD is now at 0e11228 README.md
Cloned https://github.com/vkill/SwiftIPAddress.git
Revision (git rev-parse @):
0e112289ea7925b9c4962cadaeb8dc11f2fa5127
SUCCESS checkout https://github.com/vkill/SwiftIPAddress.git at 1.0.0
========================================
Build
========================================
Selected platform: tvOS
Swift version: 6.4
Building package at path: $PWD
https://github.com/vkill/SwiftIPAddress.git
Command line invocation:
/Applications/Xcode-27.0.0-Release.Candidate.app/Contents/Developer/usr/bin/xcodebuild -IDEClonedSourcePackagesDirPathOverride=/Users/admin/builder/spi-builder-workspace/.dependencies -resolvePackageDependencies
Resolve Package Graph
the Swift tools version specification is missing a label; consider inserting 'swift-tools-version:' between the comment marker and the version specifierthe Swift tools version specification is missing a label; consider inserting 'swift-tools-version:' between the comment marker and the version specifier
Resolved source packages:
spi-builder-workspace: (null)
2026-09-20 01:29:53.725 xcodebuild[529:3036] Writing error result bundle to /var/folders/xq/y_g06wb113726d38xsyx71_h0000gn/T/ResultBundle_2026-20-09_01-29-0053.xcresult
xcodebuild: error: Could not resolve package dependencies:
the Swift tools version specification is missing a label; consider inserting 'swift-tools-version:' between the comment marker and the version specifier
the Swift tools version specification is missing a label; consider inserting 'swift-tools-version:' between the comment marker and the version specifier
Command line invocation:
/Applications/Xcode-27.0.0-Release.Candidate.app/Contents/Developer/usr/bin/xcodebuild -IDEClonedSourcePackagesDirPathOverride=/Users/admin/builder/spi-builder-workspace/.dependencies -resolvePackageDependencies
Resolve Package Graph
the Swift tools version specification is missing a label; consider inserting 'swift-tools-version:' between the comment marker and the version specifierthe Swift tools version specification is missing a label; consider inserting 'swift-tools-version:' between the comment marker and the version specifier
Resolved source packages:
spi-builder-workspace: (null)
2026-09-20 01:29:55.720 xcodebuild[574:3402] Writing error result bundle to /var/folders/xq/y_g06wb113726d38xsyx71_h0000gn/T/ResultBundle_2026-20-09_01-29-0055.xcresult
xcodebuild: error: Could not resolve package dependencies:
the Swift tools version specification is missing a label; consider inserting 'swift-tools-version:' between the comment marker and the version specifier
the Swift tools version specification is missing a label; consider inserting 'swift-tools-version:' between the comment marker and the version specifier
BUILD FAILURE 6.4 tvOS