Build Information
Failed to build sciv, reference 0.2.0 (ac5ea9), with Swift 6.4 for macOS (Xcode) using Xcode 27.0 on 17 Sep 2026 08:57:22 UTC.
Build Command
env DEVELOPER_DIR=/Applications/Xcode-27.0.0-Release.Candidate.app xcrun xcodebuild -IDEClonedSourcePackagesDirPathOverride=$PWD/.dependencies -skipMacroValidation -skipPackagePluginValidation -derivedDataPath $PWD/.derivedData build -scheme sciv -destination platform=macOS,arch=arm64Build Log
========================================
RunAll
========================================
Builder version: 5.1.0
Interrupt handler set up.
========================================
Checkout
========================================
Clone URL: https://github.com/sciv-img/sciv.git
Reference: 0.2.0
Initialized empty Git repository in /Users/admin/builder/spi-builder-workspace/.git/
From https://github.com/sciv-img/sciv
* tag 0.2.0 -> FETCH_HEAD
HEAD is now at ac5ea9f 0.2.0
Cloned https://github.com/sciv-img/sciv.git
Revision (git rev-parse @):
ac5ea9f48c2b94a4ad345eb6ec78087b864b0450
SUCCESS checkout https://github.com/sciv-img/sciv.git at 0.2.0
========================================
Build
========================================
Selected platform: macosXcodebuild
Swift version: 6.4
Building package at path: $PWD
https://github.com/sciv-img/sciv.git
Command line invocation:
/Applications/Xcode-27.0.0-Release.Candidate.app/Contents/Developer/usr/bin/xcodebuild -IDEClonedSourcePackagesDirPathOverride=/Users/admin/builder/spi-builder-workspace/.dependencies -resolvePackageDependencies
Resolve Package Graph
Fetching from https://github.com/kylef/PathKit
Fetching from https://github.com/sciv-img/Cpcre
Fetching from https://github.com/sciv-img/OSet
Fetching from https://github.com/sciv-img/Cwebp
Fetching from https://github.com/kylef/Spectre.git
Creating working copy of package ‘Spectre’
Checking out 0.9.2 of package ‘Spectre’
Creating working copy of package ‘PathKit’
Checking out 1.0.0 of package ‘PathKit’
Creating working copy of package ‘OSet’
Checking out 0.6.0 of package ‘OSet’
Creating working copy of package ‘Cpcre’
Checking out 2.0.0 of package ‘Cpcre’
Creating working copy of package ‘Cwebp’
Checking out 2.0.0 of package ‘Cwebp’
ignoring declared target(s) 'Cwebp' in the system packagesystem packages are deprecated; use system library targets insteadignoring declared target(s) 'Cpcre' in the system packagesystem packages are deprecated; use system library targets insteaddependency 'cpcre' is not used by any targetdependency 'cwebp' is not used by any targetResolve Package Graph
ignoring declared target(s) 'Cwebp' in the system packagesystem packages are deprecated; use system library targets insteadignoring declared target(s) 'Cpcre' in the system packagesystem packages are deprecated; use system library targets insteaddependency 'cpcre' is not used by any targetdependency 'cwebp' is not used by any target
Resolved source packages:
Spectre: https://github.com/kylef/Spectre.git @ 0.9.2
Cpcre: https://github.com/sciv-img/Cpcre @ 2.0.0
OSet: https://github.com/sciv-img/OSet @ 0.6.0
PathKit: https://github.com/kylef/PathKit @ 1.0.0
Cwebp: https://github.com/sciv-img/Cwebp @ 2.0.0
sciv: /Users/admin/builder/spi-builder-workspace
resolved source packages: Spectre, Cpcre, OSet, PathKit, Cwebp, sciv
2026-09-17 04:56:25.432 xcodebuild[524:3011] [MT] IDERunDestination: Supported platforms for the buildables in the current scheme is empty.
{
"dependencies" : [
{
"identity" : "cpcre",
"requirement" : {
"exact" : [
"2.0.0"
]
},
"type" : "sourceControl",
"url" : "https://github.com/sciv-img/Cpcre"
},
{
"identity" : "cwebp",
"requirement" : {
"exact" : [
"2.0.0"
]
},
"type" : "sourceControl",
"url" : "https://github.com/sciv-img/Cwebp"
},
{
"identity" : "oset",
"requirement" : {
"exact" : [
"0.6.0"
]
},
"type" : "sourceControl",
"url" : "https://github.com/sciv-img/OSet"
},
{
"identity" : "pathkit",
"requirement" : {
"exact" : [
"1.0.0"
]
},
"type" : "sourceControl",
"url" : "https://github.com/kylef/PathKit"
}
],
"manifest_display_name" : "sciv",
"name" : "sciv",
"path" : "/Users/admin/builder/spi-builder-workspace",
"platforms" : [
],
"products" : [
{
"name" : "sciv",
"targets" : [
"sciv"
],
"type" : {
"executable" : null
}
}
],
"targets" : [
{
"c99name" : "sciv",
"module_type" : "SwiftTarget",
"name" : "sciv",
"path" : "Sources",
"product_dependencies" : [
"OSet",
"PathKit"
],
"product_memberships" : [
"sciv"
],
"sources" : [
"AlertView.swift",
"Commander.swift",
"Files.swift",
"Imager.swift",
"StatusView.swift",
"Utils.swift",
"main.swift"
],
"type" : "executable"
}
],
"tools_version" : "4.2"
}
{
"workspace" : {
"name" : "sciv",
"schemes" : [
"sciv"
]
}
}
2026-09-17 04:57:06.937 xcodebuild[830:4958] [MT] IDERunDestination: Supported platforms for the buildables in the current scheme is empty.
Running build ...
env DEVELOPER_DIR=/Applications/Xcode-27.0.0-Release.Candidate.app xcrun xcodebuild -IDEClonedSourcePackagesDirPathOverride=$PWD/.dependencies -skipMacroValidation -skipPackagePluginValidation -derivedDataPath $PWD/.derivedData build -scheme sciv -destination platform=macOS,arch=arm64
Command line invocation:
/Applications/Xcode-27.0.0-Release.Candidate.app/Contents/Developer/usr/bin/xcodebuild -IDEClonedSourcePackagesDirPathOverride=/Users/admin/builder/spi-builder-workspace/.dependencies -skipMacroValidation -skipPackagePluginValidation -derivedDataPath /Users/admin/builder/spi-builder-workspace/.derivedData build -scheme sciv -destination platform=macOS,arch=arm64
Resolve Package Graph
ignoring declared target(s) 'Cwebp' in the system packagesystem packages are deprecated; use system library targets insteadignoring declared target(s) 'Cpcre' in the system packagesystem packages are deprecated; use system library targets insteaddependency 'cpcre' is not used by any targetdependency 'cwebp' is not used by any target
Resolve Package Graph
ignoring declared target(s) 'Cwebp' in the system packagesystem packages are deprecated; use system library targets insteadignoring declared target(s) 'Cpcre' in the system packagesystem packages are deprecated; use system library targets insteaddependency 'cpcre' is not used by any targetdependency 'cwebp' is not used by any target
Resolved source packages:
Spectre: https://github.com/kylef/Spectre.git @ 0.9.2
Cpcre: https://github.com/sciv-img/Cpcre @ 2.0.0
OSet: https://github.com/sciv-img/OSet @ 0.6.0
Cwebp: https://github.com/sciv-img/Cwebp @ 2.0.0
sciv: /Users/admin/builder/spi-builder-workspace
PathKit: https://github.com/kylef/PathKit @ 1.0.0
ComputePackagePrebuildTargetDependencyGraph
Prepare packages
CreateBuildRequest
SendProjectDescription
CreateBuildOperation
ComputeTargetDependencyGraph
note: Building targets in dependency order
note: Target dependency graph (7 targets)
Target 'sciv-product' in project 'sciv'
➜ Explicit dependency on target 'Cpcre' in project 'Cpcre'
➜ Explicit dependency on target 'Cwebp' in project 'Cwebp'
➜ Explicit dependency on target 'OSet-product' in project 'OSet'
➜ Explicit dependency on target 'PathKit-product' in project 'PathKit'
Target 'PathKit-product' in project 'PathKit'
➜ Explicit dependency on target 'PathKit' in project 'PathKit'
Target 'PathKit' in project 'PathKit' (no dependencies)
Target 'OSet-product' in project 'OSet'
➜ Explicit dependency on target 'OSet' in project 'OSet'
Target 'OSet' in project 'OSet' (no dependencies)
Target 'Cwebp' in project 'Cwebp' (no dependencies)
Target 'Cpcre' in project 'Cpcre' (no dependencies)
GatherProvisioningInputs
CreateBuildDescription
ExecuteExternalTool /Applications/Xcode-27.0.0-Release.Candidate.app/Contents/Developer/Toolchains/XcodeDefault.xctoolchain/usr/bin/clang -v -E -dM -isysroot /Applications/Xcode-27.0.0-Release.Candidate.app/Contents/Developer/Platforms/MacOSX.platform/Developer/SDKs/MacOSX27.0.sdk -x c -c /dev/null
ExecuteExternalTool /Applications/Xcode-27.0.0-Release.Candidate.app/Contents/Developer/Toolchains/XcodeDefault.xctoolchain/usr/bin/swiftc --version
ExecuteExternalTool /Applications/Xcode-27.0.0-Release.Candidate.app/Contents/Developer/Toolchains/XcodeDefault.xctoolchain/usr/bin/ld -version_details
Build description signature: 67b4641a7f7a1ca88c11a5f56d7f940e
Build description path: /Users/admin/builder/spi-builder-workspace/.derivedData/Build/Intermediates.noindex/XCBuildData/67b4641a7f7a1ca88c11a5f56d7f940e.xcbuilddata
CreateBuildDirectory /Users/admin/builder/spi-builder-workspace/.derivedData/CompilationCache.noindex
cd /Users/admin/builder/spi-builder-workspace/.swiftpm/xcode
builtin-create-build-directory /Users/admin/builder/spi-builder-workspace/.derivedData/CompilationCache.noindex
CreateBuildDirectory /Users/admin/builder/spi-builder-workspace/.derivedData/SDKExplicitPrecompiledModules
cd /Users/admin/builder/spi-builder-workspace/.swiftpm/xcode
builtin-create-build-directory /Users/admin/builder/spi-builder-workspace/.derivedData/SDKExplicitPrecompiledModules
CreateBuildDirectory /Users/admin/builder/spi-builder-workspace/.derivedData/ModuleCache.noindex
cd /Users/admin/builder/spi-builder-workspace/.swiftpm/xcode
builtin-create-build-directory /Users/admin/builder/spi-builder-workspace/.derivedData/ModuleCache.noindex
CreateBuildDirectory /Users/admin/builder/spi-builder-workspace/.derivedData/Build/Intermediates.noindex
cd /Users/admin/builder/spi-builder-workspace/.swiftpm/xcode
builtin-create-build-directory /Users/admin/builder/spi-builder-workspace/.derivedData/Build/Intermediates.noindex
CreateBuildDirectory /Users/admin/builder/spi-builder-workspace/.derivedData/Build/Products
cd /Users/admin/builder/spi-builder-workspace/.swiftpm/xcode
builtin-create-build-directory /Users/admin/builder/spi-builder-workspace/.derivedData/Build/Products
ClangStatCache /Applications/Xcode-27.0.0-Release.Candidate.app/Contents/Developer/Toolchains/XcodeDefault.xctoolchain/usr/bin/clang-stat-cache /Applications/Xcode-27.0.0-Release.Candidate.app/Contents/Developer/Platforms/MacOSX.platform/Developer/SDKs/MacOSX27.0.sdk /Users/admin/builder/spi-builder-workspace/.derivedData/SDKStatCaches.noindex/macosx27.0-26A425-e829b21a6f8c9b70876ba0858053c0446a22442a12e9d48fe1a705f55a1adfc4.sdkstatcache
cd /Users/admin/builder/spi-builder-workspace/.swiftpm/xcode
/Applications/Xcode-27.0.0-Release.Candidate.app/Contents/Developer/Toolchains/XcodeDefault.xctoolchain/usr/bin/clang-stat-cache /Applications/Xcode-27.0.0-Release.Candidate.app/Contents/Developer/Platforms/MacOSX.platform/Developer/SDKs/MacOSX27.0.sdk -o /Users/admin/builder/spi-builder-workspace/.derivedData/SDKStatCaches.noindex/macosx27.0-26A425-e829b21a6f8c9b70876ba0858053c0446a22442a12e9d48fe1a705f55a1adfc4.sdkstatcache
CreateBuildDirectory /Users/admin/builder/spi-builder-workspace/.derivedData/Build/Intermediates.noindex/SwiftExplicitPrecompiledModules
cd /Users/admin/builder/spi-builder-workspace/.swiftpm/xcode
builtin-create-build-directory /Users/admin/builder/spi-builder-workspace/.derivedData/Build/Intermediates.noindex/SwiftExplicitPrecompiledModules
CreateBuildDirectory /Users/admin/builder/spi-builder-workspace/.derivedData/Build/Intermediates.noindex/PrecompiledHeaders
cd /Users/admin/builder/spi-builder-workspace/.swiftpm/xcode
builtin-create-build-directory /Users/admin/builder/spi-builder-workspace/.derivedData/Build/Intermediates.noindex/PrecompiledHeaders
CreateBuildDirectory /Users/admin/builder/spi-builder-workspace/.derivedData/Build/Products/Debug
cd /Users/admin/builder/spi-builder-workspace/.swiftpm/xcode
builtin-create-build-directory /Users/admin/builder/spi-builder-workspace/.derivedData/Build/Products/Debug
CreateBuildDirectory /Users/admin/builder/spi-builder-workspace/.derivedData/Build/Intermediates.noindex/ExplicitPrecompiledModules
cd /Users/admin/builder/spi-builder-workspace/.swiftpm/xcode
builtin-create-build-directory /Users/admin/builder/spi-builder-workspace/.derivedData/Build/Intermediates.noindex/ExplicitPrecompiledModules
CreateBuildDirectory /Users/admin/builder/spi-builder-workspace/.derivedData/Build/Intermediates.noindex/EagerLinkingTBDs/Debug
cd /Users/admin/builder/spi-builder-workspace/.swiftpm/xcode
builtin-create-build-directory /Users/admin/builder/spi-builder-workspace/.derivedData/Build/Intermediates.noindex/EagerLinkingTBDs/Debug
CreateBuildDirectory /Users/admin/builder/spi-builder-workspace/.derivedData/Build/Products/Debug/PackageFrameworks
cd /Users/admin/builder/spi-builder-workspace/.swiftpm/xcode
builtin-create-build-directory /Users/admin/builder/spi-builder-workspace/.derivedData/Build/Products/Debug/PackageFrameworks
WriteAuxiliaryFile /Users/admin/builder/spi-builder-workspace/.derivedData/Build/Intermediates.noindex/sciv.build/Debug/sciv-p.build/sciv.DependencyStaticMetadataFileList (in target 'sciv-product' from project 'sciv')
cd /Users/admin/builder/spi-builder-workspace
write-file /Users/admin/builder/spi-builder-workspace/.derivedData/Build/Intermediates.noindex/sciv.build/Debug/sciv-p.build/sciv.DependencyStaticMetadataFileList
WriteAuxiliaryFile /Users/admin/builder/spi-builder-workspace/.derivedData/Build/Intermediates.noindex/sciv.build/Debug/sciv-p.build/sciv.DependencyMetadataFileList (in target 'sciv-product' from project 'sciv')
cd /Users/admin/builder/spi-builder-workspace
write-file /Users/admin/builder/spi-builder-workspace/.derivedData/Build/Intermediates.noindex/sciv.build/Debug/sciv-p.build/sciv.DependencyMetadataFileList
WriteAuxiliaryFile /Users/admin/builder/spi-builder-workspace/.derivedData/Build/Intermediates.noindex/PathKit.build/Debug/PathKit-t.build/PathKit.DependencyStaticMetadataFileList (in target 'PathKit' from project 'PathKit')
cd /Users/admin/builder/spi-builder-workspace/.dependencies/checkouts/PathKit
write-file /Users/admin/builder/spi-builder-workspace/.derivedData/Build/Intermediates.noindex/PathKit.build/Debug/PathKit-t.build/PathKit.DependencyStaticMetadataFileList
WriteAuxiliaryFile /Users/admin/builder/spi-builder-workspace/.derivedData/Build/Intermediates.noindex/PathKit.build/Debug/PathKit-t.build/PathKit.modulemap (in target 'PathKit' from project 'PathKit')
cd /Users/admin/builder/spi-builder-workspace/.dependencies/checkouts/PathKit
write-file /Users/admin/builder/spi-builder-workspace/.derivedData/Build/Intermediates.noindex/PathKit.build/Debug/PathKit-t.build/PathKit.modulemap
WriteAuxiliaryFile /Users/admin/builder/spi-builder-workspace/.derivedData/Build/Intermediates.noindex/PathKit.build/Debug/PathKit-t.build/PathKit.DependencyMetadataFileList (in target 'PathKit' from project 'PathKit')
cd /Users/admin/builder/spi-builder-workspace/.dependencies/checkouts/PathKit
write-file /Users/admin/builder/spi-builder-workspace/.derivedData/Build/Intermediates.noindex/PathKit.build/Debug/PathKit-t.build/PathKit.DependencyMetadataFileList
WriteAuxiliaryFile /Users/admin/builder/spi-builder-workspace/.derivedData/Build/Intermediates.noindex/sciv.build/Debug/sciv-p.build/Objects-normal/arm64/sciv.SwiftFileList (in target 'sciv-product' from project 'sciv')
cd /Users/admin/builder/spi-builder-workspace
write-file /Users/admin/builder/spi-builder-workspace/.derivedData/Build/Intermediates.noindex/sciv.build/Debug/sciv-p.build/Objects-normal/arm64/sciv.SwiftFileList
WriteAuxiliaryFile /Users/admin/builder/spi-builder-workspace/.derivedData/Build/Intermediates.noindex/sciv.build/Debug/sciv-p.build/Objects-normal/arm64/sciv-OutputFileMap.json (in target 'sciv-product' from project 'sciv')
cd /Users/admin/builder/spi-builder-workspace
write-file /Users/admin/builder/spi-builder-workspace/.derivedData/Build/Intermediates.noindex/sciv.build/Debug/sciv-p.build/Objects-normal/arm64/sciv-OutputFileMap.json
WriteAuxiliaryFile /Users/admin/builder/spi-builder-workspace/.derivedData/Build/Intermediates.noindex/sciv.build/Debug/sciv-p.build/Objects-normal/arm64/sciv_const_extract_protocols.json (in target 'sciv-product' from project 'sciv')
cd /Users/admin/builder/spi-builder-workspace
write-file /Users/admin/builder/spi-builder-workspace/.derivedData/Build/Intermediates.noindex/sciv.build/Debug/sciv-p.build/Objects-normal/arm64/sciv_const_extract_protocols.json
WriteAuxiliaryFile /Users/admin/builder/spi-builder-workspace/.derivedData/Build/Intermediates.noindex/sciv.build/Debug/sciv-p.build/Objects-normal/arm64/sciv.LinkFileList (in target 'sciv-product' from project 'sciv')
cd /Users/admin/builder/spi-builder-workspace
write-file /Users/admin/builder/spi-builder-workspace/.derivedData/Build/Intermediates.noindex/sciv.build/Debug/sciv-p.build/Objects-normal/arm64/sciv.LinkFileList
WriteAuxiliaryFile /Users/admin/builder/spi-builder-workspace/.derivedData/Build/Intermediates.noindex/PathKit.build/Debug/PathKit-t.build/Objects-normal/arm64/PathKit_const_extract_protocols.json (in target 'PathKit' from project 'PathKit')
cd /Users/admin/builder/spi-builder-workspace/.dependencies/checkouts/PathKit
write-file /Users/admin/builder/spi-builder-workspace/.derivedData/Build/Intermediates.noindex/PathKit.build/Debug/PathKit-t.build/Objects-normal/arm64/PathKit_const_extract_protocols.json
WriteAuxiliaryFile /Users/admin/builder/spi-builder-workspace/.derivedData/Build/Intermediates.noindex/PathKit.build/Debug/PathKit-t.build/Objects-normal/arm64/PathKit.LinkFileList (in target 'PathKit' from project 'PathKit')
cd /Users/admin/builder/spi-builder-workspace/.dependencies/checkouts/PathKit
write-file /Users/admin/builder/spi-builder-workspace/.derivedData/Build/Intermediates.noindex/PathKit.build/Debug/PathKit-t.build/Objects-normal/arm64/PathKit.LinkFileList
WriteAuxiliaryFile /Users/admin/builder/spi-builder-workspace/.derivedData/Build/Intermediates.noindex/PathKit.build/Debug/PathKit-t.build/Objects-normal/arm64/PathKit-OutputFileMap.json (in target 'PathKit' from project 'PathKit')
cd /Users/admin/builder/spi-builder-workspace/.dependencies/checkouts/PathKit
write-file /Users/admin/builder/spi-builder-workspace/.derivedData/Build/Intermediates.noindex/PathKit.build/Debug/PathKit-t.build/Objects-normal/arm64/PathKit-OutputFileMap.json
WriteAuxiliaryFile /Users/admin/builder/spi-builder-workspace/.derivedData/Build/Intermediates.noindex/PathKit.build/Debug/PathKit-t.build/Objects-normal/arm64/PathKit.SwiftFileList (in target 'PathKit' from project 'PathKit')
cd /Users/admin/builder/spi-builder-workspace/.dependencies/checkouts/PathKit
write-file /Users/admin/builder/spi-builder-workspace/.derivedData/Build/Intermediates.noindex/PathKit.build/Debug/PathKit-t.build/Objects-normal/arm64/PathKit.SwiftFileList
WriteAuxiliaryFile /Users/admin/builder/spi-builder-workspace/.derivedData/Build/Intermediates.noindex/PathKit.build/Debug/PathKit-t.build/Objects-normal/arm64/PathKit.SwiftConstValuesFileList (in target 'PathKit' from project 'PathKit')
cd /Users/admin/builder/spi-builder-workspace/.dependencies/checkouts/PathKit
write-file /Users/admin/builder/spi-builder-workspace/.derivedData/Build/Intermediates.noindex/PathKit.build/Debug/PathKit-t.build/Objects-normal/arm64/PathKit.SwiftConstValuesFileList
Copy /Users/admin/builder/spi-builder-workspace/.derivedData/Build/Intermediates.noindex/GeneratedModuleMaps/PathKit.modulemap /Users/admin/builder/spi-builder-workspace/.derivedData/Build/Intermediates.noindex/PathKit.build/Debug/PathKit-t.build/PathKit.modulemap (in target 'PathKit' from project 'PathKit')
cd /Users/admin/builder/spi-builder-workspace/.dependencies/checkouts/PathKit
builtin-copy -exclude .DS_Store -exclude CVS -exclude .svn -exclude .git -exclude .hg -resolve-src-symlinks /Users/admin/builder/spi-builder-workspace/.derivedData/Build/Intermediates.noindex/PathKit.build/Debug/PathKit-t.build/PathKit.modulemap /Users/admin/builder/spi-builder-workspace/.derivedData/Build/Intermediates.noindex/GeneratedModuleMaps
WriteAuxiliaryFile /Users/admin/builder/spi-builder-workspace/.derivedData/Build/Intermediates.noindex/OSet.build/Debug/OSet-t.build/Objects-normal/arm64/OSet.SwiftConstValuesFileList (in target 'OSet' from project 'OSet')
cd /Users/admin/builder/spi-builder-workspace/.dependencies/checkouts/OSet
write-file /Users/admin/builder/spi-builder-workspace/.derivedData/Build/Intermediates.noindex/OSet.build/Debug/OSet-t.build/Objects-normal/arm64/OSet.SwiftConstValuesFileList
WriteAuxiliaryFile /Users/admin/builder/spi-builder-workspace/.derivedData/Build/Intermediates.noindex/OSet.build/Debug/OSet-t.build/Objects-normal/arm64/OSet.SwiftFileList (in target 'OSet' from project 'OSet')
cd /Users/admin/builder/spi-builder-workspace/.dependencies/checkouts/OSet
write-file /Users/admin/builder/spi-builder-workspace/.derivedData/Build/Intermediates.noindex/OSet.build/Debug/OSet-t.build/Objects-normal/arm64/OSet.SwiftFileList
WriteAuxiliaryFile /Users/admin/builder/spi-builder-workspace/.derivedData/Build/Intermediates.noindex/OSet.build/Debug/OSet-t.build/Objects-normal/arm64/OSet_const_extract_protocols.json (in target 'OSet' from project 'OSet')
cd /Users/admin/builder/spi-builder-workspace/.dependencies/checkouts/OSet
write-file /Users/admin/builder/spi-builder-workspace/.derivedData/Build/Intermediates.noindex/OSet.build/Debug/OSet-t.build/Objects-normal/arm64/OSet_const_extract_protocols.json
WriteAuxiliaryFile /Users/admin/builder/spi-builder-workspace/.derivedData/Build/Intermediates.noindex/OSet.build/Debug/OSet-t.build/Objects-normal/arm64/OSet-OutputFileMap.json (in target 'OSet' from project 'OSet')
cd /Users/admin/builder/spi-builder-workspace/.dependencies/checkouts/OSet
write-file /Users/admin/builder/spi-builder-workspace/.derivedData/Build/Intermediates.noindex/OSet.build/Debug/OSet-t.build/Objects-normal/arm64/OSet-OutputFileMap.json
WriteAuxiliaryFile /Users/admin/builder/spi-builder-workspace/.derivedData/Build/Intermediates.noindex/OSet.build/Debug/OSet-t.build/OSet.modulemap (in target 'OSet' from project 'OSet')
cd /Users/admin/builder/spi-builder-workspace/.dependencies/checkouts/OSet
write-file /Users/admin/builder/spi-builder-workspace/.derivedData/Build/Intermediates.noindex/OSet.build/Debug/OSet-t.build/OSet.modulemap
WriteAuxiliaryFile /Users/admin/builder/spi-builder-workspace/.derivedData/Build/Intermediates.noindex/OSet.build/Debug/OSet-t.build/Objects-normal/arm64/OSet.LinkFileList (in target 'OSet' from project 'OSet')
cd /Users/admin/builder/spi-builder-workspace/.dependencies/checkouts/OSet
write-file /Users/admin/builder/spi-builder-workspace/.derivedData/Build/Intermediates.noindex/OSet.build/Debug/OSet-t.build/Objects-normal/arm64/OSet.LinkFileList
WriteAuxiliaryFile /Users/admin/builder/spi-builder-workspace/.derivedData/Build/Intermediates.noindex/OSet.build/Debug/OSet-t.build/OSet.DependencyStaticMetadataFileList (in target 'OSet' from project 'OSet')
cd /Users/admin/builder/spi-builder-workspace/.dependencies/checkouts/OSet
write-file /Users/admin/builder/spi-builder-workspace/.derivedData/Build/Intermediates.noindex/OSet.build/Debug/OSet-t.build/OSet.DependencyStaticMetadataFileList
WriteAuxiliaryFile /Users/admin/builder/spi-builder-workspace/.derivedData/Build/Intermediates.noindex/OSet.build/Debug/OSet-t.build/OSet.DependencyMetadataFileList (in target 'OSet' from project 'OSet')
cd /Users/admin/builder/spi-builder-workspace/.dependencies/checkouts/OSet
write-file /Users/admin/builder/spi-builder-workspace/.derivedData/Build/Intermediates.noindex/OSet.build/Debug/OSet-t.build/OSet.DependencyMetadataFileList
Copy /Users/admin/builder/spi-builder-workspace/.derivedData/Build/Intermediates.noindex/GeneratedModuleMaps/OSet.modulemap /Users/admin/builder/spi-builder-workspace/.derivedData/Build/Intermediates.noindex/OSet.build/Debug/OSet-t.build/OSet.modulemap (in target 'OSet' from project 'OSet')
cd /Users/admin/builder/spi-builder-workspace/.dependencies/checkouts/OSet
builtin-copy -exclude .DS_Store -exclude CVS -exclude .svn -exclude .git -exclude .hg -resolve-src-symlinks /Users/admin/builder/spi-builder-workspace/.derivedData/Build/Intermediates.noindex/OSet.build/Debug/OSet-t.build/OSet.modulemap /Users/admin/builder/spi-builder-workspace/.derivedData/Build/Intermediates.noindex/GeneratedModuleMaps
SwiftDriver OSet normal arm64 com.apple.xcode.tools.swift.compiler (in target 'OSet' from project 'OSet')
cd /Users/admin/builder/spi-builder-workspace/.swiftpm/xcode
builtin-SwiftDriver -- /Applications/Xcode-27.0.0-Release.Candidate.app/Contents/Developer/Toolchains/XcodeDefault.xctoolchain/usr/bin/swiftc -parse-as-library -module-name OSet -Onone @/Users/admin/builder/spi-builder-workspace/.derivedData/Build/Intermediates.noindex/OSet.build/Debug/OSet-t.build/Objects-normal/arm64/OSet.SwiftFileList -DSWIFT_PACKAGE -DDEBUG -DSWIFT_MODULE_RESOURCE_BUNDLE_UNAVAILABLE -DXcode -plugin-path /Applications/Xcode-27.0.0-Release.Candidate.app/Contents/Developer/Toolchains/XcodeDefault.xctoolchain/usr/lib/swift/host/plugins/testing -enable-experimental-feature DebugDescriptionMacro -sdk /Applications/Xcode-27.0.0-Release.Candidate.app/Contents/Developer/Platforms/MacOSX.platform/Developer/SDKs/MacOSX27.0.sdk -target arm64-apple-macos12.0 -g -module-cache-path /Users/admin/builder/spi-builder-workspace/.derivedData/ModuleCache.noindex -Xfrontend -serialize-debugging-options -enable-testing -suppress-warnings -index-store-path /Users/admin/builder/spi-builder-workspace/.derivedData/Index.noindex/DataStore -Xcc -D_LIBCPP_HARDENING_MODE\=_LIBCPP_HARDENING_MODE_DEBUG -swift-version 4.2 -I /Users/admin/builder/spi-builder-workspace/.derivedData/Build/Products/Debug -Isystem /Applications/Xcode-27.0.0-Release.Candidate.app/Contents/Developer/Platforms/MacOSX.platform/Developer/usr/lib -F /Users/admin/builder/spi-builder-workspace/.derivedData/Build/Products/Debug -F /Applications/Xcode-27.0.0-Release.Candidate.app/Contents/Developer/Platforms/MacOSX.platform/Developer/Library/Frameworks -c -j10 -enable-batch-mode -incremental -Xcc -ivfsstatcache -Xcc /Users/admin/builder/spi-builder-workspace/.derivedData/SDKStatCaches.noindex/macosx27.0-26A425-e829b21a6f8c9b70876ba0858053c0446a22442a12e9d48fe1a705f55a1adfc4.sdkstatcache -output-file-map /Users/admin/builder/spi-builder-workspace/.derivedData/Build/Intermediates.noindex/OSet.build/Debug/OSet-t.build/Objects-normal/arm64/OSet-OutputFileMap.json -save-temps -no-color-diagnostics -emit-dependencies -emit-module -emit-module-path /Users/admin/builder/spi-builder-workspace/.derivedData/Build/Intermediates.noindex/OSet.build/Debug/OSet-t.build/Objects-normal/arm64/OSet.swiftmodule -serialize-diagnostics -validate-clang-modules-once -clang-build-session-file /Users/admin/builder/spi-builder-workspace/.derivedData/ModuleCache.noindex/Session.modulevalidation -Xcc -fmodules-prune-interval\=86400 -Xcc -fmodules-prune-after\=345600 -emit-const-values -const-gather-protocols-list /Users/admin/builder/spi-builder-workspace/.derivedData/Build/Intermediates.noindex/OSet.build/Debug/OSet-t.build/Objects-normal/arm64/OSet_const_extract_protocols.json -Xcc -I/Users/admin/builder/spi-builder-workspace/.derivedData/Build/Products/Debug/include -Xcc -I/Users/admin/builder/spi-builder-workspace/.derivedData/Build/Intermediates.noindex/OSet.build/Debug/OSet-t.build/DerivedSources-normal/arm64 -Xcc -I/Users/admin/builder/spi-builder-workspace/.derivedData/Build/Intermediates.noindex/OSet.build/Debug/OSet-t.build/DerivedSources/arm64 -Xcc -I/Users/admin/builder/spi-builder-workspace/.derivedData/Build/Intermediates.noindex/OSet.build/Debug/OSet-t.build/DerivedSources -Xcc -DSWIFT_PACKAGE -Xcc -DDEBUG\=1 -emit-objc-header -emit-objc-header-path /Users/admin/builder/spi-builder-workspace/.derivedData/Build/Intermediates.noindex/OSet.build/Debug/OSet-t.build/Objects-normal/arm64/OSet-Swift.h -working-directory /Users/admin/builder/spi-builder-workspace/.swiftpm/xcode -experimental-emit-module-separately -disable-cmo
SwiftDriver PathKit normal arm64 com.apple.xcode.tools.swift.compiler (in target 'PathKit' from project 'PathKit')
cd /Users/admin/builder/spi-builder-workspace/.swiftpm/xcode
builtin-SwiftDriver -- /Applications/Xcode-27.0.0-Release.Candidate.app/Contents/Developer/Toolchains/XcodeDefault.xctoolchain/usr/bin/swiftc -parse-as-library -module-name PathKit -Onone @/Users/admin/builder/spi-builder-workspace/.derivedData/Build/Intermediates.noindex/PathKit.build/Debug/PathKit-t.build/Objects-normal/arm64/PathKit.SwiftFileList -DSWIFT_PACKAGE -DDEBUG -DSWIFT_MODULE_RESOURCE_BUNDLE_UNAVAILABLE -DXcode -plugin-path /Applications/Xcode-27.0.0-Release.Candidate.app/Contents/Developer/Toolchains/XcodeDefault.xctoolchain/usr/lib/swift/host/plugins/testing -enable-experimental-feature DebugDescriptionMacro -sdk /Applications/Xcode-27.0.0-Release.Candidate.app/Contents/Developer/Platforms/MacOSX.platform/Developer/SDKs/MacOSX27.0.sdk -target arm64-apple-macos12.0 -g -module-cache-path /Users/admin/builder/spi-builder-workspace/.derivedData/ModuleCache.noindex -Xfrontend -serialize-debugging-options -enable-testing -suppress-warnings -index-store-path /Users/admin/builder/spi-builder-workspace/.derivedData/Index.noindex/DataStore -Xcc -D_LIBCPP_HARDENING_MODE\=_LIBCPP_HARDENING_MODE_DEBUG -swift-version 4.2 -I /Users/admin/builder/spi-builder-workspace/.derivedData/Build/Products/Debug -Isystem /Applications/Xcode-27.0.0-Release.Candidate.app/Contents/Developer/Platforms/MacOSX.platform/Developer/usr/lib -F /Users/admin/builder/spi-builder-workspace/.derivedData/Build/Products/Debug -F /Applications/Xcode-27.0.0-Release.Candidate.app/Contents/Developer/Platforms/MacOSX.platform/Developer/Library/Frameworks -c -j10 -enable-batch-mode -incremental -Xcc -ivfsstatcache -Xcc /Users/admin/builder/spi-builder-workspace/.derivedData/SDKStatCaches.noindex/macosx27.0-26A425-e829b21a6f8c9b70876ba0858053c0446a22442a12e9d48fe1a705f55a1adfc4.sdkstatcache -output-file-map /Users/admin/builder/spi-builder-workspace/.derivedData/Build/Intermediates.noindex/PathKit.build/Debug/PathKit-t.build/Objects-normal/arm64/PathKit-OutputFileMap.json -save-temps -no-color-diagnostics -emit-dependencies -emit-module -emit-module-path /Users/admin/builder/spi-builder-workspace/.derivedData/Build/Intermediates.noindex/PathKit.build/Debug/PathKit-t.build/Objects-normal/arm64/PathKit.swiftmodule -serialize-diagnostics -validate-clang-modules-once -clang-build-session-file /Users/admin/builder/spi-builder-workspace/.derivedData/ModuleCache.noindex/Session.modulevalidation -Xcc -fmodules-prune-interval\=86400 -Xcc -fmodules-prune-after\=345600 -emit-const-values -const-gather-protocols-list /Users/admin/builder/spi-builder-workspace/.derivedData/Build/Intermediates.noindex/PathKit.build/Debug/PathKit-t.build/Objects-normal/arm64/PathKit_const_extract_protocols.json -Xcc -I/Users/admin/builder/spi-builder-workspace/.derivedData/Build/Products/Debug/include -Xcc -I/Users/admin/builder/spi-builder-workspace/.derivedData/Build/Intermediates.noindex/PathKit.build/Debug/PathKit-t.build/DerivedSources-normal/arm64 -Xcc -I/Users/admin/builder/spi-builder-workspace/.derivedData/Build/Intermediates.noindex/PathKit.build/Debug/PathKit-t.build/DerivedSources/arm64 -Xcc -I/Users/admin/builder/spi-builder-workspace/.derivedData/Build/Intermediates.noindex/PathKit.build/Debug/PathKit-t.build/DerivedSources -Xcc -DSWIFT_PACKAGE -Xcc -DDEBUG\=1 -emit-objc-header -emit-objc-header-path /Users/admin/builder/spi-builder-workspace/.derivedData/Build/Intermediates.noindex/PathKit.build/Debug/PathKit-t.build/Objects-normal/arm64/PathKit-Swift.h -working-directory /Users/admin/builder/spi-builder-workspace/.swiftpm/xcode -experimental-emit-module-separately -disable-cmo
SwiftEmitModule normal arm64 Emitting\ module\ for\ PathKit (in target 'PathKit' from project 'PathKit')
SwiftCompile normal arm64 (in target 'PathKit' from project 'PathKit')
cd /Users/admin/builder/spi-builder-workspace/.swiftpm/xcode
SwiftEmitModule normal arm64 Emitting\ module\ for\ OSet (in target 'OSet' from project 'OSet')
SwiftCompile normal arm64 (in target 'OSet' from project 'OSet')
cd /Users/admin/builder/spi-builder-workspace/.swiftpm/xcode
SwiftCompile normal arm64 Compiling\ PathKit.swift /Users/admin/builder/spi-builder-workspace/.dependencies/checkouts/PathKit/Sources/PathKit.swift (in target 'PathKit' from project 'PathKit')
SwiftCompile normal arm64 /Users/admin/builder/spi-builder-workspace/.dependencies/checkouts/PathKit/Sources/PathKit.swift (in target 'PathKit' from project 'PathKit')
cd /Users/admin/builder/spi-builder-workspace/.swiftpm/xcode
builtin-SwiftPerFileCompile PathKit.swift
SwiftCompile normal arm64 Compiling\ OSet.swift /Users/admin/builder/spi-builder-workspace/.dependencies/checkouts/OSet/Sources/OSet.swift (in target 'OSet' from project 'OSet')
SwiftCompile normal arm64 /Users/admin/builder/spi-builder-workspace/.dependencies/checkouts/OSet/Sources/OSet.swift (in target 'OSet' from project 'OSet')
cd /Users/admin/builder/spi-builder-workspace/.swiftpm/xcode
builtin-SwiftPerFileCompile OSet.swift
SwiftDriverJobDiscovery normal arm64 Emitting module for OSet (in target 'OSet' from project 'OSet')
SwiftDriver\ Compilation\ Requirements OSet normal arm64 com.apple.xcode.tools.swift.compiler (in target 'OSet' from project 'OSet')
cd /Users/admin/builder/spi-builder-workspace/.swiftpm/xcode
builtin-Swift-Compilation-Requirements -- /Applications/Xcode-27.0.0-Release.Candidate.app/Contents/Developer/Toolchains/XcodeDefault.xctoolchain/usr/bin/swiftc -parse-as-library -module-name OSet -Onone @/Users/admin/builder/spi-builder-workspace/.derivedData/Build/Intermediates.noindex/OSet.build/Debug/OSet-t.build/Objects-normal/arm64/OSet.SwiftFileList -DSWIFT_PACKAGE -DDEBUG -DSWIFT_MODULE_RESOURCE_BUNDLE_UNAVAILABLE -DXcode -plugin-path /Applications/Xcode-27.0.0-Release.Candidate.app/Contents/Developer/Toolchains/XcodeDefault.xctoolchain/usr/lib/swift/host/plugins/testing -enable-experimental-feature DebugDescriptionMacro -sdk /Applications/Xcode-27.0.0-Release.Candidate.app/Contents/Developer/Platforms/MacOSX.platform/Developer/SDKs/MacOSX27.0.sdk -target arm64-apple-macos12.0 -g -module-cache-path /Users/admin/builder/spi-builder-workspace/.derivedData/ModuleCache.noindex -Xfrontend -serialize-debugging-options -enable-testing -suppress-warnings -index-store-path /Users/admin/builder/spi-builder-workspace/.derivedData/Index.noindex/DataStore -Xcc -D_LIBCPP_HARDENING_MODE\=_LIBCPP_HARDENING_MODE_DEBUG -swift-version 4.2 -I /Users/admin/builder/spi-builder-workspace/.derivedData/Build/Products/Debug -Isystem /Applications/Xcode-27.0.0-Release.Candidate.app/Contents/Developer/Platforms/MacOSX.platform/Developer/usr/lib -F /Users/admin/builder/spi-builder-workspace/.derivedData/Build/Products/Debug -F /Applications/Xcode-27.0.0-Release.Candidate.app/Contents/Developer/Platforms/MacOSX.platform/Developer/Library/Frameworks -c -j10 -enable-batch-mode -incremental -Xcc -ivfsstatcache -Xcc /Users/admin/builder/spi-builder-workspace/.derivedData/SDKStatCaches.noindex/macosx27.0-26A425-e829b21a6f8c9b70876ba0858053c0446a22442a12e9d48fe1a705f55a1adfc4.sdkstatcache -output-file-map /Users/admin/builder/spi-builder-workspace/.derivedData/Build/Intermediates.noindex/OSet.build/Debug/OSet-t.build/Objects-normal/arm64/OSet-OutputFileMap.json -save-temps -no-color-diagnostics -emit-dependencies -emit-module -emit-module-path /Users/admin/builder/spi-builder-workspace/.derivedData/Build/Intermediates.noindex/OSet.build/Debug/OSet-t.build/Objects-normal/arm64/OSet.swiftmodule -serialize-diagnostics -validate-clang-modules-once -clang-build-session-file /Users/admin/builder/spi-builder-workspace/.derivedData/ModuleCache.noindex/Session.modulevalidation -Xcc -fmodules-prune-interval\=86400 -Xcc -fmodules-prune-after\=345600 -emit-const-values -const-gather-protocols-list /Users/admin/builder/spi-builder-workspace/.derivedData/Build/Intermediates.noindex/OSet.build/Debug/OSet-t.build/Objects-normal/arm64/OSet_const_extract_protocols.json -Xcc -I/Users/admin/builder/spi-builder-workspace/.derivedData/Build/Products/Debug/include -Xcc -I/Users/admin/builder/spi-builder-workspace/.derivedData/Build/Intermediates.noindex/OSet.build/Debug/OSet-t.build/DerivedSources-normal/arm64 -Xcc -I/Users/admin/builder/spi-builder-workspace/.derivedData/Build/Intermediates.noindex/OSet.build/Debug/OSet-t.build/DerivedSources/arm64 -Xcc -I/Users/admin/builder/spi-builder-workspace/.derivedData/Build/Intermediates.noindex/OSet.build/Debug/OSet-t.build/DerivedSources -Xcc -DSWIFT_PACKAGE -Xcc -DDEBUG\=1 -emit-objc-header -emit-objc-header-path /Users/admin/builder/spi-builder-workspace/.derivedData/Build/Intermediates.noindex/OSet.build/Debug/OSet-t.build/Objects-normal/arm64/OSet-Swift.h -working-directory /Users/admin/builder/spi-builder-workspace/.swiftpm/xcode -experimental-emit-module-separately -disable-cmo
SwiftMergeGeneratedHeaders /Users/admin/builder/spi-builder-workspace/.derivedData/Build/Intermediates.noindex/GeneratedModuleMaps/OSet-Swift.h /Users/admin/builder/spi-builder-workspace/.derivedData/Build/Intermediates.noindex/OSet.build/Debug/OSet-t.build/Objects-normal/arm64/OSet-Swift.h (in target 'OSet' from project 'OSet')
cd /Users/admin/builder/spi-builder-workspace/.dependencies/checkouts/OSet
builtin-swiftHeaderTool -arch arm64 /Users/admin/builder/spi-builder-workspace/.derivedData/Build/Intermediates.noindex/OSet.build/Debug/OSet-t.build/Objects-normal/arm64/OSet-Swift.h -o /Users/admin/builder/spi-builder-workspace/.derivedData/Build/Intermediates.noindex/GeneratedModuleMaps/OSet-Swift.h
Copy /Users/admin/builder/spi-builder-workspace/.derivedData/Build/Products/Debug/OSet.swiftmodule/arm64-apple-macos.swiftdoc /Users/admin/builder/spi-builder-workspace/.derivedData/Build/Intermediates.noindex/OSet.build/Debug/OSet-t.build/Objects-normal/arm64/OSet.swiftdoc (in target 'OSet' from project 'OSet')
cd /Users/admin/builder/spi-builder-workspace/.dependencies/checkouts/OSet
builtin-copy -exclude .DS_Store -exclude CVS -exclude .svn -exclude .git -exclude .hg -resolve-src-symlinks -rename /Users/admin/builder/spi-builder-workspace/.derivedData/Build/Intermediates.noindex/OSet.build/Debug/OSet-t.build/Objects-normal/arm64/OSet.swiftdoc /Users/admin/builder/spi-builder-workspace/.derivedData/Build/Products/Debug/OSet.swiftmodule/arm64-apple-macos.swiftdoc
Copy /Users/admin/builder/spi-builder-workspace/.derivedData/Build/Products/Debug/OSet.swiftmodule/arm64-apple-macos.swiftmodule /Users/admin/builder/spi-builder-workspace/.derivedData/Build/Intermediates.noindex/OSet.build/Debug/OSet-t.build/Objects-normal/arm64/OSet.swiftmodule (in target 'OSet' from project 'OSet')
cd /Users/admin/builder/spi-builder-workspace/.dependencies/checkouts/OSet
builtin-copy -exclude .DS_Store -exclude CVS -exclude .svn -exclude .git -exclude .hg -resolve-src-symlinks -rename /Users/admin/builder/spi-builder-workspace/.derivedData/Build/Intermediates.noindex/OSet.build/Debug/OSet-t.build/Objects-normal/arm64/OSet.swiftmodule /Users/admin/builder/spi-builder-workspace/.derivedData/Build/Products/Debug/OSet.swiftmodule/arm64-apple-macos.swiftmodule
Copy /Users/admin/builder/spi-builder-workspace/.derivedData/Build/Products/Debug/OSet.swiftmodule/arm64-apple-macos.abi.json /Users/admin/builder/spi-builder-workspace/.derivedData/Build/Intermediates.noindex/OSet.build/Debug/OSet-t.build/Objects-normal/arm64/OSet.abi.json (in target 'OSet' from project 'OSet')
cd /Users/admin/builder/spi-builder-workspace/.dependencies/checkouts/OSet
builtin-copy -exclude .DS_Store -exclude CVS -exclude .svn -exclude .git -exclude .hg -resolve-src-symlinks -rename /Users/admin/builder/spi-builder-workspace/.derivedData/Build/Intermediates.noindex/OSet.build/Debug/OSet-t.build/Objects-normal/arm64/OSet.abi.json /Users/admin/builder/spi-builder-workspace/.derivedData/Build/Products/Debug/OSet.swiftmodule/arm64-apple-macos.abi.json
Copy /Users/admin/builder/spi-builder-workspace/.derivedData/Build/Products/Debug/OSet.swiftmodule/Project/arm64-apple-macos.swiftsourceinfo /Users/admin/builder/spi-builder-workspace/.derivedData/Build/Intermediates.noindex/OSet.build/Debug/OSet-t.build/Objects-normal/arm64/OSet.swiftsourceinfo (in target 'OSet' from project 'OSet')
cd /Users/admin/builder/spi-builder-workspace/.dependencies/checkouts/OSet
builtin-copy -exclude .DS_Store -exclude CVS -exclude .svn -exclude .git -exclude .hg -resolve-src-symlinks -rename /Users/admin/builder/spi-builder-workspace/.derivedData/Build/Intermediates.noindex/OSet.build/Debug/OSet-t.build/Objects-normal/arm64/OSet.swiftsourceinfo /Users/admin/builder/spi-builder-workspace/.derivedData/Build/Products/Debug/OSet.swiftmodule/Project/arm64-apple-macos.swiftsourceinfo
SwiftDriverJobDiscovery normal arm64 Compiling OSet.swift (in target 'OSet' from project 'OSet')
SwiftDriver\ Compilation OSet normal arm64 com.apple.xcode.tools.swift.compiler (in target 'OSet' from project 'OSet')
cd /Users/admin/builder/spi-builder-workspace/.swiftpm/xcode
builtin-Swift-Compilation -- /Applications/Xcode-27.0.0-Release.Candidate.app/Contents/Developer/Toolchains/XcodeDefault.xctoolchain/usr/bin/swiftc -parse-as-library -module-name OSet -Onone @/Users/admin/builder/spi-builder-workspace/.derivedData/Build/Intermediates.noindex/OSet.build/Debug/OSet-t.build/Objects-normal/arm64/OSet.SwiftFileList -DSWIFT_PACKAGE -DDEBUG -DSWIFT_MODULE_RESOURCE_BUNDLE_UNAVAILABLE -DXcode -plugin-path /Applications/Xcode-27.0.0-Release.Candidate.app/Contents/Developer/Toolchains/XcodeDefault.xctoolchain/usr/lib/swift/host/plugins/testing -enable-experimental-feature DebugDescriptionMacro -sdk /Applications/Xcode-27.0.0-Release.Candidate.app/Contents/Developer/Platforms/MacOSX.platform/Developer/SDKs/MacOSX27.0.sdk -target arm64-apple-macos12.0 -g -module-cache-path /Users/admin/builder/spi-builder-workspace/.derivedData/ModuleCache.noindex -Xfrontend -serialize-debugging-options -enable-testing -suppress-warnings -index-store-path /Users/admin/builder/spi-builder-workspace/.derivedData/Index.noindex/DataStore -Xcc -D_LIBCPP_HARDENING_MODE\=_LIBCPP_HARDENING_MODE_DEBUG -swift-version 4.2 -I /Users/admin/builder/spi-builder-workspace/.derivedData/Build/Products/Debug -Isystem /Applications/Xcode-27.0.0-Release.Candidate.app/Contents/Developer/Platforms/MacOSX.platform/Developer/usr/lib -F /Users/admin/builder/spi-builder-workspace/.derivedData/Build/Products/Debug -F /Applications/Xcode-27.0.0-Release.Candidate.app/Contents/Developer/Platforms/MacOSX.platform/Developer/Library/Frameworks -c -j10 -enable-batch-mode -incremental -Xcc -ivfsstatcache -Xcc /Users/admin/builder/spi-builder-workspace/.derivedData/SDKStatCaches.noindex/macosx27.0-26A425-e829b21a6f8c9b70876ba0858053c0446a22442a12e9d48fe1a705f55a1adfc4.sdkstatcache -output-file-map /Users/admin/builder/spi-builder-workspace/.derivedData/Build/Intermediates.noindex/OSet.build/Debug/OSet-t.build/Objects-normal/arm64/OSet-OutputFileMap.json -save-temps -no-color-diagnostics -emit-dependencies -emit-module -emit-module-path /Users/admin/builder/spi-builder-workspace/.derivedData/Build/Intermediates.noindex/OSet.build/Debug/OSet-t.build/Objects-normal/arm64/OSet.swiftmodule -serialize-diagnostics -validate-clang-modules-once -clang-build-session-file /Users/admin/builder/spi-builder-workspace/.derivedData/ModuleCache.noindex/Session.modulevalidation -Xcc -fmodules-prune-interval\=86400 -Xcc -fmodules-prune-after\=345600 -emit-const-values -const-gather-protocols-list /Users/admin/builder/spi-builder-workspace/.derivedData/Build/Intermediates.noindex/OSet.build/Debug/OSet-t.build/Objects-normal/arm64/OSet_const_extract_protocols.json -Xcc -I/Users/admin/builder/spi-builder-workspace/.derivedData/Build/Products/Debug/include -Xcc -I/Users/admin/builder/spi-builder-workspace/.derivedData/Build/Intermediates.noindex/OSet.build/Debug/OSet-t.build/DerivedSources-normal/arm64 -Xcc -I/Users/admin/builder/spi-builder-workspace/.derivedData/Build/Intermediates.noindex/OSet.build/Debug/OSet-t.build/DerivedSources/arm64 -Xcc -I/Users/admin/builder/spi-builder-workspace/.derivedData/Build/Intermediates.noindex/OSet.build/Debug/OSet-t.build/DerivedSources -Xcc -DSWIFT_PACKAGE -Xcc -DDEBUG\=1 -emit-objc-header -emit-objc-header-path /Users/admin/builder/spi-builder-workspace/.derivedData/Build/Intermediates.noindex/OSet.build/Debug/OSet-t.build/Objects-normal/arm64/OSet-Swift.h -working-directory /Users/admin/builder/spi-builder-workspace/.swiftpm/xcode -experimental-emit-module-separately -disable-cmo
Ld /Users/admin/builder/spi-builder-workspace/.derivedData/Build/Products/Debug/OSet.o normal (in target 'OSet' from project 'OSet')
cd /Users/admin/builder/spi-builder-workspace/.dependencies/checkouts/OSet
/Applications/Xcode-27.0.0-Release.Candidate.app/Contents/Developer/Toolchains/XcodeDefault.xctoolchain/usr/bin/clang -Xlinker -reproducible -target arm64-apple-macos12.0 -r -isysroot /Applications/Xcode-27.0.0-Release.Candidate.app/Contents/Developer/Platforms/MacOSX.platform/Developer/SDKs/MacOSX27.0.sdk -O0 -w -Xlinker -no_warn_duplicate_libraries -F/Users/admin/builder/spi-builder-workspace/.derivedData/Build/Intermediates.noindex/EagerLinkingTBDs/Debug -F/Users/admin/builder/spi-builder-workspace/.derivedData/Build/Products/Debug -iframework /Applications/Xcode-27.0.0-Release.Candidate.app/Contents/Developer/Platforms/MacOSX.platform/Developer/Library/Frameworks -filelist /Users/admin/builder/spi-builder-workspace/.derivedData/Build/Intermediates.noindex/OSet.build/Debug/OSet-t.build/Objects-normal/arm64/OSet.LinkFileList -nostdlib -Xlinker -object_path_lto -Xlinker /Users/admin/builder/spi-builder-workspace/.derivedData/Build/Intermediates.noindex/OSet.build/Debug/OSet-t.build/Objects-normal/arm64/OSet_lto.o -Xlinker -no_deduplicate -Xlinker -dependency_info -Xlinker /Users/admin/builder/spi-builder-workspace/.derivedData/Build/Intermediates.noindex/OSet.build/Debug/OSet-t.build/Objects-normal/arm64/OSet_dependency_info.dat -fobjc-link-runtime -L/Applications/Xcode-27.0.0-Release.Candidate.app/Contents/Developer/Toolchains/XcodeDefault.xctoolchain/usr/lib/swift/macosx -L/usr/lib/swift -Xlinker -add_ast_path -Xlinker /Users/admin/builder/spi-builder-workspace/.derivedData/Build/Intermediates.noindex/OSet.build/Debug/OSet-t.build/Objects-normal/arm64/OSet.swiftmodule -o /Users/admin/builder/spi-builder-workspace/.derivedData/Build/Products/Debug/OSet.o
ExtractAppIntentsMetadata (in target 'OSet' from project 'OSet')
cd /Users/admin/builder/spi-builder-workspace/.dependencies/checkouts/OSet
/Applications/Xcode-27.0.0-Release.Candidate.app/Contents/Developer/Toolchains/XcodeDefault.xctoolchain/usr/bin/appintentsmetadataprocessor --toolchain-dir /var/run/com.apple.security.cryptexd/mnt/com.apple.MobileAsset.MetalToolchain-v27.1.266.1.0b2vkp/Metal.xctoolchain --module-name OSet --sdk-root /Applications/Xcode-27.0.0-Release.Candidate.app/Contents/Developer/Platforms/MacOSX.platform/Developer/SDKs/MacOSX27.0.sdk --xcode-version 27A266a --platform-family macOS --deployment-target 12.0 --bundle-identifier oset.OSet --output /Users/admin/builder/spi-builder-workspace/.derivedData/Build/Products/Debug/OSet.appintents --target-triple arm64-apple-macos12.0 --binary-file /Users/admin/builder/spi-builder-workspace/.derivedData/Build/Products/Debug/OSet.o --dependency-file /Users/admin/builder/spi-builder-workspace/.derivedData/Build/Intermediates.noindex/OSet.build/Debug/OSet-t.build/Objects-normal/arm64/OSet_dependency_info.dat --stringsdata-file /Users/admin/builder/spi-builder-workspace/.derivedData/Build/Intermediates.noindex/OSet.build/Debug/OSet-t.build/Objects-normal/arm64/ExtractedAppShortcutsMetadata.stringsdata --source-file-list /Users/admin/builder/spi-builder-workspace/.derivedData/Build/Intermediates.noindex/OSet.build/Debug/OSet-t.build/Objects-normal/arm64/OSet.SwiftFileList --metadata-file-list /Users/admin/builder/spi-builder-workspace/.derivedData/Build/Intermediates.noindex/OSet.build/Debug/OSet-t.build/OSet.DependencyMetadataFileList --static-metadata-file-list /Users/admin/builder/spi-builder-workspace/.derivedData/Build/Intermediates.noindex/OSet.build/Debug/OSet-t.build/OSet.DependencyStaticMetadataFileList --swift-const-vals-list /Users/admin/builder/spi-builder-workspace/.derivedData/Build/Intermediates.noindex/OSet.build/Debug/OSet-t.build/Objects-normal/arm64/OSet.SwiftConstValuesFileList --force --compile-time-extraction --deployment-aware-processing --no-app-shortcuts-localization
2026-09-17 04:57:14.511 appintentsmetadataprocessor[892:5361] Starting appintentsmetadataprocessor export
2026-09-17 04:57:14.599 appintentsmetadataprocessor[892:5361] Extracted no relevant App Intents symbols, skipping writing output
SwiftDriverJobDiscovery normal arm64 Emitting module for PathKit (in target 'PathKit' from project 'PathKit')
SwiftDriver\ Compilation\ Requirements PathKit normal arm64 com.apple.xcode.tools.swift.compiler (in target 'PathKit' from project 'PathKit')
cd /Users/admin/builder/spi-builder-workspace/.swiftpm/xcode
builtin-Swift-Compilation-Requirements -- /Applications/Xcode-27.0.0-Release.Candidate.app/Contents/Developer/Toolchains/XcodeDefault.xctoolchain/usr/bin/swiftc -parse-as-library -module-name PathKit -Onone @/Users/admin/builder/spi-builder-workspace/.derivedData/Build/Intermediates.noindex/PathKit.build/Debug/PathKit-t.build/Objects-normal/arm64/PathKit.SwiftFileList -DSWIFT_PACKAGE -DDEBUG -DSWIFT_MODULE_RESOURCE_BUNDLE_UNAVAILABLE -DXcode -plugin-path /Applications/Xcode-27.0.0-Release.Candidate.app/Contents/Developer/Toolchains/XcodeDefault.xctoolchain/usr/lib/swift/host/plugins/testing -enable-experimental-feature DebugDescriptionMacro -sdk /Applications/Xcode-27.0.0-Release.Candidate.app/Contents/Developer/Platforms/MacOSX.platform/Developer/SDKs/MacOSX27.0.sdk -target arm64-apple-macos12.0 -g -module-cache-path /Users/admin/builder/spi-builder-workspace/.derivedData/ModuleCache.noindex -Xfrontend -serialize-debugging-options -enable-testing -suppress-warnings -index-store-path /Users/admin/builder/spi-builder-workspace/.derivedData/Index.noindex/DataStore -Xcc -D_LIBCPP_HARDENING_MODE\=_LIBCPP_HARDENING_MODE_DEBUG -swift-version 4.2 -I /Users/admin/builder/spi-builder-workspace/.derivedData/Build/Products/Debug -Isystem /Applications/Xcode-27.0.0-Release.Candidate.app/Contents/Developer/Platforms/MacOSX.platform/Developer/usr/lib -F /Users/admin/builder/spi-builder-workspace/.derivedData/Build/Products/Debug -F /Applications/Xcode-27.0.0-Release.Candidate.app/Contents/Developer/Platforms/MacOSX.platform/Developer/Library/Frameworks -c -j10 -enable-batch-mode -incremental -Xcc -ivfsstatcache -Xcc /Users/admin/builder/spi-builder-workspace/.derivedData/SDKStatCaches.noindex/macosx27.0-26A425-e829b21a6f8c9b70876ba0858053c0446a22442a12e9d48fe1a705f55a1adfc4.sdkstatcache -output-file-map /Users/admin/builder/spi-builder-workspace/.derivedData/Build/Intermediates.noindex/PathKit.build/Debug/PathKit-t.build/Objects-normal/arm64/PathKit-OutputFileMap.json -save-temps -no-color-diagnostics -emit-dependencies -emit-module -emit-module-path /Users/admin/builder/spi-builder-workspace/.derivedData/Build/Intermediates.noindex/PathKit.build/Debug/PathKit-t.build/Objects-normal/arm64/PathKit.swiftmodule -serialize-diagnostics -validate-clang-modules-once -clang-build-session-file /Users/admin/builder/spi-builder-workspace/.derivedData/ModuleCache.noindex/Session.modulevalidation -Xcc -fmodules-prune-interval\=86400 -Xcc -fmodules-prune-after\=345600 -emit-const-values -const-gather-protocols-list /Users/admin/builder/spi-builder-workspace/.derivedData/Build/Intermediates.noindex/PathKit.build/Debug/PathKit-t.build/Objects-normal/arm64/PathKit_const_extract_protocols.json -Xcc -I/Users/admin/builder/spi-builder-workspace/.derivedData/Build/Products/Debug/include -Xcc -I/Users/admin/builder/spi-builder-workspace/.derivedData/Build/Intermediates.noindex/PathKit.build/Debug/PathKit-t.build/DerivedSources-normal/arm64 -Xcc -I/Users/admin/builder/spi-builder-workspace/.derivedData/Build/Intermediates.noindex/PathKit.build/Debug/PathKit-t.build/DerivedSources/arm64 -Xcc -I/Users/admin/builder/spi-builder-workspace/.derivedData/Build/Intermediates.noindex/PathKit.build/Debug/PathKit-t.build/DerivedSources -Xcc -DSWIFT_PACKAGE -Xcc -DDEBUG\=1 -emit-objc-header -emit-objc-header-path /Users/admin/builder/spi-builder-workspace/.derivedData/Build/Intermediates.noindex/PathKit.build/Debug/PathKit-t.build/Objects-normal/arm64/PathKit-Swift.h -working-directory /Users/admin/builder/spi-builder-workspace/.swiftpm/xcode -experimental-emit-module-separately -disable-cmo
SwiftMergeGeneratedHeaders /Users/admin/builder/spi-builder-workspace/.derivedData/Build/Intermediates.noindex/GeneratedModuleMaps/PathKit-Swift.h /Users/admin/builder/spi-builder-workspace/.derivedData/Build/Intermediates.noindex/PathKit.build/Debug/PathKit-t.build/Objects-normal/arm64/PathKit-Swift.h (in target 'PathKit' from project 'PathKit')
cd /Users/admin/builder/spi-builder-workspace/.dependencies/checkouts/PathKit
builtin-swiftHeaderTool -arch arm64 /Users/admin/builder/spi-builder-workspace/.derivedData/Build/Intermediates.noindex/PathKit.build/Debug/PathKit-t.build/Objects-normal/arm64/PathKit-Swift.h -o /Users/admin/builder/spi-builder-workspace/.derivedData/Build/Intermediates.noindex/GeneratedModuleMaps/PathKit-Swift.h
Copy /Users/admin/builder/spi-builder-workspace/.derivedData/Build/Products/Debug/PathKit.swiftmodule/arm64-apple-macos.abi.json /Users/admin/builder/spi-builder-workspace/.derivedData/Build/Intermediates.noindex/PathKit.build/Debug/PathKit-t.build/Objects-normal/arm64/PathKit.abi.json (in target 'PathKit' from project 'PathKit')
cd /Users/admin/builder/spi-builder-workspace/.dependencies/checkouts/PathKit
builtin-copy -exclude .DS_Store -exclude CVS -exclude .svn -exclude .git -exclude .hg -resolve-src-symlinks -rename /Users/admin/builder/spi-builder-workspace/.derivedData/Build/Intermediates.noindex/PathKit.build/Debug/PathKit-t.build/Objects-normal/arm64/PathKit.abi.json /Users/admin/builder/spi-builder-workspace/.derivedData/Build/Products/Debug/PathKit.swiftmodule/arm64-apple-macos.abi.json
Copy /Users/admin/builder/spi-builder-workspace/.derivedData/Build/Products/Debug/PathKit.swiftmodule/arm64-apple-macos.swiftmodule /Users/admin/builder/spi-builder-workspace/.derivedData/Build/Intermediates.noindex/PathKit.build/Debug/PathKit-t.build/Objects-normal/arm64/PathKit.swiftmodule (in target 'PathKit' from project 'PathKit')
cd /Users/admin/builder/spi-builder-workspace/.dependencies/checkouts/PathKit
builtin-copy -exclude .DS_Store -exclude CVS -exclude .svn -exclude .git -exclude .hg -resolve-src-symlinks -rename /Users/admin/builder/spi-builder-workspace/.derivedData/Build/Intermediates.noindex/PathKit.build/Debug/PathKit-t.build/Objects-normal/arm64/PathKit.swiftmodule /Users/admin/builder/spi-builder-workspace/.derivedData/Build/Products/Debug/PathKit.swiftmodule/arm64-apple-macos.swiftmodule
Copy /Users/admin/builder/spi-builder-workspace/.derivedData/Build/Products/Debug/PathKit.swiftmodule/arm64-apple-macos.swiftdoc /Users/admin/builder/spi-builder-workspace/.derivedData/Build/Intermediates.noindex/PathKit.build/Debug/PathKit-t.build/Objects-normal/arm64/PathKit.swiftdoc (in target 'PathKit' from project 'PathKit')
cd /Users/admin/builder/spi-builder-workspace/.dependencies/checkouts/PathKit
builtin-copy -exclude .DS_Store -exclude CVS -exclude .svn -exclude .git -exclude .hg -resolve-src-symlinks -rename /Users/admin/builder/spi-builder-workspace/.derivedData/Build/Intermediates.noindex/PathKit.build/Debug/PathKit-t.build/Objects-normal/arm64/PathKit.swiftdoc /Users/admin/builder/spi-builder-workspace/.derivedData/Build/Products/Debug/PathKit.swiftmodule/arm64-apple-macos.swiftdoc
Copy /Users/admin/builder/spi-builder-workspace/.derivedData/Build/Products/Debug/PathKit.swiftmodule/Project/arm64-apple-macos.swiftsourceinfo /Users/admin/builder/spi-builder-workspace/.derivedData/Build/Intermediates.noindex/PathKit.build/Debug/PathKit-t.build/Objects-normal/arm64/PathKit.swiftsourceinfo (in target 'PathKit' from project 'PathKit')
cd /Users/admin/builder/spi-builder-workspace/.dependencies/checkouts/PathKit
builtin-copy -exclude .DS_Store -exclude CVS -exclude .svn -exclude .git -exclude .hg -resolve-src-symlinks -rename /Users/admin/builder/spi-builder-workspace/.derivedData/Build/Intermediates.noindex/PathKit.build/Debug/PathKit-t.build/Objects-normal/arm64/PathKit.swiftsourceinfo /Users/admin/builder/spi-builder-workspace/.derivedData/Build/Products/Debug/PathKit.swiftmodule/Project/arm64-apple-macos.swiftsourceinfo
SwiftDriver sciv normal arm64 com.apple.xcode.tools.swift.compiler (in target 'sciv-product' from project 'sciv')
cd /Users/admin/builder/spi-builder-workspace/.swiftpm/xcode
builtin-SwiftDriver -- /Applications/Xcode-27.0.0-Release.Candidate.app/Contents/Developer/Toolchains/XcodeDefault.xctoolchain/usr/bin/swiftc -module-name sciv -Onone @/Users/admin/builder/spi-builder-workspace/.derivedData/Build/Intermediates.noindex/sciv.build/Debug/sciv-p.build/Objects-normal/arm64/sciv.SwiftFileList -DSWIFT_PACKAGE -DDEBUG -Xcc -fmodule-map-file\=/Users/admin/builder/spi-builder-workspace/.dependencies/checkouts/Cwebp/module.modulemap -Xcc -fmodule-map-file\=/Users/admin/builder/spi-builder-workspace/.dependencies/checkouts/Cpcre/module.modulemap -DXcode -plugin-path /Applications/Xcode-27.0.0-Release.Candidate.app/Contents/Developer/Toolchains/XcodeDefault.xctoolchain/usr/lib/swift/host/plugins/testing -enable-experimental-feature DebugDescriptionMacro -sdk /Applications/Xcode-27.0.0-Release.Candidate.app/Contents/Developer/Platforms/MacOSX.platform/Developer/SDKs/MacOSX27.0.sdk -target arm64-apple-macos12.0 -g -module-cache-path /Users/admin/builder/spi-builder-workspace/.derivedData/ModuleCache.noindex -Xfrontend -serialize-debugging-options -enable-testing -index-store-path /Users/admin/builder/spi-builder-workspace/.derivedData/Index.noindex/DataStore -Xcc -D_LIBCPP_HARDENING_MODE\=_LIBCPP_HARDENING_MODE_DEBUG -swift-version 4.2 -I /Users/admin/builder/spi-builder-workspace/.derivedData/Build/Products/Debug -Isystem /Applications/Xcode-27.0.0-Release.Candidate.app/Contents/Developer/Platforms/MacOSX.platform/Developer/usr/lib -F /Users/admin/builder/spi-builder-workspace/.derivedData/Build/Products/Debug/PackageFrameworks -F /Users/admin/builder/spi-builder-workspace/.derivedData/Build/Products/Debug -F /Applications/Xcode-27.0.0-Release.Candidate.app/Contents/Developer/Platforms/MacOSX.platform/Developer/Library/Frameworks -c -j10 -enable-batch-mode -incremental -Xcc -ivfsstatcache -Xcc /Users/admin/builder/spi-builder-workspace/.derivedData/SDKStatCaches.noindex/macosx27.0-26A425-e829b21a6f8c9b70876ba0858053c0446a22442a12e9d48fe1a705f55a1adfc4.sdkstatcache -output-file-map /Users/admin/builder/spi-builder-workspace/.derivedData/Build/Intermediates.noindex/sciv.build/Debug/sciv-p.build/Objects-normal/arm64/sciv-OutputFileMap.json -save-temps -no-color-diagnostics -emit-dependencies -emit-module -emit-module-path /Users/admin/builder/spi-builder-workspace/.derivedData/Build/Intermediates.noindex/sciv.build/Debug/sciv-p.build/Objects-normal/arm64/sciv.swiftmodule -serialize-diagnostics -validate-clang-modules-once -clang-build-session-file /Users/admin/builder/spi-builder-workspace/.derivedData/ModuleCache.noindex/Session.modulevalidation -Xcc -fmodules-prune-interval\=86400 -Xcc -fmodules-prune-after\=345600 -emit-const-values -const-gather-protocols-list /Users/admin/builder/spi-builder-workspace/.derivedData/Build/Intermediates.noindex/sciv.build/Debug/sciv-p.build/Objects-normal/arm64/sciv_const_extract_protocols.json -Xcc -I/Users/admin/builder/spi-builder-workspace/.derivedData/Build/Products/Debug/include -Xcc -I/Users/admin/builder/spi-builder-workspace/.derivedData/Build/Intermediates.noindex/sciv.build/Debug/sciv-p.build/DerivedSources-normal/arm64 -Xcc -I/Users/admin/builder/spi-builder-workspace/.derivedData/Build/Intermediates.noindex/sciv.build/Debug/sciv-p.build/DerivedSources/arm64 -Xcc -I/Users/admin/builder/spi-builder-workspace/.derivedData/Build/Intermediates.noindex/sciv.build/Debug/sciv-p.build/DerivedSources -Xcc -DSWIFT_PACKAGE -Xcc -DDEBUG\=1 -working-directory /Users/admin/builder/spi-builder-workspace/.swiftpm/xcode -experimental-emit-module-separately -disable-cmo
SwiftCompile normal arm64 Compiling\ Files.swift /Users/admin/builder/spi-builder-workspace/Sources/Files.swift (in target 'sciv-product' from project 'sciv')
SwiftCompile normal arm64 /Users/admin/builder/spi-builder-workspace/Sources/Files.swift (in target 'sciv-product' from project 'sciv')
cd /Users/admin/builder/spi-builder-workspace/.swiftpm/xcode
builtin-SwiftPerFileCompile Files.swift
/Users/admin/builder/spi-builder-workspace/.dependencies/checkouts/Cwebp/module.modulemap:3:16: error: header '/usr/local/include/webp/decode.h' not found
1 | module Cwebp [system] {
2 | module Decode {
3 | header "/usr/local/include/webp/decode.h"
| `- error: header '/usr/local/include/webp/decode.h' not found
4 | export *
5 | }
SwiftCompile normal arm64 Compiling\ Utils.swift /Users/admin/builder/spi-builder-workspace/Sources/Utils.swift (in target 'sciv-product' from project 'sciv')
SwiftCompile normal arm64 /Users/admin/builder/spi-builder-workspace/Sources/Utils.swift (in target 'sciv-product' from project 'sciv')
cd /Users/admin/builder/spi-builder-workspace/.swiftpm/xcode
builtin-SwiftPerFileCompile Utils.swift
/Users/admin/builder/spi-builder-workspace/.dependencies/checkouts/Cwebp/module.modulemap:3:16: error: header '/usr/local/include/webp/decode.h' not found
1 | module Cwebp [system] {
2 | module Decode {
3 | header "/usr/local/include/webp/decode.h"
| `- error: header '/usr/local/include/webp/decode.h' not found
4 | export *
5 | }
SwiftCompile normal arm64 Compiling\ main.swift /Users/admin/builder/spi-builder-workspace/Sources/main.swift (in target 'sciv-product' from project 'sciv')
/Users/admin/builder/spi-builder-workspace/.dependencies/checkouts/Cwebp/module.modulemap:3:16: error: header '/usr/local/include/webp/decode.h' not found
1 | module Cwebp [system] {
2 | module Decode {
3 | header "/usr/local/include/webp/decode.h"
| `- error: header '/usr/local/include/webp/decode.h' not found
4 | export *
5 | }
SwiftCompile normal arm64 /Users/admin/builder/spi-builder-workspace/Sources/main.swift (in target 'sciv-product' from project 'sciv')
cd /Users/admin/builder/spi-builder-workspace/.swiftpm/xcode
builtin-SwiftPerFileCompile main.swift
SwiftCompile normal arm64 Compiling\ AlertView.swift /Users/admin/builder/spi-builder-workspace/Sources/AlertView.swift (in target 'sciv-product' from project 'sciv')
/Users/admin/builder/spi-builder-workspace/.dependencies/checkouts/Cwebp/module.modulemap:3:16: error: header '/usr/local/include/webp/decode.h' not found
1 | module Cwebp [system] {
2 | module Decode {
3 | header "/usr/local/include/webp/decode.h"
| `- error: header '/usr/local/include/webp/decode.h' not found
4 | export *
5 | }
SwiftCompile normal arm64 /Users/admin/builder/spi-builder-workspace/Sources/AlertView.swift (in target 'sciv-product' from project 'sciv')
cd /Users/admin/builder/spi-builder-workspace/.swiftpm/xcode
builtin-SwiftPerFileCompile AlertView.swift
SwiftCompile normal arm64 Compiling\ StatusView.swift /Users/admin/builder/spi-builder-workspace/Sources/StatusView.swift (in target 'sciv-product' from project 'sciv')
/Users/admin/builder/spi-builder-workspace/.dependencies/checkouts/Cwebp/module.modulemap:3:16: error: header '/usr/local/include/webp/decode.h' not found
1 | module Cwebp [system] {
2 | module Decode {
3 | header "/usr/local/include/webp/decode.h"
| `- error: header '/usr/local/include/webp/decode.h' not found
4 | export *
5 | }
SwiftCompile normal arm64 /Users/admin/builder/spi-builder-workspace/Sources/StatusView.swift (in target 'sciv-product' from project 'sciv')
cd /Users/admin/builder/spi-builder-workspace/.swiftpm/xcode
builtin-SwiftPerFileCompile StatusView.swift
SwiftCompile normal arm64 Compiling\ Imager.swift /Users/admin/builder/spi-builder-workspace/Sources/Imager.swift (in target 'sciv-product' from project 'sciv')
SwiftCompile normal arm64 /Users/admin/builder/spi-builder-workspace/Sources/Imager.swift (in target 'sciv-product' from project 'sciv')
cd /Users/admin/builder/spi-builder-workspace/.swiftpm/xcode
builtin-SwiftPerFileCompile Imager.swift
/Users/admin/builder/spi-builder-workspace/.dependencies/checkouts/Cwebp/module.modulemap:3:16: error: header '/usr/local/include/webp/decode.h' not found
1 | module Cwebp [system] {
2 | module Decode {
3 | header "/usr/local/include/webp/decode.h"
| `- error: header '/usr/local/include/webp/decode.h' not found
4 | export *
5 | }
SwiftCompile normal arm64 Compiling\ Commander.swift /Users/admin/builder/spi-builder-workspace/Sources/Commander.swift (in target 'sciv-product' from project 'sciv')
/Users/admin/builder/spi-builder-workspace/.dependencies/checkouts/Cwebp/module.modulemap:3:16: error: header '/usr/local/include/webp/decode.h' not found
1 | module Cwebp [system] {
2 | module Decode {
3 | header "/usr/local/include/webp/decode.h"
| `- error: header '/usr/local/include/webp/decode.h' not found
4 | export *
5 | }
SwiftCompile normal arm64 /Users/admin/builder/spi-builder-workspace/Sources/Commander.swift (in target 'sciv-product' from project 'sciv')
cd /Users/admin/builder/spi-builder-workspace/.swiftpm/xcode
builtin-SwiftPerFileCompile Commander.swift
SwiftEmitModule normal arm64 Emitting\ module\ for\ sciv (in target 'sciv-product' from project 'sciv')
/Users/admin/builder/spi-builder-workspace/.dependencies/checkouts/Cwebp/module.modulemap:3:16: error: header '/usr/local/include/webp/decode.h' not found
1 | module Cwebp [system] {
2 | module Decode {
3 | header "/usr/local/include/webp/decode.h"
| `- error: header '/usr/local/include/webp/decode.h' not found
4 | export *
5 | }
/Users/admin/builder/spi-builder-workspace/Sources/Imager.swift:3:8: error: could not build Objective-C module 'Cwebp'
1 | import AppKit
2 | import PathKit
3 | import Cwebp
| `- error: could not build Objective-C module 'Cwebp'
4 |
5 | extension NSImage {
Failed frontend command:
/Applications/Xcode-27.0.0-Release.Candidate.app/Contents/Developer/Toolchains/XcodeDefault.xctoolchain/usr/bin/swift-frontend -frontend -emit-module -experimental-skip-non-inlinable-function-bodies-without-types /Users/admin/builder/spi-builder-workspace/Sources/AlertView.swift /Users/admin/builder/spi-builder-workspace/Sources/Commander.swift /Users/admin/builder/spi-builder-workspace/Sources/Files.swift /Users/admin/builder/spi-builder-workspace/Sources/Imager.swift /Users/admin/builder/spi-builder-workspace/Sources/StatusView.swift /Users/admin/builder/spi-builder-workspace/Sources/Utils.swift /Users/admin/builder/spi-builder-workspace/Sources/main.swift -target arm64-apple-macos12.0 -Xllvm -aarch64-use-tbi -enable-objc-interop -stack-check -sdk /Applications/Xcode-27.0.0-Release.Candidate.app/Contents/Developer/Platforms/MacOSX.platform/Developer/SDKs/MacOSX27.0.sdk -I /Users/admin/builder/spi-builder-workspace/.derivedData/Build/Products/Debug -Isystem /Applications/Xcode-27.0.0-Release.Candidate.app/Contents/Developer/Platforms/MacOSX.platform/Developer/usr/lib -F /Users/admin/builder/spi-builder-workspace/.derivedData/Build/Products/Debug/PackageFrameworks -F /Users/admin/builder/spi-builder-workspace/.derivedData/Build/Products/Debug -F /Applications/Xcode-27.0.0-Release.Candidate.app/Contents/Developer/Platforms/MacOSX.platform/Developer/Library/Frameworks -module-cache-path /Users/admin/builder/spi-builder-workspace/.derivedData/ModuleCache.noindex -no-color-diagnostics -Xcc -fno-color-diagnostics -enable-testing -g -debug-info-format\=dwarf -dwarf-version\=4 -swift-version 4.2 -Onone -D SWIFT_PACKAGE -D DEBUG -D Xcode -serialize-debugging-options -enable-experimental-feature DebugDescriptionMacro -empty-abi-descriptor -plugin-path /Applications/Xcode-27.0.0-Release.Candidate.app/Contents/Developer/Toolchains/XcodeDefault.xctoolchain/usr/lib/swift/host/plugins/testing -validate-clang-modules-once -clang-build-session-file /Users/admin/builder/spi-builder-workspace/.derivedData/ModuleCache.noindex/Session.modulevalidation -Xcc -working-directory -Xcc /Users/admin/builder/spi-builder-workspace/.swiftpm/xcode -enable-anonymous-context-mangled-names -file-compilation-dir /Users/admin/builder/spi-builder-workspace/.swiftpm/xcode -Xcc -fmodule-map-file\=/Users/admin/builder/spi-builder-workspace/.dependencies/checkouts/Cwebp/module.modulemap -Xcc -fmodule-map-file\=/Users/admin/builder/spi-builder-workspace/.dependencies/checkouts/Cpcre/module.modulemap -Xcc -D_LIBCPP_HARDENING_MODE\=_LIBCPP_HARDENING_MODE_DEBUG -Xcc -ivfsstatcache -Xcc /Users/admin/builder/spi-builder-workspace/.derivedData/SDKStatCaches.noindex/macosx27.0-26A425-e829b21a6f8c9b70876ba0858053c0446a22442a12e9d48fe1a705f55a1adfc4.sdkstatcache -Xcc -fmodules-prune-interval\=86400 -Xcc -fmodules-prune-after\=345600 -Xcc -I/Users/admin/builder/spi-builder-workspace/.derivedData/Build/Products/Debug/include -Xcc -I/Users/admin/builder/spi-builder-workspace/.derivedData/Build/Intermediates.noindex/sciv.build/Debug/sciv-p.build/DerivedSources-normal/arm64 -Xcc -I/Users/admin/builder/spi-builder-workspace/.derivedData/Build/Intermediates.noindex/sciv.build/Debug/sciv-p.build/DerivedSources/arm64 -Xcc -I/Users/admin/builder/spi-builder-workspace/.derivedData/Build/Intermediates.noindex/sciv.build/Debug/sciv-p.build/DerivedSources -Xcc -DSWIFT_PACKAGE -Xcc -DDEBUG\=1 -no-auto-bridging-header-chaining -module-name sciv -const-gather-protocols-file /Users/admin/builder/spi-builder-workspace/.derivedData/Build/Intermediates.noindex/sciv.build/Debug/sciv-p.build/Objects-normal/arm64/sciv_const_extract_protocols.json -disable-clang-spi -target-sdk-version 27.0 -target-sdk-name macosx27.0 -external-plugin-path /Applications/Xcode-27.0.0-Release.Candidate.app/Contents/Developer/Platforms/MacOSX.platform/Developer/usr/lib/swift/host/plugins\#/Applications/Xcode-27.0.0-Release.Candidate.app/Contents/Developer/Platforms/MacOSX.platform/Developer/usr/bin/swift-plugin-server -external-plugin-path /Applications/Xcode-27.0.0-Release.Candidate.app/Contents/Developer/Platforms/MacOSX.platform/Developer/usr/local/lib/swift/host/plugins\#/Applications/Xcode-27.0.0-Release.Candidate.app/Contents/Developer/Platforms/MacOSX.platform/Developer/usr/bin/swift-plugin-server -in-process-plugin-server-path /Applications/Xcode-27.0.0-Release.Candidate.app/Contents/Developer/Toolchains/XcodeDefault.xctoolchain/usr/lib/swift/host/libSwiftInProcPluginServer.dylib -plugin-path /Applications/Xcode-27.0.0-Release.Candidate.app/Contents/Developer/Toolchains/XcodeDefault.xctoolchain/usr/lib/swift/host/plugins -plugin-path /Applications/Xcode-27.0.0-Release.Candidate.app/Contents/Developer/Toolchains/XcodeDefault.xctoolchain/usr/local/lib/swift/host/plugins -emit-module-doc-path /Users/admin/builder/spi-builder-workspace/.derivedData/Build/Intermediates.noindex/sciv.build/Debug/sciv-p.build/Objects-normal/arm64/sciv.swiftdoc -emit-module-source-info-path /Users/admin/builder/spi-builder-workspace/.derivedData/Build/Intermediates.noindex/sciv.build/Debug/sciv-p.build/Objects-normal/arm64/sciv.swiftsourceinfo -serialize-diagnostics-path /Users/admin/builder/spi-builder-workspace/.derivedData/Build/Intermediates.noindex/sciv.build/Debug/sciv-p.build/Objects-normal/arm64/sciv-primary-emit-module.dia -emit-dependencies-path /Users/admin/builder/spi-builder-workspace/.derivedData/Build/Intermediates.noindex/sciv.build/Debug/sciv-p.build/Objects-normal/arm64/sciv-primary-emit-module.d -o /Users/admin/builder/spi-builder-workspace/.derivedData/Build/Intermediates.noindex/sciv.build/Debug/sciv-p.build/Objects-normal/arm64/sciv.swiftmodule -emit-abi-descriptor-path /Users/admin/builder/spi-builder-workspace/.derivedData/Build/Intermediates.noindex/sciv.build/Debug/sciv-p.build/Objects-normal/arm64/sciv.abi.json
SwiftCompile normal arm64 (in target 'sciv-product' from project 'sciv')
cd /Users/admin/builder/spi-builder-workspace/.swiftpm/xcode
SwiftDriverJobDiscovery normal arm64 Compiling PathKit.swift (in target 'PathKit' from project 'PathKit')
SwiftDriver\ Compilation PathKit normal arm64 com.apple.xcode.tools.swift.compiler (in target 'PathKit' from project 'PathKit')
cd /Users/admin/builder/spi-builder-workspace/.swiftpm/xcode
builtin-Swift-Compilation -- /Applications/Xcode-27.0.0-Release.Candidate.app/Contents/Developer/Toolchains/XcodeDefault.xctoolchain/usr/bin/swiftc -parse-as-library -module-name PathKit -Onone @/Users/admin/builder/spi-builder-workspace/.derivedData/Build/Intermediates.noindex/PathKit.build/Debug/PathKit-t.build/Objects-normal/arm64/PathKit.SwiftFileList -DSWIFT_PACKAGE -DDEBUG -DSWIFT_MODULE_RESOURCE_BUNDLE_UNAVAILABLE -DXcode -plugin-path /Applications/Xcode-27.0.0-Release.Candidate.app/Contents/Developer/Toolchains/XcodeDefault.xctoolchain/usr/lib/swift/host/plugins/testing -enable-experimental-feature DebugDescriptionMacro -sdk /Applications/Xcode-27.0.0-Release.Candidate.app/Contents/Developer/Platforms/MacOSX.platform/Developer/SDKs/MacOSX27.0.sdk -target arm64-apple-macos12.0 -g -module-cache-path /Users/admin/builder/spi-builder-workspace/.derivedData/ModuleCache.noindex -Xfrontend -serialize-debugging-options -enable-testing -suppress-warnings -index-store-path /Users/admin/builder/spi-builder-workspace/.derivedData/Index.noindex/DataStore -Xcc -D_LIBCPP_HARDENING_MODE\=_LIBCPP_HARDENING_MODE_DEBUG -swift-version 4.2 -I /Users/admin/builder/spi-builder-workspace/.derivedData/Build/Products/Debug -Isystem /Applications/Xcode-27.0.0-Release.Candidate.app/Contents/Developer/Platforms/MacOSX.platform/Developer/usr/lib -F /Users/admin/builder/spi-builder-workspace/.derivedData/Build/Products/Debug -F /Applications/Xcode-27.0.0-Release.Candidate.app/Contents/Developer/Platforms/MacOSX.platform/Developer/Library/Frameworks -c -j10 -enable-batch-mode -incremental -Xcc -ivfsstatcache -Xcc /Users/admin/builder/spi-builder-workspace/.derivedData/SDKStatCaches.noindex/macosx27.0-26A425-e829b21a6f8c9b70876ba0858053c0446a22442a12e9d48fe1a705f55a1adfc4.sdkstatcache -output-file-map /Users/admin/builder/spi-builder-workspace/.derivedData/Build/Intermediates.noindex/PathKit.build/Debug/PathKit-t.build/Objects-normal/arm64/PathKit-OutputFileMap.json -save-temps -no-color-diagnostics -emit-dependencies -emit-module -emit-module-path /Users/admin/builder/spi-builder-workspace/.derivedData/Build/Intermediates.noindex/PathKit.build/Debug/PathKit-t.build/Objects-normal/arm64/PathKit.swiftmodule -serialize-diagnostics -validate-clang-modules-once -clang-build-session-file /Users/admin/builder/spi-builder-workspace/.derivedData/ModuleCache.noindex/Session.modulevalidation -Xcc -fmodules-prune-interval\=86400 -Xcc -fmodules-prune-after\=345600 -emit-const-values -const-gather-protocols-list /Users/admin/builder/spi-builder-workspace/.derivedData/Build/Intermediates.noindex/PathKit.build/Debug/PathKit-t.build/Objects-normal/arm64/PathKit_const_extract_protocols.json -Xcc -I/Users/admin/builder/spi-builder-workspace/.derivedData/Build/Products/Debug/include -Xcc -I/Users/admin/builder/spi-builder-workspace/.derivedData/Build/Intermediates.noindex/PathKit.build/Debug/PathKit-t.build/DerivedSources-normal/arm64 -Xcc -I/Users/admin/builder/spi-builder-workspace/.derivedData/Build/Intermediates.noindex/PathKit.build/Debug/PathKit-t.build/DerivedSources/arm64 -Xcc -I/Users/admin/builder/spi-builder-workspace/.derivedData/Build/Intermediates.noindex/PathKit.build/Debug/PathKit-t.build/DerivedSources -Xcc -DSWIFT_PACKAGE -Xcc -DDEBUG\=1 -emit-objc-header -emit-objc-header-path /Users/admin/builder/spi-builder-workspace/.derivedData/Build/Intermediates.noindex/PathKit.build/Debug/PathKit-t.build/Objects-normal/arm64/PathKit-Swift.h -working-directory /Users/admin/builder/spi-builder-workspace/.swiftpm/xcode -experimental-emit-module-separately -disable-cmo
Ld /Users/admin/builder/spi-builder-workspace/.derivedData/Build/Products/Debug/PathKit.o normal (in target 'PathKit' from project 'PathKit')
cd /Users/admin/builder/spi-builder-workspace/.dependencies/checkouts/PathKit
/Applications/Xcode-27.0.0-Release.Candidate.app/Contents/Developer/Toolchains/XcodeDefault.xctoolchain/usr/bin/clang -Xlinker -reproducible -target arm64-apple-macos12.0 -r -isysroot /Applications/Xcode-27.0.0-Release.Candidate.app/Contents/Developer/Platforms/MacOSX.platform/Developer/SDKs/MacOSX27.0.sdk -O0 -w -Xlinker -no_warn_duplicate_libraries -F/Users/admin/builder/spi-builder-workspace/.derivedData/Build/Intermediates.noindex/EagerLinkingTBDs/Debug -F/Users/admin/builder/spi-builder-workspace/.derivedData/Build/Products/Debug -iframework /Applications/Xcode-27.0.0-Release.Candidate.app/Contents/Developer/Platforms/MacOSX.platform/Developer/Library/Frameworks -filelist /Users/admin/builder/spi-builder-workspace/.derivedData/Build/Intermediates.noindex/PathKit.build/Debug/PathKit-t.build/Objects-normal/arm64/PathKit.LinkFileList -nostdlib -Xlinker -object_path_lto -Xlinker /Users/admin/builder/spi-builder-workspace/.derivedData/Build/Intermediates.noindex/PathKit.build/Debug/PathKit-t.build/Objects-normal/arm64/PathKit_lto.o -Xlinker -no_deduplicate -Xlinker -dependency_info -Xlinker /Users/admin/builder/spi-builder-workspace/.derivedData/Build/Intermediates.noindex/PathKit.build/Debug/PathKit-t.build/Objects-normal/arm64/PathKit_dependency_info.dat -fobjc-link-runtime -L/Applications/Xcode-27.0.0-Release.Candidate.app/Contents/Developer/Toolchains/XcodeDefault.xctoolchain/usr/lib/swift/macosx -L/usr/lib/swift -Xlinker -add_ast_path -Xlinker /Users/admin/builder/spi-builder-workspace/.derivedData/Build/Intermediates.noindex/PathKit.build/Debug/PathKit-t.build/Objects-normal/arm64/PathKit.swiftmodule -o /Users/admin/builder/spi-builder-workspace/.derivedData/Build/Products/Debug/PathKit.o
ExtractAppIntentsMetadata (in target 'PathKit' from project 'PathKit')
cd /Users/admin/builder/spi-builder-workspace/.dependencies/checkouts/PathKit
/Applications/Xcode-27.0.0-Release.Candidate.app/Contents/Developer/Toolchains/XcodeDefault.xctoolchain/usr/bin/appintentsmetadataprocessor --toolchain-dir /var/run/com.apple.security.cryptexd/mnt/com.apple.MobileAsset.MetalToolchain-v27.1.266.1.0b2vkp/Metal.xctoolchain --module-name PathKit --sdk-root /Applications/Xcode-27.0.0-Release.Candidate.app/Contents/Developer/Platforms/MacOSX.platform/Developer/SDKs/MacOSX27.0.sdk --xcode-version 27A266a --platform-family macOS --deployment-target 12.0 --bundle-identifier pathkit.PathKit --output /Users/admin/builder/spi-builder-workspace/.derivedData/Build/Products/Debug/PathKit.appintents --target-triple arm64-apple-macos12.0 --binary-file /Users/admin/builder/spi-builder-workspace/.derivedData/Build/Products/Debug/PathKit.o --dependency-file /Users/admin/builder/spi-builder-workspace/.derivedData/Build/Intermediates.noindex/PathKit.build/Debug/PathKit-t.build/Objects-normal/arm64/PathKit_dependency_info.dat --stringsdata-file /Users/admin/builder/spi-builder-workspace/.derivedData/Build/Intermediates.noindex/PathKit.build/Debug/PathKit-t.build/Objects-normal/arm64/ExtractedAppShortcutsMetadata.stringsdata --source-file-list /Users/admin/builder/spi-builder-workspace/.derivedData/Build/Intermediates.noindex/PathKit.build/Debug/PathKit-t.build/Objects-normal/arm64/PathKit.SwiftFileList --metadata-file-list /Users/admin/builder/spi-builder-workspace/.derivedData/Build/Intermediates.noindex/PathKit.build/Debug/PathKit-t.build/PathKit.DependencyMetadataFileList --static-metadata-file-list /Users/admin/builder/spi-builder-workspace/.derivedData/Build/Intermediates.noindex/PathKit.build/Debug/PathKit-t.build/PathKit.DependencyStaticMetadataFileList --swift-const-vals-list /Users/admin/builder/spi-builder-workspace/.derivedData/Build/Intermediates.noindex/PathKit.build/Debug/PathKit-t.build/Objects-normal/arm64/PathKit.SwiftConstValuesFileList --force --compile-time-extraction --deployment-aware-processing --no-app-shortcuts-localization
2026-09-17 04:57:17.029 appintentsmetadataprocessor[903:5432] Starting appintentsmetadataprocessor export
2026-09-17 04:57:17.089 appintentsmetadataprocessor[903:5432] Extracted no relevant App Intents symbols, skipping writing output
PruneExplicitPrecompiledModules /Users/admin/builder/spi-builder-workspace/.derivedData/Build/Intermediates.noindex/SwiftExplicitPrecompiledModules
PruneExplicitPrecompiledModules /Users/admin/builder/spi-builder-workspace/.derivedData/Build/Intermediates.noindex/ExplicitPrecompiledModules
PruneExplicitPrecompiledModules /Users/admin/builder/spi-builder-workspace/.derivedData/SDKExplicitPrecompiledModules
2026-09-17 04:57:10.556 xcodebuild[831:5008] [MT] IDERunDestination: Supported platforms for the buildables in the current scheme is empty.
--- xcodebuild: WARNING: Using the first of multiple matching destinations:
{ platform:macOS, arch:arm64, id:949d272f7d199cf32dc0df61423522ba18e05910, name:My Mac }
{ platform:macOS, arch:arm64, variant:Mac Catalyst, id:949d272f7d199cf32dc0df61423522ba18e05910, name:My Mac }
{ platform:macOS, arch:arm64, variant:DriverKit, id:949d272f7d199cf32dc0df61423522ba18e05910, name:My Mac }
{ platform:macOS, arch:arm64, variant:Designed for [iPad,iPhone], id:949d272f7d199cf32dc0df61423522ba18e05910, name:My Mac }
** BUILD FAILED **
The following build commands failed:
SwiftEmitModule normal arm64 Emitting\ module\ for\ sciv (in target 'sciv-product' from project 'sciv')
SwiftCompile normal arm64 (in target 'sciv-product' from project 'sciv')
Building workspace sciv with scheme sciv
(3 failures)
Command line invocation:
/Applications/Xcode-27.0.0-Release.Candidate.app/Contents/Developer/usr/bin/xcodebuild -IDEClonedSourcePackagesDirPathOverride=/Users/admin/builder/spi-builder-workspace/.dependencies -resolvePackageDependencies
Resolve Package Graph
ignoring declared target(s) 'Cwebp' in the system packagesystem packages are deprecated; use system library targets insteadignoring declared target(s) 'Cpcre' in the system packagesystem packages are deprecated; use system library targets insteaddependency 'cpcre' is not used by any targetdependency 'cwebp' is not used by any target
Resolved source packages:
Cwebp: https://github.com/sciv-img/Cwebp @ 2.0.0
sciv: /Users/admin/builder/spi-builder-workspace
OSet: https://github.com/sciv-img/OSet @ 0.6.0
Cpcre: https://github.com/sciv-img/Cpcre @ 2.0.0
Spectre: https://github.com/kylef/Spectre.git @ 0.9.2
PathKit: https://github.com/kylef/PathKit @ 1.0.0
resolved source packages: Cwebp, sciv, OSet, Cpcre, Spectre, PathKit
2026-09-17 04:57:19.663 xcodebuild[904:5499] [MT] IDERunDestination: Supported platforms for the buildables in the current scheme is empty.
{
"dependencies" : [
{
"identity" : "cpcre",
"requirement" : {
"exact" : [
"2.0.0"
]
},
"type" : "sourceControl",
"url" : "https://github.com/sciv-img/Cpcre"
},
{
"identity" : "cwebp",
"requirement" : {
"exact" : [
"2.0.0"
]
},
"type" : "sourceControl",
"url" : "https://github.com/sciv-img/Cwebp"
},
{
"identity" : "oset",
"requirement" : {
"exact" : [
"0.6.0"
]
},
"type" : "sourceControl",
"url" : "https://github.com/sciv-img/OSet"
},
{
"identity" : "pathkit",
"requirement" : {
"exact" : [
"1.0.0"
]
},
"type" : "sourceControl",
"url" : "https://github.com/kylef/PathKit"
}
],
"manifest_display_name" : "sciv",
"name" : "sciv",
"path" : "/Users/admin/builder/spi-builder-workspace",
"platforms" : [
],
"products" : [
{
"name" : "sciv",
"targets" : [
"sciv"
],
"type" : {
"executable" : null
}
}
],
"targets" : [
{
"c99name" : "sciv",
"module_type" : "SwiftTarget",
"name" : "sciv",
"path" : "Sources",
"product_dependencies" : [
"OSet",
"PathKit"
],
"product_memberships" : [
"sciv"
],
"sources" : [
"AlertView.swift",
"Commander.swift",
"Files.swift",
"Imager.swift",
"StatusView.swift",
"Utils.swift",
"main.swift"
],
"type" : "executable"
}
],
"tools_version" : "4.2"
}
{
"workspace" : {
"name" : "sciv",
"schemes" : [
"sciv"
]
}
}
2026-09-17 04:57:20.880 xcodebuild[912:5566] [MT] IDERunDestination: Supported platforms for the buildables in the current scheme is empty.
Running build ...
env DEVELOPER_DIR=/Applications/Xcode-27.0.0-Release.Candidate.app xcrun xcodebuild -IDEClonedSourcePackagesDirPathOverride=$PWD/.dependencies -skipMacroValidation -skipPackagePluginValidation -derivedDataPath $PWD/.derivedData build -scheme sciv -destination platform=macOS,arch=arm64
Command line invocation:
/Applications/Xcode-27.0.0-Release.Candidate.app/Contents/Developer/usr/bin/xcodebuild -IDEClonedSourcePackagesDirPathOverride=/Users/admin/builder/spi-builder-workspace/.dependencies -skipMacroValidation -skipPackagePluginValidation -derivedDataPath /Users/admin/builder/spi-builder-workspace/.derivedData build -scheme sciv -destination platform=macOS,arch=arm64
Resolve Package Graph
ignoring declared target(s) 'Cwebp' in the system packagesystem packages are deprecated; use system library targets insteadignoring declared target(s) 'Cpcre' in the system packagesystem packages are deprecated; use system library targets insteaddependency 'cpcre' is not used by any targetdependency 'cwebp' is not used by any target
Resolved source packages:
PathKit: https://github.com/kylef/PathKit @ 1.0.0
Spectre: https://github.com/kylef/Spectre.git @ 0.9.2
Cwebp: https://github.com/sciv-img/Cwebp @ 2.0.0
sciv: /Users/admin/builder/spi-builder-workspace
OSet: https://github.com/sciv-img/OSet @ 0.6.0
Cpcre: https://github.com/sciv-img/Cpcre @ 2.0.0
ComputePackagePrebuildTargetDependencyGraph
Prepare packages
CreateBuildRequest
SendProjectDescription
CreateBuildOperation
ComputeTargetDependencyGraph
note: Building targets in dependency order
note: Target dependency graph (7 targets)
Target 'sciv-product' in project 'sciv'
➜ Explicit dependency on target 'Cpcre' in project 'Cpcre'
➜ Explicit dependency on target 'Cwebp' in project 'Cwebp'
➜ Explicit dependency on target 'OSet-product' in project 'OSet'
➜ Explicit dependency on target 'PathKit-product' in project 'PathKit'
Target 'PathKit-product' in project 'PathKit'
➜ Explicit dependency on target 'PathKit' in project 'PathKit'
Target 'PathKit' in project 'PathKit' (no dependencies)
Target 'OSet-product' in project 'OSet'
➜ Explicit dependency on target 'OSet' in project 'OSet'
Target 'OSet' in project 'OSet' (no dependencies)
Target 'Cwebp' in project 'Cwebp' (no dependencies)
Target 'Cpcre' in project 'Cpcre' (no dependencies)
GatherProvisioningInputs
CreateBuildDescription
ClangStatCache /Applications/Xcode-27.0.0-Release.Candidate.app/Contents/Developer/Toolchains/XcodeDefault.xctoolchain/usr/bin/clang-stat-cache /Applications/Xcode-27.0.0-Release.Candidate.app/Contents/Developer/Platforms/MacOSX.platform/Developer/SDKs/MacOSX27.0.sdk /Users/admin/builder/spi-builder-workspace/.derivedData/SDKStatCaches.noindex/macosx27.0-26A425-e829b21a6f8c9b70876ba0858053c0446a22442a12e9d48fe1a705f55a1adfc4.sdkstatcache
cd /Users/admin/builder/spi-builder-workspace/.swiftpm/xcode
/Applications/Xcode-27.0.0-Release.Candidate.app/Contents/Developer/Toolchains/XcodeDefault.xctoolchain/usr/bin/clang-stat-cache /Applications/Xcode-27.0.0-Release.Candidate.app/Contents/Developer/Platforms/MacOSX.platform/Developer/SDKs/MacOSX27.0.sdk -o /Users/admin/builder/spi-builder-workspace/.derivedData/SDKStatCaches.noindex/macosx27.0-26A425-e829b21a6f8c9b70876ba0858053c0446a22442a12e9d48fe1a705f55a1adfc4.sdkstatcache
SwiftDriver sciv normal arm64 com.apple.xcode.tools.swift.compiler (in target 'sciv-product' from project 'sciv')
cd /Users/admin/builder/spi-builder-workspace/.swiftpm/xcode
builtin-SwiftDriver -- /Applications/Xcode-27.0.0-Release.Candidate.app/Contents/Developer/Toolchains/XcodeDefault.xctoolchain/usr/bin/swiftc -module-name sciv -Onone @/Users/admin/builder/spi-builder-workspace/.derivedData/Build/Intermediates.noindex/sciv.build/Debug/sciv-p.build/Objects-normal/arm64/sciv.SwiftFileList -DSWIFT_PACKAGE -DDEBUG -Xcc -fmodule-map-file\=/Users/admin/builder/spi-builder-workspace/.dependencies/checkouts/Cwebp/module.modulemap -Xcc -fmodule-map-file\=/Users/admin/builder/spi-builder-workspace/.dependencies/checkouts/Cpcre/module.modulemap -DXcode -plugin-path /Applications/Xcode-27.0.0-Release.Candidate.app/Contents/Developer/Toolchains/XcodeDefault.xctoolchain/usr/lib/swift/host/plugins/testing -enable-experimental-feature DebugDescriptionMacro -sdk /Applications/Xcode-27.0.0-Release.Candidate.app/Contents/Developer/Platforms/MacOSX.platform/Developer/SDKs/MacOSX27.0.sdk -target arm64-apple-macos12.0 -g -module-cache-path /Users/admin/builder/spi-builder-workspace/.derivedData/ModuleCache.noindex -Xfrontend -serialize-debugging-options -enable-testing -index-store-path /Users/admin/builder/spi-builder-workspace/.derivedData/Index.noindex/DataStore -Xcc -D_LIBCPP_HARDENING_MODE\=_LIBCPP_HARDENING_MODE_DEBUG -swift-version 4.2 -I /Users/admin/builder/spi-builder-workspace/.derivedData/Build/Products/Debug -Isystem /Applications/Xcode-27.0.0-Release.Candidate.app/Contents/Developer/Platforms/MacOSX.platform/Developer/usr/lib -F /Users/admin/builder/spi-builder-workspace/.derivedData/Build/Products/Debug/PackageFrameworks -F /Users/admin/builder/spi-builder-workspace/.derivedData/Build/Products/Debug -F /Applications/Xcode-27.0.0-Release.Candidate.app/Contents/Developer/Platforms/MacOSX.platform/Developer/Library/Frameworks -c -j10 -enable-batch-mode -incremental -Xcc -ivfsstatcache -Xcc /Users/admin/builder/spi-builder-workspace/.derivedData/SDKStatCaches.noindex/macosx27.0-26A425-e829b21a6f8c9b70876ba0858053c0446a22442a12e9d48fe1a705f55a1adfc4.sdkstatcache -output-file-map /Users/admin/builder/spi-builder-workspace/.derivedData/Build/Intermediates.noindex/sciv.build/Debug/sciv-p.build/Objects-normal/arm64/sciv-OutputFileMap.json -save-temps -no-color-diagnostics -emit-dependencies -emit-module -emit-module-path /Users/admin/builder/spi-builder-workspace/.derivedData/Build/Intermediates.noindex/sciv.build/Debug/sciv-p.build/Objects-normal/arm64/sciv.swiftmodule -serialize-diagnostics -validate-clang-modules-once -clang-build-session-file /Users/admin/builder/spi-builder-workspace/.derivedData/ModuleCache.noindex/Session.modulevalidation -Xcc -fmodules-prune-interval\=86400 -Xcc -fmodules-prune-after\=345600 -emit-const-values -const-gather-protocols-list /Users/admin/builder/spi-builder-workspace/.derivedData/Build/Intermediates.noindex/sciv.build/Debug/sciv-p.build/Objects-normal/arm64/sciv_const_extract_protocols.json -Xcc -I/Users/admin/builder/spi-builder-workspace/.derivedData/Build/Products/Debug/include -Xcc -I/Users/admin/builder/spi-builder-workspace/.derivedData/Build/Intermediates.noindex/sciv.build/Debug/sciv-p.build/DerivedSources-normal/arm64 -Xcc -I/Users/admin/builder/spi-builder-workspace/.derivedData/Build/Intermediates.noindex/sciv.build/Debug/sciv-p.build/DerivedSources/arm64 -Xcc -I/Users/admin/builder/spi-builder-workspace/.derivedData/Build/Intermediates.noindex/sciv.build/Debug/sciv-p.build/DerivedSources -Xcc -DSWIFT_PACKAGE -Xcc -DDEBUG\=1 -working-directory /Users/admin/builder/spi-builder-workspace/.swiftpm/xcode -experimental-emit-module-separately -disable-cmo
SwiftCompile normal arm64 Compiling\ Imager.swift /Users/admin/builder/spi-builder-workspace/Sources/Imager.swift (in target 'sciv-product' from project 'sciv')
SwiftCompile normal arm64 /Users/admin/builder/spi-builder-workspace/Sources/Imager.swift (in target 'sciv-product' from project 'sciv')
cd /Users/admin/builder/spi-builder-workspace/.swiftpm/xcode
builtin-SwiftPerFileCompile Imager.swift
/Users/admin/builder/spi-builder-workspace/.dependencies/checkouts/Cwebp/module.modulemap:3:16: error: header '/usr/local/include/webp/decode.h' not found
1 | module Cwebp [system] {
2 | module Decode {
3 | header "/usr/local/include/webp/decode.h"
| `- error: header '/usr/local/include/webp/decode.h' not found
4 | export *
5 | }
SwiftCompile normal arm64 Compiling\ Commander.swift /Users/admin/builder/spi-builder-workspace/Sources/Commander.swift (in target 'sciv-product' from project 'sciv')
SwiftCompile normal arm64 /Users/admin/builder/spi-builder-workspace/Sources/Commander.swift (in target 'sciv-product' from project 'sciv')
cd /Users/admin/builder/spi-builder-workspace/.swiftpm/xcode
builtin-SwiftPerFileCompile Commander.swift
/Users/admin/builder/spi-builder-workspace/.dependencies/checkouts/Cwebp/module.modulemap:3:16: error: header '/usr/local/include/webp/decode.h' not found
1 | module Cwebp [system] {
2 | module Decode {
3 | header "/usr/local/include/webp/decode.h"
| `- error: header '/usr/local/include/webp/decode.h' not found
4 | export *
5 | }
SwiftCompile normal arm64 Compiling\ StatusView.swift /Users/admin/builder/spi-builder-workspace/Sources/StatusView.swift (in target 'sciv-product' from project 'sciv')
SwiftCompile normal arm64 /Users/admin/builder/spi-builder-workspace/Sources/StatusView.swift (in target 'sciv-product' from project 'sciv')
cd /Users/admin/builder/spi-builder-workspace/.swiftpm/xcode
builtin-SwiftPerFileCompile StatusView.swift
/Users/admin/builder/spi-builder-workspace/.dependencies/checkouts/Cwebp/module.modulemap:3:16: error: header '/usr/local/include/webp/decode.h' not found
1 | module Cwebp [system] {
2 | module Decode {
3 | header "/usr/local/include/webp/decode.h"
| `- error: header '/usr/local/include/webp/decode.h' not found
4 | export *
5 | }
SwiftCompile normal arm64 Compiling\ Files.swift /Users/admin/builder/spi-builder-workspace/Sources/Files.swift (in target 'sciv-product' from project 'sciv')
SwiftCompile normal arm64 /Users/admin/builder/spi-builder-workspace/Sources/Files.swift (in target 'sciv-product' from project 'sciv')
cd /Users/admin/builder/spi-builder-workspace/.swiftpm/xcode
builtin-SwiftPerFileCompile Files.swift
/Users/admin/builder/spi-builder-workspace/.dependencies/checkouts/Cwebp/module.modulemap:3:16: error: header '/usr/local/include/webp/decode.h' not found
1 | module Cwebp [system] {
2 | module Decode {
3 | header "/usr/local/include/webp/decode.h"
| `- error: header '/usr/local/include/webp/decode.h' not found
4 | export *
5 | }
SwiftCompile normal arm64 Compiling\ AlertView.swift /Users/admin/builder/spi-builder-workspace/Sources/AlertView.swift (in target 'sciv-product' from project 'sciv')
/Users/admin/builder/spi-builder-workspace/.dependencies/checkouts/Cwebp/module.modulemap:3:16: error: header '/usr/local/include/webp/decode.h' not found
1 | module Cwebp [system] {
2 | module Decode {
3 | header "/usr/local/include/webp/decode.h"
| `- error: header '/usr/local/include/webp/decode.h' not found
4 | export *
5 | }
SwiftCompile normal arm64 /Users/admin/builder/spi-builder-workspace/Sources/AlertView.swift (in target 'sciv-product' from project 'sciv')
cd /Users/admin/builder/spi-builder-workspace/.swiftpm/xcode
builtin-SwiftPerFileCompile AlertView.swift
SwiftEmitModule normal arm64 Emitting\ module\ for\ sciv (in target 'sciv-product' from project 'sciv')
/Users/admin/builder/spi-builder-workspace/.dependencies/checkouts/Cwebp/module.modulemap:3:16: error: header '/usr/local/include/webp/decode.h' not found
1 | module Cwebp [system] {
2 | module Decode {
3 | header "/usr/local/include/webp/decode.h"
| `- error: header '/usr/local/include/webp/decode.h' not found
4 | export *
5 | }
/Users/admin/builder/spi-builder-workspace/Sources/Imager.swift:3:8: error: could not build Objective-C module 'Cwebp'
1 | import AppKit
2 | import PathKit
3 | import Cwebp
| `- error: could not build Objective-C module 'Cwebp'
4 |
5 | extension NSImage {
Failed frontend command:
/Applications/Xcode-27.0.0-Release.Candidate.app/Contents/Developer/Toolchains/XcodeDefault.xctoolchain/usr/bin/swift-frontend -frontend -emit-module -experimental-skip-non-inlinable-function-bodies-without-types /Users/admin/builder/spi-builder-workspace/Sources/AlertView.swift /Users/admin/builder/spi-builder-workspace/Sources/Commander.swift /Users/admin/builder/spi-builder-workspace/Sources/Files.swift /Users/admin/builder/spi-builder-workspace/Sources/Imager.swift /Users/admin/builder/spi-builder-workspace/Sources/StatusView.swift /Users/admin/builder/spi-builder-workspace/Sources/Utils.swift /Users/admin/builder/spi-builder-workspace/Sources/main.swift -target arm64-apple-macos12.0 -Xllvm -aarch64-use-tbi -enable-objc-interop -stack-check -sdk /Applications/Xcode-27.0.0-Release.Candidate.app/Contents/Developer/Platforms/MacOSX.platform/Developer/SDKs/MacOSX27.0.sdk -I /Users/admin/builder/spi-builder-workspace/.derivedData/Build/Products/Debug -Isystem /Applications/Xcode-27.0.0-Release.Candidate.app/Contents/Developer/Platforms/MacOSX.platform/Developer/usr/lib -F /Users/admin/builder/spi-builder-workspace/.derivedData/Build/Products/Debug/PackageFrameworks -F /Users/admin/builder/spi-builder-workspace/.derivedData/Build/Products/Debug -F /Applications/Xcode-27.0.0-Release.Candidate.app/Contents/Developer/Platforms/MacOSX.platform/Developer/Library/Frameworks -module-cache-path /Users/admin/builder/spi-builder-workspace/.derivedData/ModuleCache.noindex -no-color-diagnostics -Xcc -fno-color-diagnostics -enable-testing -g -debug-info-format\=dwarf -dwarf-version\=4 -swift-version 4.2 -Onone -D SWIFT_PACKAGE -D DEBUG -D Xcode -serialize-debugging-options -enable-experimental-feature DebugDescriptionMacro -empty-abi-descriptor -plugin-path /Applications/Xcode-27.0.0-Release.Candidate.app/Contents/Developer/Toolchains/XcodeDefault.xctoolchain/usr/lib/swift/host/plugins/testing -validate-clang-modules-once -clang-build-session-file /Users/admin/builder/spi-builder-workspace/.derivedData/ModuleCache.noindex/Session.modulevalidation -Xcc -working-directory -Xcc /Users/admin/builder/spi-builder-workspace/.swiftpm/xcode -enable-anonymous-context-mangled-names -file-compilation-dir /Users/admin/builder/spi-builder-workspace/.swiftpm/xcode -Xcc -fmodule-map-file\=/Users/admin/builder/spi-builder-workspace/.dependencies/checkouts/Cwebp/module.modulemap -Xcc -fmodule-map-file\=/Users/admin/builder/spi-builder-workspace/.dependencies/checkouts/Cpcre/module.modulemap -Xcc -D_LIBCPP_HARDENING_MODE\=_LIBCPP_HARDENING_MODE_DEBUG -Xcc -ivfsstatcache -Xcc /Users/admin/builder/spi-builder-workspace/.derivedData/SDKStatCaches.noindex/macosx27.0-26A425-e829b21a6f8c9b70876ba0858053c0446a22442a12e9d48fe1a705f55a1adfc4.sdkstatcache -Xcc -fmodules-prune-interval\=86400 -Xcc -fmodules-prune-after\=345600 -Xcc -I/Users/admin/builder/spi-builder-workspace/.derivedData/Build/Products/Debug/include -Xcc -I/Users/admin/builder/spi-builder-workspace/.derivedData/Build/Intermediates.noindex/sciv.build/Debug/sciv-p.build/DerivedSources-normal/arm64 -Xcc -I/Users/admin/builder/spi-builder-workspace/.derivedData/Build/Intermediates.noindex/sciv.build/Debug/sciv-p.build/DerivedSources/arm64 -Xcc -I/Users/admin/builder/spi-builder-workspace/.derivedData/Build/Intermediates.noindex/sciv.build/Debug/sciv-p.build/DerivedSources -Xcc -DSWIFT_PACKAGE -Xcc -DDEBUG\=1 -no-auto-bridging-header-chaining -module-name sciv -const-gather-protocols-file /Users/admin/builder/spi-builder-workspace/.derivedData/Build/Intermediates.noindex/sciv.build/Debug/sciv-p.build/Objects-normal/arm64/sciv_const_extract_protocols.json -disable-clang-spi -target-sdk-version 27.0 -target-sdk-name macosx27.0 -external-plugin-path /Applications/Xcode-27.0.0-Release.Candidate.app/Contents/Developer/Platforms/MacOSX.platform/Developer/usr/lib/swift/host/plugins\#/Applications/Xcode-27.0.0-Release.Candidate.app/Contents/Developer/Platforms/MacOSX.platform/Developer/usr/bin/swift-plugin-server -external-plugin-path /Applications/Xcode-27.0.0-Release.Candidate.app/Contents/Developer/Platforms/MacOSX.platform/Developer/usr/local/lib/swift/host/plugins\#/Applications/Xcode-27.0.0-Release.Candidate.app/Contents/Developer/Platforms/MacOSX.platform/Developer/usr/bin/swift-plugin-server -in-process-plugin-server-path /Applications/Xcode-27.0.0-Release.Candidate.app/Contents/Developer/Toolchains/XcodeDefault.xctoolchain/usr/lib/swift/host/libSwiftInProcPluginServer.dylib -plugin-path /Applications/Xcode-27.0.0-Release.Candidate.app/Contents/Developer/Toolchains/XcodeDefault.xctoolchain/usr/lib/swift/host/plugins -plugin-path /Applications/Xcode-27.0.0-Release.Candidate.app/Contents/Developer/Toolchains/XcodeDefault.xctoolchain/usr/local/lib/swift/host/plugins -emit-module-doc-path /Users/admin/builder/spi-builder-workspace/.derivedData/Build/Intermediates.noindex/sciv.build/Debug/sciv-p.build/Objects-normal/arm64/sciv.swiftdoc -emit-module-source-info-path /Users/admin/builder/spi-builder-workspace/.derivedData/Build/Intermediates.noindex/sciv.build/Debug/sciv-p.build/Objects-normal/arm64/sciv.swiftsourceinfo -serialize-diagnostics-path /Users/admin/builder/spi-builder-workspace/.derivedData/Build/Intermediates.noindex/sciv.build/Debug/sciv-p.build/Objects-normal/arm64/sciv-primary-emit-module.dia -emit-dependencies-path /Users/admin/builder/spi-builder-workspace/.derivedData/Build/Intermediates.noindex/sciv.build/Debug/sciv-p.build/Objects-normal/arm64/sciv-primary-emit-module.d -o /Users/admin/builder/spi-builder-workspace/.derivedData/Build/Intermediates.noindex/sciv.build/Debug/sciv-p.build/Objects-normal/arm64/sciv.swiftmodule -emit-abi-descriptor-path /Users/admin/builder/spi-builder-workspace/.derivedData/Build/Intermediates.noindex/sciv.build/Debug/sciv-p.build/Objects-normal/arm64/sciv.abi.json
SwiftCompile normal arm64 (in target 'sciv-product' from project 'sciv')
cd /Users/admin/builder/spi-builder-workspace/.swiftpm/xcode
SwiftCompile normal arm64 Compiling\ main.swift /Users/admin/builder/spi-builder-workspace/Sources/main.swift (in target 'sciv-product' from project 'sciv')
/Users/admin/builder/spi-builder-workspace/.dependencies/checkouts/Cwebp/module.modulemap:3:16: error: header '/usr/local/include/webp/decode.h' not found
1 | module Cwebp [system] {
2 | module Decode {
3 | header "/usr/local/include/webp/decode.h"
| `- error: header '/usr/local/include/webp/decode.h' not found
4 | export *
5 | }
SwiftCompile normal arm64 /Users/admin/builder/spi-builder-workspace/Sources/main.swift (in target 'sciv-product' from project 'sciv')
cd /Users/admin/builder/spi-builder-workspace/.swiftpm/xcode
builtin-SwiftPerFileCompile main.swift
SwiftCompile normal arm64 Compiling\ Utils.swift /Users/admin/builder/spi-builder-workspace/Sources/Utils.swift (in target 'sciv-product' from project 'sciv')
/Users/admin/builder/spi-builder-workspace/.dependencies/checkouts/Cwebp/module.modulemap:3:16: error: header '/usr/local/include/webp/decode.h' not found
1 | module Cwebp [system] {
2 | module Decode {
3 | header "/usr/local/include/webp/decode.h"
| `- error: header '/usr/local/include/webp/decode.h' not found
4 | export *
5 | }
SwiftCompile normal arm64 /Users/admin/builder/spi-builder-workspace/Sources/Utils.swift (in target 'sciv-product' from project 'sciv')
cd /Users/admin/builder/spi-builder-workspace/.swiftpm/xcode
builtin-SwiftPerFileCompile Utils.swift
PruneExplicitPrecompiledModules /Users/admin/builder/spi-builder-workspace/.derivedData/SDKExplicitPrecompiledModules
PruneExplicitPrecompiledModules /Users/admin/builder/spi-builder-workspace/.derivedData/Build/Intermediates.noindex/ExplicitPrecompiledModules
PruneExplicitPrecompiledModules /Users/admin/builder/spi-builder-workspace/.derivedData/Build/Intermediates.noindex/SwiftExplicitPrecompiledModules
2026-09-17 04:57:21.874 xcodebuild[913:5590] [MT] IDERunDestination: Supported platforms for the buildables in the current scheme is empty.
--- xcodebuild: WARNING: Using the first of multiple matching destinations:
{ platform:macOS, arch:arm64, id:949d272f7d199cf32dc0df61423522ba18e05910, name:My Mac }
{ platform:macOS, arch:arm64, variant:Mac Catalyst, id:949d272f7d199cf32dc0df61423522ba18e05910, name:My Mac }
{ platform:macOS, arch:arm64, variant:DriverKit, id:949d272f7d199cf32dc0df61423522ba18e05910, name:My Mac }
{ platform:macOS, arch:arm64, variant:Designed for [iPad,iPhone], id:949d272f7d199cf32dc0df61423522ba18e05910, name:My Mac }
** BUILD FAILED **
The following build commands failed:
SwiftEmitModule normal arm64 Emitting\ module\ for\ sciv (in target 'sciv-product' from project 'sciv')
SwiftCompile normal arm64 (in target 'sciv-product' from project 'sciv')
Building workspace sciv with scheme sciv
(3 failures)
BUILD FAILURE 6.4 macosXcodebuild