The Swift Package Index logo.Swift Package Index

Build Information

Failed to build core-video-tools, reference 0.2.1 (5bdc1a), with Swift 6.2 for Wasm on 14 Aug 2026 18:20:22 UTC.

Build Command

bash -c docker run --pull=always --rm -v "checkouts-54344843-0":/host -w "$PWD" -e JAVA_HOME="/root/.sdkman/candidates/java/current" -e SPI_BUILD="1" -e SPI_PROCESSING="1" registry.gitlab.com/saguaro1/spi-images:wasm-6.2-latest swift build --swift-sdk swift-6.2-RELEASE_wasm 2>&1

Build Log

========================================
RunAll
========================================
Builder version: 5.0.1
Interrupt handler set up.
========================================
Checkout
========================================
Clone URL: https://github.com/computer-graphics-tools/core-video-tools.git
Reference: 0.2.1
Initialized empty Git repository in /host/spi-builder-workspace/.git/
hint: Using 'master' as the name for the initial branch. This default branch name
hint: is subject to change. To configure the initial branch name to use in all
hint: of your new repositories, which will suppress this warning, call:
hint:
hint: 	git config --global init.defaultBranch <name>
hint:
hint: Names commonly chosen instead of 'master' are 'main', 'trunk' and
hint: 'development'. The just-created branch can be renamed via this command:
hint:
hint: 	git branch -m <name>
From https://github.com/computer-graphics-tools/core-video-tools
 * tag               0.2.1      -> FETCH_HEAD
HEAD is now at 5bdc1a4 fix surface id availability
Cloned https://github.com/computer-graphics-tools/core-video-tools.git
Revision (git rev-parse @):
5bdc1a474acc8d97cecf837c7ca8db4433231149
SPI manifest file found: $PWD/.spi.yml
SUCCESS checkout https://github.com/computer-graphics-tools/core-video-tools.git at 0.2.1
========================================
Build
========================================
Selected platform:         wasm
Swift version:             6.2
Building package at path:  $PWD
https://github.com/computer-graphics-tools/core-video-tools.git
Running build ...
bash -c docker run --pull=always --rm -v "checkouts-54344843-0":/host -w "$PWD" -e JAVA_HOME="/root/.sdkman/candidates/java/current" -e SPI_BUILD="1" -e SPI_PROCESSING="1" registry.gitlab.com/saguaro1/spi-images:wasm-6.2-latest swift build --swift-sdk swift-6.2-RELEASE_wasm 2>&1
wasm-6.2-latest: Pulling from saguaro1/spi-images
Digest: sha256:70428a4f4110aef5b17a27427e965f31cf3855e8cf1dfdc416ed61c780337965
Status: Image is up to date for registry.gitlab.com/saguaro1/spi-images:wasm-6.2-latest
Building for debugging...
[0/2] Write sources
[1/2] Write swift-version-24593BA9C3E375BF.txt
[3/14] Compiling CoreVideoTools CoreVideoTools.swift
/host/spi-builder-workspace/Sources/CoreVideoTools/CoreVideoTools.swift:1:57: error: no such module 'CoreVideo'
1 | @_documentation(visibility: internal) @_exported import CoreVideo
  |                                                         `- error: no such module 'CoreVideo'
2 | @_documentation(visibility: internal) @_exported import IOSurface
3 |
[4/14] Compiling CoreVideoTools CMFormatDescription+Swift.swift
/host/spi-builder-workspace/Sources/CoreVideoTools/CoreVideoTools.swift:1:57: error: no such module 'CoreVideo'
1 | @_documentation(visibility: internal) @_exported import CoreVideo
  |                                                         `- error: no such module 'CoreVideo'
2 | @_documentation(visibility: internal) @_exported import IOSurface
3 |
[5/15] Compiling CoreVideoTools OSType+CVPixelFormat.swift
/host/spi-builder-workspace/Sources/CoreVideoTools/CoreVideoTools.swift:1:57: error: no such module 'CoreVideo'
1 | @_documentation(visibility: internal) @_exported import CoreVideo
  |                                                         `- error: no such module 'CoreVideo'
2 | @_documentation(visibility: internal) @_exported import IOSurface
3 |
[6/15] Compiling CoreVideoTools CVPixelBufferPool+Swift.swift
/host/spi-builder-workspace/Sources/CoreVideoTools/CoreVideoTools.swift:1:57: error: no such module 'CoreVideo'
1 | @_documentation(visibility: internal) @_exported import CoreVideo
  |                                                         `- error: no such module 'CoreVideo'
2 | @_documentation(visibility: internal) @_exported import IOSurface
3 |
[7/15] Compiling CoreVideoTools CVReturn+Result.swift
/host/spi-builder-workspace/Sources/CoreVideoTools/CoreVideoTools.swift:1:57: error: no such module 'CoreVideo'
1 | @_documentation(visibility: internal) @_exported import CoreVideo
  |                                                         `- error: no such module 'CoreVideo'
2 | @_documentation(visibility: internal) @_exported import IOSurface
3 |
[8/15] Compiling CoreVideoTools CMVideoDimensions+Swift.swift
/host/spi-builder-workspace/Sources/CoreVideoTools/CoreVideoTools.swift:1:57: error: no such module 'CoreVideo'
1 | @_documentation(visibility: internal) @_exported import CoreVideo
  |                                                         `- error: no such module 'CoreVideo'
2 | @_documentation(visibility: internal) @_exported import IOSurface
3 |
[9/15] Compiling CoreVideoTools CVPixelBuffer+PropertyDictionary.swift
/host/spi-builder-workspace/Sources/CoreVideoTools/CoreVideoTools.swift:1:57: error: no such module 'CoreVideo'
1 | @_documentation(visibility: internal) @_exported import CoreVideo
  |                                                         `- error: no such module 'CoreVideo'
2 | @_documentation(visibility: internal) @_exported import IOSurface
3 |
[10/15] Compiling CoreVideoTools IOSurface+Extensioins.swift
/host/spi-builder-workspace/Sources/CoreVideoTools/CoreVideoTools.swift:1:57: error: no such module 'CoreVideo'
1 | @_documentation(visibility: internal) @_exported import CoreVideo
  |                                                         `- error: no such module 'CoreVideo'
2 | @_documentation(visibility: internal) @_exported import IOSurface
3 |
[11/15] Compiling CoreVideoTools CVPixelBuffer+Swift.swift
/host/spi-builder-workspace/Sources/CoreVideoTools/CoreVideoTools.swift:1:57: error: no such module 'CoreVideo'
1 | @_documentation(visibility: internal) @_exported import CoreVideo
  |                                                         `- error: no such module 'CoreVideo'
2 | @_documentation(visibility: internal) @_exported import IOSurface
3 |
[12/15] Compiling CoreVideoTools CVPixelBuffer+Utils.swift
/host/spi-builder-workspace/Sources/CoreVideoTools/CoreVideoTools.swift:1:57: error: no such module 'CoreVideo'
1 | @_documentation(visibility: internal) @_exported import CoreVideo
  |                                                         `- error: no such module 'CoreVideo'
2 | @_documentation(visibility: internal) @_exported import IOSurface
3 |
error: emit-module command failed with exit code 1 (use -v to see invocation)
[13/15] Compiling CoreVideoTools CVError.swift
/host/spi-builder-workspace/Sources/CoreVideoTools/CoreVideoTools.swift:1:57: error: no such module 'CoreVideo'
1 | @_documentation(visibility: internal) @_exported import CoreVideo
  |                                                         `- error: no such module 'CoreVideo'
2 | @_documentation(visibility: internal) @_exported import IOSurface
3 |
[14/15] Compiling CoreVideoTools CVPixelFormat.swift
/host/spi-builder-workspace/Sources/CoreVideoTools/CoreVideoTools.swift:1:57: error: no such module 'CoreVideo'
1 | @_documentation(visibility: internal) @_exported import CoreVideo
  |                                                         `- error: no such module 'CoreVideo'
2 | @_documentation(visibility: internal) @_exported import IOSurface
3 |
[15/15] Emitting module CoreVideoTools
/host/spi-builder-workspace/Sources/CoreVideoTools/CoreVideoTools.swift:1:57: error: no such module 'CoreVideo'
1 | @_documentation(visibility: internal) @_exported import CoreVideo
  |                                                         `- error: no such module 'CoreVideo'
2 | @_documentation(visibility: internal) @_exported import IOSurface
3 |
BUILD FAILURE 6.2 wasm