The Swift Package Index logo.Swift Package Index

Build Information

Failed to build KDBXKit, reference v1.3.0 (930fb9), with Swift 6.2 for Android on 1 Jul 2026 14:53:23 UTC.

Build Command

bash -c docker run --pull=always --rm -v "checkouts-53886770-0":/host -w "$PWD" -e JAVA_HOME="/root/.sdkman/candidates/java/current" -e SPI_BUILD="1" -e SPI_PROCESSING="1" registry.gitlab.com/saguaro1/spi-images:android-6.2-latest swift build --swift-sdk aarch64-unknown-linux-android28 2>&1

Build Log

========================================
RunAll
========================================
Builder version: 0e64495ecc1688c3b3e031a5ef1348b5c05091ae
Interrupt handler set up.
========================================
Checkout
========================================
Clone URL: https://github.com/shadone/KDBXKit.git
Reference: v1.3.0
Initialized empty Git repository in /host/spi-builder-workspace/.git/
hint: Using 'master' as the name for the initial branch. This default branch name
hint: is subject to change. To configure the initial branch name to use in all
hint: of your new repositories, which will suppress this warning, call:
hint:
hint: 	git config --global init.defaultBranch <name>
hint:
hint: Names commonly chosen instead of 'master' are 'main', 'trunk' and
hint: 'development'. The just-created branch can be renamed via this command:
hint:
hint: 	git branch -m <name>
From https://github.com/shadone/KDBXKit
 * tag               v1.3.0     -> FETCH_HEAD
HEAD is now at 930fb97 release: KDBXKit 1.3.0
Cloned https://github.com/shadone/KDBXKit.git
Revision (git rev-parse @):
930fb977f0c565546ea94edde40386d6f26c1922
SPI manifest file found: $PWD/.spi.yml
SUCCESS checkout https://github.com/shadone/KDBXKit.git at v1.3.0
========================================
Build
========================================
Selected platform:         android
Swift version:             6.2
Building package at path:  $PWD
https://github.com/shadone/KDBXKit.git
Running build ...
bash -c docker run --pull=always --rm -v "checkouts-53886770-0":/host -w "$PWD" -e JAVA_HOME="/root/.sdkman/candidates/java/current" -e SPI_BUILD="1" -e SPI_PROCESSING="1" registry.gitlab.com/saguaro1/spi-images:android-6.2-latest swift build --swift-sdk aarch64-unknown-linux-android28 2>&1
android-6.2-latest: Pulling from saguaro1/spi-images
Digest: sha256:3f0849bce0d177c252f57ff0847fffe59d625aee973279c71a52a43c740d3c90
Status: Image is up to date for registry.gitlab.com/saguaro1/spi-images:android-6.2-latest
Fetching https://github.com/apple/swift-docc-plugin
Fetching https://github.com/apple/swift-log.git
Fetching https://github.com/apple/swift-crypto.git
Fetching https://github.com/apple/swift-argument-parser
[1/7604] Fetching swift-log
[78/9929] Fetching swift-log, swift-docc-plugin
[7815/27878] Fetching swift-log, swift-docc-plugin, swift-argument-parser
Fetched https://github.com/apple/swift-log.git from cache (0.98s)
Fetched https://github.com/apple/swift-docc-plugin from cache (0.98s)
[718/17949] Fetching swift-argument-parser
[719/35732] Fetching swift-argument-parser, swift-crypto
Fetched https://github.com/apple/swift-argument-parser from cache (2.11s)
Fetched https://github.com/apple/swift-crypto.git from cache (2.12s)
Computing version for https://github.com/apple/swift-docc-plugin
Computed https://github.com/apple/swift-docc-plugin at 1.5.0 (2.98s)
Fetching https://github.com/swiftlang/swift-docc-symbolkit
[1/3749] Fetching swift-docc-symbolkit
Fetched https://github.com/swiftlang/swift-docc-symbolkit from cache (0.94s)
Computing version for https://github.com/swiftlang/swift-docc-symbolkit
Computed https://github.com/swiftlang/swift-docc-symbolkit at 1.0.0 (1.13s)
Computing version for https://github.com/apple/swift-argument-parser
Computed https://github.com/apple/swift-argument-parser at 1.8.2 (0.14s)
Computing version for https://github.com/apple/swift-log.git
Computed https://github.com/apple/swift-log.git at 1.14.0 (0.14s)
Computing version for https://github.com/apple/swift-crypto.git
Computed https://github.com/apple/swift-crypto.git at 3.15.1 (0.40s)
Fetching https://github.com/apple/swift-asn1.git
[1/1914] Fetching swift-asn1
Fetched https://github.com/apple/swift-asn1.git from cache (0.97s)
Computing version for https://github.com/apple/swift-asn1.git
Computed https://github.com/apple/swift-asn1.git at 1.7.1 (1.15s)
Creating working copy for https://github.com/apple/swift-crypto.git
Working copy of https://github.com/apple/swift-crypto.git resolved at 3.15.1
Creating working copy for https://github.com/apple/swift-asn1.git
Working copy of https://github.com/apple/swift-asn1.git resolved at 1.7.1
Creating working copy for https://github.com/apple/swift-log.git
Working copy of https://github.com/apple/swift-log.git resolved at 1.14.0
Creating working copy for https://github.com/apple/swift-docc-plugin
Working copy of https://github.com/apple/swift-docc-plugin resolved at 1.5.0
Creating working copy for https://github.com/swiftlang/swift-docc-symbolkit
Working copy of https://github.com/swiftlang/swift-docc-symbolkit resolved at 1.0.0
Creating working copy for https://github.com/apple/swift-argument-parser
Working copy of https://github.com/apple/swift-argument-parser resolved at 1.8.2
[1/1] Compiling plugin Swift-DocC Preview
[2/2] Compiling plugin Swift-DocC
[3/3] Compiling plugin GenerateManual
[4/4] Compiling plugin GenerateDoccReference
Building for debugging...
[4/401] Write sources
[8/401] Copying PrivacyInfo.xcprivacy
[9/401] Write sources
[13/401] Compiling thread.c
[14/401] Compiling encoding.c
[15/401] Compiling blake2b.c
[16/401] Compiling argon2.c
[17/401] Compiling core.c
[18/401] Compiling fiat_p256_adx_sqr.S
[19/401] Compiling ref.c
[20/401] Write swift-version--11D90AFD9DD3AB2.txt
[21/401] Compiling fiat_p256_adx_mul.S
[22/401] Compiling fiat_curve25519_adx_square.S
[22/401] Compiling fiat_curve25519_adx_mul.S
[22/401] Compiling md5-x86_64-linux.S
[25/401] Compiling md5-586-linux.S
[26/401] Compiling md5-x86_64-apple.S
[27/401] Compiling md5-586-apple.S
[28/401] Compiling chacha20_poly1305_x86_64-linux.S
[29/414] Compiling chacha20_poly1305_x86_64-apple.S
[30/427] Compiling chacha20_poly1305_armv8-win.S
[31/429] Compiling chacha20_poly1305_armv8-apple.S
[32/429] Compiling chacha20_poly1305_armv8-linux.S
[33/429] Compiling chacha-x86_64-apple.S
[34/429] Compiling chacha-x86_64-linux.S
[35/429] Compiling chacha-x86-linux.S
[36/429] Compiling chacha-x86-apple.S
[37/429] Compiling CCryptoBoringSSLShims shims.c
[38/429] Compiling chacha-armv8-win.S
[39/429] Compiling chacha-armv8-apple.S
[40/429] Compiling chacha-armv4-linux.S
[41/429] Compiling chacha-armv8-linux.S
[42/429] Compiling aes128gcmsiv-x86_64-linux.S
[43/429] Compiling aes128gcmsiv-x86_64-apple.S
[44/429] Compiling x86_64-mont5-linux.S
[45/429] Compiling x86_64-mont5-apple.S
[46/429] Compiling x86_64-mont-linux.S
[47/429] Compiling x86_64-mont-apple.S
[48/429] Compiling x86-mont-linux.S
[49/429] Compiling x86-mont-apple.S
[50/429] Compiling vpaes-x86_64-linux.S
[51/429] Compiling vpaes-x86_64-apple.S
[52/429] Compiling vpaes-x86-linux.S
[53/429] Compiling vpaes-x86-apple.S
[53/429] Compiling vpaes-armv8-win.S
[55/429] Compiling vpaes-armv8-apple.S
[56/429] Compiling vpaes-armv8-linux.S
[57/429] Compiling vpaes-armv7-linux.S
[58/429] Compiling sha512-x86_64-apple.S
[59/429] Compiling sha512-x86_64-linux.S
[60/429] Compiling sha512-armv8-win.S
[61/429] Compiling sha512-armv8-apple.S
[62/429] Compiling sha512-armv4-linux.S
[63/429] Compiling sha512-586-linux.S
[64/429] Compiling sha512-armv8-linux.S
[65/429] Compiling sha512-586-apple.S
[66/429] Compiling sha256-x86_64-linux.S
[67/429] Compiling sha256-x86_64-apple.S
[68/429] Compiling sha256-armv8-win.S
[69/429] Compiling sha256-armv8-apple.S
[70/429] Compiling sha256-armv8-linux.S
[71/429] Compiling sha256-586-linux.S
[72/429] Compiling sha256-586-apple.S
[73/429] Compiling sha256-armv4-linux.S
[74/429] Compiling err_data.cc
[75/429] Compiling sha1-x86_64-linux.S
[76/429] Compiling sha1-x86_64-apple.S
[77/429] Compiling sha1-armv8-apple.S
[78/429] Compiling sha1-armv8-win.S
[79/429] Compiling sha1-armv4-large-linux.S
[80/429] Compiling sha1-586-linux.S
[81/429] Compiling sha1-586-apple.S
[82/429] Compiling sha1-armv8-linux.S
[83/429] Compiling rsaz-avx2-linux.S
[84/429] Compiling rsaz-avx2-apple.S
[85/429] Compiling rdrand-x86_64-linux.S
[86/429] Compiling rdrand-x86_64-apple.S
[87/429] Compiling p256_beeu-x86_64-asm-apple.S
[88/429] Compiling p256_beeu-x86_64-asm-linux.S
[89/429] Compiling p256_beeu-armv8-asm-win.S
[90/429] Compiling p256_beeu-armv8-asm-apple.S
[91/429] Compiling p256_beeu-armv8-asm-linux.S
[92/429] Compiling p256-x86_64-asm-linux.S
[93/429] Compiling p256-armv8-asm-win.S
[94/429] Compiling p256-x86_64-asm-apple.S
[95/429] Compiling p256-armv8-asm-apple.S
[96/429] Compiling ghashv8-armv8-win.S
[97/429] Compiling p256-armv8-asm-linux.S
[98/429] Compiling ghashv8-armv7-linux.S
[99/429] Compiling ghashv8-armv8-apple.S
[100/429] Compiling ghashv8-armv8-linux.S
[101/429] Compiling ghash-x86_64-apple.S
[102/429] Compiling ghash-x86_64-linux.S
[103/429] Compiling ghash-x86-linux.S
[104/429] Compiling ghash-x86-apple.S
[105/429] Compiling ghash-ssse3-x86_64-linux.S
[106/429] Compiling ghash-ssse3-x86_64-apple.S
[107/429] Compiling ghash-ssse3-x86-linux.S
[108/429] Compiling ghash-ssse3-x86-apple.S
[109/429] Compiling ghash-neon-armv8-win.S
[110/429] Compiling ghash-neon-armv8-linux.S
[111/429] Compiling ghash-neon-armv8-apple.S
[112/429] Compiling ghash-armv4-linux.S
[113/429] Compiling co-586-linux.S
[114/429] Compiling co-586-apple.S
[115/429] Compiling bsaes-armv7-linux.S
[116/429] Compiling bn-armv8-win.S
[117/429] Compiling bn-armv8-linux.S
[118/429] Compiling bn-armv8-apple.S
[119/429] Compiling bn-586-linux.S
[120/429] Compiling bn-586-apple.S
[121/429] Compiling armv8-mont-win.S
[122/429] Compiling armv8-mont-apple.S
[123/429] Compiling armv8-mont-linux.S
[124/429] Compiling armv4-mont-linux.S
[125/429] Compiling aesv8-gcm-armv8-apple.S
[126/429] Compiling aesv8-gcm-armv8-win.S
[127/429] Compiling aesv8-gcm-armv8-linux.S
[128/429] Compiling aesv8-armv8-win.S
[129/429] Compiling aesv8-armv8-apple.S
[130/429] Compiling aesv8-armv8-linux.S
[131/429] Compiling aesv8-armv7-linux.S
[132/429] Compiling aesni-x86_64-linux.S
[133/429] Compiling aesni-x86_64-apple.S
[134/429] Compiling aesni-x86-linux.S
[135/429] Compiling aesni-x86-apple.S
[136/429] Compiling aesni-gcm-x86_64-linux.S
[137/429] Compiling aesni-gcm-x86_64-apple.S
[138/429] Compiling aes-gcm-avx512-x86_64-linux.S
[139/429] Compiling aes-gcm-avx512-x86_64-apple.S
[140/429] Compiling aes-gcm-avx2-x86_64-linux.S
[141/429] Compiling aes-gcm-avx2-x86_64-apple.S
[142/429] Compiling xwing.cc
[143/429] Compiling x_spki.cc
[144/429] Compiling x_x509.cc
[145/429] Compiling x_x509a.cc
[146/429] Compiling x_req.cc
[147/429] Compiling x_sig.cc
[148/429] Compiling x_exten.cc
[149/429] Compiling x_pubkey.cc
[150/429] Compiling x_name.cc
[151/429] Compiling x_all.cc
[152/429] Compiling x_crl.cc
[153/429] Compiling x_attrib.cc
[154/429] Compiling x_algor.cc
[155/429] Compiling x509spki.cc
[156/429] Compiling x509name.cc
[157/429] Compiling x509rset.cc
[158/429] Compiling x509cset.cc
[159/429] Compiling x509_vpm.cc
[160/429] Compiling x509_vfy.cc
[161/429] Compiling x509_v3.cc
[162/429] Compiling x509_txt.cc
[163/429] Compiling x509_trs.cc
[164/429] Compiling x509_set.cc
[165/429] Compiling x509_req.cc
[166/429] Compiling x509_obj.cc
[168/429] Compiling SwiftASN1 ASN1OctetString.swift
[169/429] Compiling SwiftASN1 ASN1Strings.swift
[170/431] Compiling SwiftASN1 ASN1Integer.swift
[171/431] Compiling SwiftASN1 ASN1Null.swift
[172/431] Compiling SwiftASN1 ASN1.swift
[173/431] Compiling SwiftASN1 BER.swift
[174/431] Compiling SwiftASN1 ASN1Any.swift
[175/431] Emitting module SwiftASN1
[176/431] Compiling SwiftASN1 ASN1BitString.swift
[177/431] Compiling SwiftASN1 ASN1Boolean.swift
[178/431] Compiling SwiftASN1 ASN1Identifier.swift
[179/431] Compiling SwiftASN1 TimeUtilities.swift
[180/431] Compiling SwiftASN1 UTCTime.swift
[183/431] Compiling Logging Logger+Attributes.swift
[184/432] Compiling Logging Logger+With.swift
[185/432] Compiling Logging LoggingSystem.swift
[186/432] Compiling Logging Logger.swift
[186/432] Compiling x509_def.cc
[187/432] Compiling x509_lu.cc
[188/432] Compiling x509_d2.cc
[189/432] Compiling x509_ext.cc
[191/432] Compiling SwiftASN1 DER.swift
[192/432] Compiling SwiftASN1 Errors.swift
[192/432] Compiling x509_cmp.cc
[193/432] Compiling x509_att.cc
[194/432] Compiling x509.cc
[195/432] Compiling v3_utl.cc
[196/432] Compiling v3_purp.cc
[197/432] Compiling v3_skey.cc
[199/432] Compiling SwiftASN1 ArraySliceBigint.swift
[200/432] Compiling SwiftASN1 GeneralizedTime.swift
[201/432] Compiling SwiftASN1 ObjectIdentifier.swift
[202/432] Compiling SwiftASN1 PEMDocument.swift
[204/433] Compiling Logging MetadataProvider.swift
[204/433] Compiling v3_pmaps.cc
[205/433] Wrapping AST for SwiftASN1 for debugging
[207/433] Emitting module Logging
[211/434] Compiling v3_prn.cc
[213/434] Compiling v3_ocsp.cc
[214/434] Compiling v3_pcons.cc
[215/434] Wrapping AST for Logging for debugging
[216/434] Compiling v3_ncons.cc
[217/434] Compiling v3_lib.cc
[218/434] Compiling v3_int.cc
[219/434] Compiling v3_info.cc
[220/434] Compiling v3_ia5.cc
[221/434] Compiling v3_genn.cc
[222/434] Compiling v3_extku.cc
[223/434] Compiling v3_enum.cc
[224/434] Compiling v3_crld.cc
[225/434] Compiling v3_cpols.cc
[226/434] Compiling v3_conf.cc
[227/434] Compiling v3_bitst.cc
[228/434] Compiling v3_bcons.cc
[229/434] Compiling v3_alt.cc
[230/434] Compiling v3_akey.cc
[231/434] Compiling v3_akeya.cc
[232/434] Compiling t_x509a.cc
[233/434] Compiling t_x509.cc
[234/434] Compiling t_req.cc
[235/434] Compiling t_crl.cc
[236/434] Compiling i2d_pr.cc
[237/434] Compiling rsa_pss.cc
[238/434] Compiling policy.cc
[239/434] Compiling name_print.cc
[240/434] Compiling by_file.cc
[241/434] Compiling by_dir.cc
[242/434] Compiling algorithm.cc
[243/434] Compiling asn1_gen.cc
[244/434] Compiling a_verify.cc
[245/434] Compiling a_sign.cc
[246/434] Compiling a_digest.cc
[247/434] Compiling voprf.cc
[248/434] Compiling trust_token.cc
[249/434] Compiling thread_win.cc
[250/434] Compiling thread_pthread.cc
[251/434] Compiling pmbtoken.cc
[252/434] Compiling thread.cc
[253/434] Compiling thread_none.cc
[254/434] Compiling stack.cc
[255/434] Compiling siphash.cc
[256/434] Compiling sha256.cc
[257/434] Compiling sha512.cc
[258/434] Compiling sha1.cc
[259/434] Compiling spake2plus.cc
[260/434] Compiling rsa_print.cc
[261/434] Compiling slhdsa.cc
[262/434] Compiling rsa_extra.cc
[263/434] Compiling refcount.cc
[264/434] Compiling rc4.cc
[264/434] Compiling rsa_crypt.cc
[266/434] Compiling trusty.cc
[267/434] Compiling windows.cc
[268/434] Compiling urandom.cc
[269/434] Compiling rand.cc
[270/434] Compiling rsa_asn1.cc
[271/434] Compiling ios.cc
[272/434] Compiling getentropy.cc
[273/434] Compiling passive.cc
[274/434] Compiling poly1305_arm_asm.S
[275/434] Compiling fork_detect.cc
[276/434] Compiling forkunsafe.cc
[277/434] Compiling deterministic.cc
[278/434] Compiling poly1305_vec.cc
[279/434] Compiling pool.cc
[280/434] Compiling poly1305_arm.cc
[281/434] Compiling poly1305.cc
[282/434] Compiling pkcs8.cc
[283/434] Compiling p5_pbev2.cc
[284/434] Compiling pkcs8_x509.cc
[285/434] Compiling pkcs7_x509.cc
[286/434] Compiling pkcs7.cc
[287/434] Compiling pem_xaux.cc
[288/434] Compiling pem_x509.cc
[289/434] Compiling pem_pkey.cc
[290/434] Compiling mlkem.cc
[291/434] Compiling pem_pk8.cc
[292/434] Compiling pem_oth.cc
[293/434] Compiling pem_info.cc
[294/434] Compiling pem_lib.cc
[295/434] Compiling obj_xref.cc
[296/434] Compiling pem_all.cc
[297/434] Compiling obj.cc
[298/434] Compiling poly_rq_mul.S
[299/434] Compiling mldsa.cc
[300/434] Compiling mem.cc
[301/434] Compiling fips_shared_support.cc
[302/434] Compiling lhash.cc
[303/434] Compiling md5.cc
[304/434] Compiling md4.cc
[305/434] Compiling kyber.cc
[306/434] Compiling fuzzer_mode.cc
[307/434] Compiling ex_data.cc
[308/434] Compiling hrss.cc
[309/434] Compiling hpke.cc
[310/434] Compiling scrypt.cc
[311/434] Compiling print.cc
[312/434] Compiling pbkdf.cc
[313/434] Compiling sign.cc
[314/434] Compiling p_x25519.cc
[315/434] Compiling p_x25519_asn1.cc
[316/434] Compiling p_rsa_asn1.cc
[317/434] Compiling p_rsa.cc
[318/434] Compiling p_hkdf.cc
[319/434] Compiling p_ed25519_asn1.cc
[320/434] Compiling p_ed25519.cc
[321/434] Compiling p_dsa_asn1.cc
[322/434] Compiling p_ec.cc
[323/434] Compiling p_ec_asn1.cc
[324/434] Compiling p_dh_asn1.cc
[325/434] Compiling p_dh.cc
[326/434] Compiling evp_ctx.cc
[327/434] Compiling engine.cc
[328/434] Compiling err.cc
[329/434] Compiling evp.cc
[330/434] Compiling evp_asn1.cc
[331/434] Compiling ecdsa_p1363.cc
[332/434] Compiling ecdh.cc
[333/434] Compiling ec_derive.cc
[334/434] Compiling ecdsa_asn1.cc
[335/434] Compiling hash_to_curve.cc
[336/434] Compiling ec_asn1.cc
[337/434] Compiling dsa.cc
[338/434] Compiling dsa_asn1.cc
[339/434] Compiling digest_extra.cc
[340/434] Compiling x25519-asm-arm.S
[341/434] Compiling params.cc
[342/434] Compiling curve25519_64_adx.cc
[343/434] Compiling des.cc
[344/434] Compiling dh_asn1.cc
[345/434] Compiling spake25519.cc
[346/434] Compiling curve25519.cc
[347/434] Compiling crypto.cc
[348/434] Compiling cpu_intel.cc
[349/434] Compiling cpu_arm_linux.cc
[350/434] Compiling cpu_aarch64_win.cc
[351/434] Compiling cpu_arm_freebsd.cc
[352/434] Compiling cpu_aarch64_sysreg.cc
[353/434] Compiling cpu_aarch64_openbsd.cc
[354/434] Compiling cpu_aarch64_linux.cc
[355/434] Compiling cpu_aarch64_fuchsia.cc
[356/434] Compiling cpu_aarch64_apple.cc
[357/434] Compiling tls_cbc.cc
[358/434] Compiling conf.cc
[359/434] Compiling get_cipher.cc
[360/434] Compiling cms.cc
[361/434] Compiling e_null.cc
[362/434] Compiling e_tls.cc
[363/434] Compiling e_rc4.cc
[364/434] Compiling e_rc2.cc
[365/434] Compiling e_des.cc
[366/434] Compiling e_aeseax.cc
[367/434] Compiling e_chacha20poly1305.cc
[368/434] Compiling e_aesgcmsiv.cc
[368/434] Compiling derive_key.cc
[370/434] Compiling e_aesctrhmac.cc
[371/434] Compiling chacha.cc
[372/434] Compiling unicode.cc
[373/434] Compiling buf.cc
[374/434] Compiling sqrt.cc
[375/434] Compiling cbs.cc
[376/434] Compiling ber.cc
[377/434] Compiling asn1_compat.cc
[378/434] Compiling cbb.cc
[379/434] Compiling exponentiation.cc
[380/434] Compiling div.cc
[381/434] Compiling bn_asn1.cc
[382/434] Compiling blake2.cc
[383/434] Compiling printf.cc
[384/434] Compiling pair.cc
[385/434] Compiling convert.cc
[386/434] Compiling hexdump.cc
[387/434] Compiling file.cc
[388/434] Compiling errno.cc
[389/434] Compiling fd.cc
[390/434] Compiling bio_mem.cc
[391/434] Compiling base64.cc
[392/434] Compiling bio.cc
[393/434] Compiling tasn_typ.cc
[394/434] Compiling tasn_fre.cc
[395/434] Compiling tasn_utl.cc
[396/434] Compiling tasn_enc.cc
[397/434] Compiling posix_time.cc
[398/434] Compiling tasn_new.cc
[399/434] Compiling f_string.cc
[400/434] Compiling tasn_dec.cc
[401/434] Compiling asn_pack.cc
[402/434] Compiling f_int.cc
[403/434] Compiling asn1_par.cc
[404/434] Compiling a_utctm.cc
[405/434] Compiling asn1_lib.cc
[406/434] Compiling bcm.cc
[407/434] Compiling a_octet.cc
[408/434] Compiling a_time.cc
[409/434] Compiling a_type.cc
[410/434] Compiling a_strnid.cc
[411/434] Compiling a_strex.cc
[412/434] Compiling a_i2d_fp.cc
[413/434] Compiling a_dup.cc
[414/434] Compiling a_mbstr.cc
[415/434] Write sources
[416/434] Compiling a_object.cc
[417/434] Write sources
[418/434] Compiling a_d2i_fp.cc
[419/434] Compiling a_int.cc
[420/436] Compiling a_gentm.cc
[421/436] Compiling a_bool.cc
[422/436] Compiling aes.cc
[423/436] Compiling a_bitstr.cc
[425/444] Compiling ArgumentParserToolInfo ToolInfo.swift
[426/444] Emitting module ArgumentParserToolInfo
[427/445] Wrapping AST for ArgumentParserToolInfo for debugging
[429/492] Emitting module ArgumentParser
[430/498] Compiling ArgumentParser ParentCommand.swift
[431/498] Compiling ArgumentParser AsyncParsableCommand.swift
[432/498] Compiling ArgumentParser CommandConfiguration.swift
[433/498] Compiling ArgumentParser CommandGroup.swift
[434/498] Compiling ArgumentParser EnumerableFlag.swift
[435/498] Compiling ArgumentParser ExpressibleByArgument.swift
[436/498] Compiling ArgumentParser ParsableArguments.swift
[437/498] Compiling ArgumentParser Mutex.swift
[438/498] Compiling ArgumentParser Platform.swift
[439/498] Compiling ArgumentParser SequenceExtensions.swift
[440/498] Compiling ArgumentParser StringExtensions.swift
[441/498] Compiling ArgumentParser SwiftExtensions.swift
[442/498] Compiling ArgumentParser Tree.swift
[443/498] Compiling ArgumentParser HelpCommand.swift
[444/498] Compiling ArgumentParser HelpGenerator.swift
[445/498] Compiling ArgumentParser MessageInfo.swift
[446/498] Compiling ArgumentParser UsageGenerator.swift
[447/498] Compiling ArgumentParser CollectionExtensions.swift
[448/498] Compiling ArgumentParser Foundation.swift
[449/498] Compiling ArgumentParser AsyncCompletionsValidator.swift
[450/498] Compiling ArgumentParser CodingKeyValidator.swift
[451/498] Compiling ArgumentParser NonsenseFlagsValidator.swift
[452/498] Compiling ArgumentParser ParsableArgumentsValidation.swift
[453/498] Compiling ArgumentParser PositionalArgumentsValidator.swift
[454/498] Compiling ArgumentParser UniqueNamesValidator.swift
[455/498] Compiling ArgumentParser BashCompletionsGenerator.swift
[456/498] Compiling ArgumentParser CompletionsGenerator.swift
[457/498] Compiling ArgumentParser FishCompletionsGenerator.swift
[458/498] Compiling ArgumentParser ZshCompletionsGenerator.swift
[459/498] Compiling ArgumentParser Argument.swift
[460/498] Compiling ArgumentParser ArgumentDiscussion.swift
[461/498] Compiling ArgumentParser ArgumentHelp.swift
[462/498] Compiling ArgumentParser ArgumentVisibility.swift
[463/498] Compiling ArgumentParser CompletionKind.swift
[464/498] Compiling ArgumentParser Errors.swift
[465/498] Compiling ArgumentParser Flag.swift
[466/498] Compiling ArgumentParser NameSpecification.swift
[467/498] Compiling ArgumentParser Option.swift
[468/498] Compiling ArgumentParser OptionGroup.swift
[469/498] Compiling ArgumentParser ParsableCommand.swift
[470/498] Compiling ArgumentParser ArgumentDecoder.swift
[471/498] Compiling ArgumentParser ArgumentDefinition.swift
[472/498] Compiling ArgumentParser ArgumentSet.swift
[473/498] Compiling ArgumentParser CommandParser.swift
[474/498] Compiling ArgumentParser InputKey.swift
[475/498] Compiling ArgumentParser InputOrigin.swift
[476/498] Compiling ArgumentParser Name.swift
[477/498] Compiling ArgumentParser Parsed.swift
[478/498] Compiling ArgumentParser ParsedValues.swift
[479/498] Compiling ArgumentParser ParserError.swift
[480/498] Compiling ArgumentParser SplitArguments.swift
[481/498] Compiling ArgumentParser DumpHelpGenerator.swift
[482/499] Wrapping AST for ArgumentParser for debugging
[484/499] Compiling CryptoBoringWrapper RandomBytes.swift
[485/499] Compiling CryptoBoringWrapper EllipticCurvePoint.swift
[486/499] Compiling CryptoBoringWrapper EllipticCurve.swift
[487/499] Compiling CryptoBoringWrapper ArbitraryPrecisionInteger.swift
[488/499] Emitting module CryptoBoringWrapper
[489/499] Compiling CryptoBoringWrapper FiniteFieldArithmeticContext.swift
[490/499] Compiling CryptoBoringWrapper CryptoKitErrors_boring.swift
[491/499] Compiling CryptoBoringWrapper BoringSSLAEAD.swift
[492/500] Wrapping AST for CryptoBoringWrapper for debugging
[494/571] Emitting module Crypto
[495/581] Compiling Crypto HPKE-Errors.swift
[496/581] Compiling Crypto HPKE.swift
[497/581] Compiling Crypto HPKE-Context.swift
[498/581] Compiling Crypto HPKE-KeySchedule.swift
[499/581] Compiling Crypto HPKE-Modes.swift
[500/581] Compiling Crypto Insecure.swift
[501/581] Compiling Crypto Insecure_HashFunctions.swift
[502/581] Compiling Crypto KEM.swift
[503/581] Compiling Crypto ECDH_boring.swift
[504/581] Compiling Crypto DH.swift
[505/581] Compiling Crypto HPKE-AEAD.swift
[506/581] Compiling Crypto HPKE-Ciphersuite.swift
[507/581] Compiling Crypto HPKE-KDF.swift
[508/581] Compiling Crypto HPKE-KexKeyDerivation.swift
[509/581] Compiling Crypto HPKE-LabeledExtract.swift
[510/581] Compiling Crypto HPKE-Utils.swift
[511/581] Compiling Crypto DHKEM.swift
[512/581] Compiling Crypto HPKE-KEM-Curve25519.swift
[513/581] Compiling Crypto HPKE-NIST-EC-KEMs.swift
[514/581] Compiling Crypto HPKE-KEM.swift
[515/581] Compiling Crypto PKCS8PrivateKey.swift
[516/581] Compiling Crypto SEC1PrivateKey.swift
[517/581] Compiling Crypto SubjectPublicKeyInfo.swift
[518/581] Compiling Crypto CryptoError_boring.swift
[519/581] Compiling Crypto CryptoKitErrors.swift
[520/581] Compiling Crypto Digest_boring.swift
[521/581] Compiling Crypto Digest.swift
[522/581] Compiling Crypto Digests.swift
[523/581] Compiling Crypto HashFunctions.swift
[524/581] Compiling Crypto HashFunctions_SHA2.swift
[525/581] Compiling Crypto AES-GCM.swift
[526/581] Compiling Crypto AES-GCM_boring.swift
[527/581] Compiling Crypto ChaChaPoly_boring.swift
[528/581] Compiling Crypto ChaChaPoly.swift
[529/581] Compiling Crypto Cipher.swift
[530/581] Compiling Crypto Nonces.swift
[531/581] Compiling Crypto ASN1.swift
[532/581] Compiling Crypto ASN1Any.swift
[533/581] Compiling Crypto ASN1BitString.swift
[534/581] Compiling Crypto ASN1Boolean.swift
[535/581] Compiling Crypto ECDH.swift
[536/581] Compiling Crypto HKDF.swift
[537/581] Compiling Crypto AESWrap.swift
[538/581] Compiling Crypto AESWrap_boring.swift
[539/581] Compiling Crypto Ed25519_boring.swift
[540/581] Compiling Crypto NISTCurvesKeys_boring.swift
[541/581] Compiling Crypto X25519Keys_boring.swift
[542/581] Compiling Crypto Curve25519.swift
[543/581] Compiling Crypto Ed25519Keys.swift
[544/581] Compiling Crypto NISTCurvesKeys.swift
[545/581] Compiling Crypto X25519Keys.swift
[546/581] Compiling Crypto SymmetricKeys.swift
[547/581] Compiling Crypto HMAC.swift
[548/581] Compiling Crypto MACFunctions.swift
[549/581] Compiling Crypto MessageAuthenticationCode.swift
[550/581] Compiling Crypto AES.swift
[551/581] Compiling Crypto ECDSASignature_boring.swift
[552/581] Compiling Crypto ECDSA_boring.swift
[553/581] Compiling Crypto EdDSA_boring.swift
[554/581] Compiling Crypto ECDSA.swift
[555/581] Compiling Crypto ASN1Identifier.swift
[556/581] Compiling Crypto ASN1Integer.swift
[557/581] Compiling Crypto ASN1Null.swift
[558/581] Compiling Crypto ASN1OctetString.swift
[559/581] Compiling Crypto ASN1Strings.swift
[560/581] Compiling Crypto ArraySliceBigint.swift
[561/581] Compiling Crypto GeneralizedTime.swift
[562/581] Compiling Crypto ObjectIdentifier.swift
[563/581] Compiling Crypto ECDSASignature.swift
[564/581] Compiling Crypto PEMDocument.swift
[565/581] Compiling Crypto Ed25519.swift
[566/581] Compiling Crypto Signature.swift
[567/581] Compiling Crypto CryptoKitErrors_boring.swift
[568/581] Compiling Crypto RNG_boring.swift
[569/581] Compiling Crypto SafeCompare_boring.swift
[570/581] Compiling Crypto Zeroization_boring.swift
[571/581] Compiling Crypto PrettyBytes.swift
[572/581] Compiling Crypto SafeCompare.swift
[573/581] Compiling Crypto SecureBytes.swift
[574/581] Compiling Crypto Zeroization.swift
[575/582] Wrapping AST for Crypto for debugging
[577/636] Emitting module _CryptoExtras
[578/643] Compiling _CryptoExtras Scrypt.swift
[579/643] Compiling _CryptoExtras OPRF.swift
[580/643] Compiling _CryptoExtras OPRFClient.swift
[581/643] Compiling _CryptoExtras OPRFServer.swift
[582/643] Compiling _CryptoExtras VOPRF+API.swift
[583/643] Compiling _CryptoExtras VOPRFClient.swift
[584/643] Compiling _CryptoExtras VOPRFServer.swift
[585/643] Compiling _CryptoExtras AES_CBC.swift
[586/643] Compiling _CryptoExtras AES_CFB.swift
[587/643] Compiling _CryptoExtras AES_CTR.swift
[588/643] Compiling _CryptoExtras AES_GCM_SIV.swift
[589/643] Compiling _CryptoExtras Block Function.swift
[590/643] Compiling _CryptoExtras AES_CFB_boring.swift
[591/643] Compiling _CryptoExtras AES_CTR_boring.swift
[592/643] Compiling _CryptoExtras AES_GCM_SIV_boring.swift
[593/643] Compiling _CryptoExtras ThreadPosix.swift
[594/643] Compiling _CryptoExtras ThreadSpecific.swift
[595/643] Compiling _CryptoExtras ThreadWindows.swift
[596/643] Compiling _CryptoExtras DLEQ.swift
[597/643] Compiling _CryptoExtras Prover.swift
[598/643] Compiling _CryptoExtras Verifier.swift
[599/643] Compiling _CryptoExtras ZKPToolbox.swift
[600/643] Compiling _CryptoExtras CMAC.swift
[601/643] Compiling _CryptoExtras ARC+API.swift
[602/643] Compiling _CryptoExtras ARC.swift
[603/643] Compiling _CryptoExtras ARCCredential.swift
[604/643] Compiling _CryptoExtras ARCEncoding.swift
[605/643] Compiling _CryptoExtras ARCPrecredential.swift
[606/643] Compiling _CryptoExtras ARCPresentation.swift
[607/643] Compiling _CryptoExtras ARCRequest.swift
[608/643] Compiling _CryptoExtras ECToolbox_boring.swift
[609/643] Compiling _CryptoExtras ECToolbox.swift
[610/643] Compiling _CryptoExtras HashToField.swift
[611/643] Compiling _CryptoExtras KDF.swift
[612/643] Compiling _CryptoExtras PBKDF2_boring.swift
[613/643] Compiling _CryptoExtras PBKDF2_commoncrypto.swift
[614/643] Compiling _CryptoExtras PBKDF2.swift
[615/643] Compiling _CryptoExtras Scrypt_boring.swift
[616/643] Compiling _CryptoExtras ARCResponse.swift
[617/643] Compiling _CryptoExtras ARCServer.swift
[618/643] Compiling _CryptoExtras ChaCha20CTR_boring.swift
[619/643] Compiling _CryptoExtras ChaCha20CTR.swift
[620/643] Compiling _CryptoExtras ObjectIdentifier.swift
[621/643] Compiling _CryptoExtras PKCS8DERRepresentation.swift
[622/643] Compiling _CryptoExtras PKCS8PrivateKey.swift
[623/643] Compiling _CryptoExtras RFC8410AlgorithmIdentifier.swift
[624/643] Compiling _CryptoExtras Error.swift
[625/643] Compiling _CryptoExtras I2OSP.swift
[626/643] Compiling _CryptoExtras IntegerEncoding.swift
[627/643] Compiling _CryptoExtras PEMDocument.swift
[628/643] Compiling _CryptoExtras PrettyBytes.swift
[629/643] Compiling _CryptoExtras SubjectPublicKeyInfo.swift
[630/643] Compiling _CryptoExtras ThreadOps.swift
[631/643] Compiling _CryptoExtras RSA+BlindSigning.swift
[632/643] Compiling _CryptoExtras RSA.swift
[633/643] Compiling _CryptoExtras RSA_boring.swift
[634/643] Compiling _CryptoExtras BoringSSLHelpers.swift
[635/643] Compiling _CryptoExtras CryptoKitErrors_boring.swift
[636/643] Compiling _CryptoExtras Data+Extensions.swift
[637/643] Compiling _CryptoExtras DigestType.swift
[638/644] Wrapping AST for _CryptoExtras for debugging
[640/746] Emitting module KDBXKit
[641/760] Compiling KDBXKit Int32+dataLE.swift
/host/spi-builder-workspace/Sources/KDBXKit/HMACProtectedBlockStream.swift:26:26: warning: result of call to 'withUnsafeMutableBytes' is unused [#no-usage]
24 |             combined.append(0x01)
25 |             defer {
26 |                 combined.withUnsafeMutableBytes { ptr in
   |                          `- warning: result of call to 'withUnsafeMutableBytes' is unused [#no-usage]
27 |                     ptr.initializeMemory(as: UInt8.self, repeating: 0)
28 |                 }
[642/760] Compiling KDBXKit Node+fullyQualifiedName.swift
/host/spi-builder-workspace/Sources/KDBXKit/HMACProtectedBlockStream.swift:26:26: warning: result of call to 'withUnsafeMutableBytes' is unused [#no-usage]
24 |             combined.append(0x01)
25 |             defer {
26 |                 combined.withUnsafeMutableBytes { ptr in
   |                          `- warning: result of call to 'withUnsafeMutableBytes' is unused [#no-usage]
27 |                     ptr.initializeMemory(as: UInt8.self, repeating: 0)
28 |                 }
[643/760] Compiling KDBXKit OutputStream+writeData.swift
/host/spi-builder-workspace/Sources/KDBXKit/HMACProtectedBlockStream.swift:26:26: warning: result of call to 'withUnsafeMutableBytes' is unused [#no-usage]
24 |             combined.append(0x01)
25 |             defer {
26 |                 combined.withUnsafeMutableBytes { ptr in
   |                          `- warning: result of call to 'withUnsafeMutableBytes' is unused [#no-usage]
27 |                     ptr.initializeMemory(as: UInt8.self, repeating: 0)
28 |                 }
[644/760] Compiling KDBXKit UInt64+dataLE.swift
/host/spi-builder-workspace/Sources/KDBXKit/HMACProtectedBlockStream.swift:26:26: warning: result of call to 'withUnsafeMutableBytes' is unused [#no-usage]
24 |             combined.append(0x01)
25 |             defer {
26 |                 combined.withUnsafeMutableBytes { ptr in
   |                          `- warning: result of call to 'withUnsafeMutableBytes' is unused [#no-usage]
27 |                     ptr.initializeMemory(as: UInt8.self, repeating: 0)
28 |                 }
[645/760] Compiling KDBXKit UUID+isZero.swift
/host/spi-builder-workspace/Sources/KDBXKit/HMACProtectedBlockStream.swift:26:26: warning: result of call to 'withUnsafeMutableBytes' is unused [#no-usage]
24 |             combined.append(0x01)
25 |             defer {
26 |                 combined.withUnsafeMutableBytes { ptr in
   |                          `- warning: result of call to 'withUnsafeMutableBytes' is unused [#no-usage]
27 |                     ptr.initializeMemory(as: UInt8.self, repeating: 0)
28 |                 }
[646/760] Compiling KDBXKit UUID+uint128.swift
/host/spi-builder-workspace/Sources/KDBXKit/HMACProtectedBlockStream.swift:26:26: warning: result of call to 'withUnsafeMutableBytes' is unused [#no-usage]
24 |             combined.append(0x01)
25 |             defer {
26 |                 combined.withUnsafeMutableBytes { ptr in
   |                          `- warning: result of call to 'withUnsafeMutableBytes' is unused [#no-usage]
27 |                     ptr.initializeMemory(as: UInt8.self, repeating: 0)
28 |                 }
[647/760] Compiling KDBXKit HMACProtectedBlockStream.swift
/host/spi-builder-workspace/Sources/KDBXKit/HMACProtectedBlockStream.swift:26:26: warning: result of call to 'withUnsafeMutableBytes' is unused [#no-usage]
24 |             combined.append(0x01)
25 |             defer {
26 |                 combined.withUnsafeMutableBytes { ptr in
   |                          `- warning: result of call to 'withUnsafeMutableBytes' is unused [#no-usage]
27 |                     ptr.initializeMemory(as: UInt8.self, repeating: 0)
28 |                 }
[648/760] Compiling KDBXKit Header+validate.swift
/host/spi-builder-workspace/Sources/KDBXKit/HMACProtectedBlockStream.swift:26:26: warning: result of call to 'withUnsafeMutableBytes' is unused [#no-usage]
24 |             combined.append(0x01)
25 |             defer {
26 |                 combined.withUnsafeMutableBytes { ptr in
   |                          `- warning: result of call to 'withUnsafeMutableBytes' is unused [#no-usage]
27 |                     ptr.initializeMemory(as: UInt8.self, repeating: 0)
28 |                 }
[649/760] Compiling KDBXKit Header.swift
/host/spi-builder-workspace/Sources/KDBXKit/HMACProtectedBlockStream.swift:26:26: warning: result of call to 'withUnsafeMutableBytes' is unused [#no-usage]
24 |             combined.append(0x01)
25 |             defer {
26 |                 combined.withUnsafeMutableBytes { ptr in
   |                          `- warning: result of call to 'withUnsafeMutableBytes' is unused [#no-usage]
27 |                     ptr.initializeMemory(as: UInt8.self, repeating: 0)
28 |                 }
[650/760] Compiling KDBXKit Header3xReader.swift
/host/spi-builder-workspace/Sources/KDBXKit/HMACProtectedBlockStream.swift:26:26: warning: result of call to 'withUnsafeMutableBytes' is unused [#no-usage]
24 |             combined.append(0x01)
25 |             defer {
26 |                 combined.withUnsafeMutableBytes { ptr in
   |                          `- warning: result of call to 'withUnsafeMutableBytes' is unused [#no-usage]
27 |                     ptr.initializeMemory(as: UInt8.self, repeating: 0)
28 |                 }
[651/760] Compiling KDBXKit HeaderFieldType.swift
/host/spi-builder-workspace/Sources/KDBXKit/HMACProtectedBlockStream.swift:26:26: warning: result of call to 'withUnsafeMutableBytes' is unused [#no-usage]
24 |             combined.append(0x01)
25 |             defer {
26 |                 combined.withUnsafeMutableBytes { ptr in
   |                          `- warning: result of call to 'withUnsafeMutableBytes' is unused [#no-usage]
27 |                     ptr.initializeMemory(as: UInt8.self, repeating: 0)
28 |                 }
[652/760] Compiling KDBXKit HeaderFieldType3x.swift
/host/spi-builder-workspace/Sources/KDBXKit/HMACProtectedBlockStream.swift:26:26: warning: result of call to 'withUnsafeMutableBytes' is unused [#no-usage]
24 |             combined.append(0x01)
25 |             defer {
26 |                 combined.withUnsafeMutableBytes { ptr in
   |                          `- warning: result of call to 'withUnsafeMutableBytes' is unused [#no-usage]
27 |                     ptr.initializeMemory(as: UInt8.self, repeating: 0)
28 |                 }
[653/760] Compiling KDBXKit HeaderReader.swift
/host/spi-builder-workspace/Sources/KDBXKit/HMACProtectedBlockStream.swift:26:26: warning: result of call to 'withUnsafeMutableBytes' is unused [#no-usage]
24 |             combined.append(0x01)
25 |             defer {
26 |                 combined.withUnsafeMutableBytes { ptr in
   |                          `- warning: result of call to 'withUnsafeMutableBytes' is unused [#no-usage]
27 |                     ptr.initializeMemory(as: UInt8.self, repeating: 0)
28 |                 }
[654/760] Compiling KDBXKit HeaderWriter.swift
/host/spi-builder-workspace/Sources/KDBXKit/HMACProtectedBlockStream.swift:26:26: warning: result of call to 'withUnsafeMutableBytes' is unused [#no-usage]
24 |             combined.append(0x01)
25 |             defer {
26 |                 combined.withUnsafeMutableBytes { ptr in
   |                          `- warning: result of call to 'withUnsafeMutableBytes' is unused [#no-usage]
27 |                     ptr.initializeMemory(as: UInt8.self, repeating: 0)
28 |                 }
[655/760] Compiling KDBXKit KDFParameters+Default.swift
/host/spi-builder-workspace/Sources/KDBXKit/HMACProtectedBlockStream.swift:26:26: warning: result of call to 'withUnsafeMutableBytes' is unused [#no-usage]
24 |             combined.append(0x01)
25 |             defer {
26 |                 combined.withUnsafeMutableBytes { ptr in
   |                          `- warning: result of call to 'withUnsafeMutableBytes' is unused [#no-usage]
27 |                     ptr.initializeMemory(as: UInt8.self, repeating: 0)
28 |                 }
[656/760] Compiling KDBXKit Data+asBoolean.swift
[657/760] Compiling KDBXKit Data+asInt32LE.swift
[658/760] Compiling KDBXKit Data+asInt64LE.swift
[659/760] Compiling KDBXKit Data+asUInt16LE.swift
[660/760] Compiling KDBXKit Data+asUInt32LE.swift
[661/760] Compiling KDBXKit Data+asUInt64LE.swift
[662/760] Compiling KDBXKit Data+asUUIDLE.swift
[663/760] Compiling KDBXKit Data+hexString.swift
[664/760] Compiling KDBXKit Data+hmacSha256.swift
[665/760] Compiling KDBXKit Data+sha256.swift
[666/760] Compiling KDBXKit Data+sha512.swift
[667/760] Compiling KDBXKit DataProtocol.swift
[668/760] Compiling KDBXKit Date+dotnet.swift
[669/760] Compiling KDBXKit FixedWidthInteger+fromDataLittleEndian.swift
[670/760] Compiling KDBXKit FixedWidthInteger+toDataLittleEndian.swift
[671/760] Compiling KDBXKit KDFParameters+Profile.swift
[672/760] Compiling KDBXKit KDFParameters+validate.swift
[673/760] Compiling KDBXKit KDFParameters.swift
[674/760] Compiling KDBXKit VariantDictionary.swift
[675/760] Compiling KDBXKit VariantDictionaryReader.swift
[676/760] Compiling KDBXKit VariantDictionaryValueType.swift
[677/760] Compiling KDBXKit VariantDictionaryWriter.swift
[678/760] Compiling KDBXKit InnerHeader+cryptor.swift
[679/760] Compiling KDBXKit InnerHeader+validate.swift
[680/760] Compiling KDBXKit InnerHeader.swift
[681/760] Compiling KDBXKit InnerHeaderFieldType.swift
[682/760] Compiling KDBXKit InnerHeaderReader.swift
[683/760] Compiling KDBXKit InnerHeaderWriter.swift
[684/760] Compiling KDBXKit KeystreamSource.swift
[685/760] Compiling KDBXKit Meta+validate.swift
[686/760] Compiling KDBXKit Meta.swift
[687/760] Compiling KDBXKit NullableBoolEx.swift
[688/760] Compiling KDBXKit ProtectedBinary.swift
[689/760] Compiling KDBXKit ProtectedString.swift
[690/760] Compiling KDBXKit Root.swift
[691/760] Compiling KDBXKit Times.swift
[692/760] Compiling KDBXKit ValueOrNever.swift
[693/760] Compiling KDBXKit ValueOrUnlimited.swift
[694/760] Compiling KDBXKit KDBXContent+Factory.swift
[695/760] Compiling KDBXKit KDBXContent+upgradeKDF.swift
[696/760] Compiling KDBXKit KDBXContent+validate.swift
[697/760] Compiling KDBXKit KDBXContent.swift
[698/760] Compiling KDBXKit KDBXReader+Lazy.swift
[699/760] Compiling KDBXKit KDBXReader+Legacy3x.swift
/host/spi-builder-workspace/Sources/KDBXKit/MainKey.swift:35:26: warning: result of call to 'withUnsafeMutableBytes' is unused [#no-usage]
33 |             combined.append(contentsOf: ukPtr.bindMemory(to: UInt8.self))
34 |             defer {
35 |                 combined.withUnsafeMutableBytes { ptr in
   |                          `- warning: result of call to 'withUnsafeMutableBytes' is unused [#no-usage]
36 |                     ptr.initializeMemory(as: UInt8.self, repeating: 0)
37 |                 }
[700/760] Compiling KDBXKit KDBXReader+Streaming.swift
/host/spi-builder-workspace/Sources/KDBXKit/MainKey.swift:35:26: warning: result of call to 'withUnsafeMutableBytes' is unused [#no-usage]
33 |             combined.append(contentsOf: ukPtr.bindMemory(to: UInt8.self))
34 |             defer {
35 |                 combined.withUnsafeMutableBytes { ptr in
   |                          `- warning: result of call to 'withUnsafeMutableBytes' is unused [#no-usage]
36 |                     ptr.initializeMemory(as: UInt8.self, repeating: 0)
37 |                 }
[701/760] Compiling KDBXKit KDBXReader.swift
/host/spi-builder-workspace/Sources/KDBXKit/MainKey.swift:35:26: warning: result of call to 'withUnsafeMutableBytes' is unused [#no-usage]
33 |             combined.append(contentsOf: ukPtr.bindMemory(to: UInt8.self))
34 |             defer {
35 |                 combined.withUnsafeMutableBytes { ptr in
   |                          `- warning: result of call to 'withUnsafeMutableBytes' is unused [#no-usage]
36 |                     ptr.initializeMemory(as: UInt8.self, repeating: 0)
37 |                 }
[702/760] Compiling KDBXKit KDBXSource.swift
/host/spi-builder-workspace/Sources/KDBXKit/MainKey.swift:35:26: warning: result of call to 'withUnsafeMutableBytes' is unused [#no-usage]
33 |             combined.append(contentsOf: ukPtr.bindMemory(to: UInt8.self))
34 |             defer {
35 |                 combined.withUnsafeMutableBytes { ptr in
   |                          `- warning: result of call to 'withUnsafeMutableBytes' is unused [#no-usage]
36 |                     ptr.initializeMemory(as: UInt8.self, repeating: 0)
37 |                 }
[703/760] Compiling KDBXKit KDBXWriter.swift
/host/spi-builder-workspace/Sources/KDBXKit/MainKey.swift:35:26: warning: result of call to 'withUnsafeMutableBytes' is unused [#no-usage]
33 |             combined.append(contentsOf: ukPtr.bindMemory(to: UInt8.self))
34 |             defer {
35 |                 combined.withUnsafeMutableBytes { ptr in
   |                          `- warning: result of call to 'withUnsafeMutableBytes' is unused [#no-usage]
36 |                     ptr.initializeMemory(as: UInt8.self, repeating: 0)
37 |                 }
[704/760] Compiling KDBXKit AESKDF.swift
/host/spi-builder-workspace/Sources/KDBXKit/MainKey.swift:35:26: warning: result of call to 'withUnsafeMutableBytes' is unused [#no-usage]
33 |             combined.append(contentsOf: ukPtr.bindMemory(to: UInt8.self))
34 |             defer {
35 |                 combined.withUnsafeMutableBytes { ptr in
   |                          `- warning: result of call to 'withUnsafeMutableBytes' is unused [#no-usage]
36 |                     ptr.initializeMemory(as: UInt8.self, repeating: 0)
37 |                 }
[705/760] Compiling KDBXKit Argon2KDF.swift
/host/spi-builder-workspace/Sources/KDBXKit/MainKey.swift:35:26: warning: result of call to 'withUnsafeMutableBytes' is unused [#no-usage]
33 |             combined.append(contentsOf: ukPtr.bindMemory(to: UInt8.self))
34 |             defer {
35 |                 combined.withUnsafeMutableBytes { ptr in
   |                          `- warning: result of call to 'withUnsafeMutableBytes' is unused [#no-usage]
36 |                     ptr.initializeMemory(as: UInt8.self, repeating: 0)
37 |                 }
[706/760] Compiling KDBXKit KDFParameterLimits.swift
/host/spi-builder-workspace/Sources/KDBXKit/MainKey.swift:35:26: warning: result of call to 'withUnsafeMutableBytes' is unused [#no-usage]
33 |             combined.append(contentsOf: ukPtr.bindMemory(to: UInt8.self))
34 |             defer {
35 |                 combined.withUnsafeMutableBytes { ptr in
   |                          `- warning: result of call to 'withUnsafeMutableBytes' is unused [#no-usage]
36 |                     ptr.initializeMemory(as: UInt8.self, repeating: 0)
37 |                 }
[707/760] Compiling KDBXKit LazyKDBXContent.swift
/host/spi-builder-workspace/Sources/KDBXKit/MainKey.swift:35:26: warning: result of call to 'withUnsafeMutableBytes' is unused [#no-usage]
33 |             combined.append(contentsOf: ukPtr.bindMemory(to: UInt8.self))
34 |             defer {
35 |                 combined.withUnsafeMutableBytes { ptr in
   |                          `- warning: result of call to 'withUnsafeMutableBytes' is unused [#no-usage]
36 |                     ptr.initializeMemory(as: UInt8.self, repeating: 0)
37 |                 }
[708/760] Compiling KDBXKit Logging.swift
/host/spi-builder-workspace/Sources/KDBXKit/MainKey.swift:35:26: warning: result of call to 'withUnsafeMutableBytes' is unused [#no-usage]
33 |             combined.append(contentsOf: ukPtr.bindMemory(to: UInt8.self))
34 |             defer {
35 |                 combined.withUnsafeMutableBytes { ptr in
   |                          `- warning: result of call to 'withUnsafeMutableBytes' is unused [#no-usage]
36 |                     ptr.initializeMemory(as: UInt8.self, repeating: 0)
37 |                 }
[709/760] Compiling KDBXKit MainKey.swift
/host/spi-builder-workspace/Sources/KDBXKit/MainKey.swift:35:26: warning: result of call to 'withUnsafeMutableBytes' is unused [#no-usage]
33 |             combined.append(contentsOf: ukPtr.bindMemory(to: UInt8.self))
34 |             defer {
35 |                 combined.withUnsafeMutableBytes { ptr in
   |                          `- warning: result of call to 'withUnsafeMutableBytes' is unused [#no-usage]
36 |                     ptr.initializeMemory(as: UInt8.self, repeating: 0)
37 |                 }
[710/760] Compiling KDBXKit BinarySource.swift
/host/spi-builder-workspace/Sources/KDBXKit/MainKey.swift:35:26: warning: result of call to 'withUnsafeMutableBytes' is unused [#no-usage]
33 |             combined.append(contentsOf: ukPtr.bindMemory(to: UInt8.self))
34 |             defer {
35 |                 combined.withUnsafeMutableBytes { ptr in
   |                          `- warning: result of call to 'withUnsafeMutableBytes' is unused [#no-usage]
36 |                     ptr.initializeMemory(as: UInt8.self, repeating: 0)
37 |                 }
[711/760] Compiling KDBXKit DecryptingStreamReader.swift
/host/spi-builder-workspace/Sources/KDBXKit/MainKey.swift:35:26: warning: result of call to 'withUnsafeMutableBytes' is unused [#no-usage]
33 |             combined.append(contentsOf: ukPtr.bindMemory(to: UInt8.self))
34 |             defer {
35 |                 combined.withUnsafeMutableBytes { ptr in
   |                          `- warning: result of call to 'withUnsafeMutableBytes' is unused [#no-usage]
36 |                     ptr.initializeMemory(as: UInt8.self, repeating: 0)
37 |                 }
[712/760] Compiling KDBXKit EncryptingStreamWriter.swift
/host/spi-builder-workspace/Sources/KDBXKit/MainKey.swift:35:26: warning: result of call to 'withUnsafeMutableBytes' is unused [#no-usage]
33 |             combined.append(contentsOf: ukPtr.bindMemory(to: UInt8.self))
34 |             defer {
35 |                 combined.withUnsafeMutableBytes { ptr in
   |                          `- warning: result of call to 'withUnsafeMutableBytes' is unused [#no-usage]
36 |                     ptr.initializeMemory(as: UInt8.self, repeating: 0)
37 |                 }
[713/760] Compiling KDBXKit AutoType.swift
[714/760] Compiling KDBXKit Color.swift
[715/760] Compiling KDBXKit CustomDataItem.swift
[716/760] Compiling KDBXKit CustomDataWithTimes.swift
[717/760] Compiling KDBXKit CustomIcon.swift
[718/760] Compiling KDBXKit DeletedObject.swift
[719/760] Compiling KDBXKit Entry+Passkey.swift
[720/760] Compiling KDBXKit Entry+validate.swift
[721/760] Compiling KDBXKit Entry.swift
[722/760] Compiling KDBXKit Group+validate.swift
[723/760] Compiling KDBXKit Group.swift
[724/760] Compiling KDBXKit KDBX+validate.swift
[725/760] Compiling KDBXKit KDBX.swift
[726/760] Compiling KDBXKit MemoryProtectionConfig.swift
[727/760] Compiling KDBXKit AES256CBC.swift
/host/spi-builder-workspace/Sources/KDBXKit/Crypto/SecureBytesArena.swift:25:5: error: cannot find 'explicit_bzero' in scope
 23 |     memset_s(ptr, len, 0, len)
 24 |     #else
 25 |     explicit_bzero(ptr, len)
    |     `- error: cannot find 'explicit_bzero' in scope
 26 |     #endif
 27 | }
/host/spi-builder-workspace/Sources/KDBXKit/Crypto/SecureBytesArena.swift:67:28: error: cannot find 'getpagesize' in scope
 65 |     init(size: Int) {
 66 |         self.size = size
 67 |         let pageSize = Int(getpagesize())
    |                            `- error: cannot find 'getpagesize' in scope
 68 |
 69 |         var ptr: UnsafeMutableRawPointer?
/host/spi-builder-workspace/Sources/KDBXKit/Crypto/SecureBytesArena.swift:81:13: error: cannot find 'mlock' in scope
 79 |         // Best-effort `mlock` — `RLIMIT_MEMLOCK` can refuse, in which case
 80 |         // the bytes still live here, just not pinned against swap.
 81 |         _ = mlock(buffer, size)
    |             `- error: cannot find 'mlock' in scope
 82 |     }
 83 |
/host/spi-builder-workspace/Sources/KDBXKit/Crypto/SecureBytesArena.swift:89:13: error: cannot find 'munlock' in scope
 87 |         // returning it, then drop the wired pages.
 88 |         secureZero(base, size)
 89 |         _ = munlock(base, size)
    |             `- error: cannot find 'munlock' in scope
 90 |         free(base)
 91 |     }
/host/spi-builder-workspace/Sources/KDBXKit/Crypto/SecureBytesArena.swift:120:28: error: cannot find 'getpagesize' in scope
118 |
119 |     init() {
120 |         let pageSize = Int(getpagesize())
    |                            `- error: cannot find 'getpagesize' in scope
121 |         let target = 64 * 1024
122 |         arenaSize = ((max(target, pageSize) + pageSize - 1) / pageSize) * pageSize
/host/spi-builder-workspace/Sources/KDBXKit/Crypto/SecureBytesArena.swift:136:32: error: cannot find 'getpagesize' in scope
134 |         // per-secret amplification for the common small case).
135 |         if aligned > largeThreshold {
136 |             let pageSize = Int(getpagesize())
    |                                `- error: cannot find 'getpagesize' in scope
137 |             let regionSize = ((aligned + pageSize - 1) / pageSize) * pageSize
138 |             let arena = SecureArena(size: regionSize)
[728/760] Compiling KDBXKit AtomicFileWriter.swift
/host/spi-builder-workspace/Sources/KDBXKit/Crypto/SecureBytesArena.swift:25:5: error: cannot find 'explicit_bzero' in scope
 23 |     memset_s(ptr, len, 0, len)
 24 |     #else
 25 |     explicit_bzero(ptr, len)
    |     `- error: cannot find 'explicit_bzero' in scope
 26 |     #endif
 27 | }
/host/spi-builder-workspace/Sources/KDBXKit/Crypto/SecureBytesArena.swift:67:28: error: cannot find 'getpagesize' in scope
 65 |     init(size: Int) {
 66 |         self.size = size
 67 |         let pageSize = Int(getpagesize())
    |                            `- error: cannot find 'getpagesize' in scope
 68 |
 69 |         var ptr: UnsafeMutableRawPointer?
/host/spi-builder-workspace/Sources/KDBXKit/Crypto/SecureBytesArena.swift:81:13: error: cannot find 'mlock' in scope
 79 |         // Best-effort `mlock` — `RLIMIT_MEMLOCK` can refuse, in which case
 80 |         // the bytes still live here, just not pinned against swap.
 81 |         _ = mlock(buffer, size)
    |             `- error: cannot find 'mlock' in scope
 82 |     }
 83 |
/host/spi-builder-workspace/Sources/KDBXKit/Crypto/SecureBytesArena.swift:89:13: error: cannot find 'munlock' in scope
 87 |         // returning it, then drop the wired pages.
 88 |         secureZero(base, size)
 89 |         _ = munlock(base, size)
    |             `- error: cannot find 'munlock' in scope
 90 |         free(base)
 91 |     }
/host/spi-builder-workspace/Sources/KDBXKit/Crypto/SecureBytesArena.swift:120:28: error: cannot find 'getpagesize' in scope
118 |
119 |     init() {
120 |         let pageSize = Int(getpagesize())
    |                            `- error: cannot find 'getpagesize' in scope
121 |         let target = 64 * 1024
122 |         arenaSize = ((max(target, pageSize) + pageSize - 1) / pageSize) * pageSize
/host/spi-builder-workspace/Sources/KDBXKit/Crypto/SecureBytesArena.swift:136:32: error: cannot find 'getpagesize' in scope
134 |         // per-secret amplification for the common small case).
135 |         if aligned > largeThreshold {
136 |             let pageSize = Int(getpagesize())
    |                                `- error: cannot find 'getpagesize' in scope
137 |             let regionSize = ((aligned + pageSize - 1) / pageSize) * pageSize
138 |             let arena = SecureArena(size: regionSize)
[729/760] Compiling KDBXKit BinaryMetadata.swift
/host/spi-builder-workspace/Sources/KDBXKit/Crypto/SecureBytesArena.swift:25:5: error: cannot find 'explicit_bzero' in scope
 23 |     memset_s(ptr, len, 0, len)
 24 |     #else
 25 |     explicit_bzero(ptr, len)
    |     `- error: cannot find 'explicit_bzero' in scope
 26 |     #endif
 27 | }
/host/spi-builder-workspace/Sources/KDBXKit/Crypto/SecureBytesArena.swift:67:28: error: cannot find 'getpagesize' in scope
 65 |     init(size: Int) {
 66 |         self.size = size
 67 |         let pageSize = Int(getpagesize())
    |                            `- error: cannot find 'getpagesize' in scope
 68 |
 69 |         var ptr: UnsafeMutableRawPointer?
/host/spi-builder-workspace/Sources/KDBXKit/Crypto/SecureBytesArena.swift:81:13: error: cannot find 'mlock' in scope
 79 |         // Best-effort `mlock` — `RLIMIT_MEMLOCK` can refuse, in which case
 80 |         // the bytes still live here, just not pinned against swap.
 81 |         _ = mlock(buffer, size)
    |             `- error: cannot find 'mlock' in scope
 82 |     }
 83 |
/host/spi-builder-workspace/Sources/KDBXKit/Crypto/SecureBytesArena.swift:89:13: error: cannot find 'munlock' in scope
 87 |         // returning it, then drop the wired pages.
 88 |         secureZero(base, size)
 89 |         _ = munlock(base, size)
    |             `- error: cannot find 'munlock' in scope
 90 |         free(base)
 91 |     }
/host/spi-builder-workspace/Sources/KDBXKit/Crypto/SecureBytesArena.swift:120:28: error: cannot find 'getpagesize' in scope
118 |
119 |     init() {
120 |         let pageSize = Int(getpagesize())
    |                            `- error: cannot find 'getpagesize' in scope
121 |         let target = 64 * 1024
122 |         arenaSize = ((max(target, pageSize) + pageSize - 1) / pageSize) * pageSize
/host/spi-builder-workspace/Sources/KDBXKit/Crypto/SecureBytesArena.swift:136:32: error: cannot find 'getpagesize' in scope
134 |         // per-secret amplification for the common small case).
135 |         if aligned > largeThreshold {
136 |             let pageSize = Int(getpagesize())
    |                                `- error: cannot find 'getpagesize' in scope
137 |             let regionSize = ((aligned + pageSize - 1) / pageSize) * pageSize
138 |             let arena = SecureArena(size: regionSize)
[730/760] Compiling KDBXKit ByteSink.swift
/host/spi-builder-workspace/Sources/KDBXKit/Crypto/SecureBytesArena.swift:25:5: error: cannot find 'explicit_bzero' in scope
 23 |     memset_s(ptr, len, 0, len)
 24 |     #else
 25 |     explicit_bzero(ptr, len)
    |     `- error: cannot find 'explicit_bzero' in scope
 26 |     #endif
 27 | }
/host/spi-builder-workspace/Sources/KDBXKit/Crypto/SecureBytesArena.swift:67:28: error: cannot find 'getpagesize' in scope
 65 |     init(size: Int) {
 66 |         self.size = size
 67 |         let pageSize = Int(getpagesize())
    |                            `- error: cannot find 'getpagesize' in scope
 68 |
 69 |         var ptr: UnsafeMutableRawPointer?
/host/spi-builder-workspace/Sources/KDBXKit/Crypto/SecureBytesArena.swift:81:13: error: cannot find 'mlock' in scope
 79 |         // Best-effort `mlock` — `RLIMIT_MEMLOCK` can refuse, in which case
 80 |         // the bytes still live here, just not pinned against swap.
 81 |         _ = mlock(buffer, size)
    |             `- error: cannot find 'mlock' in scope
 82 |     }
 83 |
/host/spi-builder-workspace/Sources/KDBXKit/Crypto/SecureBytesArena.swift:89:13: error: cannot find 'munlock' in scope
 87 |         // returning it, then drop the wired pages.
 88 |         secureZero(base, size)
 89 |         _ = munlock(base, size)
    |             `- error: cannot find 'munlock' in scope
 90 |         free(base)
 91 |     }
/host/spi-builder-workspace/Sources/KDBXKit/Crypto/SecureBytesArena.swift:120:28: error: cannot find 'getpagesize' in scope
118 |
119 |     init() {
120 |         let pageSize = Int(getpagesize())
    |                            `- error: cannot find 'getpagesize' in scope
121 |         let target = 64 * 1024
122 |         arenaSize = ((max(target, pageSize) + pageSize - 1) / pageSize) * pageSize
/host/spi-builder-workspace/Sources/KDBXKit/Crypto/SecureBytesArena.swift:136:32: error: cannot find 'getpagesize' in scope
134 |         // per-secret amplification for the common small case).
135 |         if aligned > largeThreshold {
136 |             let pageSize = Int(getpagesize())
    |                                `- error: cannot find 'getpagesize' in scope
137 |             let regionSize = ((aligned + pageSize - 1) / pageSize) * pageSize
138 |             let arena = SecureArena(size: regionSize)
[731/760] Compiling KDBXKit ChaCha20.swift
/host/spi-builder-workspace/Sources/KDBXKit/Crypto/SecureBytesArena.swift:25:5: error: cannot find 'explicit_bzero' in scope
 23 |     memset_s(ptr, len, 0, len)
 24 |     #else
 25 |     explicit_bzero(ptr, len)
    |     `- error: cannot find 'explicit_bzero' in scope
 26 |     #endif
 27 | }
/host/spi-builder-workspace/Sources/KDBXKit/Crypto/SecureBytesArena.swift:67:28: error: cannot find 'getpagesize' in scope
 65 |     init(size: Int) {
 66 |         self.size = size
 67 |         let pageSize = Int(getpagesize())
    |                            `- error: cannot find 'getpagesize' in scope
 68 |
 69 |         var ptr: UnsafeMutableRawPointer?
/host/spi-builder-workspace/Sources/KDBXKit/Crypto/SecureBytesArena.swift:81:13: error: cannot find 'mlock' in scope
 79 |         // Best-effort `mlock` — `RLIMIT_MEMLOCK` can refuse, in which case
 80 |         // the bytes still live here, just not pinned against swap.
 81 |         _ = mlock(buffer, size)
    |             `- error: cannot find 'mlock' in scope
 82 |     }
 83 |
/host/spi-builder-workspace/Sources/KDBXKit/Crypto/SecureBytesArena.swift:89:13: error: cannot find 'munlock' in scope
 87 |         // returning it, then drop the wired pages.
 88 |         secureZero(base, size)
 89 |         _ = munlock(base, size)
    |             `- error: cannot find 'munlock' in scope
 90 |         free(base)
 91 |     }
/host/spi-builder-workspace/Sources/KDBXKit/Crypto/SecureBytesArena.swift:120:28: error: cannot find 'getpagesize' in scope
118 |
119 |     init() {
120 |         let pageSize = Int(getpagesize())
    |                            `- error: cannot find 'getpagesize' in scope
121 |         let target = 64 * 1024
122 |         arenaSize = ((max(target, pageSize) + pageSize - 1) / pageSize) * pageSize
/host/spi-builder-workspace/Sources/KDBXKit/Crypto/SecureBytesArena.swift:136:32: error: cannot find 'getpagesize' in scope
134 |         // per-secret amplification for the common small case).
135 |         if aligned > largeThreshold {
136 |             let pageSize = Int(getpagesize())
    |                                `- error: cannot find 'getpagesize' in scope
137 |             let regionSize = ((aligned + pageSize - 1) / pageSize) * pageSize
138 |             let arena = SecureArena(size: regionSize)
[732/760] Compiling KDBXKit ConstantTime.swift
/host/spi-builder-workspace/Sources/KDBXKit/Crypto/SecureBytesArena.swift:25:5: error: cannot find 'explicit_bzero' in scope
 23 |     memset_s(ptr, len, 0, len)
 24 |     #else
 25 |     explicit_bzero(ptr, len)
    |     `- error: cannot find 'explicit_bzero' in scope
 26 |     #endif
 27 | }
/host/spi-builder-workspace/Sources/KDBXKit/Crypto/SecureBytesArena.swift:67:28: error: cannot find 'getpagesize' in scope
 65 |     init(size: Int) {
 66 |         self.size = size
 67 |         let pageSize = Int(getpagesize())
    |                            `- error: cannot find 'getpagesize' in scope
 68 |
 69 |         var ptr: UnsafeMutableRawPointer?
/host/spi-builder-workspace/Sources/KDBXKit/Crypto/SecureBytesArena.swift:81:13: error: cannot find 'mlock' in scope
 79 |         // Best-effort `mlock` — `RLIMIT_MEMLOCK` can refuse, in which case
 80 |         // the bytes still live here, just not pinned against swap.
 81 |         _ = mlock(buffer, size)
    |             `- error: cannot find 'mlock' in scope
 82 |     }
 83 |
/host/spi-builder-workspace/Sources/KDBXKit/Crypto/SecureBytesArena.swift:89:13: error: cannot find 'munlock' in scope
 87 |         // returning it, then drop the wired pages.
 88 |         secureZero(base, size)
 89 |         _ = munlock(base, size)
    |             `- error: cannot find 'munlock' in scope
 90 |         free(base)
 91 |     }
/host/spi-builder-workspace/Sources/KDBXKit/Crypto/SecureBytesArena.swift:120:28: error: cannot find 'getpagesize' in scope
118 |
119 |     init() {
120 |         let pageSize = Int(getpagesize())
    |                            `- error: cannot find 'getpagesize' in scope
121 |         let target = 64 * 1024
122 |         arenaSize = ((max(target, pageSize) + pageSize - 1) / pageSize) * pageSize
/host/spi-builder-workspace/Sources/KDBXKit/Crypto/SecureBytesArena.swift:136:32: error: cannot find 'getpagesize' in scope
134 |         // per-secret amplification for the common small case).
135 |         if aligned > largeThreshold {
136 |             let pageSize = Int(getpagesize())
    |                                `- error: cannot find 'getpagesize' in scope
137 |             let regionSize = ((aligned + pageSize - 1) / pageSize) * pageSize
138 |             let arena = SecureArena(size: regionSize)
[733/760] Compiling KDBXKit Decryptable.swift
/host/spi-builder-workspace/Sources/KDBXKit/Crypto/SecureBytesArena.swift:25:5: error: cannot find 'explicit_bzero' in scope
 23 |     memset_s(ptr, len, 0, len)
 24 |     #else
 25 |     explicit_bzero(ptr, len)
    |     `- error: cannot find 'explicit_bzero' in scope
 26 |     #endif
 27 | }
/host/spi-builder-workspace/Sources/KDBXKit/Crypto/SecureBytesArena.swift:67:28: error: cannot find 'getpagesize' in scope
 65 |     init(size: Int) {
 66 |         self.size = size
 67 |         let pageSize = Int(getpagesize())
    |                            `- error: cannot find 'getpagesize' in scope
 68 |
 69 |         var ptr: UnsafeMutableRawPointer?
/host/spi-builder-workspace/Sources/KDBXKit/Crypto/SecureBytesArena.swift:81:13: error: cannot find 'mlock' in scope
 79 |         // Best-effort `mlock` — `RLIMIT_MEMLOCK` can refuse, in which case
 80 |         // the bytes still live here, just not pinned against swap.
 81 |         _ = mlock(buffer, size)
    |             `- error: cannot find 'mlock' in scope
 82 |     }
 83 |
/host/spi-builder-workspace/Sources/KDBXKit/Crypto/SecureBytesArena.swift:89:13: error: cannot find 'munlock' in scope
 87 |         // returning it, then drop the wired pages.
 88 |         secureZero(base, size)
 89 |         _ = munlock(base, size)
    |             `- error: cannot find 'munlock' in scope
 90 |         free(base)
 91 |     }
/host/spi-builder-workspace/Sources/KDBXKit/Crypto/SecureBytesArena.swift:120:28: error: cannot find 'getpagesize' in scope
118 |
119 |     init() {
120 |         let pageSize = Int(getpagesize())
    |                            `- error: cannot find 'getpagesize' in scope
121 |         let target = 64 * 1024
122 |         arenaSize = ((max(target, pageSize) + pageSize - 1) / pageSize) * pageSize
/host/spi-builder-workspace/Sources/KDBXKit/Crypto/SecureBytesArena.swift:136:32: error: cannot find 'getpagesize' in scope
134 |         // per-secret amplification for the common small case).
135 |         if aligned > largeThreshold {
136 |             let pageSize = Int(getpagesize())
    |                                `- error: cannot find 'getpagesize' in scope
137 |             let regionSize = ((aligned + pageSize - 1) / pageSize) * pageSize
138 |             let arena = SecureArena(size: regionSize)
[734/760] Compiling KDBXKit Encryptable.swift
/host/spi-builder-workspace/Sources/KDBXKit/Crypto/SecureBytesArena.swift:25:5: error: cannot find 'explicit_bzero' in scope
 23 |     memset_s(ptr, len, 0, len)
 24 |     #else
 25 |     explicit_bzero(ptr, len)
    |     `- error: cannot find 'explicit_bzero' in scope
 26 |     #endif
 27 | }
/host/spi-builder-workspace/Sources/KDBXKit/Crypto/SecureBytesArena.swift:67:28: error: cannot find 'getpagesize' in scope
 65 |     init(size: Int) {
 66 |         self.size = size
 67 |         let pageSize = Int(getpagesize())
    |                            `- error: cannot find 'getpagesize' in scope
 68 |
 69 |         var ptr: UnsafeMutableRawPointer?
/host/spi-builder-workspace/Sources/KDBXKit/Crypto/SecureBytesArena.swift:81:13: error: cannot find 'mlock' in scope
 79 |         // Best-effort `mlock` — `RLIMIT_MEMLOCK` can refuse, in which case
 80 |         // the bytes still live here, just not pinned against swap.
 81 |         _ = mlock(buffer, size)
    |             `- error: cannot find 'mlock' in scope
 82 |     }
 83 |
/host/spi-builder-workspace/Sources/KDBXKit/Crypto/SecureBytesArena.swift:89:13: error: cannot find 'munlock' in scope
 87 |         // returning it, then drop the wired pages.
 88 |         secureZero(base, size)
 89 |         _ = munlock(base, size)
    |             `- error: cannot find 'munlock' in scope
 90 |         free(base)
 91 |     }
/host/spi-builder-workspace/Sources/KDBXKit/Crypto/SecureBytesArena.swift:120:28: error: cannot find 'getpagesize' in scope
118 |
119 |     init() {
120 |         let pageSize = Int(getpagesize())
    |                            `- error: cannot find 'getpagesize' in scope
121 |         let target = 64 * 1024
122 |         arenaSize = ((max(target, pageSize) + pageSize - 1) / pageSize) * pageSize
/host/spi-builder-workspace/Sources/KDBXKit/Crypto/SecureBytesArena.swift:136:32: error: cannot find 'getpagesize' in scope
134 |         // per-secret amplification for the common small case).
135 |         if aligned > largeThreshold {
136 |             let pageSize = Int(getpagesize())
    |                                `- error: cannot find 'getpagesize' in scope
137 |             let regionSize = ((aligned + pageSize - 1) / pageSize) * pageSize
138 |             let arena = SecureArena(size: regionSize)
[735/760] Compiling KDBXKit Salsa20.swift
/host/spi-builder-workspace/Sources/KDBXKit/Crypto/SecureBytesArena.swift:25:5: error: cannot find 'explicit_bzero' in scope
 23 |     memset_s(ptr, len, 0, len)
 24 |     #else
 25 |     explicit_bzero(ptr, len)
    |     `- error: cannot find 'explicit_bzero' in scope
 26 |     #endif
 27 | }
/host/spi-builder-workspace/Sources/KDBXKit/Crypto/SecureBytesArena.swift:67:28: error: cannot find 'getpagesize' in scope
 65 |     init(size: Int) {
 66 |         self.size = size
 67 |         let pageSize = Int(getpagesize())
    |                            `- error: cannot find 'getpagesize' in scope
 68 |
 69 |         var ptr: UnsafeMutableRawPointer?
/host/spi-builder-workspace/Sources/KDBXKit/Crypto/SecureBytesArena.swift:81:13: error: cannot find 'mlock' in scope
 79 |         // Best-effort `mlock` — `RLIMIT_MEMLOCK` can refuse, in which case
 80 |         // the bytes still live here, just not pinned against swap.
 81 |         _ = mlock(buffer, size)
    |             `- error: cannot find 'mlock' in scope
 82 |     }
 83 |
/host/spi-builder-workspace/Sources/KDBXKit/Crypto/SecureBytesArena.swift:89:13: error: cannot find 'munlock' in scope
 87 |         // returning it, then drop the wired pages.
 88 |         secureZero(base, size)
 89 |         _ = munlock(base, size)
    |             `- error: cannot find 'munlock' in scope
 90 |         free(base)
 91 |     }
/host/spi-builder-workspace/Sources/KDBXKit/Crypto/SecureBytesArena.swift:120:28: error: cannot find 'getpagesize' in scope
118 |
119 |     init() {
120 |         let pageSize = Int(getpagesize())
    |                            `- error: cannot find 'getpagesize' in scope
121 |         let target = 64 * 1024
122 |         arenaSize = ((max(target, pageSize) + pageSize - 1) / pageSize) * pageSize
/host/spi-builder-workspace/Sources/KDBXKit/Crypto/SecureBytesArena.swift:136:32: error: cannot find 'getpagesize' in scope
134 |         // per-secret amplification for the common small case).
135 |         if aligned > largeThreshold {
136 |             let pageSize = Int(getpagesize())
    |                                `- error: cannot find 'getpagesize' in scope
137 |             let regionSize = ((aligned + pageSize - 1) / pageSize) * pageSize
138 |             let arena = SecureArena(size: regionSize)
[736/760] Compiling KDBXKit SecureBytes.swift
/host/spi-builder-workspace/Sources/KDBXKit/Crypto/SecureBytesArena.swift:25:5: error: cannot find 'explicit_bzero' in scope
 23 |     memset_s(ptr, len, 0, len)
 24 |     #else
 25 |     explicit_bzero(ptr, len)
    |     `- error: cannot find 'explicit_bzero' in scope
 26 |     #endif
 27 | }
/host/spi-builder-workspace/Sources/KDBXKit/Crypto/SecureBytesArena.swift:67:28: error: cannot find 'getpagesize' in scope
 65 |     init(size: Int) {
 66 |         self.size = size
 67 |         let pageSize = Int(getpagesize())
    |                            `- error: cannot find 'getpagesize' in scope
 68 |
 69 |         var ptr: UnsafeMutableRawPointer?
/host/spi-builder-workspace/Sources/KDBXKit/Crypto/SecureBytesArena.swift:81:13: error: cannot find 'mlock' in scope
 79 |         // Best-effort `mlock` — `RLIMIT_MEMLOCK` can refuse, in which case
 80 |         // the bytes still live here, just not pinned against swap.
 81 |         _ = mlock(buffer, size)
    |             `- error: cannot find 'mlock' in scope
 82 |     }
 83 |
/host/spi-builder-workspace/Sources/KDBXKit/Crypto/SecureBytesArena.swift:89:13: error: cannot find 'munlock' in scope
 87 |         // returning it, then drop the wired pages.
 88 |         secureZero(base, size)
 89 |         _ = munlock(base, size)
    |             `- error: cannot find 'munlock' in scope
 90 |         free(base)
 91 |     }
/host/spi-builder-workspace/Sources/KDBXKit/Crypto/SecureBytesArena.swift:120:28: error: cannot find 'getpagesize' in scope
118 |
119 |     init() {
120 |         let pageSize = Int(getpagesize())
    |                            `- error: cannot find 'getpagesize' in scope
121 |         let target = 64 * 1024
122 |         arenaSize = ((max(target, pageSize) + pageSize - 1) / pageSize) * pageSize
/host/spi-builder-workspace/Sources/KDBXKit/Crypto/SecureBytesArena.swift:136:32: error: cannot find 'getpagesize' in scope
134 |         // per-secret amplification for the common small case).
135 |         if aligned > largeThreshold {
136 |             let pageSize = Int(getpagesize())
    |                                `- error: cannot find 'getpagesize' in scope
137 |             let regionSize = ((aligned + pageSize - 1) / pageSize) * pageSize
138 |             let arena = SecureArena(size: regionSize)
[737/760] Compiling KDBXKit SecureBytesArena.swift
/host/spi-builder-workspace/Sources/KDBXKit/Crypto/SecureBytesArena.swift:25:5: error: cannot find 'explicit_bzero' in scope
 23 |     memset_s(ptr, len, 0, len)
 24 |     #else
 25 |     explicit_bzero(ptr, len)
    |     `- error: cannot find 'explicit_bzero' in scope
 26 |     #endif
 27 | }
/host/spi-builder-workspace/Sources/KDBXKit/Crypto/SecureBytesArena.swift:67:28: error: cannot find 'getpagesize' in scope
 65 |     init(size: Int) {
 66 |         self.size = size
 67 |         let pageSize = Int(getpagesize())
    |                            `- error: cannot find 'getpagesize' in scope
 68 |
 69 |         var ptr: UnsafeMutableRawPointer?
/host/spi-builder-workspace/Sources/KDBXKit/Crypto/SecureBytesArena.swift:81:13: error: cannot find 'mlock' in scope
 79 |         // Best-effort `mlock` — `RLIMIT_MEMLOCK` can refuse, in which case
 80 |         // the bytes still live here, just not pinned against swap.
 81 |         _ = mlock(buffer, size)
    |             `- error: cannot find 'mlock' in scope
 82 |     }
 83 |
/host/spi-builder-workspace/Sources/KDBXKit/Crypto/SecureBytesArena.swift:89:13: error: cannot find 'munlock' in scope
 87 |         // returning it, then drop the wired pages.
 88 |         secureZero(base, size)
 89 |         _ = munlock(base, size)
    |             `- error: cannot find 'munlock' in scope
 90 |         free(base)
 91 |     }
/host/spi-builder-workspace/Sources/KDBXKit/Crypto/SecureBytesArena.swift:120:28: error: cannot find 'getpagesize' in scope
118 |
119 |     init() {
120 |         let pageSize = Int(getpagesize())
    |                            `- error: cannot find 'getpagesize' in scope
121 |         let target = 64 * 1024
122 |         arenaSize = ((max(target, pageSize) + pageSize - 1) / pageSize) * pageSize
/host/spi-builder-workspace/Sources/KDBXKit/Crypto/SecureBytesArena.swift:136:32: error: cannot find 'getpagesize' in scope
134 |         // per-secret amplification for the common small case).
135 |         if aligned > largeThreshold {
136 |             let pageSize = Int(getpagesize())
    |                                `- error: cannot find 'getpagesize' in scope
137 |             let regionSize = ((aligned + pageSize - 1) / pageSize) * pageSize
138 |             let arena = SecureArena(size: regionSize)
[738/760] Compiling KDBXKit SecureRandom.swift
/host/spi-builder-workspace/Sources/KDBXKit/Crypto/SecureBytesArena.swift:25:5: error: cannot find 'explicit_bzero' in scope
 23 |     memset_s(ptr, len, 0, len)
 24 |     #else
 25 |     explicit_bzero(ptr, len)
    |     `- error: cannot find 'explicit_bzero' in scope
 26 |     #endif
 27 | }
/host/spi-builder-workspace/Sources/KDBXKit/Crypto/SecureBytesArena.swift:67:28: error: cannot find 'getpagesize' in scope
 65 |     init(size: Int) {
 66 |         self.size = size
 67 |         let pageSize = Int(getpagesize())
    |                            `- error: cannot find 'getpagesize' in scope
 68 |
 69 |         var ptr: UnsafeMutableRawPointer?
/host/spi-builder-workspace/Sources/KDBXKit/Crypto/SecureBytesArena.swift:81:13: error: cannot find 'mlock' in scope
 79 |         // Best-effort `mlock` — `RLIMIT_MEMLOCK` can refuse, in which case
 80 |         // the bytes still live here, just not pinned against swap.
 81 |         _ = mlock(buffer, size)
    |             `- error: cannot find 'mlock' in scope
 82 |     }
 83 |
/host/spi-builder-workspace/Sources/KDBXKit/Crypto/SecureBytesArena.swift:89:13: error: cannot find 'munlock' in scope
 87 |         // returning it, then drop the wired pages.
 88 |         secureZero(base, size)
 89 |         _ = munlock(base, size)
    |             `- error: cannot find 'munlock' in scope
 90 |         free(base)
 91 |     }
/host/spi-builder-workspace/Sources/KDBXKit/Crypto/SecureBytesArena.swift:120:28: error: cannot find 'getpagesize' in scope
118 |
119 |     init() {
120 |         let pageSize = Int(getpagesize())
    |                            `- error: cannot find 'getpagesize' in scope
121 |         let target = 64 * 1024
122 |         arenaSize = ((max(target, pageSize) + pageSize - 1) / pageSize) * pageSize
/host/spi-builder-workspace/Sources/KDBXKit/Crypto/SecureBytesArena.swift:136:32: error: cannot find 'getpagesize' in scope
134 |         // per-secret amplification for the common small case).
135 |         if aligned > largeThreshold {
136 |             let pageSize = Int(getpagesize())
    |                                `- error: cannot find 'getpagesize' in scope
137 |             let regionSize = ((aligned + pageSize - 1) / pageSize) * pageSize
138 |             let arena = SecureArena(size: regionSize)
[739/760] Compiling KDBXKit LegacyBinaryDecompressor.swift
/host/spi-builder-workspace/Sources/KDBXKit/Crypto/SecureBytesArena.swift:25:5: error: cannot find 'explicit_bzero' in scope
 23 |     memset_s(ptr, len, 0, len)
 24 |     #else
 25 |     explicit_bzero(ptr, len)
    |     `- error: cannot find 'explicit_bzero' in scope
 26 |     #endif
 27 | }
/host/spi-builder-workspace/Sources/KDBXKit/Crypto/SecureBytesArena.swift:67:28: error: cannot find 'getpagesize' in scope
 65 |     init(size: Int) {
 66 |         self.size = size
 67 |         let pageSize = Int(getpagesize())
    |                            `- error: cannot find 'getpagesize' in scope
 68 |
 69 |         var ptr: UnsafeMutableRawPointer?
/host/spi-builder-workspace/Sources/KDBXKit/Crypto/SecureBytesArena.swift:81:13: error: cannot find 'mlock' in scope
 79 |         // Best-effort `mlock` — `RLIMIT_MEMLOCK` can refuse, in which case
 80 |         // the bytes still live here, just not pinned against swap.
 81 |         _ = mlock(buffer, size)
    |             `- error: cannot find 'mlock' in scope
 82 |     }
 83 |
/host/spi-builder-workspace/Sources/KDBXKit/Crypto/SecureBytesArena.swift:89:13: error: cannot find 'munlock' in scope
 87 |         // returning it, then drop the wired pages.
 88 |         secureZero(base, size)
 89 |         _ = munlock(base, size)
    |             `- error: cannot find 'munlock' in scope
 90 |         free(base)
 91 |     }
/host/spi-builder-workspace/Sources/KDBXKit/Crypto/SecureBytesArena.swift:120:28: error: cannot find 'getpagesize' in scope
118 |
119 |     init() {
120 |         let pageSize = Int(getpagesize())
    |                            `- error: cannot find 'getpagesize' in scope
121 |         let target = 64 * 1024
122 |         arenaSize = ((max(target, pageSize) + pageSize - 1) / pageSize) * pageSize
/host/spi-builder-workspace/Sources/KDBXKit/Crypto/SecureBytesArena.swift:136:32: error: cannot find 'getpagesize' in scope
134 |         // per-secret amplification for the common small case).
135 |         if aligned > largeThreshold {
136 |             let pageSize = Int(getpagesize())
    |                                `- error: cannot find 'getpagesize' in scope
137 |             let regionSize = ((aligned + pageSize - 1) / pageSize) * pageSize
138 |             let arena = SecureArena(size: regionSize)
[740/760] Compiling KDBXKit XMLDocumentReader.swift
/host/spi-builder-workspace/Sources/KDBXKit/Crypto/SecureBytesArena.swift:25:5: error: cannot find 'explicit_bzero' in scope
 23 |     memset_s(ptr, len, 0, len)
 24 |     #else
 25 |     explicit_bzero(ptr, len)
    |     `- error: cannot find 'explicit_bzero' in scope
 26 |     #endif
 27 | }
/host/spi-builder-workspace/Sources/KDBXKit/Crypto/SecureBytesArena.swift:67:28: error: cannot find 'getpagesize' in scope
 65 |     init(size: Int) {
 66 |         self.size = size
 67 |         let pageSize = Int(getpagesize())
    |                            `- error: cannot find 'getpagesize' in scope
 68 |
 69 |         var ptr: UnsafeMutableRawPointer?
/host/spi-builder-workspace/Sources/KDBXKit/Crypto/SecureBytesArena.swift:81:13: error: cannot find 'mlock' in scope
 79 |         // Best-effort `mlock` — `RLIMIT_MEMLOCK` can refuse, in which case
 80 |         // the bytes still live here, just not pinned against swap.
 81 |         _ = mlock(buffer, size)
    |             `- error: cannot find 'mlock' in scope
 82 |     }
 83 |
/host/spi-builder-workspace/Sources/KDBXKit/Crypto/SecureBytesArena.swift:89:13: error: cannot find 'munlock' in scope
 87 |         // returning it, then drop the wired pages.
 88 |         secureZero(base, size)
 89 |         _ = munlock(base, size)
    |             `- error: cannot find 'munlock' in scope
 90 |         free(base)
 91 |     }
/host/spi-builder-workspace/Sources/KDBXKit/Crypto/SecureBytesArena.swift:120:28: error: cannot find 'getpagesize' in scope
118 |
119 |     init() {
120 |         let pageSize = Int(getpagesize())
    |                            `- error: cannot find 'getpagesize' in scope
121 |         let target = 64 * 1024
122 |         arenaSize = ((max(target, pageSize) + pageSize - 1) / pageSize) * pageSize
/host/spi-builder-workspace/Sources/KDBXKit/Crypto/SecureBytesArena.swift:136:32: error: cannot find 'getpagesize' in scope
134 |         // per-secret amplification for the common small case).
135 |         if aligned > largeThreshold {
136 |             let pageSize = Int(getpagesize())
    |                                `- error: cannot find 'getpagesize' in scope
137 |             let regionSize = ((aligned + pageSize - 1) / pageSize) * pageSize
138 |             let arena = SecureArena(size: regionSize)
[741/760] Compiling KDBXKit XMLDocumentWriter.swift
/host/spi-builder-workspace/Sources/KDBXKit/Crypto/SecureBytesArena.swift:25:5: error: cannot find 'explicit_bzero' in scope
 23 |     memset_s(ptr, len, 0, len)
 24 |     #else
 25 |     explicit_bzero(ptr, len)
    |     `- error: cannot find 'explicit_bzero' in scope
 26 |     #endif
 27 | }
/host/spi-builder-workspace/Sources/KDBXKit/Crypto/SecureBytesArena.swift:67:28: error: cannot find 'getpagesize' in scope
 65 |     init(size: Int) {
 66 |         self.size = size
 67 |         let pageSize = Int(getpagesize())
    |                            `- error: cannot find 'getpagesize' in scope
 68 |
 69 |         var ptr: UnsafeMutableRawPointer?
/host/spi-builder-workspace/Sources/KDBXKit/Crypto/SecureBytesArena.swift:81:13: error: cannot find 'mlock' in scope
 79 |         // Best-effort `mlock` — `RLIMIT_MEMLOCK` can refuse, in which case
 80 |         // the bytes still live here, just not pinned against swap.
 81 |         _ = mlock(buffer, size)
    |             `- error: cannot find 'mlock' in scope
 82 |     }
 83 |
/host/spi-builder-workspace/Sources/KDBXKit/Crypto/SecureBytesArena.swift:89:13: error: cannot find 'munlock' in scope
 87 |         // returning it, then drop the wired pages.
 88 |         secureZero(base, size)
 89 |         _ = munlock(base, size)
    |             `- error: cannot find 'munlock' in scope
 90 |         free(base)
 91 |     }
/host/spi-builder-workspace/Sources/KDBXKit/Crypto/SecureBytesArena.swift:120:28: error: cannot find 'getpagesize' in scope
118 |
119 |     init() {
120 |         let pageSize = Int(getpagesize())
    |                            `- error: cannot find 'getpagesize' in scope
121 |         let target = 64 * 1024
122 |         arenaSize = ((max(target, pageSize) + pageSize - 1) / pageSize) * pageSize
/host/spi-builder-workspace/Sources/KDBXKit/Crypto/SecureBytesArena.swift:136:32: error: cannot find 'getpagesize' in scope
134 |         // per-secret amplification for the common small case).
135 |         if aligned > largeThreshold {
136 |             let pageSize = Int(getpagesize())
    |                                `- error: cannot find 'getpagesize' in scope
137 |             let regionSize = ((aligned + pageSize - 1) / pageSize) * pageSize
138 |             let arena = SecureArena(size: regionSize)
[742/760] Compiling KDBXKit HMACBlockStreamWriter.swift
/host/spi-builder-workspace/Sources/KDBXKit/Streaming/KDBXWriter+Streaming.swift:54:29: warning: result of call to 'createFile(atPath:contents:attributes:)' is unused [#no-usage]
 52 |         )
 53 |
 54 |         FileManager.default.createFile(atPath: outputURL.path, contents: nil)
    |                             `- warning: result of call to 'createFile(atPath:contents:attributes:)' is unused [#no-usage]
 55 |         let fileHandle = try FileHandle(forWritingTo: outputURL)
 56 |         try writeHeaderPrologue(fileHandle: fileHandle, headerData: headerData, unlockKey: unlockKey, header: prepared.header)
[743/760] Compiling KDBXKit HashedBlockStreamReader.swift
/host/spi-builder-workspace/Sources/KDBXKit/Streaming/KDBXWriter+Streaming.swift:54:29: warning: result of call to 'createFile(atPath:contents:attributes:)' is unused [#no-usage]
 52 |         )
 53 |
 54 |         FileManager.default.createFile(atPath: outputURL.path, contents: nil)
    |                             `- warning: result of call to 'createFile(atPath:contents:attributes:)' is unused [#no-usage]
 55 |         let fileHandle = try FileHandle(forWritingTo: outputURL)
 56 |         try writeHeaderPrologue(fileHandle: fileHandle, headerData: headerData, unlockKey: unlockKey, header: prepared.header)
[744/760] Compiling KDBXKit InnerHeaderXMLStreamConsumer.swift
/host/spi-builder-workspace/Sources/KDBXKit/Streaming/KDBXWriter+Streaming.swift:54:29: warning: result of call to 'createFile(atPath:contents:attributes:)' is unused [#no-usage]
 52 |         )
 53 |
 54 |         FileManager.default.createFile(atPath: outputURL.path, contents: nil)
    |                             `- warning: result of call to 'createFile(atPath:contents:attributes:)' is unused [#no-usage]
 55 |         let fileHandle = try FileHandle(forWritingTo: outputURL)
 56 |         try writeHeaderPrologue(fileHandle: fileHandle, headerData: headerData, unlockKey: unlockKey, header: prepared.header)
[745/760] Compiling KDBXKit KDBXWriter+Streaming.swift
/host/spi-builder-workspace/Sources/KDBXKit/Streaming/KDBXWriter+Streaming.swift:54:29: warning: result of call to 'createFile(atPath:contents:attributes:)' is unused [#no-usage]
 52 |         )
 53 |
 54 |         FileManager.default.createFile(atPath: outputURL.path, contents: nil)
    |                             `- warning: result of call to 'createFile(atPath:contents:attributes:)' is unused [#no-usage]
 55 |         let fileHandle = try FileHandle(forWritingTo: outputURL)
 56 |         try writeHeaderPrologue(fileHandle: fileHandle, headerData: headerData, unlockKey: unlockKey, header: prepared.header)
[746/760] Compiling KDBXKit StreamingBinaryExtractor.swift
/host/spi-builder-workspace/Sources/KDBXKit/Streaming/KDBXWriter+Streaming.swift:54:29: warning: result of call to 'createFile(atPath:contents:attributes:)' is unused [#no-usage]
 52 |         )
 53 |
 54 |         FileManager.default.createFile(atPath: outputURL.path, contents: nil)
    |                             `- warning: result of call to 'createFile(atPath:contents:attributes:)' is unused [#no-usage]
 55 |         let fileHandle = try FileHandle(forWritingTo: outputURL)
 56 |         try writeHeaderPrologue(fileHandle: fileHandle, headerData: headerData, unlockKey: unlockKey, header: prepared.header)
[747/760] Compiling KDBXKit StreamingInflateReader.swift
/host/spi-builder-workspace/Sources/KDBXKit/Streaming/KDBXWriter+Streaming.swift:54:29: warning: result of call to 'createFile(atPath:contents:attributes:)' is unused [#no-usage]
 52 |         )
 53 |
 54 |         FileManager.default.createFile(atPath: outputURL.path, contents: nil)
    |                             `- warning: result of call to 'createFile(atPath:contents:attributes:)' is unused [#no-usage]
 55 |         let fileHandle = try FileHandle(forWritingTo: outputURL)
 56 |         try writeHeaderPrologue(fileHandle: fileHandle, headerData: headerData, unlockKey: unlockKey, header: prepared.header)
[748/760] Compiling KDBXKit StreamingPipeline.swift
/host/spi-builder-workspace/Sources/KDBXKit/Streaming/KDBXWriter+Streaming.swift:54:29: warning: result of call to 'createFile(atPath:contents:attributes:)' is unused [#no-usage]
 52 |         )
 53 |
 54 |         FileManager.default.createFile(atPath: outputURL.path, contents: nil)
    |                             `- warning: result of call to 'createFile(atPath:contents:attributes:)' is unused [#no-usage]
 55 |         let fileHandle = try FileHandle(forWritingTo: outputURL)
 56 |         try writeHeaderPrologue(fileHandle: fileHandle, headerData: headerData, unlockKey: unlockKey, header: prepared.header)
[749/760] Compiling KDBXKit Zlib.swift
/host/spi-builder-workspace/Sources/KDBXKit/Streaming/KDBXWriter+Streaming.swift:54:29: warning: result of call to 'createFile(atPath:contents:attributes:)' is unused [#no-usage]
 52 |         )
 53 |
 54 |         FileManager.default.createFile(atPath: outputURL.path, contents: nil)
    |                             `- warning: result of call to 'createFile(atPath:contents:attributes:)' is unused [#no-usage]
 55 |         let fileHandle = try FileHandle(forWritingTo: outputURL)
 56 |         try writeHeaderPrologue(fileHandle: fileHandle, headerData: headerData, unlockKey: unlockKey, header: prepared.header)
[750/760] Compiling KDBXKit UnlockData.swift
/host/spi-builder-workspace/Sources/KDBXKit/Streaming/KDBXWriter+Streaming.swift:54:29: warning: result of call to 'createFile(atPath:contents:attributes:)' is unused [#no-usage]
 52 |         )
 53 |
 54 |         FileManager.default.createFile(atPath: outputURL.path, contents: nil)
    |                             `- warning: result of call to 'createFile(atPath:contents:attributes:)' is unused [#no-usage]
 55 |         let fileHandle = try FileHandle(forWritingTo: outputURL)
 56 |         try writeHeaderPrologue(fileHandle: fileHandle, headerData: headerData, unlockKey: unlockKey, header: prepared.header)
[751/760] Compiling KDBXKit ValidationFailure.swift
/host/spi-builder-workspace/Sources/KDBXKit/Streaming/KDBXWriter+Streaming.swift:54:29: warning: result of call to 'createFile(atPath:contents:attributes:)' is unused [#no-usage]
 52 |         )
 53 |
 54 |         FileManager.default.createFile(atPath: outputURL.path, contents: nil)
    |                             `- warning: result of call to 'createFile(atPath:contents:attributes:)' is unused [#no-usage]
 55 |         let fileHandle = try FileHandle(forWritingTo: outputURL)
 56 |         try writeHeaderPrologue(fileHandle: fileHandle, headerData: headerData, unlockKey: unlockKey, header: prepared.header)
[752/760] Compiling KDBXKit XMLDocument.swift
/host/spi-builder-workspace/Sources/KDBXKit/Streaming/KDBXWriter+Streaming.swift:54:29: warning: result of call to 'createFile(atPath:contents:attributes:)' is unused [#no-usage]
 52 |         )
 53 |
 54 |         FileManager.default.createFile(atPath: outputURL.path, contents: nil)
    |                             `- warning: result of call to 'createFile(atPath:contents:attributes:)' is unused [#no-usage]
 55 |         let fileHandle = try FileHandle(forWritingTo: outputURL)
 56 |         try writeHeaderPrologue(fileHandle: fileHandle, headerData: headerData, unlockKey: unlockKey, header: prepared.header)
[753/760] Compiling KDBXKit XMLNode.swift
/host/spi-builder-workspace/Sources/KDBXKit/Streaming/KDBXWriter+Streaming.swift:54:29: warning: result of call to 'createFile(atPath:contents:attributes:)' is unused [#no-usage]
 52 |         )
 53 |
 54 |         FileManager.default.createFile(atPath: outputURL.path, contents: nil)
    |                             `- warning: result of call to 'createFile(atPath:contents:attributes:)' is unused [#no-usage]
 55 |         let fileHandle = try FileHandle(forWritingTo: outputURL)
 56 |         try writeHeaderPrologue(fileHandle: fileHandle, headerData: headerData, unlockKey: unlockKey, header: prepared.header)
[754/760] Compiling KDBXKit XMLSerializer.swift
/host/spi-builder-workspace/Sources/KDBXKit/Streaming/KDBXWriter+Streaming.swift:54:29: warning: result of call to 'createFile(atPath:contents:attributes:)' is unused [#no-usage]
 52 |         )
 53 |
 54 |         FileManager.default.createFile(atPath: outputURL.path, contents: nil)
    |                             `- warning: result of call to 'createFile(atPath:contents:attributes:)' is unused [#no-usage]
 55 |         let fileHandle = try FileHandle(forWritingTo: outputURL)
 56 |         try writeHeaderPrologue(fileHandle: fileHandle, headerData: headerData, unlockKey: unlockKey, header: prepared.header)
[755/760] Compiling KDBXKit resource_bundle_accessor.swift
/host/spi-builder-workspace/Sources/KDBXKit/Streaming/KDBXWriter+Streaming.swift:54:29: warning: result of call to 'createFile(atPath:contents:attributes:)' is unused [#no-usage]
 52 |         )
 53 |
 54 |         FileManager.default.createFile(atPath: outputURL.path, contents: nil)
    |                             `- warning: result of call to 'createFile(atPath:contents:attributes:)' is unused [#no-usage]
 55 |         let fileHandle = try FileHandle(forWritingTo: outputURL)
 56 |         try writeHeaderPrologue(fileHandle: fileHandle, headerData: headerData, unlockKey: unlockKey, header: prepared.header)
BUILD FAILURE 6.2 android