The Swift Package Index logo.Swift Package Index

Build Information

Failed to build SagaImageReader, reference 1.2.0 (73773a), with Swift 6.4 for watchOS using Xcode 27.0 on 24 Sep 2026 16:46:35 UTC.

Build Command

env DEVELOPER_DIR=/Applications/Xcode-27.0.0-Release.Candidate.app xcrun xcodebuild -IDEClonedSourcePackagesDirPathOverride=$PWD/.dependencies -skipMacroValidation -skipPackagePluginValidation -derivedDataPath $PWD/.derivedData build -scheme SagaImageReader -destination generic/platform=watchOS

Build Log

SwiftDriver Scry normal arm64_32 com.apple.xcode.tools.swift.compiler (in target 'Scry' from project 'Scry')
    cd /Users/admin/builder/spi-builder-workspace/.swiftpm/xcode
    builtin-SwiftDriver -- /Applications/Xcode-27.0.0-Release.Candidate.app/Contents/Developer/Toolchains/XcodeDefault.xctoolchain/usr/bin/swiftc -parse-as-library -module-name Scry -Onone @/Users/admin/builder/spi-builder-workspace/.derivedData/Build/Intermediates.noindex/Scry.build/Debug-watchos/Scry-t.build/Objects-normal/arm64_32/Scry.SwiftFileList -DSWIFT_PACKAGE -DDEBUG -DSWIFT_MODULE_RESOURCE_BUNDLE_UNAVAILABLE -DXcode -plugin-path /Applications/Xcode-27.0.0-Release.Candidate.app/Contents/Developer/Toolchains/XcodeDefault.xctoolchain/usr/lib/swift/host/plugins/testing -enable-experimental-feature DebugDescriptionMacro -sdk /Applications/Xcode-27.0.0-Release.Candidate.app/Contents/Developer/Platforms/WatchOS.platform/Developer/SDKs/WatchOS27.0.sdk -target arm64_32-apple-watchos9.0 -g -module-cache-path /Users/admin/builder/spi-builder-workspace/.derivedData/ModuleCache.noindex -Xfrontend -serialize-debugging-options -enable-testing -suppress-warnings -index-store-path /Users/admin/builder/spi-builder-workspace/.derivedData/Index.noindex/DataStore -Xcc -D_LIBCPP_HARDENING_MODE\=_LIBCPP_HARDENING_MODE_DEBUG -swift-version 5 -I /Users/admin/builder/spi-builder-workspace/.derivedData/Build/Products/Debug-watchos -Isystem /Applications/Xcode-27.0.0-Release.Candidate.app/Contents/Developer/Platforms/WatchOS.platform/Developer/usr/lib -F /Users/admin/builder/spi-builder-workspace/.derivedData/Build/Products/Debug-watchos -F /Applications/Xcode-27.0.0-Release.Candidate.app/Contents/Developer/Platforms/WatchOS.platform/Developer/Library/Frameworks -F /Applications/Xcode-27.0.0-Release.Candidate.app/Contents/Developer/Platforms/WatchOS.platform/Developer/SDKs/WatchOS27.0.sdk/Developer/Library/Frameworks -c -j10 -enable-batch-mode -incremental -Xcc -ivfsstatcache -Xcc /Users/admin/builder/spi-builder-workspace/.derivedData/SDKStatCaches.noindex/watchos27.0-24R360-e829b21a6f8c9b70876ba0858053c04477534ef55a1706bf4c1112bbb242f0a2.sdkstatcache -output-file-map /Users/admin/builder/spi-builder-workspace/.derivedData/Build/Intermediates.noindex/Scry.build/Debug-watchos/Scry-t.build/Objects-normal/arm64_32/Scry-OutputFileMap.json -save-temps -no-color-diagnostics -explicit-module-build -module-cache-path /Users/admin/builder/spi-builder-workspace/.derivedData/Build/Intermediates.noindex/SwiftExplicitPrecompiledModules -clang-scanner-module-cache-path /Users/admin/builder/spi-builder-workspace/.derivedData/ModuleCache.noindex -sdk-module-cache-path /Users/admin/builder/spi-builder-workspace/.derivedData/SDKExplicitPrecompiledModules -emit-dependencies -emit-module -emit-module-path /Users/admin/builder/spi-builder-workspace/.derivedData/Build/Intermediates.noindex/Scry.build/Debug-watchos/Scry-t.build/Objects-normal/arm64_32/Scry.swiftmodule -serialize-diagnostics -dependency-scan-serialize-diagnostics-path /Users/admin/builder/spi-builder-workspace/.derivedData/Build/Intermediates.noindex/Scry.build/Debug-watchos/Scry-t.build/Objects-normal/arm64_32/Scry-dependency-scan.dia -validate-clang-modules-once -clang-build-session-file /Users/admin/builder/spi-builder-workspace/.derivedData/ModuleCache.noindex/Session.modulevalidation -Xcc -fmodules-prune-interval\=86400 -Xcc -fmodules-prune-after\=345600 -package-name scry -emit-const-values -const-gather-protocols-list /Users/admin/builder/spi-builder-workspace/.derivedData/Build/Intermediates.noindex/Scry.build/Debug-watchos/Scry-t.build/Objects-normal/arm64_32/Scry_const_extract_protocols.json -Xcc -I/Users/admin/builder/spi-builder-workspace/.derivedData/Build/Products/Debug-watchos/include -Xcc -I/Users/admin/builder/spi-builder-workspace/.derivedData/Build/Intermediates.noindex/Scry.build/Debug-watchos/Scry-t.build/DerivedSources-normal/arm64_32 -Xcc -I/Users/admin/builder/spi-builder-workspace/.derivedData/Build/Intermediates.noindex/Scry.build/Debug-watchos/Scry-t.build/DerivedSources/arm64_32 -Xcc -I/Users/admin/builder/spi-builder-workspace/.derivedData/Build/Intermediates.noindex/Scry.build/Debug-watchos/Scry-t.build/DerivedSources -Xcc -DSWIFT_PACKAGE -Xcc -DDEBUG\=1 -emit-objc-header -emit-objc-header-path /Users/admin/builder/spi-builder-workspace/.derivedData/Build/Intermediates.noindex/Scry.build/Debug-watchos/Scry-t.build/Objects-normal/arm64_32/Scry-Swift.h -working-directory /Users/admin/builder/spi-builder-workspace/.swiftpm/xcode -experimental-emit-module-separately -disable-cmo
SwiftDriver SagaPathKit normal arm64_32 com.apple.xcode.tools.swift.compiler (in target 'SagaPathKit' from project 'SagaPathKit')
    cd /Users/admin/builder/spi-builder-workspace/.swiftpm/xcode
    builtin-SwiftDriver -- /Applications/Xcode-27.0.0-Release.Candidate.app/Contents/Developer/Toolchains/XcodeDefault.xctoolchain/usr/bin/swiftc -parse-as-library -module-name SagaPathKit -Onone @/Users/admin/builder/spi-builder-workspace/.derivedData/Build/Intermediates.noindex/SagaPathKit.build/Debug-watchos/SagaPathKit-t.build/Objects-normal/arm64_32/SagaPathKit.SwiftFileList -DSWIFT_PACKAGE -DDEBUG -DSWIFT_MODULE_RESOURCE_BUNDLE_UNAVAILABLE -DXcode -plugin-path /Applications/Xcode-27.0.0-Release.Candidate.app/Contents/Developer/Toolchains/XcodeDefault.xctoolchain/usr/lib/swift/host/plugins/testing -enable-experimental-feature DebugDescriptionMacro -sdk /Applications/Xcode-27.0.0-Release.Candidate.app/Contents/Developer/Platforms/WatchOS.platform/Developer/SDKs/WatchOS27.0.sdk -target arm64_32-apple-watchos9.0 -g -module-cache-path /Users/admin/builder/spi-builder-workspace/.derivedData/ModuleCache.noindex -Xfrontend -serialize-debugging-options -enable-testing -suppress-warnings -index-store-path /Users/admin/builder/spi-builder-workspace/.derivedData/Index.noindex/DataStore -Xcc -D_LIBCPP_HARDENING_MODE\=_LIBCPP_HARDENING_MODE_DEBUG -swift-version 5 -I /Users/admin/builder/spi-builder-workspace/.derivedData/Build/Products/Debug-watchos -Isystem /Applications/Xcode-27.0.0-Release.Candidate.app/Contents/Developer/Platforms/WatchOS.platform/Developer/usr/lib -F /Users/admin/builder/spi-builder-workspace/.derivedData/Build/Products/Debug-watchos -F /Applications/Xcode-27.0.0-Release.Candidate.app/Contents/Developer/Platforms/WatchOS.platform/Developer/Library/Frameworks -F /Applications/Xcode-27.0.0-Release.Candidate.app/Contents/Developer/Platforms/WatchOS.platform/Developer/SDKs/WatchOS27.0.sdk/Developer/Library/Frameworks -c -j10 -enable-batch-mode -incremental -Xcc -ivfsstatcache -Xcc /Users/admin/builder/spi-builder-workspace/.derivedData/SDKStatCaches.noindex/watchos27.0-24R360-e829b21a6f8c9b70876ba0858053c04477534ef55a1706bf4c1112bbb242f0a2.sdkstatcache -output-file-map /Users/admin/builder/spi-builder-workspace/.derivedData/Build/Intermediates.noindex/SagaPathKit.build/Debug-watchos/SagaPathKit-t.build/Objects-normal/arm64_32/SagaPathKit-OutputFileMap.json -save-temps -no-color-diagnostics -explicit-module-build -module-cache-path /Users/admin/builder/spi-builder-workspace/.derivedData/Build/Intermediates.noindex/SwiftExplicitPrecompiledModules -clang-scanner-module-cache-path /Users/admin/builder/spi-builder-workspace/.derivedData/ModuleCache.noindex -sdk-module-cache-path /Users/admin/builder/spi-builder-workspace/.derivedData/SDKExplicitPrecompiledModules -emit-dependencies -emit-module -emit-module-path /Users/admin/builder/spi-builder-workspace/.derivedData/Build/Intermediates.noindex/SagaPathKit.build/Debug-watchos/SagaPathKit-t.build/Objects-normal/arm64_32/SagaPathKit.swiftmodule -serialize-diagnostics -dependency-scan-serialize-diagnostics-path /Users/admin/builder/spi-builder-workspace/.derivedData/Build/Intermediates.noindex/SagaPathKit.build/Debug-watchos/SagaPathKit-t.build/Objects-normal/arm64_32/SagaPathKit-dependency-scan.dia -validate-clang-modules-once -clang-build-session-file /Users/admin/builder/spi-builder-workspace/.derivedData/ModuleCache.noindex/Session.modulevalidation -Xcc -fmodules-prune-interval\=86400 -Xcc -fmodules-prune-after\=345600 -package-name sagapathkit -emit-const-values -const-gather-protocols-list /Users/admin/builder/spi-builder-workspace/.derivedData/Build/Intermediates.noindex/SagaPathKit.build/Debug-watchos/SagaPathKit-t.build/Objects-normal/arm64_32/SagaPathKit_const_extract_protocols.json -Xcc -I/Users/admin/builder/spi-builder-workspace/.derivedData/Build/Products/Debug-watchos/include -Xcc -I/Users/admin/builder/spi-builder-workspace/.derivedData/Build/Intermediates.noindex/SagaPathKit.build/Debug-watchos/SagaPathKit-t.build/DerivedSources-normal/arm64_32 -Xcc -I/Users/admin/builder/spi-builder-workspace/.derivedData/Build/Intermediates.noindex/SagaPathKit.build/Debug-watchos/SagaPathKit-t.build/DerivedSources/arm64_32 -Xcc -I/Users/admin/builder/spi-builder-workspace/.derivedData/Build/Intermediates.noindex/SagaPathKit.build/Debug-watchos/SagaPathKit-t.build/DerivedSources -Xcc -DSWIFT_PACKAGE -Xcc -DDEBUG\=1 -emit-objc-header -emit-objc-header-path /Users/admin/builder/spi-builder-workspace/.derivedData/Build/Intermediates.noindex/SagaPathKit.build/Debug-watchos/SagaPathKit-t.build/Objects-normal/arm64_32/SagaPathKit-Swift.h -working-directory /Users/admin/builder/spi-builder-workspace/.swiftpm/xcode -experimental-emit-module-separately -disable-cmo
SwiftDriver SagaPathKit normal arm64 com.apple.xcode.tools.swift.compiler (in target 'SagaPathKit' from project 'SagaPathKit')
    cd /Users/admin/builder/spi-builder-workspace/.swiftpm/xcode
    builtin-SwiftDriver -- /Applications/Xcode-27.0.0-Release.Candidate.app/Contents/Developer/Toolchains/XcodeDefault.xctoolchain/usr/bin/swiftc -parse-as-library -module-name SagaPathKit -Onone @/Users/admin/builder/spi-builder-workspace/.derivedData/Build/Intermediates.noindex/SagaPathKit.build/Debug-watchos/SagaPathKit-t.build/Objects-normal/arm64/SagaPathKit.SwiftFileList -DSWIFT_PACKAGE -DDEBUG -DSWIFT_MODULE_RESOURCE_BUNDLE_UNAVAILABLE -DXcode -plugin-path /Applications/Xcode-27.0.0-Release.Candidate.app/Contents/Developer/Toolchains/XcodeDefault.xctoolchain/usr/lib/swift/host/plugins/testing -enable-experimental-feature DebugDescriptionMacro -sdk /Applications/Xcode-27.0.0-Release.Candidate.app/Contents/Developer/Platforms/WatchOS.platform/Developer/SDKs/WatchOS27.0.sdk -target arm64-apple-watchos9.0 -g -module-cache-path /Users/admin/builder/spi-builder-workspace/.derivedData/ModuleCache.noindex -Xfrontend -serialize-debugging-options -enable-testing -suppress-warnings -index-store-path /Users/admin/builder/spi-builder-workspace/.derivedData/Index.noindex/DataStore -Xcc -D_LIBCPP_HARDENING_MODE\=_LIBCPP_HARDENING_MODE_DEBUG -swift-version 5 -I /Users/admin/builder/spi-builder-workspace/.derivedData/Build/Products/Debug-watchos -Isystem /Applications/Xcode-27.0.0-Release.Candidate.app/Contents/Developer/Platforms/WatchOS.platform/Developer/usr/lib -F /Users/admin/builder/spi-builder-workspace/.derivedData/Build/Products/Debug-watchos -F /Applications/Xcode-27.0.0-Release.Candidate.app/Contents/Developer/Platforms/WatchOS.platform/Developer/Library/Frameworks -F /Applications/Xcode-27.0.0-Release.Candidate.app/Contents/Developer/Platforms/WatchOS.platform/Developer/SDKs/WatchOS27.0.sdk/Developer/Library/Frameworks -c -j10 -enable-batch-mode -incremental -Xcc -ivfsstatcache -Xcc /Users/admin/builder/spi-builder-workspace/.derivedData/SDKStatCaches.noindex/watchos27.0-24R360-e829b21a6f8c9b70876ba0858053c04477534ef55a1706bf4c1112bbb242f0a2.sdkstatcache -output-file-map /Users/admin/builder/spi-builder-workspace/.derivedData/Build/Intermediates.noindex/SagaPathKit.build/Debug-watchos/SagaPathKit-t.build/Objects-normal/arm64/SagaPathKit-OutputFileMap.json -save-temps -no-color-diagnostics -explicit-module-build -module-cache-path /Users/admin/builder/spi-builder-workspace/.derivedData/Build/Intermediates.noindex/SwiftExplicitPrecompiledModules -clang-scanner-module-cache-path /Users/admin/builder/spi-builder-workspace/.derivedData/ModuleCache.noindex -sdk-module-cache-path /Users/admin/builder/spi-builder-workspace/.derivedData/SDKExplicitPrecompiledModules -emit-dependencies -emit-module -emit-module-path /Users/admin/builder/spi-builder-workspace/.derivedData/Build/Intermediates.noindex/SagaPathKit.build/Debug-watchos/SagaPathKit-t.build/Objects-normal/arm64/SagaPathKit.swiftmodule -serialize-diagnostics -dependency-scan-serialize-diagnostics-path /Users/admin/builder/spi-builder-workspace/.derivedData/Build/Intermediates.noindex/SagaPathKit.build/Debug-watchos/SagaPathKit-t.build/Objects-normal/arm64/SagaPathKit-dependency-scan.dia -validate-clang-modules-once -clang-build-session-file /Users/admin/builder/spi-builder-workspace/.derivedData/ModuleCache.noindex/Session.modulevalidation -Xcc -fmodules-prune-interval\=86400 -Xcc -fmodules-prune-after\=345600 -package-name sagapathkit -emit-const-values -const-gather-protocols-list /Users/admin/builder/spi-builder-workspace/.derivedData/Build/Intermediates.noindex/SagaPathKit.build/Debug-watchos/SagaPathKit-t.build/Objects-normal/arm64/SagaPathKit_const_extract_protocols.json -Xcc -I/Users/admin/builder/spi-builder-workspace/.derivedData/Build/Products/Debug-watchos/include -Xcc -I/Users/admin/builder/spi-builder-workspace/.derivedData/Build/Intermediates.noindex/SagaPathKit.build/Debug-watchos/SagaPathKit-t.build/DerivedSources-normal/arm64 -Xcc -I/Users/admin/builder/spi-builder-workspace/.derivedData/Build/Intermediates.noindex/SagaPathKit.build/Debug-watchos/SagaPathKit-t.build/DerivedSources/arm64 -Xcc -I/Users/admin/builder/spi-builder-workspace/.derivedData/Build/Intermediates.noindex/SagaPathKit.build/Debug-watchos/SagaPathKit-t.build/DerivedSources -Xcc -DSWIFT_PACKAGE -Xcc -DDEBUG\=1 -emit-objc-header -emit-objc-header-path /Users/admin/builder/spi-builder-workspace/.derivedData/Build/Intermediates.noindex/SagaPathKit.build/Debug-watchos/SagaPathKit-t.build/Objects-normal/arm64/SagaPathKit-Swift.h -working-directory /Users/admin/builder/spi-builder-workspace/.swiftpm/xcode -experimental-emit-module-separately -disable-cmo
SwiftExplicitDependencyGeneratePcm arm64 /Users/admin/builder/spi-builder-workspace/.derivedData/SDKExplicitPrecompiledModules/_Builtin_stddef-1FU30Y8SWFB7OUUHMJQH5J6FM.pcm
SwiftExplicitDependencyGeneratePcm arm64 /Users/admin/builder/spi-builder-workspace/.derivedData/SDKExplicitPrecompiledModules/_Builtin_stdbool-83J96QSOFE9VX04AAS6310UAE.pcm
SwiftExplicitDependencyGeneratePcm arm64 /Users/admin/builder/spi-builder-workspace/.derivedData/SDKExplicitPrecompiledModules/_AvailabilityInternal-BUNV3UXM65NT37THI4W1AM0SF.pcm
SwiftExplicitDependencyGeneratePcm arm64 /Users/admin/builder/spi-builder-workspace/.derivedData/SDKExplicitPrecompiledModules/ptrauth-3TZ9WJCGLYD25HQPWH4968ONX.pcm
SwiftExplicitDependencyGeneratePcm arm64 /Users/admin/builder/spi-builder-workspace/.derivedData/SDKExplicitPrecompiledModules/_Builtin_float-C0CW5Q4HGBQYKE77TC42IAFB5.pcm
SwiftExplicitDependencyGeneratePcm arm64_32 /Users/admin/builder/spi-builder-workspace/.derivedData/SDKExplicitPrecompiledModules/ptrcheck-7ELIH9BTIGVKX3UBITM9N72WD.pcm
SwiftExplicitDependencyGeneratePcm arm64_32 /Users/admin/builder/spi-builder-workspace/.derivedData/SDKExplicitPrecompiledModules/ptrauth-BFXF358ME5AK535N5A9Z766WU.pcm
SwiftExplicitDependencyGeneratePcm arm64_32 /Users/admin/builder/spi-builder-workspace/.derivedData/SDKExplicitPrecompiledModules/_SwiftConcurrencyShims-6RTBPQ03V7BM9SPRK8SUE055H.pcm
SwiftExplicitDependencyGeneratePcm arm64_32 /Users/admin/builder/spi-builder-workspace/.derivedData/SDKExplicitPrecompiledModules/SwiftShims-9CQQGWTSNTN9EB5NSHDWUJICH.pcm
SwiftExplicitDependencyGeneratePcm arm64_32 /Users/admin/builder/spi-builder-workspace/.derivedData/SDKExplicitPrecompiledModules/_Builtin_stddef-H44EFHQX6XSS5MZ7QP6YJZ76.pcm
SwiftExplicitDependencyGeneratePcm arm64_32 /Users/admin/builder/spi-builder-workspace/.derivedData/SDKExplicitPrecompiledModules/_Builtin_stdbool-A967K8W8YUYEC9SN52KJ7OO88.pcm
SwiftExplicitDependencyGeneratePcm arm64_32 /Users/admin/builder/spi-builder-workspace/.derivedData/SDKExplicitPrecompiledModules/_AvailabilityInternal-244WAN3Z1QBT7PIA64EZEFY1R.pcm
SwiftExplicitDependencyGeneratePcm arm64_32 /Users/admin/builder/spi-builder-workspace/.derivedData/SDKExplicitPrecompiledModules/_Builtin_float-6KO8O3PEWRCA4WC6PPLOYO6WJ.pcm
SwiftExplicitDependencyGeneratePcm arm64 /Users/admin/builder/spi-builder-workspace/.derivedData/SDKExplicitPrecompiledModules/ptrcheck-AIF0NDOYZ8ORBNHQAQR5NNB8M.pcm
SwiftExplicitDependencyGeneratePcm arm64 /Users/admin/builder/spi-builder-workspace/.derivedData/SDKExplicitPrecompiledModules/_Builtin_stdarg-A7UU8LE6MP85SM26YO7PBZNUQ.pcm
SwiftExplicitDependencyGeneratePcm arm64 /Users/admin/builder/spi-builder-workspace/.derivedData/SDKExplicitPrecompiledModules/_SwiftConcurrencyShims-659N52XSKR5F0QSB880BH2FJR.pcm
SwiftExplicitDependencyGeneratePcm arm64 /Users/admin/builder/spi-builder-workspace/.derivedData/SDKExplicitPrecompiledModules/SwiftShims-4MXFZPV6FEB0XBYXCGPWAMQGL.pcm
SwiftExplicitDependencyGeneratePcm arm64_32 /Users/admin/builder/spi-builder-workspace/.derivedData/SDKExplicitPrecompiledModules/_Builtin_stdarg-D305JG44A2WPI6CJY37X3QJE8.pcm
SwiftExplicitDependencyGeneratePcm arm64 /Users/admin/builder/spi-builder-workspace/.derivedData/SDKExplicitPrecompiledModules/_DarwinFoundation1-7SPX3MD0HMP55E4OLNCPNDQ53.pcm
SwiftExplicitDependencyGeneratePcm arm64_32 /Users/admin/builder/spi-builder-workspace/.derivedData/SDKExplicitPrecompiledModules/_DarwinFoundation1-2GWF9RFMPLQW4PDHS3NARVI3G.pcm
SwiftExplicitDependencyGeneratePcm arm64 /Users/admin/builder/spi-builder-workspace/.derivedData/SDKExplicitPrecompiledModules/_Builtin_limits-9GWPA2B0H20DYUNYHYCWKABJG.pcm
SwiftExplicitDependencyGeneratePcm arm64 /Users/admin/builder/spi-builder-workspace/.derivedData/SDKExplicitPrecompiledModules/_DarwinFoundation2-D0XAPJU49S5E9XMKYOFGSTB1Q.pcm
SwiftExplicitDependencyGeneratePcm arm64_32 /Users/admin/builder/spi-builder-workspace/.derivedData/SDKExplicitPrecompiledModules/_DarwinFoundation2-9MY8GOSYRO0M9MKNXF6D3MBNK.pcm
SwiftExplicitDependencyGeneratePcm arm64_32 /Users/admin/builder/spi-builder-workspace/.derivedData/SDKExplicitPrecompiledModules/_Builtin_limits-3VKBU2AFTD65PAJZ5CJ3LHFM2.pcm
SwiftExplicitDependencyGeneratePcm arm64 /Users/admin/builder/spi-builder-workspace/.derivedData/SDKExplicitPrecompiledModules/_Builtin_stdint-8XMILLJZEGRN2XG7XZUXZ5RLX.pcm
SwiftExplicitDependencyGeneratePcm arm64 /Users/admin/builder/spi-builder-workspace/.derivedData/SDKExplicitPrecompiledModules/string_h-E6PRXK75PHIPCZFWOFCQ3QBMK.pcm
SwiftExplicitDependencyGeneratePcm arm64 /Users/admin/builder/spi-builder-workspace/.derivedData/SDKExplicitPrecompiledModules/sys_types-2KXQLI78OUCDP779AE68GZJ2.pcm
SwiftExplicitDependencyGeneratePcm arm64_32 /Users/admin/builder/spi-builder-workspace/.derivedData/SDKExplicitPrecompiledModules/string_h-BFVLUQUSBZWYMLCU9QI7VZALW.pcm
SwiftExplicitDependencyGeneratePcm arm64_32 /Users/admin/builder/spi-builder-workspace/.derivedData/SDKExplicitPrecompiledModules/_Builtin_stdint-1HMXWI3V0V4TXHRWZOMZGZ80Y.pcm
SwiftExplicitDependencyGeneratePcm arm64_32 /Users/admin/builder/spi-builder-workspace/.derivedData/SDKExplicitPrecompiledModules/sys_types-8TLLMW08ZJWDGIIPKOYFGHHZW.pcm
SwiftExplicitDependencyGeneratePcm arm64 /Users/admin/builder/spi-builder-workspace/.derivedData/SDKExplicitPrecompiledModules/_DarwinFoundation3-B97LRG0E9GON2NUE65TVG81HU.pcm
SwiftExplicitDependencyGeneratePcm arm64_32 /Users/admin/builder/spi-builder-workspace/.derivedData/SDKExplicitPrecompiledModules/_DarwinFoundation3-3DUTYQDQSD9HUAAVY947NMWOI.pcm
SwiftExplicitDependencyGeneratePcm arm64 /Users/admin/builder/spi-builder-workspace/.derivedData/SDKExplicitPrecompiledModules/_Builtin_inttypes-3UQSCM7WNM9EK4HZML8TY5J3D.pcm
SwiftExplicitDependencyGeneratePcm arm64_32 /Users/admin/builder/spi-builder-workspace/.derivedData/SDKExplicitPrecompiledModules/_Builtin_inttypes-D2KPCR4PEX9AQA33NGLUT5SBR.pcm
SwiftExplicitDependencyGeneratePcm arm64 /Users/admin/builder/spi-builder-workspace/.derivedData/SDKExplicitPrecompiledModules/Darwin-3984OXKFNSPE77NT743WK8SEX.pcm
SwiftExplicitDependencyGeneratePcm arm64_32 /Users/admin/builder/spi-builder-workspace/.derivedData/SDKExplicitPrecompiledModules/Darwin-3FVT1SKLN2ZQ5RVOABMTQBB34.pcm
SwiftExplicitDependencyGeneratePcm arm64_32 /Users/admin/builder/spi-builder-workspace/.derivedData/SDKExplicitPrecompiledModules/ObjectiveC-6IJNELR2E80E7LUKESVCP2KET.pcm
SwiftExplicitDependencyGeneratePcm arm64 /Users/admin/builder/spi-builder-workspace/.derivedData/SDKExplicitPrecompiledModules/ObjectiveC-72IVD3VS2RS8Q28D9PIMY0KQP.pcm
SwiftExplicitDependencyGeneratePcm arm64 /Users/admin/builder/spi-builder-workspace/.derivedData/SDKExplicitPrecompiledModules/os_object-3SDKD7F87FTZ26OON37DRYT6O.pcm
SwiftExplicitDependencyGeneratePcm arm64_32 /Users/admin/builder/spi-builder-workspace/.derivedData/SDKExplicitPrecompiledModules/os_object-5YWTC6L4756IWSTPGXS5NM0D0.pcm
SwiftExplicitDependencyGeneratePcm arm64 /Users/admin/builder/spi-builder-workspace/.derivedData/SDKExplicitPrecompiledModules/os_workgroup-89GG5G7YC2D0ZTK6AZXXQ20DH.pcm
SwiftExplicitDependencyGeneratePcm arm64_32 /Users/admin/builder/spi-builder-workspace/.derivedData/SDKExplicitPrecompiledModules/os_workgroup-5JHTPDMNBUNHLJI8LPHKQK1JK.pcm
SwiftExplicitDependencyGeneratePcm arm64_32 /Users/admin/builder/spi-builder-workspace/.derivedData/SDKExplicitPrecompiledModules/Dispatch-2P62F1T4XV63S4P99TUDTOK2Q.pcm
SwiftExplicitDependencyGeneratePcm arm64 /Users/admin/builder/spi-builder-workspace/.derivedData/SDKExplicitPrecompiledModules/Dispatch-1NLJOVAK60XP0DUB05XA59EIM.pcm
SwiftExplicitDependencyGeneratePcm arm64_32 /Users/admin/builder/spi-builder-workspace/.derivedData/SDKExplicitPrecompiledModules/CoreFoundation-8E6Y4BA3EXYKUGJ24GT9LGV3N.pcm
SwiftExplicitDependencyGeneratePcm arm64_32 /Users/admin/builder/spi-builder-workspace/.derivedData/SDKExplicitPrecompiledModules/XPC-81Y45QFY96XYYFCW2GT6FY8S4.pcm
SwiftExplicitDependencyGeneratePcm arm64 /Users/admin/builder/spi-builder-workspace/.derivedData/SDKExplicitPrecompiledModules/XPC-40DR0X1DHKGCV4J1IOLFS8MOU.pcm
SwiftExplicitDependencyGeneratePcm arm64 /Users/admin/builder/spi-builder-workspace/.derivedData/SDKExplicitPrecompiledModules/CoreFoundation-8T2L24YC5NU7WO6WQJWRY7W08.pcm
SwiftExplicitDependencyGeneratePcm arm64 /Users/admin/builder/spi-builder-workspace/.derivedData/SDKExplicitPrecompiledModules/Security-6RZ6YBRU8WCUHRFFRVUK5WKMM.pcm
SwiftExplicitDependencyGeneratePcm arm64_32 /Users/admin/builder/spi-builder-workspace/.derivedData/SDKExplicitPrecompiledModules/Security-D7TOWF88VWF67TB9HAFP5UWB1.pcm
SwiftExplicitDependencyGeneratePcm arm64_32 /Users/admin/builder/spi-builder-workspace/.derivedData/SDKExplicitPrecompiledModules/Foundation-BJ2VQGI3OGR34500MEQ1VKHPH.pcm
SwiftExplicitDependencyGeneratePcm arm64 /Users/admin/builder/spi-builder-workspace/.derivedData/SDKExplicitPrecompiledModules/Foundation-DLBKUSGXN8QHAT8W0OARR9S8A.pcm
SwiftEmitModule normal arm64 Emitting\ module\ for\ Scry (in target 'Scry' from project 'Scry')
SwiftCompile normal arm64 (in target 'Scry' from project 'Scry')
    cd /Users/admin/builder/spi-builder-workspace/.swiftpm/xcode

SwiftCompile normal arm64 Compiling\ TIFFParser.swift /Users/admin/builder/spi-builder-workspace/.dependencies/checkouts/Scry/Sources/Scry/TIFFParser.swift (in target 'Scry' from project 'Scry')
SwiftCompile normal arm64 /Users/admin/builder/spi-builder-workspace/.dependencies/checkouts/Scry/Sources/Scry/TIFFParser.swift (in target 'Scry' from project 'Scry')
    cd /Users/admin/builder/spi-builder-workspace/.swiftpm/xcode
    builtin-SwiftPerFileCompile TIFFParser.swift
SwiftCompile normal arm64 Compiling\ EXIFTags.swift /Users/admin/builder/spi-builder-workspace/.dependencies/checkouts/Scry/Sources/Scry/EXIFTags.swift (in target 'Scry' from project 'Scry')
SwiftCompile normal arm64 /Users/admin/builder/spi-builder-workspace/.dependencies/checkouts/Scry/Sources/Scry/EXIFTags.swift (in target 'Scry' from project 'Scry')
    cd /Users/admin/builder/spi-builder-workspace/.swiftpm/xcode
    builtin-SwiftPerFileCompile EXIFTags.swift
SwiftCompile normal arm64 Compiling\ Scry.swift /Users/admin/builder/spi-builder-workspace/.dependencies/checkouts/Scry/Sources/Scry/Scry.swift (in target 'Scry' from project 'Scry')
SwiftCompile normal arm64 /Users/admin/builder/spi-builder-workspace/.dependencies/checkouts/Scry/Sources/Scry/Scry.swift (in target 'Scry' from project 'Scry')
    cd /Users/admin/builder/spi-builder-workspace/.swiftpm/xcode
    builtin-SwiftPerFileCompile Scry.swift
SwiftCompile normal arm64 Compiling\ ByteReader.swift /Users/admin/builder/spi-builder-workspace/.dependencies/checkouts/Scry/Sources/Scry/ByteReader.swift (in target 'Scry' from project 'Scry')
SwiftCompile normal arm64 /Users/admin/builder/spi-builder-workspace/.dependencies/checkouts/Scry/Sources/Scry/ByteReader.swift (in target 'Scry' from project 'Scry')
    cd /Users/admin/builder/spi-builder-workspace/.swiftpm/xcode
    builtin-SwiftPerFileCompile ByteReader.swift
SwiftCompile normal arm64 Compiling\ PNGContainer.swift /Users/admin/builder/spi-builder-workspace/.dependencies/checkouts/Scry/Sources/Scry/Containers/PNGContainer.swift (in target 'Scry' from project 'Scry')
SwiftCompile normal arm64 /Users/admin/builder/spi-builder-workspace/.dependencies/checkouts/Scry/Sources/Scry/Containers/PNGContainer.swift (in target 'Scry' from project 'Scry')
    cd /Users/admin/builder/spi-builder-workspace/.swiftpm/xcode
    builtin-SwiftPerFileCompile PNGContainer.swift
SwiftCompile normal arm64 Compiling\ JPEGContainer.swift /Users/admin/builder/spi-builder-workspace/.dependencies/checkouts/Scry/Sources/Scry/Containers/JPEGContainer.swift (in target 'Scry' from project 'Scry')
SwiftCompile normal arm64 /Users/admin/builder/spi-builder-workspace/.dependencies/checkouts/Scry/Sources/Scry/Containers/JPEGContainer.swift (in target 'Scry' from project 'Scry')
    cd /Users/admin/builder/spi-builder-workspace/.swiftpm/xcode
    builtin-SwiftPerFileCompile JPEGContainer.swift
SwiftCompile normal arm64 Compiling\ WebPContainer.swift /Users/admin/builder/spi-builder-workspace/.dependencies/checkouts/Scry/Sources/Scry/Containers/WebPContainer.swift (in target 'Scry' from project 'Scry')
SwiftCompile normal arm64 /Users/admin/builder/spi-builder-workspace/.dependencies/checkouts/Scry/Sources/Scry/Containers/WebPContainer.swift (in target 'Scry' from project 'Scry')
    cd /Users/admin/builder/spi-builder-workspace/.swiftpm/xcode
    builtin-SwiftPerFileCompile WebPContainer.swift
SwiftEmitModule normal arm64_32 Emitting\ module\ for\ SagaPathKit (in target 'SagaPathKit' from project 'SagaPathKit')
SwiftCompile normal arm64_32 (in target 'SagaPathKit' from project 'SagaPathKit')
    cd /Users/admin/builder/spi-builder-workspace/.swiftpm/xcode

SwiftEmitModule normal arm64_32 Emitting\ module\ for\ Scry (in target 'Scry' from project 'Scry')
SwiftCompile normal arm64_32 (in target 'Scry' from project 'Scry')
    cd /Users/admin/builder/spi-builder-workspace/.swiftpm/xcode

SwiftEmitModule normal arm64 Emitting\ module\ for\ SagaPathKit (in target 'SagaPathKit' from project 'SagaPathKit')
SwiftCompile normal arm64 (in target 'SagaPathKit' from project 'SagaPathKit')
    cd /Users/admin/builder/spi-builder-workspace/.swiftpm/xcode

SwiftDriverJobDiscovery normal arm64 Emitting module for Scry (in target 'Scry' from project 'Scry')
SwiftDriver\ Compilation\ Requirements Scry normal arm64 com.apple.xcode.tools.swift.compiler (in target 'Scry' from project 'Scry')
    cd /Users/admin/builder/spi-builder-workspace/.swiftpm/xcode
    builtin-Swift-Compilation-Requirements -- /Applications/Xcode-27.0.0-Release.Candidate.app/Contents/Developer/Toolchains/XcodeDefault.xctoolchain/usr/bin/swiftc -parse-as-library -module-name Scry -Onone @/Users/admin/builder/spi-builder-workspace/.derivedData/Build/Intermediates.noindex/Scry.build/Debug-watchos/Scry-t.build/Objects-normal/arm64/Scry.SwiftFileList -DSWIFT_PACKAGE -DDEBUG -DSWIFT_MODULE_RESOURCE_BUNDLE_UNAVAILABLE -DXcode -plugin-path /Applications/Xcode-27.0.0-Release.Candidate.app/Contents/Developer/Toolchains/XcodeDefault.xctoolchain/usr/lib/swift/host/plugins/testing -enable-experimental-feature DebugDescriptionMacro -sdk /Applications/Xcode-27.0.0-Release.Candidate.app/Contents/Developer/Platforms/WatchOS.platform/Developer/SDKs/WatchOS27.0.sdk -target arm64-apple-watchos9.0 -g -module-cache-path /Users/admin/builder/spi-builder-workspace/.derivedData/ModuleCache.noindex -Xfrontend -serialize-debugging-options -enable-testing -suppress-warnings -index-store-path /Users/admin/builder/spi-builder-workspace/.derivedData/Index.noindex/DataStore -Xcc -D_LIBCPP_HARDENING_MODE\=_LIBCPP_HARDENING_MODE_DEBUG -swift-version 5 -I /Users/admin/builder/spi-builder-workspace/.derivedData/Build/Products/Debug-watchos -Isystem /Applications/Xcode-27.0.0-Release.Candidate.app/Contents/Developer/Platforms/WatchOS.platform/Developer/usr/lib -F /Users/admin/builder/spi-builder-workspace/.derivedData/Build/Products/Debug-watchos -F /Applications/Xcode-27.0.0-Release.Candidate.app/Contents/Developer/Platforms/WatchOS.platform/Developer/Library/Frameworks -F /Applications/Xcode-27.0.0-Release.Candidate.app/Contents/Developer/Platforms/WatchOS.platform/Developer/SDKs/WatchOS27.0.sdk/Developer/Library/Frameworks -c -j10 -enable-batch-mode -incremental -Xcc -ivfsstatcache -Xcc /Users/admin/builder/spi-builder-workspace/.derivedData/SDKStatCaches.noindex/watchos27.0-24R360-e829b21a6f8c9b70876ba0858053c04477534ef55a1706bf4c1112bbb242f0a2.sdkstatcache -output-file-map /Users/admin/builder/spi-builder-workspace/.derivedData/Build/Intermediates.noindex/Scry.build/Debug-watchos/Scry-t.build/Objects-normal/arm64/Scry-OutputFileMap.json -save-temps -no-color-diagnostics -explicit-module-build -module-cache-path /Users/admin/builder/spi-builder-workspace/.derivedData/Build/Intermediates.noindex/SwiftExplicitPrecompiledModules -clang-scanner-module-cache-path /Users/admin/builder/spi-builder-workspace/.derivedData/ModuleCache.noindex -sdk-module-cache-path /Users/admin/builder/spi-builder-workspace/.derivedData/SDKExplicitPrecompiledModules -emit-dependencies -emit-module -emit-module-path /Users/admin/builder/spi-builder-workspace/.derivedData/Build/Intermediates.noindex/Scry.build/Debug-watchos/Scry-t.build/Objects-normal/arm64/Scry.swiftmodule -serialize-diagnostics -dependency-scan-serialize-diagnostics-path /Users/admin/builder/spi-builder-workspace/.derivedData/Build/Intermediates.noindex/Scry.build/Debug-watchos/Scry-t.build/Objects-normal/arm64/Scry-dependency-scan.dia -validate-clang-modules-once -clang-build-session-file /Users/admin/builder/spi-builder-workspace/.derivedData/ModuleCache.noindex/Session.modulevalidation -Xcc -fmodules-prune-interval\=86400 -Xcc -fmodules-prune-after\=345600 -package-name scry -emit-const-values -const-gather-protocols-list /Users/admin/builder/spi-builder-workspace/.derivedData/Build/Intermediates.noindex/Scry.build/Debug-watchos/Scry-t.build/Objects-normal/arm64/Scry_const_extract_protocols.json -Xcc -I/Users/admin/builder/spi-builder-workspace/.derivedData/Build/Products/Debug-watchos/include -Xcc -I/Users/admin/builder/spi-builder-workspace/.derivedData/Build/Intermediates.noindex/Scry.build/Debug-watchos/Scry-t.build/DerivedSources-normal/arm64 -Xcc -I/Users/admin/builder/spi-builder-workspace/.derivedData/Build/Intermediates.noindex/Scry.build/Debug-watchos/Scry-t.build/DerivedSources/arm64 -Xcc -I/Users/admin/builder/spi-builder-workspace/.derivedData/Build/Intermediates.noindex/Scry.build/Debug-watchos/Scry-t.build/DerivedSources -Xcc -DSWIFT_PACKAGE -Xcc -DDEBUG\=1 -emit-objc-header -emit-objc-header-path /Users/admin/builder/spi-builder-workspace/.derivedData/Build/Intermediates.noindex/Scry.build/Debug-watchos/Scry-t.build/Objects-normal/arm64/Scry-Swift.h -working-directory /Users/admin/builder/spi-builder-workspace/.swiftpm/xcode -experimental-emit-module-separately -disable-cmo
SwiftDriverJobDiscovery normal arm64_32 Emitting module for Scry (in target 'Scry' from project 'Scry')
SwiftDriver\ Compilation\ Requirements Scry normal arm64_32 com.apple.xcode.tools.swift.compiler (in target 'Scry' from project 'Scry')
    cd /Users/admin/builder/spi-builder-workspace/.swiftpm/xcode
    builtin-Swift-Compilation-Requirements -- /Applications/Xcode-27.0.0-Release.Candidate.app/Contents/Developer/Toolchains/XcodeDefault.xctoolchain/usr/bin/swiftc -parse-as-library -module-name Scry -Onone @/Users/admin/builder/spi-builder-workspace/.derivedData/Build/Intermediates.noindex/Scry.build/Debug-watchos/Scry-t.build/Objects-normal/arm64_32/Scry.SwiftFileList -DSWIFT_PACKAGE -DDEBUG -DSWIFT_MODULE_RESOURCE_BUNDLE_UNAVAILABLE -DXcode -plugin-path /Applications/Xcode-27.0.0-Release.Candidate.app/Contents/Developer/Toolchains/XcodeDefault.xctoolchain/usr/lib/swift/host/plugins/testing -enable-experimental-feature DebugDescriptionMacro -sdk /Applications/Xcode-27.0.0-Release.Candidate.app/Contents/Developer/Platforms/WatchOS.platform/Developer/SDKs/WatchOS27.0.sdk -target arm64_32-apple-watchos9.0 -g -module-cache-path /Users/admin/builder/spi-builder-workspace/.derivedData/ModuleCache.noindex -Xfrontend -serialize-debugging-options -enable-testing -suppress-warnings -index-store-path /Users/admin/builder/spi-builder-workspace/.derivedData/Index.noindex/DataStore -Xcc -D_LIBCPP_HARDENING_MODE\=_LIBCPP_HARDENING_MODE_DEBUG -swift-version 5 -I /Users/admin/builder/spi-builder-workspace/.derivedData/Build/Products/Debug-watchos -Isystem /Applications/Xcode-27.0.0-Release.Candidate.app/Contents/Developer/Platforms/WatchOS.platform/Developer/usr/lib -F /Users/admin/builder/spi-builder-workspace/.derivedData/Build/Products/Debug-watchos -F /Applications/Xcode-27.0.0-Release.Candidate.app/Contents/Developer/Platforms/WatchOS.platform/Developer/Library/Frameworks -F /Applications/Xcode-27.0.0-Release.Candidate.app/Contents/Developer/Platforms/WatchOS.platform/Developer/SDKs/WatchOS27.0.sdk/Developer/Library/Frameworks -c -j10 -enable-batch-mode -incremental -Xcc -ivfsstatcache -Xcc /Users/admin/builder/spi-builder-workspace/.derivedData/SDKStatCaches.noindex/watchos27.0-24R360-e829b21a6f8c9b70876ba0858053c04477534ef55a1706bf4c1112bbb242f0a2.sdkstatcache -output-file-map /Users/admin/builder/spi-builder-workspace/.derivedData/Build/Intermediates.noindex/Scry.build/Debug-watchos/Scry-t.build/Objects-normal/arm64_32/Scry-OutputFileMap.json -save-temps -no-color-diagnostics -explicit-module-build -module-cache-path /Users/admin/builder/spi-builder-workspace/.derivedData/Build/Intermediates.noindex/SwiftExplicitPrecompiledModules -clang-scanner-module-cache-path /Users/admin/builder/spi-builder-workspace/.derivedData/ModuleCache.noindex -sdk-module-cache-path /Users/admin/builder/spi-builder-workspace/.derivedData/SDKExplicitPrecompiledModules -emit-dependencies -emit-module -emit-module-path /Users/admin/builder/spi-builder-workspace/.derivedData/Build/Intermediates.noindex/Scry.build/Debug-watchos/Scry-t.build/Objects-normal/arm64_32/Scry.swiftmodule -serialize-diagnostics -dependency-scan-serialize-diagnostics-path /Users/admin/builder/spi-builder-workspace/.derivedData/Build/Intermediates.noindex/Scry.build/Debug-watchos/Scry-t.build/Objects-normal/arm64_32/Scry-dependency-scan.dia -validate-clang-modules-once -clang-build-session-file /Users/admin/builder/spi-builder-workspace/.derivedData/ModuleCache.noindex/Session.modulevalidation -Xcc -fmodules-prune-interval\=86400 -Xcc -fmodules-prune-after\=345600 -package-name scry -emit-const-values -const-gather-protocols-list /Users/admin/builder/spi-builder-workspace/.derivedData/Build/Intermediates.noindex/Scry.build/Debug-watchos/Scry-t.build/Objects-normal/arm64_32/Scry_const_extract_protocols.json -Xcc -I/Users/admin/builder/spi-builder-workspace/.derivedData/Build/Products/Debug-watchos/include -Xcc -I/Users/admin/builder/spi-builder-workspace/.derivedData/Build/Intermediates.noindex/Scry.build/Debug-watchos/Scry-t.build/DerivedSources-normal/arm64_32 -Xcc -I/Users/admin/builder/spi-builder-workspace/.derivedData/Build/Intermediates.noindex/Scry.build/Debug-watchos/Scry-t.build/DerivedSources/arm64_32 -Xcc -I/Users/admin/builder/spi-builder-workspace/.derivedData/Build/Intermediates.noindex/Scry.build/Debug-watchos/Scry-t.build/DerivedSources -Xcc -DSWIFT_PACKAGE -Xcc -DDEBUG\=1 -emit-objc-header -emit-objc-header-path /Users/admin/builder/spi-builder-workspace/.derivedData/Build/Intermediates.noindex/Scry.build/Debug-watchos/Scry-t.build/Objects-normal/arm64_32/Scry-Swift.h -working-directory /Users/admin/builder/spi-builder-workspace/.swiftpm/xcode -experimental-emit-module-separately -disable-cmo
Copy /Users/admin/builder/spi-builder-workspace/.derivedData/Build/Products/Debug-watchos/Scry.swiftmodule/arm64-apple-watchos.swiftmodule /Users/admin/builder/spi-builder-workspace/.derivedData/Build/Intermediates.noindex/Scry.build/Debug-watchos/Scry-t.build/Objects-normal/arm64/Scry.swiftmodule (in target 'Scry' from project 'Scry')
    cd /Users/admin/builder/spi-builder-workspace/.dependencies/checkouts/Scry
    builtin-copy -exclude .DS_Store -exclude CVS -exclude .svn -exclude .git -exclude .hg -resolve-src-symlinks -rename /Users/admin/builder/spi-builder-workspace/.derivedData/Build/Intermediates.noindex/Scry.build/Debug-watchos/Scry-t.build/Objects-normal/arm64/Scry.swiftmodule /Users/admin/builder/spi-builder-workspace/.derivedData/Build/Products/Debug-watchos/Scry.swiftmodule/arm64-apple-watchos.swiftmodule
SwiftMergeGeneratedHeaders /Users/admin/builder/spi-builder-workspace/.derivedData/Build/Intermediates.noindex/GeneratedModuleMaps-watchos/Scry-Swift.h /Users/admin/builder/spi-builder-workspace/.derivedData/Build/Intermediates.noindex/Scry.build/Debug-watchos/Scry-t.build/Objects-normal/arm64/Scry-Swift.h /Users/admin/builder/spi-builder-workspace/.derivedData/Build/Intermediates.noindex/Scry.build/Debug-watchos/Scry-t.build/Objects-normal/arm64_32/Scry-Swift.h (in target 'Scry' from project 'Scry')
    cd /Users/admin/builder/spi-builder-workspace/.dependencies/checkouts/Scry
    builtin-swiftHeaderTool -arch arm64 /Users/admin/builder/spi-builder-workspace/.derivedData/Build/Intermediates.noindex/Scry.build/Debug-watchos/Scry-t.build/Objects-normal/arm64/Scry-Swift.h -arch arm64_32 /Users/admin/builder/spi-builder-workspace/.derivedData/Build/Intermediates.noindex/Scry.build/Debug-watchos/Scry-t.build/Objects-normal/arm64_32/Scry-Swift.h -o /Users/admin/builder/spi-builder-workspace/.derivedData/Build/Intermediates.noindex/GeneratedModuleMaps-watchos/Scry-Swift.h
Copy /Users/admin/builder/spi-builder-workspace/.derivedData/Build/Products/Debug-watchos/Scry.swiftmodule/arm64_32-apple-watchos.swiftmodule /Users/admin/builder/spi-builder-workspace/.derivedData/Build/Intermediates.noindex/Scry.build/Debug-watchos/Scry-t.build/Objects-normal/arm64_32/Scry.swiftmodule (in target 'Scry' from project 'Scry')
    cd /Users/admin/builder/spi-builder-workspace/.dependencies/checkouts/Scry
    builtin-copy -exclude .DS_Store -exclude CVS -exclude .svn -exclude .git -exclude .hg -resolve-src-symlinks -rename /Users/admin/builder/spi-builder-workspace/.derivedData/Build/Intermediates.noindex/Scry.build/Debug-watchos/Scry-t.build/Objects-normal/arm64_32/Scry.swiftmodule /Users/admin/builder/spi-builder-workspace/.derivedData/Build/Products/Debug-watchos/Scry.swiftmodule/arm64_32-apple-watchos.swiftmodule
Copy /Users/admin/builder/spi-builder-workspace/.derivedData/Build/Products/Debug-watchos/Scry.swiftmodule/arm64_32-apple-watchos.swiftdoc /Users/admin/builder/spi-builder-workspace/.derivedData/Build/Intermediates.noindex/Scry.build/Debug-watchos/Scry-t.build/Objects-normal/arm64_32/Scry.swiftdoc (in target 'Scry' from project 'Scry')
    cd /Users/admin/builder/spi-builder-workspace/.dependencies/checkouts/Scry
    builtin-copy -exclude .DS_Store -exclude CVS -exclude .svn -exclude .git -exclude .hg -resolve-src-symlinks -rename /Users/admin/builder/spi-builder-workspace/.derivedData/Build/Intermediates.noindex/Scry.build/Debug-watchos/Scry-t.build/Objects-normal/arm64_32/Scry.swiftdoc /Users/admin/builder/spi-builder-workspace/.derivedData/Build/Products/Debug-watchos/Scry.swiftmodule/arm64_32-apple-watchos.swiftdoc
Copy /Users/admin/builder/spi-builder-workspace/.derivedData/Build/Products/Debug-watchos/Scry.swiftmodule/arm64_32-apple-watchos.abi.json /Users/admin/builder/spi-builder-workspace/.derivedData/Build/Intermediates.noindex/Scry.build/Debug-watchos/Scry-t.build/Objects-normal/arm64_32/Scry.abi.json (in target 'Scry' from project 'Scry')
    cd /Users/admin/builder/spi-builder-workspace/.dependencies/checkouts/Scry
    builtin-copy -exclude .DS_Store -exclude CVS -exclude .svn -exclude .git -exclude .hg -resolve-src-symlinks -rename /Users/admin/builder/spi-builder-workspace/.derivedData/Build/Intermediates.noindex/Scry.build/Debug-watchos/Scry-t.build/Objects-normal/arm64_32/Scry.abi.json /Users/admin/builder/spi-builder-workspace/.derivedData/Build/Products/Debug-watchos/Scry.swiftmodule/arm64_32-apple-watchos.abi.json
Copy /Users/admin/builder/spi-builder-workspace/.derivedData/Build/Products/Debug-watchos/Scry.swiftmodule/arm64-apple-watchos.swiftdoc /Users/admin/builder/spi-builder-workspace/.derivedData/Build/Intermediates.noindex/Scry.build/Debug-watchos/Scry-t.build/Objects-normal/arm64/Scry.swiftdoc (in target 'Scry' from project 'Scry')
    cd /Users/admin/builder/spi-builder-workspace/.dependencies/checkouts/Scry
    builtin-copy -exclude .DS_Store -exclude CVS -exclude .svn -exclude .git -exclude .hg -resolve-src-symlinks -rename /Users/admin/builder/spi-builder-workspace/.derivedData/Build/Intermediates.noindex/Scry.build/Debug-watchos/Scry-t.build/Objects-normal/arm64/Scry.swiftdoc /Users/admin/builder/spi-builder-workspace/.derivedData/Build/Products/Debug-watchos/Scry.swiftmodule/arm64-apple-watchos.swiftdoc
Copy /Users/admin/builder/spi-builder-workspace/.derivedData/Build/Products/Debug-watchos/Scry.swiftmodule/arm64-apple-watchos.abi.json /Users/admin/builder/spi-builder-workspace/.derivedData/Build/Intermediates.noindex/Scry.build/Debug-watchos/Scry-t.build/Objects-normal/arm64/Scry.abi.json (in target 'Scry' from project 'Scry')
    cd /Users/admin/builder/spi-builder-workspace/.dependencies/checkouts/Scry
    builtin-copy -exclude .DS_Store -exclude CVS -exclude .svn -exclude .git -exclude .hg -resolve-src-symlinks -rename /Users/admin/builder/spi-builder-workspace/.derivedData/Build/Intermediates.noindex/Scry.build/Debug-watchos/Scry-t.build/Objects-normal/arm64/Scry.abi.json /Users/admin/builder/spi-builder-workspace/.derivedData/Build/Products/Debug-watchos/Scry.swiftmodule/arm64-apple-watchos.abi.json
SwiftDriverJobDiscovery normal arm64_32 Emitting module for SagaPathKit (in target 'SagaPathKit' from project 'SagaPathKit')
Copy /Users/admin/builder/spi-builder-workspace/.derivedData/Build/Products/Debug-watchos/Scry.swiftmodule/Project/arm64_32-apple-watchos.swiftsourceinfo /Users/admin/builder/spi-builder-workspace/.derivedData/Build/Intermediates.noindex/Scry.build/Debug-watchos/Scry-t.build/Objects-normal/arm64_32/Scry.swiftsourceinfo (in target 'Scry' from project 'Scry')
    cd /Users/admin/builder/spi-builder-workspace/.dependencies/checkouts/Scry
    builtin-copy -exclude .DS_Store -exclude CVS -exclude .svn -exclude .git -exclude .hg -resolve-src-symlinks -rename /Users/admin/builder/spi-builder-workspace/.derivedData/Build/Intermediates.noindex/Scry.build/Debug-watchos/Scry-t.build/Objects-normal/arm64_32/Scry.swiftsourceinfo /Users/admin/builder/spi-builder-workspace/.derivedData/Build/Products/Debug-watchos/Scry.swiftmodule/Project/arm64_32-apple-watchos.swiftsourceinfo
Copy /Users/admin/builder/spi-builder-workspace/.derivedData/Build/Products/Debug-watchos/Scry.swiftmodule/Project/arm64-apple-watchos.swiftsourceinfo /Users/admin/builder/spi-builder-workspace/.derivedData/Build/Intermediates.noindex/Scry.build/Debug-watchos/Scry-t.build/Objects-normal/arm64/Scry.swiftsourceinfo (in target 'Scry' from project 'Scry')
    cd /Users/admin/builder/spi-builder-workspace/.dependencies/checkouts/Scry
    builtin-copy -exclude .DS_Store -exclude CVS -exclude .svn -exclude .git -exclude .hg -resolve-src-symlinks -rename /Users/admin/builder/spi-builder-workspace/.derivedData/Build/Intermediates.noindex/Scry.build/Debug-watchos/Scry-t.build/Objects-normal/arm64/Scry.swiftsourceinfo /Users/admin/builder/spi-builder-workspace/.derivedData/Build/Products/Debug-watchos/Scry.swiftmodule/Project/arm64-apple-watchos.swiftsourceinfo
SwiftDriver\ Compilation\ Requirements SagaPathKit normal arm64_32 com.apple.xcode.tools.swift.compiler (in target 'SagaPathKit' from project 'SagaPathKit')
    cd /Users/admin/builder/spi-builder-workspace/.swiftpm/xcode
    builtin-Swift-Compilation-Requirements -- /Applications/Xcode-27.0.0-Release.Candidate.app/Contents/Developer/Toolchains/XcodeDefault.xctoolchain/usr/bin/swiftc -parse-as-library -module-name SagaPathKit -Onone @/Users/admin/builder/spi-builder-workspace/.derivedData/Build/Intermediates.noindex/SagaPathKit.build/Debug-watchos/SagaPathKit-t.build/Objects-normal/arm64_32/SagaPathKit.SwiftFileList -DSWIFT_PACKAGE -DDEBUG -DSWIFT_MODULE_RESOURCE_BUNDLE_UNAVAILABLE -DXcode -plugin-path /Applications/Xcode-27.0.0-Release.Candidate.app/Contents/Developer/Toolchains/XcodeDefault.xctoolchain/usr/lib/swift/host/plugins/testing -enable-experimental-feature DebugDescriptionMacro -sdk /Applications/Xcode-27.0.0-Release.Candidate.app/Contents/Developer/Platforms/WatchOS.platform/Developer/SDKs/WatchOS27.0.sdk -target arm64_32-apple-watchos9.0 -g -module-cache-path /Users/admin/builder/spi-builder-workspace/.derivedData/ModuleCache.noindex -Xfrontend -serialize-debugging-options -enable-testing -suppress-warnings -index-store-path /Users/admin/builder/spi-builder-workspace/.derivedData/Index.noindex/DataStore -Xcc -D_LIBCPP_HARDENING_MODE\=_LIBCPP_HARDENING_MODE_DEBUG -swift-version 5 -I /Users/admin/builder/spi-builder-workspace/.derivedData/Build/Products/Debug-watchos -Isystem /Applications/Xcode-27.0.0-Release.Candidate.app/Contents/Developer/Platforms/WatchOS.platform/Developer/usr/lib -F /Users/admin/builder/spi-builder-workspace/.derivedData/Build/Products/Debug-watchos -F /Applications/Xcode-27.0.0-Release.Candidate.app/Contents/Developer/Platforms/WatchOS.platform/Developer/Library/Frameworks -F /Applications/Xcode-27.0.0-Release.Candidate.app/Contents/Developer/Platforms/WatchOS.platform/Developer/SDKs/WatchOS27.0.sdk/Developer/Library/Frameworks -c -j10 -enable-batch-mode -incremental -Xcc -ivfsstatcache -Xcc /Users/admin/builder/spi-builder-workspace/.derivedData/SDKStatCaches.noindex/watchos27.0-24R360-e829b21a6f8c9b70876ba0858053c04477534ef55a1706bf4c1112bbb242f0a2.sdkstatcache -output-file-map /Users/admin/builder/spi-builder-workspace/.derivedData/Build/Intermediates.noindex/SagaPathKit.build/Debug-watchos/SagaPathKit-t.build/Objects-normal/arm64_32/SagaPathKit-OutputFileMap.json -save-temps -no-color-diagnostics -explicit-module-build -module-cache-path /Users/admin/builder/spi-builder-workspace/.derivedData/Build/Intermediates.noindex/SwiftExplicitPrecompiledModules -clang-scanner-module-cache-path /Users/admin/builder/spi-builder-workspace/.derivedData/ModuleCache.noindex -sdk-module-cache-path /Users/admin/builder/spi-builder-workspace/.derivedData/SDKExplicitPrecompiledModules -emit-dependencies -emit-module -emit-module-path /Users/admin/builder/spi-builder-workspace/.derivedData/Build/Intermediates.noindex/SagaPathKit.build/Debug-watchos/SagaPathKit-t.build/Objects-normal/arm64_32/SagaPathKit.swiftmodule -serialize-diagnostics -dependency-scan-serialize-diagnostics-path /Users/admin/builder/spi-builder-workspace/.derivedData/Build/Intermediates.noindex/SagaPathKit.build/Debug-watchos/SagaPathKit-t.build/Objects-normal/arm64_32/SagaPathKit-dependency-scan.dia -validate-clang-modules-once -clang-build-session-file /Users/admin/builder/spi-builder-workspace/.derivedData/ModuleCache.noindex/Session.modulevalidation -Xcc -fmodules-prune-interval\=86400 -Xcc -fmodules-prune-after\=345600 -package-name sagapathkit -emit-const-values -const-gather-protocols-list /Users/admin/builder/spi-builder-workspace/.derivedData/Build/Intermediates.noindex/SagaPathKit.build/Debug-watchos/SagaPathKit-t.build/Objects-normal/arm64_32/SagaPathKit_const_extract_protocols.json -Xcc -I/Users/admin/builder/spi-builder-workspace/.derivedData/Build/Products/Debug-watchos/include -Xcc -I/Users/admin/builder/spi-builder-workspace/.derivedData/Build/Intermediates.noindex/SagaPathKit.build/Debug-watchos/SagaPathKit-t.build/DerivedSources-normal/arm64_32 -Xcc -I/Users/admin/builder/spi-builder-workspace/.derivedData/Build/Intermediates.noindex/SagaPathKit.build/Debug-watchos/SagaPathKit-t.build/DerivedSources/arm64_32 -Xcc -I/Users/admin/builder/spi-builder-workspace/.derivedData/Build/Intermediates.noindex/SagaPathKit.build/Debug-watchos/SagaPathKit-t.build/DerivedSources -Xcc -DSWIFT_PACKAGE -Xcc -DDEBUG\=1 -emit-objc-header -emit-objc-header-path /Users/admin/builder/spi-builder-workspace/.derivedData/Build/Intermediates.noindex/SagaPathKit.build/Debug-watchos/SagaPathKit-t.build/Objects-normal/arm64_32/SagaPathKit-Swift.h -working-directory /Users/admin/builder/spi-builder-workspace/.swiftpm/xcode -experimental-emit-module-separately -disable-cmo
SwiftCompile normal arm64_32 Compiling\ PNGContainer.swift /Users/admin/builder/spi-builder-workspace/.dependencies/checkouts/Scry/Sources/Scry/Containers/PNGContainer.swift (in target 'Scry' from project 'Scry')
SwiftCompile normal arm64_32 /Users/admin/builder/spi-builder-workspace/.dependencies/checkouts/Scry/Sources/Scry/Containers/PNGContainer.swift (in target 'Scry' from project 'Scry')
    cd /Users/admin/builder/spi-builder-workspace/.swiftpm/xcode
    builtin-SwiftPerFileCompile PNGContainer.swift
SwiftCompile normal arm64_32 Compiling\ EXIFError.swift /Users/admin/builder/spi-builder-workspace/.dependencies/checkouts/Scry/Sources/Scry/EXIFError.swift (in target 'Scry' from project 'Scry')
SwiftCompile normal arm64_32 /Users/admin/builder/spi-builder-workspace/.dependencies/checkouts/Scry/Sources/Scry/EXIFError.swift (in target 'Scry' from project 'Scry')
    cd /Users/admin/builder/spi-builder-workspace/.swiftpm/xcode
    builtin-SwiftPerFileCompile EXIFError.swift
Copy /Users/admin/builder/spi-builder-workspace/.derivedData/Build/Products/Debug-watchos/SagaPathKit.swiftmodule/arm64_32-apple-watchos.swiftmodule /Users/admin/builder/spi-builder-workspace/.derivedData/Build/Intermediates.noindex/SagaPathKit.build/Debug-watchos/SagaPathKit-t.build/Objects-normal/arm64_32/SagaPathKit.swiftmodule (in target 'SagaPathKit' from project 'SagaPathKit')
    cd /Users/admin/builder/spi-builder-workspace/.dependencies/checkouts/SagaPathKit
    builtin-copy -exclude .DS_Store -exclude CVS -exclude .svn -exclude .git -exclude .hg -resolve-src-symlinks -rename /Users/admin/builder/spi-builder-workspace/.derivedData/Build/Intermediates.noindex/SagaPathKit.build/Debug-watchos/SagaPathKit-t.build/Objects-normal/arm64_32/SagaPathKit.swiftmodule /Users/admin/builder/spi-builder-workspace/.derivedData/Build/Products/Debug-watchos/SagaPathKit.swiftmodule/arm64_32-apple-watchos.swiftmodule
SwiftDriverJobDiscovery normal arm64 Emitting module for SagaPathKit (in target 'SagaPathKit' from project 'SagaPathKit')
SwiftDriver\ Compilation\ Requirements SagaPathKit normal arm64 com.apple.xcode.tools.swift.compiler (in target 'SagaPathKit' from project 'SagaPathKit')
    cd /Users/admin/builder/spi-builder-workspace/.swiftpm/xcode
    builtin-Swift-Compilation-Requirements -- /Applications/Xcode-27.0.0-Release.Candidate.app/Contents/Developer/Toolchains/XcodeDefault.xctoolchain/usr/bin/swiftc -parse-as-library -module-name SagaPathKit -Onone @/Users/admin/builder/spi-builder-workspace/.derivedData/Build/Intermediates.noindex/SagaPathKit.build/Debug-watchos/SagaPathKit-t.build/Objects-normal/arm64/SagaPathKit.SwiftFileList -DSWIFT_PACKAGE -DDEBUG -DSWIFT_MODULE_RESOURCE_BUNDLE_UNAVAILABLE -DXcode -plugin-path /Applications/Xcode-27.0.0-Release.Candidate.app/Contents/Developer/Toolchains/XcodeDefault.xctoolchain/usr/lib/swift/host/plugins/testing -enable-experimental-feature DebugDescriptionMacro -sdk /Applications/Xcode-27.0.0-Release.Candidate.app/Contents/Developer/Platforms/WatchOS.platform/Developer/SDKs/WatchOS27.0.sdk -target arm64-apple-watchos9.0 -g -module-cache-path /Users/admin/builder/spi-builder-workspace/.derivedData/ModuleCache.noindex -Xfrontend -serialize-debugging-options -enable-testing -suppress-warnings -index-store-path /Users/admin/builder/spi-builder-workspace/.derivedData/Index.noindex/DataStore -Xcc -D_LIBCPP_HARDENING_MODE\=_LIBCPP_HARDENING_MODE_DEBUG -swift-version 5 -I /Users/admin/builder/spi-builder-workspace/.derivedData/Build/Products/Debug-watchos -Isystem /Applications/Xcode-27.0.0-Release.Candidate.app/Contents/Developer/Platforms/WatchOS.platform/Developer/usr/lib -F /Users/admin/builder/spi-builder-workspace/.derivedData/Build/Products/Debug-watchos -F /Applications/Xcode-27.0.0-Release.Candidate.app/Contents/Developer/Platforms/WatchOS.platform/Developer/Library/Frameworks -F /Applications/Xcode-27.0.0-Release.Candidate.app/Contents/Developer/Platforms/WatchOS.platform/Developer/SDKs/WatchOS27.0.sdk/Developer/Library/Frameworks -c -j10 -enable-batch-mode -incremental -Xcc -ivfsstatcache -Xcc /Users/admin/builder/spi-builder-workspace/.derivedData/SDKStatCaches.noindex/watchos27.0-24R360-e829b21a6f8c9b70876ba0858053c04477534ef55a1706bf4c1112bbb242f0a2.sdkstatcache -output-file-map /Users/admin/builder/spi-builder-workspace/.derivedData/Build/Intermediates.noindex/SagaPathKit.build/Debug-watchos/SagaPathKit-t.build/Objects-normal/arm64/SagaPathKit-OutputFileMap.json -save-temps -no-color-diagnostics -explicit-module-build -module-cache-path /Users/admin/builder/spi-builder-workspace/.derivedData/Build/Intermediates.noindex/SwiftExplicitPrecompiledModules -clang-scanner-module-cache-path /Users/admin/builder/spi-builder-workspace/.derivedData/ModuleCache.noindex -sdk-module-cache-path /Users/admin/builder/spi-builder-workspace/.derivedData/SDKExplicitPrecompiledModules -emit-dependencies -emit-module -emit-module-path /Users/admin/builder/spi-builder-workspace/.derivedData/Build/Intermediates.noindex/SagaPathKit.build/Debug-watchos/SagaPathKit-t.build/Objects-normal/arm64/SagaPathKit.swiftmodule -serialize-diagnostics -dependency-scan-serialize-diagnostics-path /Users/admin/builder/spi-builder-workspace/.derivedData/Build/Intermediates.noindex/SagaPathKit.build/Debug-watchos/SagaPathKit-t.build/Objects-normal/arm64/SagaPathKit-dependency-scan.dia -validate-clang-modules-once -clang-build-session-file /Users/admin/builder/spi-builder-workspace/.derivedData/ModuleCache.noindex/Session.modulevalidation -Xcc -fmodules-prune-interval\=86400 -Xcc -fmodules-prune-after\=345600 -package-name sagapathkit -emit-const-values -const-gather-protocols-list /Users/admin/builder/spi-builder-workspace/.derivedData/Build/Intermediates.noindex/SagaPathKit.build/Debug-watchos/SagaPathKit-t.build/Objects-normal/arm64/SagaPathKit_const_extract_protocols.json -Xcc -I/Users/admin/builder/spi-builder-workspace/.derivedData/Build/Products/Debug-watchos/include -Xcc -I/Users/admin/builder/spi-builder-workspace/.derivedData/Build/Intermediates.noindex/SagaPathKit.build/Debug-watchos/SagaPathKit-t.build/DerivedSources-normal/arm64 -Xcc -I/Users/admin/builder/spi-builder-workspace/.derivedData/Build/Intermediates.noindex/SagaPathKit.build/Debug-watchos/SagaPathKit-t.build/DerivedSources/arm64 -Xcc -I/Users/admin/builder/spi-builder-workspace/.derivedData/Build/Intermediates.noindex/SagaPathKit.build/Debug-watchos/SagaPathKit-t.build/DerivedSources -Xcc -DSWIFT_PACKAGE -Xcc -DDEBUG\=1 -emit-objc-header -emit-objc-header-path /Users/admin/builder/spi-builder-workspace/.derivedData/Build/Intermediates.noindex/SagaPathKit.build/Debug-watchos/SagaPathKit-t.build/Objects-normal/arm64/SagaPathKit-Swift.h -working-directory /Users/admin/builder/spi-builder-workspace/.swiftpm/xcode -experimental-emit-module-separately -disable-cmo
Copy /Users/admin/builder/spi-builder-workspace/.derivedData/Build/Products/Debug-watchos/SagaPathKit.swiftmodule/arm64_32-apple-watchos.swiftdoc /Users/admin/builder/spi-builder-workspace/.derivedData/Build/Intermediates.noindex/SagaPathKit.build/Debug-watchos/SagaPathKit-t.build/Objects-normal/arm64_32/SagaPathKit.swiftdoc (in target 'SagaPathKit' from project 'SagaPathKit')
    cd /Users/admin/builder/spi-builder-workspace/.dependencies/checkouts/SagaPathKit
    builtin-copy -exclude .DS_Store -exclude CVS -exclude .svn -exclude .git -exclude .hg -resolve-src-symlinks -rename /Users/admin/builder/spi-builder-workspace/.derivedData/Build/Intermediates.noindex/SagaPathKit.build/Debug-watchos/SagaPathKit-t.build/Objects-normal/arm64_32/SagaPathKit.swiftdoc /Users/admin/builder/spi-builder-workspace/.derivedData/Build/Products/Debug-watchos/SagaPathKit.swiftmodule/arm64_32-apple-watchos.swiftdoc
SwiftMergeGeneratedHeaders /Users/admin/builder/spi-builder-workspace/.derivedData/Build/Intermediates.noindex/GeneratedModuleMaps-watchos/SagaPathKit-Swift.h /Users/admin/builder/spi-builder-workspace/.derivedData/Build/Intermediates.noindex/SagaPathKit.build/Debug-watchos/SagaPathKit-t.build/Objects-normal/arm64/SagaPathKit-Swift.h /Users/admin/builder/spi-builder-workspace/.derivedData/Build/Intermediates.noindex/SagaPathKit.build/Debug-watchos/SagaPathKit-t.build/Objects-normal/arm64_32/SagaPathKit-Swift.h (in target 'SagaPathKit' from project 'SagaPathKit')
    cd /Users/admin/builder/spi-builder-workspace/.dependencies/checkouts/SagaPathKit
    builtin-swiftHeaderTool -arch arm64 /Users/admin/builder/spi-builder-workspace/.derivedData/Build/Intermediates.noindex/SagaPathKit.build/Debug-watchos/SagaPathKit-t.build/Objects-normal/arm64/SagaPathKit-Swift.h -arch arm64_32 /Users/admin/builder/spi-builder-workspace/.derivedData/Build/Intermediates.noindex/SagaPathKit.build/Debug-watchos/SagaPathKit-t.build/Objects-normal/arm64_32/SagaPathKit-Swift.h -o /Users/admin/builder/spi-builder-workspace/.derivedData/Build/Intermediates.noindex/GeneratedModuleMaps-watchos/SagaPathKit-Swift.h
Copy /Users/admin/builder/spi-builder-workspace/.derivedData/Build/Products/Debug-watchos/SagaPathKit.swiftmodule/arm64_32-apple-watchos.abi.json /Users/admin/builder/spi-builder-workspace/.derivedData/Build/Intermediates.noindex/SagaPathKit.build/Debug-watchos/SagaPathKit-t.build/Objects-normal/arm64_32/SagaPathKit.abi.json (in target 'SagaPathKit' from project 'SagaPathKit')
    cd /Users/admin/builder/spi-builder-workspace/.dependencies/checkouts/SagaPathKit
    builtin-copy -exclude .DS_Store -exclude CVS -exclude .svn -exclude .git -exclude .hg -resolve-src-symlinks -rename /Users/admin/builder/spi-builder-workspace/.derivedData/Build/Intermediates.noindex/SagaPathKit.build/Debug-watchos/SagaPathKit-t.build/Objects-normal/arm64_32/SagaPathKit.abi.json /Users/admin/builder/spi-builder-workspace/.derivedData/Build/Products/Debug-watchos/SagaPathKit.swiftmodule/arm64_32-apple-watchos.abi.json
Copy /Users/admin/builder/spi-builder-workspace/.derivedData/Build/Products/Debug-watchos/SagaPathKit.swiftmodule/arm64-apple-watchos.swiftmodule /Users/admin/builder/spi-builder-workspace/.derivedData/Build/Intermediates.noindex/SagaPathKit.build/Debug-watchos/SagaPathKit-t.build/Objects-normal/arm64/SagaPathKit.swiftmodule (in target 'SagaPathKit' from project 'SagaPathKit')
    cd /Users/admin/builder/spi-builder-workspace/.dependencies/checkouts/SagaPathKit
    builtin-copy -exclude .DS_Store -exclude CVS -exclude .svn -exclude .git -exclude .hg -resolve-src-symlinks -rename /Users/admin/builder/spi-builder-workspace/.derivedData/Build/Intermediates.noindex/SagaPathKit.build/Debug-watchos/SagaPathKit-t.build/Objects-normal/arm64/SagaPathKit.swiftmodule /Users/admin/builder/spi-builder-workspace/.derivedData/Build/Products/Debug-watchos/SagaPathKit.swiftmodule/arm64-apple-watchos.swiftmodule
Copy /Users/admin/builder/spi-builder-workspace/.derivedData/Build/Products/Debug-watchos/SagaPathKit.swiftmodule/arm64-apple-watchos.swiftdoc /Users/admin/builder/spi-builder-workspace/.derivedData/Build/Intermediates.noindex/SagaPathKit.build/Debug-watchos/SagaPathKit-t.build/Objects-normal/arm64/SagaPathKit.swiftdoc (in target 'SagaPathKit' from project 'SagaPathKit')
    cd /Users/admin/builder/spi-builder-workspace/.dependencies/checkouts/SagaPathKit
    builtin-copy -exclude .DS_Store -exclude CVS -exclude .svn -exclude .git -exclude .hg -resolve-src-symlinks -rename /Users/admin/builder/spi-builder-workspace/.derivedData/Build/Intermediates.noindex/SagaPathKit.build/Debug-watchos/SagaPathKit-t.build/Objects-normal/arm64/SagaPathKit.swiftdoc /Users/admin/builder/spi-builder-workspace/.derivedData/Build/Products/Debug-watchos/SagaPathKit.swiftmodule/arm64-apple-watchos.swiftdoc
Copy /Users/admin/builder/spi-builder-workspace/.derivedData/Build/Products/Debug-watchos/SagaPathKit.swiftmodule/arm64-apple-watchos.abi.json /Users/admin/builder/spi-builder-workspace/.derivedData/Build/Intermediates.noindex/SagaPathKit.build/Debug-watchos/SagaPathKit-t.build/Objects-normal/arm64/SagaPathKit.abi.json (in target 'SagaPathKit' from project 'SagaPathKit')
    cd /Users/admin/builder/spi-builder-workspace/.dependencies/checkouts/SagaPathKit
    builtin-copy -exclude .DS_Store -exclude CVS -exclude .svn -exclude .git -exclude .hg -resolve-src-symlinks -rename /Users/admin/builder/spi-builder-workspace/.derivedData/Build/Intermediates.noindex/SagaPathKit.build/Debug-watchos/SagaPathKit-t.build/Objects-normal/arm64/SagaPathKit.abi.json /Users/admin/builder/spi-builder-workspace/.derivedData/Build/Products/Debug-watchos/SagaPathKit.swiftmodule/arm64-apple-watchos.abi.json
Copy /Users/admin/builder/spi-builder-workspace/.derivedData/Build/Products/Debug-watchos/SagaPathKit.swiftmodule/Project/arm64_32-apple-watchos.swiftsourceinfo /Users/admin/builder/spi-builder-workspace/.derivedData/Build/Intermediates.noindex/SagaPathKit.build/Debug-watchos/SagaPathKit-t.build/Objects-normal/arm64_32/SagaPathKit.swiftsourceinfo (in target 'SagaPathKit' from project 'SagaPathKit')
    cd /Users/admin/builder/spi-builder-workspace/.dependencies/checkouts/SagaPathKit
    builtin-copy -exclude .DS_Store -exclude CVS -exclude .svn -exclude .git -exclude .hg -resolve-src-symlinks -rename /Users/admin/builder/spi-builder-workspace/.derivedData/Build/Intermediates.noindex/SagaPathKit.build/Debug-watchos/SagaPathKit-t.build/Objects-normal/arm64_32/SagaPathKit.swiftsourceinfo /Users/admin/builder/spi-builder-workspace/.derivedData/Build/Products/Debug-watchos/SagaPathKit.swiftmodule/Project/arm64_32-apple-watchos.swiftsourceinfo
Copy /Users/admin/builder/spi-builder-workspace/.derivedData/Build/Products/Debug-watchos/SagaPathKit.swiftmodule/Project/arm64-apple-watchos.swiftsourceinfo /Users/admin/builder/spi-builder-workspace/.derivedData/Build/Intermediates.noindex/SagaPathKit.build/Debug-watchos/SagaPathKit-t.build/Objects-normal/arm64/SagaPathKit.swiftsourceinfo (in target 'SagaPathKit' from project 'SagaPathKit')
    cd /Users/admin/builder/spi-builder-workspace/.dependencies/checkouts/SagaPathKit
    builtin-copy -exclude .DS_Store -exclude CVS -exclude .svn -exclude .git -exclude .hg -resolve-src-symlinks -rename /Users/admin/builder/spi-builder-workspace/.derivedData/Build/Intermediates.noindex/SagaPathKit.build/Debug-watchos/SagaPathKit-t.build/Objects-normal/arm64/SagaPathKit.swiftsourceinfo /Users/admin/builder/spi-builder-workspace/.derivedData/Build/Products/Debug-watchos/SagaPathKit.swiftmodule/Project/arm64-apple-watchos.swiftsourceinfo
SwiftCompile normal arm64_32 Compiling\ ByteReader.swift /Users/admin/builder/spi-builder-workspace/.dependencies/checkouts/Scry/Sources/Scry/ByteReader.swift (in target 'Scry' from project 'Scry')
SwiftCompile normal arm64_32 /Users/admin/builder/spi-builder-workspace/.dependencies/checkouts/Scry/Sources/Scry/ByteReader.swift (in target 'Scry' from project 'Scry')
    cd /Users/admin/builder/spi-builder-workspace/.swiftpm/xcode
    builtin-SwiftPerFileCompile ByteReader.swift
SwiftCompile normal arm64_32 Compiling\ JPEGContainer.swift /Users/admin/builder/spi-builder-workspace/.dependencies/checkouts/Scry/Sources/Scry/Containers/JPEGContainer.swift (in target 'Scry' from project 'Scry')
SwiftCompile normal arm64_32 /Users/admin/builder/spi-builder-workspace/.dependencies/checkouts/Scry/Sources/Scry/Containers/JPEGContainer.swift (in target 'Scry' from project 'Scry')
    cd /Users/admin/builder/spi-builder-workspace/.swiftpm/xcode
    builtin-SwiftPerFileCompile JPEGContainer.swift
SwiftDriverJobDiscovery normal arm64 Compiling EXIFTags.swift (in target 'Scry' from project 'Scry')
SwiftDriverJobDiscovery normal arm64 Compiling Scry.swift (in target 'Scry' from project 'Scry')
SwiftCompile normal arm64_32 Compiling\ EXIFTags.swift /Users/admin/builder/spi-builder-workspace/.dependencies/checkouts/Scry/Sources/Scry/EXIFTags.swift (in target 'Scry' from project 'Scry')
SwiftCompile normal arm64_32 /Users/admin/builder/spi-builder-workspace/.dependencies/checkouts/Scry/Sources/Scry/EXIFTags.swift (in target 'Scry' from project 'Scry')
    cd /Users/admin/builder/spi-builder-workspace/.swiftpm/xcode
    builtin-SwiftPerFileCompile EXIFTags.swift
SwiftCompile normal arm64_32 Compiling\ TIFFParser.swift /Users/admin/builder/spi-builder-workspace/.dependencies/checkouts/Scry/Sources/Scry/TIFFParser.swift (in target 'Scry' from project 'Scry')
SwiftCompile normal arm64_32 /Users/admin/builder/spi-builder-workspace/.dependencies/checkouts/Scry/Sources/Scry/TIFFParser.swift (in target 'Scry' from project 'Scry')
    cd /Users/admin/builder/spi-builder-workspace/.swiftpm/xcode
    builtin-SwiftPerFileCompile TIFFParser.swift
SwiftDriverJobDiscovery normal arm64 Compiling JPEGContainer.swift (in target 'Scry' from project 'Scry')
SwiftDriverJobDiscovery normal arm64 Compiling PNGContainer.swift (in target 'Scry' from project 'Scry')
SwiftCompile normal arm64_32 Compiling\ WebPContainer.swift /Users/admin/builder/spi-builder-workspace/.dependencies/checkouts/Scry/Sources/Scry/Containers/WebPContainer.swift (in target 'Scry' from project 'Scry')
SwiftCompile normal arm64_32 /Users/admin/builder/spi-builder-workspace/.dependencies/checkouts/Scry/Sources/Scry/Containers/WebPContainer.swift (in target 'Scry' from project 'Scry')
    cd /Users/admin/builder/spi-builder-workspace/.swiftpm/xcode
    builtin-SwiftPerFileCompile WebPContainer.swift
SwiftDriverJobDiscovery normal arm64 Compiling WebPContainer.swift (in target 'Scry' from project 'Scry')
SwiftCompile normal arm64_32 Compiling\ Scry.swift /Users/admin/builder/spi-builder-workspace/.dependencies/checkouts/Scry/Sources/Scry/Scry.swift (in target 'Scry' from project 'Scry')
SwiftCompile normal arm64_32 /Users/admin/builder/spi-builder-workspace/.dependencies/checkouts/Scry/Sources/Scry/Scry.swift (in target 'Scry' from project 'Scry')
    cd /Users/admin/builder/spi-builder-workspace/.swiftpm/xcode
    builtin-SwiftPerFileCompile Scry.swift
SwiftDriverJobDiscovery normal arm64_32 Compiling EXIFError.swift (in target 'Scry' from project 'Scry')
SwiftCompile normal arm64 Compiling\ EXIFError.swift /Users/admin/builder/spi-builder-workspace/.dependencies/checkouts/Scry/Sources/Scry/EXIFError.swift (in target 'Scry' from project 'Scry')
SwiftCompile normal arm64 /Users/admin/builder/spi-builder-workspace/.dependencies/checkouts/Scry/Sources/Scry/EXIFError.swift (in target 'Scry' from project 'Scry')
    cd /Users/admin/builder/spi-builder-workspace/.swiftpm/xcode
    builtin-SwiftPerFileCompile EXIFError.swift
SwiftCompile normal arm64 Compiling\ SagaPathKit.swift /Users/admin/builder/spi-builder-workspace/.dependencies/checkouts/SagaPathKit/Sources/SagaPathKit.swift (in target 'SagaPathKit' from project 'SagaPathKit')
SwiftCompile normal arm64 /Users/admin/builder/spi-builder-workspace/.dependencies/checkouts/SagaPathKit/Sources/SagaPathKit.swift (in target 'SagaPathKit' from project 'SagaPathKit')
    cd /Users/admin/builder/spi-builder-workspace/.swiftpm/xcode
    builtin-SwiftPerFileCompile SagaPathKit.swift
SwiftDriverJobDiscovery normal arm64_32 Compiling JPEGContainer.swift (in target 'Scry' from project 'Scry')
SwiftDriverJobDiscovery normal arm64_32 Compiling PNGContainer.swift (in target 'Scry' from project 'Scry')
SwiftCompile normal arm64_32 Compiling\ SagaPathKit.swift /Users/admin/builder/spi-builder-workspace/.dependencies/checkouts/SagaPathKit/Sources/SagaPathKit.swift (in target 'SagaPathKit' from project 'SagaPathKit')
SwiftCompile normal arm64_32 /Users/admin/builder/spi-builder-workspace/.dependencies/checkouts/SagaPathKit/Sources/SagaPathKit.swift (in target 'SagaPathKit' from project 'SagaPathKit')
    cd /Users/admin/builder/spi-builder-workspace/.swiftpm/xcode
    builtin-SwiftPerFileCompile SagaPathKit.swift
SwiftDriverJobDiscovery normal arm64 Compiling ByteReader.swift (in target 'Scry' from project 'Scry')
SwiftDriverJobDiscovery normal arm64_32 Compiling ByteReader.swift (in target 'Scry' from project 'Scry')
SwiftDriver Saga normal arm64_32 com.apple.xcode.tools.swift.compiler (in target 'Saga' from project 'Saga')
    cd /Users/admin/builder/spi-builder-workspace/.swiftpm/xcode
    builtin-SwiftDriver -- /Applications/Xcode-27.0.0-Release.Candidate.app/Contents/Developer/Toolchains/XcodeDefault.xctoolchain/usr/bin/swiftc -parse-as-library -module-name Saga -Onone @/Users/admin/builder/spi-builder-workspace/.derivedData/Build/Intermediates.noindex/Saga.build/Debug-watchos/Saga-t.build/Objects-normal/arm64_32/Saga.SwiftFileList -DSWIFT_PACKAGE -DDEBUG -DSWIFT_MODULE_RESOURCE_BUNDLE_UNAVAILABLE -DXcode -plugin-path /Applications/Xcode-27.0.0-Release.Candidate.app/Contents/Developer/Toolchains/XcodeDefault.xctoolchain/usr/lib/swift/host/plugins/testing -enable-experimental-feature DebugDescriptionMacro -sdk /Applications/Xcode-27.0.0-Release.Candidate.app/Contents/Developer/Platforms/WatchOS.platform/Developer/SDKs/WatchOS27.0.sdk -target arm64_32-apple-watchos9.0 -g -module-cache-path /Users/admin/builder/spi-builder-workspace/.derivedData/ModuleCache.noindex -Xfrontend -serialize-debugging-options -enable-testing -suppress-warnings -index-store-path /Users/admin/builder/spi-builder-workspace/.derivedData/Index.noindex/DataStore -Xcc -D_LIBCPP_HARDENING_MODE\=_LIBCPP_HARDENING_MODE_DEBUG -swift-version 6 -I /Users/admin/builder/spi-builder-workspace/.derivedData/Build/Products/Debug-watchos -Isystem /Applications/Xcode-27.0.0-Release.Candidate.app/Contents/Developer/Platforms/WatchOS.platform/Developer/usr/lib -F /Users/admin/builder/spi-builder-workspace/.derivedData/Build/Products/Debug-watchos/PackageFrameworks -F /Users/admin/builder/spi-builder-workspace/.derivedData/Build/Products/Debug-watchos -F /Applications/Xcode-27.0.0-Release.Candidate.app/Contents/Developer/Platforms/WatchOS.platform/Developer/Library/Frameworks -F /Applications/Xcode-27.0.0-Release.Candidate.app/Contents/Developer/Platforms/WatchOS.platform/Developer/SDKs/WatchOS27.0.sdk/Developer/Library/Frameworks -c -j10 -enable-batch-mode -incremental -Xcc -ivfsstatcache -Xcc /Users/admin/builder/spi-builder-workspace/.derivedData/SDKStatCaches.noindex/watchos27.0-24R360-e829b21a6f8c9b70876ba0858053c04477534ef55a1706bf4c1112bbb242f0a2.sdkstatcache -output-file-map /Users/admin/builder/spi-builder-workspace/.derivedData/Build/Intermediates.noindex/Saga.build/Debug-watchos/Saga-t.build/Objects-normal/arm64_32/Saga-OutputFileMap.json -save-temps -no-color-diagnostics -explicit-module-build -module-cache-path /Users/admin/builder/spi-builder-workspace/.derivedData/Build/Intermediates.noindex/SwiftExplicitPrecompiledModules -clang-scanner-module-cache-path /Users/admin/builder/spi-builder-workspace/.derivedData/ModuleCache.noindex -sdk-module-cache-path /Users/admin/builder/spi-builder-workspace/.derivedData/SDKExplicitPrecompiledModules -emit-dependencies -emit-module -emit-module-path /Users/admin/builder/spi-builder-workspace/.derivedData/Build/Intermediates.noindex/Saga.build/Debug-watchos/Saga-t.build/Objects-normal/arm64_32/Saga.swiftmodule -serialize-diagnostics -dependency-scan-serialize-diagnostics-path /Users/admin/builder/spi-builder-workspace/.derivedData/Build/Intermediates.noindex/Saga.build/Debug-watchos/Saga-t.build/Objects-normal/arm64_32/Saga-dependency-scan.dia -user-module-version 3.6.0 -validate-clang-modules-once -clang-build-session-file /Users/admin/builder/spi-builder-workspace/.derivedData/ModuleCache.noindex/Session.modulevalidation -Xcc -fmodules-prune-interval\=86400 -Xcc -fmodules-prune-after\=345600 -package-name saga -emit-const-values -const-gather-protocols-list /Users/admin/builder/spi-builder-workspace/.derivedData/Build/Intermediates.noindex/Saga.build/Debug-watchos/Saga-t.build/Objects-normal/arm64_32/Saga_const_extract_protocols.json -Xcc -I/Users/admin/builder/spi-builder-workspace/.derivedData/Build/Products/Debug-watchos/include -Xcc -I/Users/admin/builder/spi-builder-workspace/.derivedData/Build/Intermediates.noindex/Saga.build/Debug-watchos/Saga-t.build/DerivedSources-normal/arm64_32 -Xcc -I/Users/admin/builder/spi-builder-workspace/.derivedData/Build/Intermediates.noindex/Saga.build/Debug-watchos/Saga-t.build/DerivedSources/arm64_32 -Xcc -I/Users/admin/builder/spi-builder-workspace/.derivedData/Build/Intermediates.noindex/Saga.build/Debug-watchos/Saga-t.build/DerivedSources -Xcc -DSWIFT_PACKAGE -Xcc -DDEBUG\=1 -emit-objc-header -emit-objc-header-path /Users/admin/builder/spi-builder-workspace/.derivedData/Build/Intermediates.noindex/Saga.build/Debug-watchos/Saga-t.build/Objects-normal/arm64_32/Saga-Swift.h -working-directory /Users/admin/builder/spi-builder-workspace/.swiftpm/xcode -experimental-emit-module-separately -disable-cmo
SwiftDriver Saga normal arm64 com.apple.xcode.tools.swift.compiler (in target 'Saga' from project 'Saga')
    cd /Users/admin/builder/spi-builder-workspace/.swiftpm/xcode
    builtin-SwiftDriver -- /Applications/Xcode-27.0.0-Release.Candidate.app/Contents/Developer/Toolchains/XcodeDefault.xctoolchain/usr/bin/swiftc -parse-as-library -module-name Saga -Onone @/Users/admin/builder/spi-builder-workspace/.derivedData/Build/Intermediates.noindex/Saga.build/Debug-watchos/Saga-t.build/Objects-normal/arm64/Saga.SwiftFileList -DSWIFT_PACKAGE -DDEBUG -DSWIFT_MODULE_RESOURCE_BUNDLE_UNAVAILABLE -DXcode -plugin-path /Applications/Xcode-27.0.0-Release.Candidate.app/Contents/Developer/Toolchains/XcodeDefault.xctoolchain/usr/lib/swift/host/plugins/testing -enable-experimental-feature DebugDescriptionMacro -sdk /Applications/Xcode-27.0.0-Release.Candidate.app/Contents/Developer/Platforms/WatchOS.platform/Developer/SDKs/WatchOS27.0.sdk -target arm64-apple-watchos9.0 -g -module-cache-path /Users/admin/builder/spi-builder-workspace/.derivedData/ModuleCache.noindex -Xfrontend -serialize-debugging-options -enable-testing -suppress-warnings -index-store-path /Users/admin/builder/spi-builder-workspace/.derivedData/Index.noindex/DataStore -Xcc -D_LIBCPP_HARDENING_MODE\=_LIBCPP_HARDENING_MODE_DEBUG -swift-version 6 -I /Users/admin/builder/spi-builder-workspace/.derivedData/Build/Products/Debug-watchos -Isystem /Applications/Xcode-27.0.0-Release.Candidate.app/Contents/Developer/Platforms/WatchOS.platform/Developer/usr/lib -F /Users/admin/builder/spi-builder-workspace/.derivedData/Build/Products/Debug-watchos/PackageFrameworks -F /Users/admin/builder/spi-builder-workspace/.derivedData/Build/Products/Debug-watchos -F /Applications/Xcode-27.0.0-Release.Candidate.app/Contents/Developer/Platforms/WatchOS.platform/Developer/Library/Frameworks -F /Applications/Xcode-27.0.0-Release.Candidate.app/Contents/Developer/Platforms/WatchOS.platform/Developer/SDKs/WatchOS27.0.sdk/Developer/Library/Frameworks -c -j10 -enable-batch-mode -incremental -Xcc -ivfsstatcache -Xcc /Users/admin/builder/spi-builder-workspace/.derivedData/SDKStatCaches.noindex/watchos27.0-24R360-e829b21a6f8c9b70876ba0858053c04477534ef55a1706bf4c1112bbb242f0a2.sdkstatcache -output-file-map /Users/admin/builder/spi-builder-workspace/.derivedData/Build/Intermediates.noindex/Saga.build/Debug-watchos/Saga-t.build/Objects-normal/arm64/Saga-OutputFileMap.json -save-temps -no-color-diagnostics -explicit-module-build -module-cache-path /Users/admin/builder/spi-builder-workspace/.derivedData/Build/Intermediates.noindex/SwiftExplicitPrecompiledModules -clang-scanner-module-cache-path /Users/admin/builder/spi-builder-workspace/.derivedData/ModuleCache.noindex -sdk-module-cache-path /Users/admin/builder/spi-builder-workspace/.derivedData/SDKExplicitPrecompiledModules -emit-dependencies -emit-module -emit-module-path /Users/admin/builder/spi-builder-workspace/.derivedData/Build/Intermediates.noindex/Saga.build/Debug-watchos/Saga-t.build/Objects-normal/arm64/Saga.swiftmodule -serialize-diagnostics -dependency-scan-serialize-diagnostics-path /Users/admin/builder/spi-builder-workspace/.derivedData/Build/Intermediates.noindex/Saga.build/Debug-watchos/Saga-t.build/Objects-normal/arm64/Saga-dependency-scan.dia -user-module-version 3.6.0 -validate-clang-modules-once -clang-build-session-file /Users/admin/builder/spi-builder-workspace/.derivedData/ModuleCache.noindex/Session.modulevalidation -Xcc -fmodules-prune-interval\=86400 -Xcc -fmodules-prune-after\=345600 -package-name saga -emit-const-values -const-gather-protocols-list /Users/admin/builder/spi-builder-workspace/.derivedData/Build/Intermediates.noindex/Saga.build/Debug-watchos/Saga-t.build/Objects-normal/arm64/Saga_const_extract_protocols.json -Xcc -I/Users/admin/builder/spi-builder-workspace/.derivedData/Build/Products/Debug-watchos/include -Xcc -I/Users/admin/builder/spi-builder-workspace/.derivedData/Build/Intermediates.noindex/Saga.build/Debug-watchos/Saga-t.build/DerivedSources-normal/arm64 -Xcc -I/Users/admin/builder/spi-builder-workspace/.derivedData/Build/Intermediates.noindex/Saga.build/Debug-watchos/Saga-t.build/DerivedSources/arm64 -Xcc -I/Users/admin/builder/spi-builder-workspace/.derivedData/Build/Intermediates.noindex/Saga.build/Debug-watchos/Saga-t.build/DerivedSources -Xcc -DSWIFT_PACKAGE -Xcc -DDEBUG\=1 -emit-objc-header -emit-objc-header-path /Users/admin/builder/spi-builder-workspace/.derivedData/Build/Intermediates.noindex/Saga.build/Debug-watchos/Saga-t.build/Objects-normal/arm64/Saga-Swift.h -working-directory /Users/admin/builder/spi-builder-workspace/.swiftpm/xcode -experimental-emit-module-separately -disable-cmo
SwiftDriverJobDiscovery normal arm64 Compiling TIFFParser.swift (in target 'Scry' from project 'Scry')
SwiftDriverJobDiscovery normal arm64_32 Compiling EXIFTags.swift (in target 'Scry' from project 'Scry')
SwiftDriverJobDiscovery normal arm64 Compiling EXIFError.swift (in target 'Scry' from project 'Scry')
SwiftDriver\ Compilation Scry normal arm64 com.apple.xcode.tools.swift.compiler (in target 'Scry' from project 'Scry')
    cd /Users/admin/builder/spi-builder-workspace/.swiftpm/xcode
    builtin-Swift-Compilation -- /Applications/Xcode-27.0.0-Release.Candidate.app/Contents/Developer/Toolchains/XcodeDefault.xctoolchain/usr/bin/swiftc -parse-as-library -module-name Scry -Onone @/Users/admin/builder/spi-builder-workspace/.derivedData/Build/Intermediates.noindex/Scry.build/Debug-watchos/Scry-t.build/Objects-normal/arm64/Scry.SwiftFileList -DSWIFT_PACKAGE -DDEBUG -DSWIFT_MODULE_RESOURCE_BUNDLE_UNAVAILABLE -DXcode -plugin-path /Applications/Xcode-27.0.0-Release.Candidate.app/Contents/Developer/Toolchains/XcodeDefault.xctoolchain/usr/lib/swift/host/plugins/testing -enable-experimental-feature DebugDescriptionMacro -sdk /Applications/Xcode-27.0.0-Release.Candidate.app/Contents/Developer/Platforms/WatchOS.platform/Developer/SDKs/WatchOS27.0.sdk -target arm64-apple-watchos9.0 -g -module-cache-path /Users/admin/builder/spi-builder-workspace/.derivedData/ModuleCache.noindex -Xfrontend -serialize-debugging-options -enable-testing -suppress-warnings -index-store-path /Users/admin/builder/spi-builder-workspace/.derivedData/Index.noindex/DataStore -Xcc -D_LIBCPP_HARDENING_MODE\=_LIBCPP_HARDENING_MODE_DEBUG -swift-version 5 -I /Users/admin/builder/spi-builder-workspace/.derivedData/Build/Products/Debug-watchos -Isystem /Applications/Xcode-27.0.0-Release.Candidate.app/Contents/Developer/Platforms/WatchOS.platform/Developer/usr/lib -F /Users/admin/builder/spi-builder-workspace/.derivedData/Build/Products/Debug-watchos -F /Applications/Xcode-27.0.0-Release.Candidate.app/Contents/Developer/Platforms/WatchOS.platform/Developer/Library/Frameworks -F /Applications/Xcode-27.0.0-Release.Candidate.app/Contents/Developer/Platforms/WatchOS.platform/Developer/SDKs/WatchOS27.0.sdk/Developer/Library/Frameworks -c -j10 -enable-batch-mode -incremental -Xcc -ivfsstatcache -Xcc /Users/admin/builder/spi-builder-workspace/.derivedData/SDKStatCaches.noindex/watchos27.0-24R360-e829b21a6f8c9b70876ba0858053c04477534ef55a1706bf4c1112bbb242f0a2.sdkstatcache -output-file-map /Users/admin/builder/spi-builder-workspace/.derivedData/Build/Intermediates.noindex/Scry.build/Debug-watchos/Scry-t.build/Objects-normal/arm64/Scry-OutputFileMap.json -save-temps -no-color-diagnostics -explicit-module-build -module-cache-path /Users/admin/builder/spi-builder-workspace/.derivedData/Build/Intermediates.noindex/SwiftExplicitPrecompiledModules -clang-scanner-module-cache-path /Users/admin/builder/spi-builder-workspace/.derivedData/ModuleCache.noindex -sdk-module-cache-path /Users/admin/builder/spi-builder-workspace/.derivedData/SDKExplicitPrecompiledModules -emit-dependencies -emit-module -emit-module-path /Users/admin/builder/spi-builder-workspace/.derivedData/Build/Intermediates.noindex/Scry.build/Debug-watchos/Scry-t.build/Objects-normal/arm64/Scry.swiftmodule -serialize-diagnostics -dependency-scan-serialize-diagnostics-path /Users/admin/builder/spi-builder-workspace/.derivedData/Build/Intermediates.noindex/Scry.build/Debug-watchos/Scry-t.build/Objects-normal/arm64/Scry-dependency-scan.dia -validate-clang-modules-once -clang-build-session-file /Users/admin/builder/spi-builder-workspace/.derivedData/ModuleCache.noindex/Session.modulevalidation -Xcc -fmodules-prune-interval\=86400 -Xcc -fmodules-prune-after\=345600 -package-name scry -emit-const-values -const-gather-protocols-list /Users/admin/builder/spi-builder-workspace/.derivedData/Build/Intermediates.noindex/Scry.build/Debug-watchos/Scry-t.build/Objects-normal/arm64/Scry_const_extract_protocols.json -Xcc -I/Users/admin/builder/spi-builder-workspace/.derivedData/Build/Products/Debug-watchos/include -Xcc -I/Users/admin/builder/spi-builder-workspace/.derivedData/Build/Intermediates.noindex/Scry.build/Debug-watchos/Scry-t.build/DerivedSources-normal/arm64 -Xcc -I/Users/admin/builder/spi-builder-workspace/.derivedData/Build/Intermediates.noindex/Scry.build/Debug-watchos/Scry-t.build/DerivedSources/arm64 -Xcc -I/Users/admin/builder/spi-builder-workspace/.derivedData/Build/Intermediates.noindex/Scry.build/Debug-watchos/Scry-t.build/DerivedSources -Xcc -DSWIFT_PACKAGE -Xcc -DDEBUG\=1 -emit-objc-header -emit-objc-header-path /Users/admin/builder/spi-builder-workspace/.derivedData/Build/Intermediates.noindex/Scry.build/Debug-watchos/Scry-t.build/Objects-normal/arm64/Scry-Swift.h -working-directory /Users/admin/builder/spi-builder-workspace/.swiftpm/xcode -experimental-emit-module-separately -disable-cmo
Ld /Users/admin/builder/spi-builder-workspace/.derivedData/Build/Intermediates.noindex/Scry.build/Debug-watchos/Scry-t.build/Objects-normal/arm64/Binary/Scry.o normal arm64 (in target 'Scry' from project 'Scry')
    cd /Users/admin/builder/spi-builder-workspace/.dependencies/checkouts/Scry
    /Applications/Xcode-27.0.0-Release.Candidate.app/Contents/Developer/Toolchains/XcodeDefault.xctoolchain/usr/bin/clang -Xlinker -reproducible -target arm64-apple-watchos9.0 -r -isysroot /Applications/Xcode-27.0.0-Release.Candidate.app/Contents/Developer/Platforms/WatchOS.platform/Developer/SDKs/WatchOS27.0.sdk -O0 -w -Xlinker -no_warn_duplicate_libraries -F/Users/admin/builder/spi-builder-workspace/.derivedData/Build/Intermediates.noindex/EagerLinkingTBDs/Debug-watchos -F/Users/admin/builder/spi-builder-workspace/.derivedData/Build/Products/Debug-watchos -iframework /Applications/Xcode-27.0.0-Release.Candidate.app/Contents/Developer/Platforms/WatchOS.platform/Developer/Library/Frameworks -iframework /Applications/Xcode-27.0.0-Release.Candidate.app/Contents/Developer/Platforms/WatchOS.platform/Developer/SDKs/WatchOS27.0.sdk/Developer/Library/Frameworks -filelist /Users/admin/builder/spi-builder-workspace/.derivedData/Build/Intermediates.noindex/Scry.build/Debug-watchos/Scry-t.build/Objects-normal/arm64/Scry.LinkFileList -nostdlib -Xlinker -object_path_lto -Xlinker /Users/admin/builder/spi-builder-workspace/.derivedData/Build/Intermediates.noindex/Scry.build/Debug-watchos/Scry-t.build/Objects-normal/arm64/Scry_lto.o -Xlinker -no_deduplicate -Xlinker -dependency_info -Xlinker /Users/admin/builder/spi-builder-workspace/.derivedData/Build/Intermediates.noindex/Scry.build/Debug-watchos/Scry-t.build/Objects-normal/arm64/Scry_dependency_info.dat -fobjc-link-runtime -L/Applications/Xcode-27.0.0-Release.Candidate.app/Contents/Developer/Toolchains/XcodeDefault.xctoolchain/usr/lib/swift/watchos -L/usr/lib/swift -Xlinker -add_ast_path -Xlinker /Users/admin/builder/spi-builder-workspace/.derivedData/Build/Intermediates.noindex/Scry.build/Debug-watchos/Scry-t.build/Objects-normal/arm64/Scry.swiftmodule -o /Users/admin/builder/spi-builder-workspace/.derivedData/Build/Intermediates.noindex/Scry.build/Debug-watchos/Scry-t.build/Objects-normal/arm64/Binary/Scry.o
SwiftDriverJobDiscovery normal arm64_32 Compiling Scry.swift (in target 'Scry' from project 'Scry')
SwiftDriverJobDiscovery normal arm64_32 Compiling WebPContainer.swift (in target 'Scry' from project 'Scry')
SwiftExplicitDependencyGeneratePcm arm64_32 /Users/admin/builder/spi-builder-workspace/.derivedData/SDKExplicitPrecompiledModules/ptrcheck-EAZ3I917ZFA9H6ZCL6PGLG4TR.pcm
SwiftExplicitDependencyGeneratePcm arm64_32 /Users/admin/builder/spi-builder-workspace/.derivedData/SDKExplicitPrecompiledModules/_Builtin_stddef-2F9BFIPBQ5EWNSK5G7G7V4EKL.pcm
SwiftExplicitDependencyGeneratePcm arm64_32 /Users/admin/builder/spi-builder-workspace/.derivedData/SDKExplicitPrecompiledModules/_Builtin_float-372PLGDQ1U3B6Z5EA5DJMDORJ.pcm
SwiftExplicitDependencyGeneratePcm arm64_32 /Users/admin/builder/spi-builder-workspace/.derivedData/SDKExplicitPrecompiledModules/_AvailabilityInternal-22ZP1ILSQW16KHXZS5GBZHOCS.pcm
SwiftExplicitDependencyGeneratePcm arm64_32 /Users/admin/builder/spi-builder-workspace/.derivedData/SDKExplicitPrecompiledModules/_Builtin_stdbool-84ZA1VDW90AGWZ2LF5KOCM8DZ.pcm
SwiftExplicitDependencyGeneratePcm arm64_32 /Users/admin/builder/spi-builder-workspace/.derivedData/SDKExplicitPrecompiledModules/_SwiftConcurrencyShims-58G4ISYSYDV3AT1DDGEE0QCUF.pcm
SwiftExplicitDependencyGeneratePcm arm64_32 /Users/admin/builder/spi-builder-workspace/.derivedData/SDKExplicitPrecompiledModules/_Builtin_stdarg-EYJP6DFYQL9GJLH1TJ84A8MHV.pcm
SwiftExplicitDependencyGeneratePcm arm64 /Users/admin/builder/spi-builder-workspace/.derivedData/SDKExplicitPrecompiledModules/_AvailabilityInternal-42EVAC8Q6P1ZT6G3A168N97G4.pcm
SwiftExplicitDependencyGeneratePcm arm64 /Users/admin/builder/spi-builder-workspace/.derivedData/SDKExplicitPrecompiledModules/_Builtin_float-E4M4A8689VXF1T7P7BV56IKBT.pcm
SwiftExplicitDependencyGeneratePcm arm64 /Users/admin/builder/spi-builder-workspace/.derivedData/SDKExplicitPrecompiledModules/ptrauth-C7VQASAJ967Q4Q6SRD4I3CFWZ.pcm
SwiftExplicitDependencyGeneratePcm arm64_32 /Users/admin/builder/spi-builder-workspace/.derivedData/SDKExplicitPrecompiledModules/SwiftShims-D9VBB138U50XYYGW2C2V21N3L.pcm
SwiftExplicitDependencyGeneratePcm arm64_32 /Users/admin/builder/spi-builder-workspace/.derivedData/SDKExplicitPrecompiledModules/ptrauth-EW7YZZ7LEZE1QZF2T8148IPSA.pcm
SwiftExplicitDependencyGeneratePcm arm64 /Users/admin/builder/spi-builder-workspace/.derivedData/SDKExplicitPrecompiledModules/_SwiftConcurrencyShims-CTPSFSTDCBVSSQFHL6I305U72.pcm
SwiftExplicitDependencyGeneratePcm arm64 /Users/admin/builder/spi-builder-workspace/.derivedData/SDKExplicitPrecompiledModules/_Builtin_stdbool-B692L2PMR118794VVYBG37897.pcm
SwiftDriverJobDiscovery normal arm64_32 Compiling TIFFParser.swift (in target 'Scry' from project 'Scry')
SwiftExplicitDependencyGeneratePcm arm64 /Users/admin/builder/spi-builder-workspace/.derivedData/SDKExplicitPrecompiledModules/_Builtin_stdarg-3X4KLXUYEI0UGBILP4X7D0CYW.pcm
SwiftExplicitDependencyGeneratePcm arm64 /Users/admin/builder/spi-builder-workspace/.derivedData/SDKExplicitPrecompiledModules/ptrcheck-8K07997SIHO7YGY7UQ3LOQ3TJ.pcm
SwiftExplicitDependencyGeneratePcm arm64 /Users/admin/builder/spi-builder-workspace/.derivedData/SDKExplicitPrecompiledModules/_Builtin_stddef-5OH846KKUPSJJT7GCX9XU1TKG.pcm
SwiftExplicitDependencyGeneratePcm arm64 /Users/admin/builder/spi-builder-workspace/.derivedData/SDKExplicitPrecompiledModules/SwiftShims-AJ4AZYHQNC33R5RLN7AGEIOMP.pcm
SwiftExplicitDependencyGeneratePcm arm64_32 /Users/admin/builder/spi-builder-workspace/.derivedData/SDKExplicitPrecompiledModules/_DarwinFoundation1-5SNIO0SFHX9KJZTLQGIPAPXUZ.pcm
SwiftDriver\ Compilation Scry normal arm64_32 com.apple.xcode.tools.swift.compiler (in target 'Scry' from project 'Scry')
    cd /Users/admin/builder/spi-builder-workspace/.swiftpm/xcode
    builtin-Swift-Compilation -- /Applications/Xcode-27.0.0-Release.Candidate.app/Contents/Developer/Toolchains/XcodeDefault.xctoolchain/usr/bin/swiftc -parse-as-library -module-name Scry -Onone @/Users/admin/builder/spi-builder-workspace/.derivedData/Build/Intermediates.noindex/Scry.build/Debug-watchos/Scry-t.build/Objects-normal/arm64_32/Scry.SwiftFileList -DSWIFT_PACKAGE -DDEBUG -DSWIFT_MODULE_RESOURCE_BUNDLE_UNAVAILABLE -DXcode -plugin-path /Applications/Xcode-27.0.0-Release.Candidate.app/Contents/Developer/Toolchains/XcodeDefault.xctoolchain/usr/lib/swift/host/plugins/testing -enable-experimental-feature DebugDescriptionMacro -sdk /Applications/Xcode-27.0.0-Release.Candidate.app/Contents/Developer/Platforms/WatchOS.platform/Developer/SDKs/WatchOS27.0.sdk -target arm64_32-apple-watchos9.0 -g -module-cache-path /Users/admin/builder/spi-builder-workspace/.derivedData/ModuleCache.noindex -Xfrontend -serialize-debugging-options -enable-testing -suppress-warnings -index-store-path /Users/admin/builder/spi-builder-workspace/.derivedData/Index.noindex/DataStore -Xcc -D_LIBCPP_HARDENING_MODE\=_LIBCPP_HARDENING_MODE_DEBUG -swift-version 5 -I /Users/admin/builder/spi-builder-workspace/.derivedData/Build/Products/Debug-watchos -Isystem /Applications/Xcode-27.0.0-Release.Candidate.app/Contents/Developer/Platforms/WatchOS.platform/Developer/usr/lib -F /Users/admin/builder/spi-builder-workspace/.derivedData/Build/Products/Debug-watchos -F /Applications/Xcode-27.0.0-Release.Candidate.app/Contents/Developer/Platforms/WatchOS.platform/Developer/Library/Frameworks -F /Applications/Xcode-27.0.0-Release.Candidate.app/Contents/Developer/Platforms/WatchOS.platform/Developer/SDKs/WatchOS27.0.sdk/Developer/Library/Frameworks -c -j10 -enable-batch-mode -incremental -Xcc -ivfsstatcache -Xcc /Users/admin/builder/spi-builder-workspace/.derivedData/SDKStatCaches.noindex/watchos27.0-24R360-e829b21a6f8c9b70876ba0858053c04477534ef55a1706bf4c1112bbb242f0a2.sdkstatcache -output-file-map /Users/admin/builder/spi-builder-workspace/.derivedData/Build/Intermediates.noindex/Scry.build/Debug-watchos/Scry-t.build/Objects-normal/arm64_32/Scry-OutputFileMap.json -save-temps -no-color-diagnostics -explicit-module-build -module-cache-path /Users/admin/builder/spi-builder-workspace/.derivedData/Build/Intermediates.noindex/SwiftExplicitPrecompiledModules -clang-scanner-module-cache-path /Users/admin/builder/spi-builder-workspace/.derivedData/ModuleCache.noindex -sdk-module-cache-path /Users/admin/builder/spi-builder-workspace/.derivedData/SDKExplicitPrecompiledModules -emit-dependencies -emit-module -emit-module-path /Users/admin/builder/spi-builder-workspace/.derivedData/Build/Intermediates.noindex/Scry.build/Debug-watchos/Scry-t.build/Objects-normal/arm64_32/Scry.swiftmodule -serialize-diagnostics -dependency-scan-serialize-diagnostics-path /Users/admin/builder/spi-builder-workspace/.derivedData/Build/Intermediates.noindex/Scry.build/Debug-watchos/Scry-t.build/Objects-normal/arm64_32/Scry-dependency-scan.dia -validate-clang-modules-once -clang-build-session-file /Users/admin/builder/spi-builder-workspace/.derivedData/ModuleCache.noindex/Session.modulevalidation -Xcc -fmodules-prune-interval\=86400 -Xcc -fmodules-prune-after\=345600 -package-name scry -emit-const-values -const-gather-protocols-list /Users/admin/builder/spi-builder-workspace/.derivedData/Build/Intermediates.noindex/Scry.build/Debug-watchos/Scry-t.build/Objects-normal/arm64_32/Scry_const_extract_protocols.json -Xcc -I/Users/admin/builder/spi-builder-workspace/.derivedData/Build/Products/Debug-watchos/include -Xcc -I/Users/admin/builder/spi-builder-workspace/.derivedData/Build/Intermediates.noindex/Scry.build/Debug-watchos/Scry-t.build/DerivedSources-normal/arm64_32 -Xcc -I/Users/admin/builder/spi-builder-workspace/.derivedData/Build/Intermediates.noindex/Scry.build/Debug-watchos/Scry-t.build/DerivedSources/arm64_32 -Xcc -I/Users/admin/builder/spi-builder-workspace/.derivedData/Build/Intermediates.noindex/Scry.build/Debug-watchos/Scry-t.build/DerivedSources -Xcc -DSWIFT_PACKAGE -Xcc -DDEBUG\=1 -emit-objc-header -emit-objc-header-path /Users/admin/builder/spi-builder-workspace/.derivedData/Build/Intermediates.noindex/Scry.build/Debug-watchos/Scry-t.build/Objects-normal/arm64_32/Scry-Swift.h -working-directory /Users/admin/builder/spi-builder-workspace/.swiftpm/xcode -experimental-emit-module-separately -disable-cmo
Ld /Users/admin/builder/spi-builder-workspace/.derivedData/Build/Intermediates.noindex/Scry.build/Debug-watchos/Scry-t.build/Objects-normal/arm64_32/Binary/Scry.o normal arm64_32 (in target 'Scry' from project 'Scry')
    cd /Users/admin/builder/spi-builder-workspace/.dependencies/checkouts/Scry
    /Applications/Xcode-27.0.0-Release.Candidate.app/Contents/Developer/Toolchains/XcodeDefault.xctoolchain/usr/bin/clang -Xlinker -reproducible -target arm64_32-apple-watchos9.0 -r -isysroot /Applications/Xcode-27.0.0-Release.Candidate.app/Contents/Developer/Platforms/WatchOS.platform/Developer/SDKs/WatchOS27.0.sdk -O0 -w -Xlinker -no_warn_duplicate_libraries -F/Users/admin/builder/spi-builder-workspace/.derivedData/Build/Intermediates.noindex/EagerLinkingTBDs/Debug-watchos -F/Users/admin/builder/spi-builder-workspace/.derivedData/Build/Products/Debug-watchos -iframework /Applications/Xcode-27.0.0-Release.Candidate.app/Contents/Developer/Platforms/WatchOS.platform/Developer/Library/Frameworks -iframework /Applications/Xcode-27.0.0-Release.Candidate.app/Contents/Developer/Platforms/WatchOS.platform/Developer/SDKs/WatchOS27.0.sdk/Developer/Library/Frameworks -filelist /Users/admin/builder/spi-builder-workspace/.derivedData/Build/Intermediates.noindex/Scry.build/Debug-watchos/Scry-t.build/Objects-normal/arm64_32/Scry.LinkFileList -nostdlib -Xlinker -object_path_lto -Xlinker /Users/admin/builder/spi-builder-workspace/.derivedData/Build/Intermediates.noindex/Scry.build/Debug-watchos/Scry-t.build/Objects-normal/arm64_32/Scry_lto.o -Xlinker -no_deduplicate -Xlinker -dependency_info -Xlinker /Users/admin/builder/spi-builder-workspace/.derivedData/Build/Intermediates.noindex/Scry.build/Debug-watchos/Scry-t.build/Objects-normal/arm64_32/Scry_dependency_info.dat -fobjc-link-runtime -L/Applications/Xcode-27.0.0-Release.Candidate.app/Contents/Developer/Toolchains/XcodeDefault.xctoolchain/usr/lib/swift/watchos -L/usr/lib/swift -Xlinker -add_ast_path -Xlinker /Users/admin/builder/spi-builder-workspace/.derivedData/Build/Intermediates.noindex/Scry.build/Debug-watchos/Scry-t.build/Objects-normal/arm64_32/Scry.swiftmodule -o /Users/admin/builder/spi-builder-workspace/.derivedData/Build/Intermediates.noindex/Scry.build/Debug-watchos/Scry-t.build/Objects-normal/arm64_32/Binary/Scry.o
SwiftDriverJobDiscovery normal arm64 Compiling SagaPathKit.swift (in target 'SagaPathKit' from project 'SagaPathKit')
SwiftDriver\ Compilation SagaPathKit normal arm64 com.apple.xcode.tools.swift.compiler (in target 'SagaPathKit' from project 'SagaPathKit')
    cd /Users/admin/builder/spi-builder-workspace/.swiftpm/xcode
    builtin-Swift-Compilation -- /Applications/Xcode-27.0.0-Release.Candidate.app/Contents/Developer/Toolchains/XcodeDefault.xctoolchain/usr/bin/swiftc -parse-as-library -module-name SagaPathKit -Onone @/Users/admin/builder/spi-builder-workspace/.derivedData/Build/Intermediates.noindex/SagaPathKit.build/Debug-watchos/SagaPathKit-t.build/Objects-normal/arm64/SagaPathKit.SwiftFileList -DSWIFT_PACKAGE -DDEBUG -DSWIFT_MODULE_RESOURCE_BUNDLE_UNAVAILABLE -DXcode -plugin-path /Applications/Xcode-27.0.0-Release.Candidate.app/Contents/Developer/Toolchains/XcodeDefault.xctoolchain/usr/lib/swift/host/plugins/testing -enable-experimental-feature DebugDescriptionMacro -sdk /Applications/Xcode-27.0.0-Release.Candidate.app/Contents/Developer/Platforms/WatchOS.platform/Developer/SDKs/WatchOS27.0.sdk -target arm64-apple-watchos9.0 -g -module-cache-path /Users/admin/builder/spi-builder-workspace/.derivedData/ModuleCache.noindex -Xfrontend -serialize-debugging-options -enable-testing -suppress-warnings -index-store-path /Users/admin/builder/spi-builder-workspace/.derivedData/Index.noindex/DataStore -Xcc -D_LIBCPP_HARDENING_MODE\=_LIBCPP_HARDENING_MODE_DEBUG -swift-version 5 -I /Users/admin/builder/spi-builder-workspace/.derivedData/Build/Products/Debug-watchos -Isystem /Applications/Xcode-27.0.0-Release.Candidate.app/Contents/Developer/Platforms/WatchOS.platform/Developer/usr/lib -F /Users/admin/builder/spi-builder-workspace/.derivedData/Build/Products/Debug-watchos -F /Applications/Xcode-27.0.0-Release.Candidate.app/Contents/Developer/Platforms/WatchOS.platform/Developer/Library/Frameworks -F /Applications/Xcode-27.0.0-Release.Candidate.app/Contents/Developer/Platforms/WatchOS.platform/Developer/SDKs/WatchOS27.0.sdk/Developer/Library/Frameworks -c -j10 -enable-batch-mode -incremental -Xcc -ivfsstatcache -Xcc /Users/admin/builder/spi-builder-workspace/.derivedData/SDKStatCaches.noindex/watchos27.0-24R360-e829b21a6f8c9b70876ba0858053c04477534ef55a1706bf4c1112bbb242f0a2.sdkstatcache -output-file-map /Users/admin/builder/spi-builder-workspace/.derivedData/Build/Intermediates.noindex/SagaPathKit.build/Debug-watchos/SagaPathKit-t.build/Objects-normal/arm64/SagaPathKit-OutputFileMap.json -save-temps -no-color-diagnostics -explicit-module-build -module-cache-path /Users/admin/builder/spi-builder-workspace/.derivedData/Build/Intermediates.noindex/SwiftExplicitPrecompiledModules -clang-scanner-module-cache-path /Users/admin/builder/spi-builder-workspace/.derivedData/ModuleCache.noindex -sdk-module-cache-path /Users/admin/builder/spi-builder-workspace/.derivedData/SDKExplicitPrecompiledModules -emit-dependencies -emit-module -emit-module-path /Users/admin/builder/spi-builder-workspace/.derivedData/Build/Intermediates.noindex/SagaPathKit.build/Debug-watchos/SagaPathKit-t.build/Objects-normal/arm64/SagaPathKit.swiftmodule -serialize-diagnostics -dependency-scan-serialize-diagnostics-path /Users/admin/builder/spi-builder-workspace/.derivedData/Build/Intermediates.noindex/SagaPathKit.build/Debug-watchos/SagaPathKit-t.build/Objects-normal/arm64/SagaPathKit-dependency-scan.dia -validate-clang-modules-once -clang-build-session-file /Users/admin/builder/spi-builder-workspace/.derivedData/ModuleCache.noindex/Session.modulevalidation -Xcc -fmodules-prune-interval\=86400 -Xcc -fmodules-prune-after\=345600 -package-name sagapathkit -emit-const-values -const-gather-protocols-list /Users/admin/builder/spi-builder-workspace/.derivedData/Build/Intermediates.noindex/SagaPathKit.build/Debug-watchos/SagaPathKit-t.build/Objects-normal/arm64/SagaPathKit_const_extract_protocols.json -Xcc -I/Users/admin/builder/spi-builder-workspace/.derivedData/Build/Products/Debug-watchos/include -Xcc -I/Users/admin/builder/spi-builder-workspace/.derivedData/Build/Intermediates.noindex/SagaPathKit.build/Debug-watchos/SagaPathKit-t.build/DerivedSources-normal/arm64 -Xcc -I/Users/admin/builder/spi-builder-workspace/.derivedData/Build/Intermediates.noindex/SagaPathKit.build/Debug-watchos/SagaPathKit-t.build/DerivedSources/arm64 -Xcc -I/Users/admin/builder/spi-builder-workspace/.derivedData/Build/Intermediates.noindex/SagaPathKit.build/Debug-watchos/SagaPathKit-t.build/DerivedSources -Xcc -DSWIFT_PACKAGE -Xcc -DDEBUG\=1 -emit-objc-header -emit-objc-header-path /Users/admin/builder/spi-builder-workspace/.derivedData/Build/Intermediates.noindex/SagaPathKit.build/Debug-watchos/SagaPathKit-t.build/Objects-normal/arm64/SagaPathKit-Swift.h -working-directory /Users/admin/builder/spi-builder-workspace/.swiftpm/xcode -experimental-emit-module-separately -disable-cmo
Ld /Users/admin/builder/spi-builder-workspace/.derivedData/Build/Intermediates.noindex/SagaPathKit.build/Debug-watchos/SagaPathKit-t.build/Objects-normal/arm64/Binary/SagaPathKit.o normal arm64 (in target 'SagaPathKit' from project 'SagaPathKit')
    cd /Users/admin/builder/spi-builder-workspace/.dependencies/checkouts/SagaPathKit
    /Applications/Xcode-27.0.0-Release.Candidate.app/Contents/Developer/Toolchains/XcodeDefault.xctoolchain/usr/bin/clang -Xlinker -reproducible -target arm64-apple-watchos9.0 -r -isysroot /Applications/Xcode-27.0.0-Release.Candidate.app/Contents/Developer/Platforms/WatchOS.platform/Developer/SDKs/WatchOS27.0.sdk -O0 -w -Xlinker -no_warn_duplicate_libraries -F/Users/admin/builder/spi-builder-workspace/.derivedData/Build/Intermediates.noindex/EagerLinkingTBDs/Debug-watchos -F/Users/admin/builder/spi-builder-workspace/.derivedData/Build/Products/Debug-watchos -iframework /Applications/Xcode-27.0.0-Release.Candidate.app/Contents/Developer/Platforms/WatchOS.platform/Developer/Library/Frameworks -iframework /Applications/Xcode-27.0.0-Release.Candidate.app/Contents/Developer/Platforms/WatchOS.platform/Developer/SDKs/WatchOS27.0.sdk/Developer/Library/Frameworks -filelist /Users/admin/builder/spi-builder-workspace/.derivedData/Build/Intermediates.noindex/SagaPathKit.build/Debug-watchos/SagaPathKit-t.build/Objects-normal/arm64/SagaPathKit.LinkFileList -nostdlib -Xlinker -object_path_lto -Xlinker /Users/admin/builder/spi-builder-workspace/.derivedData/Build/Intermediates.noindex/SagaPathKit.build/Debug-watchos/SagaPathKit-t.build/Objects-normal/arm64/SagaPathKit_lto.o -Xlinker -no_deduplicate -Xlinker -dependency_info -Xlinker /Users/admin/builder/spi-builder-workspace/.derivedData/Build/Intermediates.noindex/SagaPathKit.build/Debug-watchos/SagaPathKit-t.build/Objects-normal/arm64/SagaPathKit_dependency_info.dat -fobjc-link-runtime -L/Applications/Xcode-27.0.0-Release.Candidate.app/Contents/Developer/Toolchains/XcodeDefault.xctoolchain/usr/lib/swift/watchos -L/usr/lib/swift -Xlinker -add_ast_path -Xlinker /Users/admin/builder/spi-builder-workspace/.derivedData/Build/Intermediates.noindex/SagaPathKit.build/Debug-watchos/SagaPathKit-t.build/Objects-normal/arm64/SagaPathKit.swiftmodule -o /Users/admin/builder/spi-builder-workspace/.derivedData/Build/Intermediates.noindex/SagaPathKit.build/Debug-watchos/SagaPathKit-t.build/Objects-normal/arm64/Binary/SagaPathKit.o
CreateUniversalBinary /Users/admin/builder/spi-builder-workspace/.derivedData/Build/Products/Debug-watchos/Scry.o normal arm64\ arm64_32 (in target 'Scry' from project 'Scry')
    cd /Users/admin/builder/spi-builder-workspace/.dependencies/checkouts/Scry
    /Applications/Xcode-27.0.0-Release.Candidate.app/Contents/Developer/Toolchains/XcodeDefault.xctoolchain/usr/bin/lipo -create /Users/admin/builder/spi-builder-workspace/.derivedData/Build/Intermediates.noindex/Scry.build/Debug-watchos/Scry-t.build/Objects-normal/arm64/Binary/Scry.o /Users/admin/builder/spi-builder-workspace/.derivedData/Build/Intermediates.noindex/Scry.build/Debug-watchos/Scry-t.build/Objects-normal/arm64_32/Binary/Scry.o -output /Users/admin/builder/spi-builder-workspace/.derivedData/Build/Products/Debug-watchos/Scry.o
SwiftDriverJobDiscovery normal arm64_32 Compiling SagaPathKit.swift (in target 'SagaPathKit' from project 'SagaPathKit')
ExtractAppIntentsMetadata (in target 'Scry' from project 'Scry')
    cd /Users/admin/builder/spi-builder-workspace/.dependencies/checkouts/Scry
    /Applications/Xcode-27.0.0-Release.Candidate.app/Contents/Developer/Toolchains/XcodeDefault.xctoolchain/usr/bin/appintentsmetadataprocessor --toolchain-dir /var/run/com.apple.security.cryptexd/mnt/com.apple.MobileAsset.MetalToolchain-v27.1.266.1.mUFTDV/Metal.xctoolchain --module-name Scry --sdk-root /Applications/Xcode-27.0.0-Release.Candidate.app/Contents/Developer/Platforms/WatchOS.platform/Developer/SDKs/WatchOS27.0.sdk --xcode-version 27A266a --platform-family watchOS --deployment-target 9.0 --bundle-identifier scry.Scry --output /Users/admin/builder/spi-builder-workspace/.derivedData/Build/Products/Debug-watchos/Scry.appintents --target-triple arm64-apple-watchos9.0 --target-triple arm64_32-apple-watchos9.0 --binary-file /Users/admin/builder/spi-builder-workspace/.derivedData/Build/Products/Debug-watchos/Scry.o --dependency-file /Users/admin/builder/spi-builder-workspace/.derivedData/Build/Intermediates.noindex/Scry.build/Debug-watchos/Scry-t.build/Objects-normal/arm64/Scry_dependency_info.dat --dependency-file /Users/admin/builder/spi-builder-workspace/.derivedData/Build/Intermediates.noindex/Scry.build/Debug-watchos/Scry-t.build/Objects-normal/arm64_32/Scry_dependency_info.dat --stringsdata-file /Users/admin/builder/spi-builder-workspace/.derivedData/Build/Intermediates.noindex/Scry.build/Debug-watchos/Scry-t.build/Objects-normal/arm64/ExtractedAppShortcutsMetadata.stringsdata --stringsdata-file /Users/admin/builder/spi-builder-workspace/.derivedData/Build/Intermediates.noindex/Scry.build/Debug-watchos/Scry-t.build/Objects-normal/arm64_32/ExtractedAppShortcutsMetadata.stringsdata --source-file-list /Users/admin/builder/spi-builder-workspace/.derivedData/Build/Intermediates.noindex/Scry.build/Debug-watchos/Scry-t.build/Objects-normal/arm64/Scry.SwiftFileList --source-file-list /Users/admin/builder/spi-builder-workspace/.derivedData/Build/Intermediates.noindex/Scry.build/Debug-watchos/Scry-t.build/Objects-normal/arm64_32/Scry.SwiftFileList --metadata-file-list /Users/admin/builder/spi-builder-workspace/.derivedData/Build/Intermediates.noindex/Scry.build/Debug-watchos/Scry-t.build/Scry.DependencyMetadataFileList --static-metadata-file-list /Users/admin/builder/spi-builder-workspace/.derivedData/Build/Intermediates.noindex/Scry.build/Debug-watchos/Scry-t.build/Scry.DependencyStaticMetadataFileList --swift-const-vals-list /Users/admin/builder/spi-builder-workspace/.derivedData/Build/Intermediates.noindex/Scry.build/Debug-watchos/Scry-t.build/Objects-normal/arm64/Scry.SwiftConstValuesFileList --swift-const-vals-list /Users/admin/builder/spi-builder-workspace/.derivedData/Build/Intermediates.noindex/Scry.build/Debug-watchos/Scry-t.build/Objects-normal/arm64_32/Scry.SwiftConstValuesFileList --force --compile-time-extraction --deployment-aware-processing --no-app-shortcuts-localization
2026-09-24 12:46:28.217 appintentsmetadataprocessor[988:5686] Starting appintentsmetadataprocessor export
2026-09-24 12:46:28.314 appintentsmetadataprocessor[988:5686] Extracted no relevant App Intents symbols, skipping writing output
SwiftDriver\ Compilation SagaPathKit normal arm64_32 com.apple.xcode.tools.swift.compiler (in target 'SagaPathKit' from project 'SagaPathKit')
    cd /Users/admin/builder/spi-builder-workspace/.swiftpm/xcode
    builtin-Swift-Compilation -- /Applications/Xcode-27.0.0-Release.Candidate.app/Contents/Developer/Toolchains/XcodeDefault.xctoolchain/usr/bin/swiftc -parse-as-library -module-name SagaPathKit -Onone @/Users/admin/builder/spi-builder-workspace/.derivedData/Build/Intermediates.noindex/SagaPathKit.build/Debug-watchos/SagaPathKit-t.build/Objects-normal/arm64_32/SagaPathKit.SwiftFileList -DSWIFT_PACKAGE -DDEBUG -DSWIFT_MODULE_RESOURCE_BUNDLE_UNAVAILABLE -DXcode -plugin-path /Applications/Xcode-27.0.0-Release.Candidate.app/Contents/Developer/Toolchains/XcodeDefault.xctoolchain/usr/lib/swift/host/plugins/testing -enable-experimental-feature DebugDescriptionMacro -sdk /Applications/Xcode-27.0.0-Release.Candidate.app/Contents/Developer/Platforms/WatchOS.platform/Developer/SDKs/WatchOS27.0.sdk -target arm64_32-apple-watchos9.0 -g -module-cache-path /Users/admin/builder/spi-builder-workspace/.derivedData/ModuleCache.noindex -Xfrontend -serialize-debugging-options -enable-testing -suppress-warnings -index-store-path /Users/admin/builder/spi-builder-workspace/.derivedData/Index.noindex/DataStore -Xcc -D_LIBCPP_HARDENING_MODE\=_LIBCPP_HARDENING_MODE_DEBUG -swift-version 5 -I /Users/admin/builder/spi-builder-workspace/.derivedData/Build/Products/Debug-watchos -Isystem /Applications/Xcode-27.0.0-Release.Candidate.app/Contents/Developer/Platforms/WatchOS.platform/Developer/usr/lib -F /Users/admin/builder/spi-builder-workspace/.derivedData/Build/Products/Debug-watchos -F /Applications/Xcode-27.0.0-Release.Candidate.app/Contents/Developer/Platforms/WatchOS.platform/Developer/Library/Frameworks -F /Applications/Xcode-27.0.0-Release.Candidate.app/Contents/Developer/Platforms/WatchOS.platform/Developer/SDKs/WatchOS27.0.sdk/Developer/Library/Frameworks -c -j10 -enable-batch-mode -incremental -Xcc -ivfsstatcache -Xcc /Users/admin/builder/spi-builder-workspace/.derivedData/SDKStatCaches.noindex/watchos27.0-24R360-e829b21a6f8c9b70876ba0858053c04477534ef55a1706bf4c1112bbb242f0a2.sdkstatcache -output-file-map /Users/admin/builder/spi-builder-workspace/.derivedData/Build/Intermediates.noindex/SagaPathKit.build/Debug-watchos/SagaPathKit-t.build/Objects-normal/arm64_32/SagaPathKit-OutputFileMap.json -save-temps -no-color-diagnostics -explicit-module-build -module-cache-path /Users/admin/builder/spi-builder-workspace/.derivedData/Build/Intermediates.noindex/SwiftExplicitPrecompiledModules -clang-scanner-module-cache-path /Users/admin/builder/spi-builder-workspace/.derivedData/ModuleCache.noindex -sdk-module-cache-path /Users/admin/builder/spi-builder-workspace/.derivedData/SDKExplicitPrecompiledModules -emit-dependencies -emit-module -emit-module-path /Users/admin/builder/spi-builder-workspace/.derivedData/Build/Intermediates.noindex/SagaPathKit.build/Debug-watchos/SagaPathKit-t.build/Objects-normal/arm64_32/SagaPathKit.swiftmodule -serialize-diagnostics -dependency-scan-serialize-diagnostics-path /Users/admin/builder/spi-builder-workspace/.derivedData/Build/Intermediates.noindex/SagaPathKit.build/Debug-watchos/SagaPathKit-t.build/Objects-normal/arm64_32/SagaPathKit-dependency-scan.dia -validate-clang-modules-once -clang-build-session-file /Users/admin/builder/spi-builder-workspace/.derivedData/ModuleCache.noindex/Session.modulevalidation -Xcc -fmodules-prune-interval\=86400 -Xcc -fmodules-prune-after\=345600 -package-name sagapathkit -emit-const-values -const-gather-protocols-list /Users/admin/builder/spi-builder-workspace/.derivedData/Build/Intermediates.noindex/SagaPathKit.build/Debug-watchos/SagaPathKit-t.build/Objects-normal/arm64_32/SagaPathKit_const_extract_protocols.json -Xcc -I/Users/admin/builder/spi-builder-workspace/.derivedData/Build/Products/Debug-watchos/include -Xcc -I/Users/admin/builder/spi-builder-workspace/.derivedData/Build/Intermediates.noindex/SagaPathKit.build/Debug-watchos/SagaPathKit-t.build/DerivedSources-normal/arm64_32 -Xcc -I/Users/admin/builder/spi-builder-workspace/.derivedData/Build/Intermediates.noindex/SagaPathKit.build/Debug-watchos/SagaPathKit-t.build/DerivedSources/arm64_32 -Xcc -I/Users/admin/builder/spi-builder-workspace/.derivedData/Build/Intermediates.noindex/SagaPathKit.build/Debug-watchos/SagaPathKit-t.build/DerivedSources -Xcc -DSWIFT_PACKAGE -Xcc -DDEBUG\=1 -emit-objc-header -emit-objc-header-path /Users/admin/builder/spi-builder-workspace/.derivedData/Build/Intermediates.noindex/SagaPathKit.build/Debug-watchos/SagaPathKit-t.build/Objects-normal/arm64_32/SagaPathKit-Swift.h -working-directory /Users/admin/builder/spi-builder-workspace/.swiftpm/xcode -experimental-emit-module-separately -disable-cmo
Ld /Users/admin/builder/spi-builder-workspace/.derivedData/Build/Intermediates.noindex/SagaPathKit.build/Debug-watchos/SagaPathKit-t.build/Objects-normal/arm64_32/Binary/SagaPathKit.o normal arm64_32 (in target 'SagaPathKit' from project 'SagaPathKit')
    cd /Users/admin/builder/spi-builder-workspace/.dependencies/checkouts/SagaPathKit
    /Applications/Xcode-27.0.0-Release.Candidate.app/Contents/Developer/Toolchains/XcodeDefault.xctoolchain/usr/bin/clang -Xlinker -reproducible -target arm64_32-apple-watchos9.0 -r -isysroot /Applications/Xcode-27.0.0-Release.Candidate.app/Contents/Developer/Platforms/WatchOS.platform/Developer/SDKs/WatchOS27.0.sdk -O0 -w -Xlinker -no_warn_duplicate_libraries -F/Users/admin/builder/spi-builder-workspace/.derivedData/Build/Intermediates.noindex/EagerLinkingTBDs/Debug-watchos -F/Users/admin/builder/spi-builder-workspace/.derivedData/Build/Products/Debug-watchos -iframework /Applications/Xcode-27.0.0-Release.Candidate.app/Contents/Developer/Platforms/WatchOS.platform/Developer/Library/Frameworks -iframework /Applications/Xcode-27.0.0-Release.Candidate.app/Contents/Developer/Platforms/WatchOS.platform/Developer/SDKs/WatchOS27.0.sdk/Developer/Library/Frameworks -filelist /Users/admin/builder/spi-builder-workspace/.derivedData/Build/Intermediates.noindex/SagaPathKit.build/Debug-watchos/SagaPathKit-t.build/Objects-normal/arm64_32/SagaPathKit.LinkFileList -nostdlib -Xlinker -object_path_lto -Xlinker /Users/admin/builder/spi-builder-workspace/.derivedData/Build/Intermediates.noindex/SagaPathKit.build/Debug-watchos/SagaPathKit-t.build/Objects-normal/arm64_32/SagaPathKit_lto.o -Xlinker -no_deduplicate -Xlinker -dependency_info -Xlinker /Users/admin/builder/spi-builder-workspace/.derivedData/Build/Intermediates.noindex/SagaPathKit.build/Debug-watchos/SagaPathKit-t.build/Objects-normal/arm64_32/SagaPathKit_dependency_info.dat -fobjc-link-runtime -L/Applications/Xcode-27.0.0-Release.Candidate.app/Contents/Developer/Toolchains/XcodeDefault.xctoolchain/usr/lib/swift/watchos -L/usr/lib/swift -Xlinker -add_ast_path -Xlinker /Users/admin/builder/spi-builder-workspace/.derivedData/Build/Intermediates.noindex/SagaPathKit.build/Debug-watchos/SagaPathKit-t.build/Objects-normal/arm64_32/SagaPathKit.swiftmodule -o /Users/admin/builder/spi-builder-workspace/.derivedData/Build/Intermediates.noindex/SagaPathKit.build/Debug-watchos/SagaPathKit-t.build/Objects-normal/arm64_32/Binary/SagaPathKit.o
SwiftExplicitDependencyGeneratePcm arm64 /Users/admin/builder/spi-builder-workspace/.derivedData/SDKExplicitPrecompiledModules/_DarwinFoundation1-7YQ9TVI7XTOGQU9OADRXP33D1.pcm
CreateUniversalBinary /Users/admin/builder/spi-builder-workspace/.derivedData/Build/Products/Debug-watchos/SagaPathKit.o normal arm64\ arm64_32 (in target 'SagaPathKit' from project 'SagaPathKit')
    cd /Users/admin/builder/spi-builder-workspace/.dependencies/checkouts/SagaPathKit
    /Applications/Xcode-27.0.0-Release.Candidate.app/Contents/Developer/Toolchains/XcodeDefault.xctoolchain/usr/bin/lipo -create /Users/admin/builder/spi-builder-workspace/.derivedData/Build/Intermediates.noindex/SagaPathKit.build/Debug-watchos/SagaPathKit-t.build/Objects-normal/arm64/Binary/SagaPathKit.o /Users/admin/builder/spi-builder-workspace/.derivedData/Build/Intermediates.noindex/SagaPathKit.build/Debug-watchos/SagaPathKit-t.build/Objects-normal/arm64_32/Binary/SagaPathKit.o -output /Users/admin/builder/spi-builder-workspace/.derivedData/Build/Products/Debug-watchos/SagaPathKit.o
SwiftExplicitDependencyGeneratePcm arm64_32 /Users/admin/builder/spi-builder-workspace/.derivedData/SDKExplicitPrecompiledModules/_DarwinFoundation2-FP2Q8F1Q2HR151SBYKTU6Q8B.pcm
SwiftExplicitDependencyGeneratePcm arm64_32 /Users/admin/builder/spi-builder-workspace/.derivedData/SDKExplicitPrecompiledModules/_Builtin_limits-AQMEC9CLG0FZQN6TLGDQ6WF78.pcm
ExtractAppIntentsMetadata (in target 'SagaPathKit' from project 'SagaPathKit')
    cd /Users/admin/builder/spi-builder-workspace/.dependencies/checkouts/SagaPathKit
    /Applications/Xcode-27.0.0-Release.Candidate.app/Contents/Developer/Toolchains/XcodeDefault.xctoolchain/usr/bin/appintentsmetadataprocessor --toolchain-dir /var/run/com.apple.security.cryptexd/mnt/com.apple.MobileAsset.MetalToolchain-v27.1.266.1.mUFTDV/Metal.xctoolchain --module-name SagaPathKit --sdk-root /Applications/Xcode-27.0.0-Release.Candidate.app/Contents/Developer/Platforms/WatchOS.platform/Developer/SDKs/WatchOS27.0.sdk --xcode-version 27A266a --platform-family watchOS --deployment-target 9.0 --bundle-identifier sagapathkit.SagaPathKit --output /Users/admin/builder/spi-builder-workspace/.derivedData/Build/Products/Debug-watchos/SagaPathKit.appintents --target-triple arm64-apple-watchos9.0 --target-triple arm64_32-apple-watchos9.0 --binary-file /Users/admin/builder/spi-builder-workspace/.derivedData/Build/Products/Debug-watchos/SagaPathKit.o --dependency-file /Users/admin/builder/spi-builder-workspace/.derivedData/Build/Intermediates.noindex/SagaPathKit.build/Debug-watchos/SagaPathKit-t.build/Objects-normal/arm64/SagaPathKit_dependency_info.dat --dependency-file /Users/admin/builder/spi-builder-workspace/.derivedData/Build/Intermediates.noindex/SagaPathKit.build/Debug-watchos/SagaPathKit-t.build/Objects-normal/arm64_32/SagaPathKit_dependency_info.dat --stringsdata-file /Users/admin/builder/spi-builder-workspace/.derivedData/Build/Intermediates.noindex/SagaPathKit.build/Debug-watchos/SagaPathKit-t.build/Objects-normal/arm64/ExtractedAppShortcutsMetadata.stringsdata --stringsdata-file /Users/admin/builder/spi-builder-workspace/.derivedData/Build/Intermediates.noindex/SagaPathKit.build/Debug-watchos/SagaPathKit-t.build/Objects-normal/arm64_32/ExtractedAppShortcutsMetadata.stringsdata --source-file-list /Users/admin/builder/spi-builder-workspace/.derivedData/Build/Intermediates.noindex/SagaPathKit.build/Debug-watchos/SagaPathKit-t.build/Objects-normal/arm64/SagaPathKit.SwiftFileList --source-file-list /Users/admin/builder/spi-builder-workspace/.derivedData/Build/Intermediates.noindex/SagaPathKit.build/Debug-watchos/SagaPathKit-t.build/Objects-normal/arm64_32/SagaPathKit.SwiftFileList --metadata-file-list /Users/admin/builder/spi-builder-workspace/.derivedData/Build/Intermediates.noindex/SagaPathKit.build/Debug-watchos/SagaPathKit-t.build/SagaPathKit.DependencyMetadataFileList --static-metadata-file-list /Users/admin/builder/spi-builder-workspace/.derivedData/Build/Intermediates.noindex/SagaPathKit.build/Debug-watchos/SagaPathKit-t.build/SagaPathKit.DependencyStaticMetadataFileList --swift-const-vals-list /Users/admin/builder/spi-builder-workspace/.derivedData/Build/Intermediates.noindex/SagaPathKit.build/Debug-watchos/SagaPathKit-t.build/Objects-normal/arm64/SagaPathKit.SwiftConstValuesFileList --swift-const-vals-list /Users/admin/builder/spi-builder-workspace/.derivedData/Build/Intermediates.noindex/SagaPathKit.build/Debug-watchos/SagaPathKit-t.build/Objects-normal/arm64_32/SagaPathKit.SwiftConstValuesFileList --force --compile-time-extraction --deployment-aware-processing --no-app-shortcuts-localization
2026-09-24 12:46:28.217 appintentsmetadataprocessor[994:5713] Starting appintentsmetadataprocessor export
2026-09-24 12:46:28.314 appintentsmetadataprocessor[994:5713] Extracted no relevant App Intents symbols, skipping writing output
SwiftExplicitDependencyGeneratePcm arm64 /Users/admin/builder/spi-builder-workspace/.derivedData/SDKExplicitPrecompiledModules/_Builtin_limits-75TRA1C7IHYOFCG3KJXQVTHJ4.pcm
SwiftExplicitDependencyGeneratePcm arm64 /Users/admin/builder/spi-builder-workspace/.derivedData/SDKExplicitPrecompiledModules/_DarwinFoundation2-CUPL4FH2SA95GMALQP4M6O8UA.pcm
SwiftExplicitDependencyGeneratePcm arm64_32 /Users/admin/builder/spi-builder-workspace/.derivedData/SDKExplicitPrecompiledModules/string_h-8QY7P4ZQXQAF14WVDITTM4R70.pcm
SwiftExplicitDependencyGeneratePcm arm64_32 /Users/admin/builder/spi-builder-workspace/.derivedData/SDKExplicitPrecompiledModules/sys_types-65NN51P1G7GN2GUAUPC53JJ7N.pcm
SwiftExplicitDependencyGeneratePcm arm64_32 /Users/admin/builder/spi-builder-workspace/.derivedData/SDKExplicitPrecompiledModules/_Builtin_stdint-6IWJLTRH2WB6RCG4THPA65RDS.pcm
SwiftExplicitDependencyGeneratePcm arm64 /Users/admin/builder/spi-builder-workspace/.derivedData/SDKExplicitPrecompiledModules/sys_types-9KPVYINL86WUSHF45TU8PWZZ1.pcm
SwiftExplicitDependencyGeneratePcm arm64 /Users/admin/builder/spi-builder-workspace/.derivedData/SDKExplicitPrecompiledModules/_Builtin_stdint-6TUACK4YPMARFT56PLIO388SJ.pcm
SwiftExplicitDependencyGeneratePcm arm64 /Users/admin/builder/spi-builder-workspace/.derivedData/SDKExplicitPrecompiledModules/string_h-4N9Z22C0HUO8GV7GFPCLZRZA2.pcm
SwiftExplicitDependencyGeneratePcm arm64_32 /Users/admin/builder/spi-builder-workspace/.derivedData/SDKExplicitPrecompiledModules/_DarwinFoundation3-3YOBOPIW2MF1LRNQH7JBUBY4G.pcm
SwiftExplicitDependencyGeneratePcm arm64 /Users/admin/builder/spi-builder-workspace/.derivedData/SDKExplicitPrecompiledModules/_DarwinFoundation3-EJXZKD8LN9EYM9OWP9VLJ49PK.pcm
SwiftExplicitDependencyGeneratePcm arm64_32 /Users/admin/builder/spi-builder-workspace/.derivedData/SDKExplicitPrecompiledModules/_Builtin_inttypes-BPZJ68HW1IMYWSHROAZ0IMUJP.pcm
SwiftExplicitDependencyGeneratePcm arm64_32 /Users/admin/builder/spi-builder-workspace/.derivedData/SDKExplicitPrecompiledModules/Darwin-10D35ZJWCWG7LJAF579U7I5V7.pcm
SwiftExplicitDependencyGeneratePcm arm64 /Users/admin/builder/spi-builder-workspace/.derivedData/SDKExplicitPrecompiledModules/_Builtin_inttypes-86YTNV5YADPJXFMJ82N3R4GWQ.pcm
SwiftExplicitDependencyGeneratePcm arm64 /Users/admin/builder/spi-builder-workspace/.derivedData/SDKExplicitPrecompiledModules/Darwin-CSB8C43KELVSFIQVR0803IZPN.pcm
SwiftExplicitDependencyGeneratePcm arm64_32 /Users/admin/builder/spi-builder-workspace/.derivedData/SDKExplicitPrecompiledModules/ObjectiveC-71AGZNHLBMR2QK817EJNUN54E.pcm
SwiftExplicitDependencyGeneratePcm arm64 /Users/admin/builder/spi-builder-workspace/.derivedData/SDKExplicitPrecompiledModules/ObjectiveC-22CZPC4WYQC9G8T393WT2KKLW.pcm
SwiftExplicitDependencyGeneratePcm arm64_32 /Users/admin/builder/spi-builder-workspace/.derivedData/SDKExplicitPrecompiledModules/os_object-CTXVQBCWDOH6JHUXIFDUOWFRL.pcm
SwiftExplicitDependencyGeneratePcm arm64 /Users/admin/builder/spi-builder-workspace/.derivedData/SDKExplicitPrecompiledModules/os_object-6KYGGZ4DPVZ3BBAZ6QICZN8LI.pcm
SwiftExplicitDependencyGeneratePcm arm64_32 /Users/admin/builder/spi-builder-workspace/.derivedData/SDKExplicitPrecompiledModules/os_workgroup-9L9R05BT5LTFRZ2NM68BZTVV2.pcm
SwiftExplicitDependencyGeneratePcm arm64 /Users/admin/builder/spi-builder-workspace/.derivedData/SDKExplicitPrecompiledModules/os_workgroup-AHE7ULDQBKER38CYPIKDTZF4M.pcm
SwiftExplicitDependencyGeneratePcm arm64_32 /Users/admin/builder/spi-builder-workspace/.derivedData/SDKExplicitPrecompiledModules/Dispatch-CGIMI9KQKHNRQHR2IECIPRG14.pcm
SwiftExplicitDependencyGeneratePcm arm64 /Users/admin/builder/spi-builder-workspace/.derivedData/SDKExplicitPrecompiledModules/Dispatch-39VR0G01IUJ09PQKMFGOHXZ4L.pcm
SwiftExplicitDependencyGeneratePcm arm64_32 /Users/admin/builder/spi-builder-workspace/.derivedData/SDKExplicitPrecompiledModules/CoreFoundation-76B9WJP9MDYT33HZQVSNNZQZD.pcm
SwiftExplicitDependencyGeneratePcm arm64_32 /Users/admin/builder/spi-builder-workspace/.derivedData/SDKExplicitPrecompiledModules/XPC-7SLKI45KYLKXH9QET2WYS3UZ4.pcm
SwiftExplicitDependencyGeneratePcm arm64 /Users/admin/builder/spi-builder-workspace/.derivedData/SDKExplicitPrecompiledModules/CoreFoundation-59XKO8YNRGGYNC5U5LK8B4EM.pcm
SwiftExplicitDependencyGeneratePcm arm64 /Users/admin/builder/spi-builder-workspace/.derivedData/SDKExplicitPrecompiledModules/XPC-650JAZBTM6I0OMHYO6CKM0CWJ.pcm
SwiftExplicitDependencyGeneratePcm arm64_32 /Users/admin/builder/spi-builder-workspace/.derivedData/SDKExplicitPrecompiledModules/Security-1W411BS4UH2UNMNII2341429S.pcm
SwiftExplicitDependencyGeneratePcm arm64 /Users/admin/builder/spi-builder-workspace/.derivedData/SDKExplicitPrecompiledModules/Security-69WNGEAVQP55EDBQHP3BLE8QU.pcm
SwiftExplicitDependencyGeneratePcm arm64_32 /Users/admin/builder/spi-builder-workspace/.derivedData/SDKExplicitPrecompiledModules/Foundation-AIQ30TCDC2B0LBUU6FPQZ0HWI.pcm
SwiftExplicitDependencyGeneratePcm arm64 /Users/admin/builder/spi-builder-workspace/.derivedData/SDKExplicitPrecompiledModules/Foundation-B3IXODHI7VO4VRX2RWRXLVJZT.pcm
SwiftExplicitDependencyGeneratePcm arm64_32 /Users/admin/builder/spi-builder-workspace/.derivedData/SDKExplicitPrecompiledModules/LocalAuthentication-1XZC5548OHHHWETB1RPNV8QDG.pcm
SwiftExplicitDependencyGeneratePcm arm64 /Users/admin/builder/spi-builder-workspace/.derivedData/SDKExplicitPrecompiledModules/LocalAuthentication-B2TFMTPZVFFVZ7Y4SFJ4HJEBL.pcm
SwiftCompile normal arm64_32 Compiling\ String+Slugify.swift,\ Writer.swift /Users/admin/builder/spi-builder-workspace/.dependencies/checkouts/Saga/Sources/Saga/String+Slugify.swift /Users/admin/builder/spi-builder-workspace/.dependencies/checkouts/Saga/Sources/Saga/Writer.swift (in target 'Saga' from project 'Saga')
SwiftCompile normal arm64_32 /Users/admin/builder/spi-builder-workspace/.dependencies/checkouts/Saga/Sources/Saga/String+Slugify.swift (in target 'Saga' from project 'Saga')
    cd /Users/admin/builder/spi-builder-workspace/.swiftpm/xcode
    builtin-SwiftPerFileCompile String+Slugify.swift
SwiftCompile normal arm64_32 /Users/admin/builder/spi-builder-workspace/.dependencies/checkouts/Saga/Sources/Saga/Writer.swift (in target 'Saga' from project 'Saga')
    cd /Users/admin/builder/spi-builder-workspace/.swiftpm/xcode
    builtin-SwiftPerFileCompile Writer.swift
SwiftCompile normal arm64_32 Compiling\ Saga.swift,\ StepBuilder.swift /Users/admin/builder/spi-builder-workspace/.dependencies/checkouts/Saga/Sources/Saga/Saga.swift /Users/admin/builder/spi-builder-workspace/.dependencies/checkouts/Saga/Sources/Saga/StepBuilder.swift (in target 'Saga' from project 'Saga')
SwiftCompile normal arm64_32 (in target 'Saga' from project 'Saga')
    cd /Users/admin/builder/spi-builder-workspace/.swiftpm/xcode

SwiftCompile normal arm64_32 /Users/admin/builder/spi-builder-workspace/.dependencies/checkouts/Saga/Sources/Saga/StepBuilder.swift (in target 'Saga' from project 'Saga')
    cd /Users/admin/builder/spi-builder-workspace/.swiftpm/xcode
    builtin-SwiftPerFileCompile StepBuilder.swift
SwiftCompile normal arm64_32 Compiling\ Saga+Sitemap.swift,\ Saga+Utils.swift /Users/admin/builder/spi-builder-workspace/.dependencies/checkouts/Saga/Sources/Saga/Saga+Sitemap.swift /Users/admin/builder/spi-builder-workspace/.dependencies/checkouts/Saga/Sources/Saga/Saga+Utils.swift (in target 'Saga' from project 'Saga')
SwiftCompile normal arm64_32 /Users/admin/builder/spi-builder-workspace/.dependencies/checkouts/Saga/Sources/Saga/Saga+Sitemap.swift (in target 'Saga' from project 'Saga')
    cd /Users/admin/builder/spi-builder-workspace/.swiftpm/xcode
    builtin-SwiftPerFileCompile Saga+Sitemap.swift
SwiftCompile normal arm64_32 /Users/admin/builder/spi-builder-workspace/.dependencies/checkouts/Saga/Sources/Saga/Saga+Utils.swift (in target 'Saga' from project 'Saga')
    cd /Users/admin/builder/spi-builder-workspace/.swiftpm/xcode
    builtin-SwiftPerFileCompile Saga+Utils.swift
SwiftCompile normal arm64_32 Compiling\ Reader.swift,\ RenderingContexts.swift /Users/admin/builder/spi-builder-workspace/.dependencies/checkouts/Saga/Sources/Saga/Reader.swift /Users/admin/builder/spi-builder-workspace/.dependencies/checkouts/Saga/Sources/Saga/RenderingContexts.swift (in target 'Saga' from project 'Saga')
SwiftCompile normal arm64_32 /Users/admin/builder/spi-builder-workspace/.dependencies/checkouts/Saga/Sources/Saga/Reader.swift (in target 'Saga' from project 'Saga')
    cd /Users/admin/builder/spi-builder-workspace/.swiftpm/xcode
    builtin-SwiftPerFileCompile Reader.swift
SwiftCompile normal arm64_32 /Users/admin/builder/spi-builder-workspace/.dependencies/checkouts/Saga/Sources/Saga/RenderingContexts.swift (in target 'Saga' from project 'Saga')
    cd /Users/admin/builder/spi-builder-workspace/.swiftpm/xcode
    builtin-SwiftPerFileCompile RenderingContexts.swift
SwiftCompile normal arm64_32 Compiling\ Saga+AtomFeed.swift,\ Saga+Build.swift /Users/admin/builder/spi-builder-workspace/.dependencies/checkouts/Saga/Sources/Saga/Saga+AtomFeed.swift /Users/admin/builder/spi-builder-workspace/.dependencies/checkouts/Saga/Sources/Saga/Saga+Build.swift (in target 'Saga' from project 'Saga')
/Users/admin/builder/spi-builder-workspace/.dependencies/checkouts/Saga/Sources/Saga/Saga+AtomFeed.swift:36:25: error: cannot find 'XMLElement' in scope
 34 |
 35 |       // Create the root element
 36 |       let rootElement = XMLElement(name: "feed")
    |                         `- error: cannot find 'XMLElement' in scope
 37 |       rootElement.setAttributesWith([
 38 |         "xmlns": "http://www.w3.org/2005/Atom",
/Users/admin/builder/spi-builder-workspace/.dependencies/checkouts/Saga/Sources/Saga/Saga+AtomFeed.swift:43:17: error: cannot find 'XMLDocument' in scope
 41 |
 42 |       // Create the XML document
 43 |       let XML = XMLDocument(rootElement: rootElement)
    |                 `- error: cannot find 'XMLDocument' in scope
 44 |
 45 |       let idElement = XMLElement(name: "id")
/Users/admin/builder/spi-builder-workspace/.dependencies/checkouts/Saga/Sources/Saga/Saga+AtomFeed.swift:45:23: error: cannot find 'XMLElement' in scope
 43 |       let XML = XMLDocument(rootElement: rootElement)
 44 |
 45 |       let idElement = XMLElement(name: "id")
    |                       `- error: cannot find 'XMLElement' in scope
 46 |       idElement.stringValue = baseURL.appendingPathComponent(feedPath).absoluteString
 47 |       rootElement.addChild(idElement)
/Users/admin/builder/spi-builder-workspace/.dependencies/checkouts/Saga/Sources/Saga/Saga+AtomFeed.swift:49:28: error: cannot find 'XMLElement' in scope
 47 |       rootElement.addChild(idElement)
 48 |
 49 |       rootElement.addChild(XMLElement(name: "title", stringValue: title))
    |                            `- error: cannot find 'XMLElement' in scope
 50 |
 51 |       if let author {
/Users/admin/builder/spi-builder-workspace/.dependencies/checkouts/Saga/Sources/Saga/Saga+AtomFeed.swift:52:29: error: cannot find 'XMLElement' in scope
 50 |
 51 |       if let author {
 52 |         let authorElement = XMLElement(name: "author")
    |                             `- error: cannot find 'XMLElement' in scope
 53 |         authorElement.addChild(XMLElement(name: "name", stringValue: author))
 54 |         rootElement.addChild(authorElement)
/Users/admin/builder/spi-builder-workspace/.dependencies/checkouts/Saga/Sources/Saga/Saga+AtomFeed.swift:53:32: error: cannot find 'XMLElement' in scope
 51 |       if let author {
 52 |         let authorElement = XMLElement(name: "author")
 53 |         authorElement.addChild(XMLElement(name: "name", stringValue: author))
    |                                `- error: cannot find 'XMLElement' in scope
 54 |         rootElement.addChild(authorElement)
 55 |       }
/Users/admin/builder/spi-builder-workspace/.dependencies/checkouts/Saga/Sources/Saga/Saga+AtomFeed.swift:57:25: error: cannot find 'XMLElement' in scope
 55 |       }
 56 |
 57 |       let linkElement = XMLElement(name: "link")
    |                         `- error: cannot find 'XMLElement' in scope
 58 |       linkElement.setAttributesWith(["rel": "self", "href": baseURL.appendingPathComponent(feedPath).absoluteString])
 59 |       rootElement.addChild(linkElement)
/Users/admin/builder/spi-builder-workspace/.dependencies/checkouts/Saga/Sources/Saga/Saga+AtomFeed.swift:61:28: error: cannot find 'XMLElement' in scope
 59 |       rootElement.addChild(linkElement)
 60 |
 61 |       let updatedElement = XMLElement(name: "updated", stringValue: RFC3339_DF.string(from: Date()))
    |                            `- error: cannot find 'XMLElement' in scope
 62 |       rootElement.addChild(updatedElement)
 63 |
/Users/admin/builder/spi-builder-workspace/.dependencies/checkouts/Saga/Sources/Saga/Saga+AtomFeed.swift:67:28: error: cannot find 'XMLElement' in scope
 65 |       for item in context.items {
 66 |         // create entry element
 67 |         let entryElement = XMLElement(name: "entry")
    |                            `- error: cannot find 'XMLElement' in scope
 68 |
 69 |         let idElement = XMLElement(name: "id")
/Users/admin/builder/spi-builder-workspace/.dependencies/checkouts/Saga/Sources/Saga/Saga+AtomFeed.swift:69:25: error: cannot find 'XMLElement' in scope
 67 |         let entryElement = XMLElement(name: "entry")
 68 |
 69 |         let idElement = XMLElement(name: "id")
    |                         `- error: cannot find 'XMLElement' in scope
 70 |         idElement.stringValue = baseURL.appendingPathComponent(item.url).absoluteString
 71 |
/Users/admin/builder/spi-builder-workspace/.dependencies/checkouts/Saga/Sources/Saga/Saga+AtomFeed.swift:73:31: error: cannot find 'XMLElement' in scope
 71 |
 72 |         entryElement.addChild(idElement)
 73 |         entryElement.addChild(XMLElement(name: "title", stringValue: itemTitle?(item) ?? item.title))
    |                               `- error: cannot find 'XMLElement' in scope
 74 |         entryElement.addChild(XMLElement(name: "updated", stringValue: RFC3339_DF.string(from: item[keyPath: dateKeyPath])))
 75 |
/Users/admin/builder/spi-builder-workspace/.dependencies/checkouts/Saga/Sources/Saga/Saga+AtomFeed.swift:74:31: error: cannot find 'XMLElement' in scope
 72 |         entryElement.addChild(idElement)
 73 |         entryElement.addChild(XMLElement(name: "title", stringValue: itemTitle?(item) ?? item.title))
 74 |         entryElement.addChild(XMLElement(name: "updated", stringValue: RFC3339_DF.string(from: item[keyPath: dateKeyPath])))
    |                               `- error: cannot find 'XMLElement' in scope
 75 |
 76 |         if let summary, let summaryString = summary(item) {
/Users/admin/builder/spi-builder-workspace/.dependencies/checkouts/Saga/Sources/Saga/Saga+AtomFeed.swift:77:32: error: cannot find 'XMLElement' in scope
 75 |
 76 |         if let summary, let summaryString = summary(item) {
 77 |           let summaryElement = XMLElement(name: "summary", stringValue: summaryString)
    |                                `- error: cannot find 'XMLElement' in scope
 78 |           entryElement.addChild(summaryElement)
 79 |         }
/Users/admin/builder/spi-builder-workspace/.dependencies/checkouts/Saga/Sources/Saga/Saga+AtomFeed.swift:81:30: error: cannot find 'XMLElement' in scope
 79 |         }
 80 |
 81 |         let contentElement = XMLElement(name: "content", stringValue: item.body)
    |                              `- error: cannot find 'XMLElement' in scope
 82 |         contentElement.setAttributesWith(["type": "html"])
 83 |         entryElement.addChild(contentElement)
/Users/admin/builder/spi-builder-workspace/.dependencies/checkouts/Saga/Sources/Saga/Saga+AtomFeed.swift:85:32: error: cannot find 'XMLElement' in scope
 83 |         entryElement.addChild(contentElement)
 84 |
 85 |         let alternateElement = XMLElement(name: "link")
    |                                `- error: cannot find 'XMLElement' in scope
 86 |         alternateElement.setAttributesWith(["rel": "alternate", "href": baseURL.appendingPathComponent(item.url).absoluteString])
 87 |         entryElement.addChild(alternateElement)
/Users/admin/builder/spi-builder-workspace/.dependencies/checkouts/Saga/Sources/Saga/Saga+AtomFeed.swift:93:30: error: cannot find 'XMLElement' in scope
 91 |             ? imagePath
 92 |             : baseURL.appendingPathComponent(imagePath).absoluteString
 93 |           let imageElement = XMLElement(name: "media:content")
    |                              `- error: cannot find 'XMLElement' in scope
 94 |           imageElement.setAttributesWith(["url": absoluteImageURL, "medium": "image"])
 95 |           entryElement.addChild(imageElement)
Failed frontend command:
/Applications/Xcode-27.0.0-Release.Candidate.app/Contents/Developer/Toolchains/XcodeDefault.xctoolchain/usr/bin/swift-frontend -frontend -c /Users/admin/builder/spi-builder-workspace/.dependencies/checkouts/Saga/Sources/Saga/BuildReason.swift /Users/admin/builder/spi-builder-workspace/.dependencies/checkouts/Saga/Sources/Saga/FileIO.swift /Users/admin/builder/spi-builder-workspace/.dependencies/checkouts/Saga/Sources/Saga/FolderMonitor.swift /Users/admin/builder/spi-builder-workspace/.dependencies/checkouts/Saga/Sources/Saga/I18NConfig.swift /Users/admin/builder/spi-builder-workspace/.dependencies/checkouts/Saga/Sources/Saga/Item.swift /Users/admin/builder/spi-builder-workspace/.dependencies/checkouts/Saga/Sources/Saga/ItemWriteMode.swift /Users/admin/builder/spi-builder-workspace/.dependencies/checkouts/Saga/Sources/Saga/MetadataDecoder.swift /Users/admin/builder/spi-builder-workspace/.dependencies/checkouts/Saga/Sources/Saga/Path+Extensions.swift /Users/admin/builder/spi-builder-workspace/.dependencies/checkouts/Saga/Sources/Saga/Reader.swift /Users/admin/builder/spi-builder-workspace/.dependencies/checkouts/Saga/Sources/Saga/RenderingContexts.swift -primary-file /Users/admin/builder/spi-builder-workspace/.dependencies/checkouts/Saga/Sources/Saga/Saga+AtomFeed.swift -primary-file /Users/admin/builder/spi-builder-workspace/.dependencies/checkouts/Saga/Sources/Saga/Saga+Build.swift /Users/admin/builder/spi-builder-workspace/.dependencies/checkouts/Saga/Sources/Saga/Saga+FetchCache.swift /Users/admin/builder/spi-builder-workspace/.dependencies/checkouts/Saga/Sources/Saga/Saga+Hashed.swift /Users/admin/builder/spi-builder-workspace/.dependencies/checkouts/Saga/Sources/Saga/Saga+I18n.swift /Users/admin/builder/spi-builder-workspace/.dependencies/checkouts/Saga/Sources/Saga/Saga+Pipeline.swift /Users/admin/builder/spi-builder-workspace/.dependencies/checkouts/Saga/Sources/Saga/Saga+Sitemap.swift /Users/admin/builder/spi-builder-workspace/.dependencies/checkouts/Saga/Sources/Saga/Saga+Utils.swift /Users/admin/builder/spi-builder-workspace/.dependencies/checkouts/Saga/Sources/Saga/Saga.swift /Users/admin/builder/spi-builder-workspace/.dependencies/checkouts/Saga/Sources/Saga/StepBuilder.swift /Users/admin/builder/spi-builder-workspace/.dependencies/checkouts/Saga/Sources/Saga/String+Slugify.swift /Users/admin/builder/spi-builder-workspace/.dependencies/checkouts/Saga/Sources/Saga/Writer.swift -emit-dependencies-path /Users/admin/builder/spi-builder-workspace/.derivedData/Build/Intermediates.noindex/Saga.build/Debug-watchos/Saga-t.build/Objects-normal/arm64_32/Saga+AtomFeed.d -emit-const-values-path /Users/admin/builder/spi-builder-workspace/.derivedData/Build/Intermediates.noindex/Saga.build/Debug-watchos/Saga-t.build/Objects-normal/arm64_32/Saga+AtomFeed.swiftconstvalues -emit-reference-dependencies-path /Users/admin/builder/spi-builder-workspace/.derivedData/Build/Intermediates.noindex/Saga.build/Debug-watchos/Saga-t.build/Objects-normal/arm64_32/Saga+AtomFeed.swiftdeps -serialize-diagnostics-path /Users/admin/builder/spi-builder-workspace/.derivedData/Build/Intermediates.noindex/Saga.build/Debug-watchos/Saga-t.build/Objects-normal/arm64_32/Saga+AtomFeed.dia -emit-dependencies-path /Users/admin/builder/spi-builder-workspace/.derivedData/Build/Intermediates.noindex/Saga.build/Debug-watchos/Saga-t.build/Objects-normal/arm64_32/Saga+Build.d -emit-const-values-path /Users/admin/builder/spi-builder-workspace/.derivedData/Build/Intermediates.noindex/Saga.build/Debug-watchos/Saga-t.build/Objects-normal/arm64_32/Saga+Build.swiftconstvalues -emit-reference-dependencies-path /Users/admin/builder/spi-builder-workspace/.derivedData/Build/Intermediates.noindex/Saga.build/Debug-watchos/Saga-t.build/Objects-normal/arm64_32/Saga+Build.swiftdeps -serialize-diagnostics-path /Users/admin/builder/spi-builder-workspace/.derivedData/Build/Intermediates.noindex/Saga.build/Debug-watchos/Saga-t.build/Objects-normal/arm64_32/Saga+Build.dia -target arm64_32-apple-watchos9.0 -module-can-import-version CryptoKit 383.4.1 0 -disable-cross-import-overlay-search -load-resolved-plugin /Applications/Xcode-27.0.0-Release.Candidate.app/Contents/Developer/Platforms/WatchOS.platform/Developer/usr/lib/swift/host/plugins/libFoundationMacros.dylib\#/Applications/Xcode-27.0.0-Release.Candidate.app/Contents/Developer/Platforms/WatchOS.platform/Developer/usr/bin/swift-plugin-server\#FoundationMacros -load-resolved-plugin /Applications/Xcode-27.0.0-Release.Candidate.app/Contents/Developer/Platforms/WatchOS.platform/Developer/usr/lib/swift/host/plugins/libObservationMacros.dylib\#/Applications/Xcode-27.0.0-Release.Candidate.app/Contents/Developer/Platforms/WatchOS.platform/Developer/usr/bin/swift-plugin-server\#ObservationMacros -load-resolved-plugin /Applications/Xcode-27.0.0-Release.Candidate.app/Contents/Developer/Platforms/WatchOS.platform/Developer/usr/lib/swift/host/plugins/libSwiftMacros.dylib\#/Applications/Xcode-27.0.0-Release.Candidate.app/Contents/Developer/Platforms/WatchOS.platform/Developer/usr/bin/swift-plugin-server\#SwiftMacros -disable-implicit-swift-modules -Xcc -fno-implicit-modules -Xcc -fno-implicit-module-maps -explicit-swift-module-map-file /Users/admin/builder/spi-builder-workspace/.derivedData/Build/Intermediates.noindex/Saga.build/Debug-watchos/Saga-t.build/Objects-normal/arm64_32/Saga-dependencies-1.json -enable-objc-interop -sdk /Applications/Xcode-27.0.0-Release.Candidate.app/Contents/Developer/Platforms/WatchOS.platform/Developer/SDKs/WatchOS27.0.sdk -I /Users/admin/builder/spi-builder-workspace/.derivedData/Build/Products/Debug-watchos -Isystem /Applications/Xcode-27.0.0-Release.Candidate.app/Contents/Developer/Platforms/WatchOS.platform/Developer/usr/lib -F /Users/admin/builder/spi-builder-workspace/.derivedData/Build/Products/Debug-watchos/PackageFrameworks -F /Users/admin/builder/spi-builder-workspace/.derivedData/Build/Products/Debug-watchos -F /Applications/Xcode-27.0.0-Release.Candidate.app/Contents/Developer/Platforms/WatchOS.platform/Developer/Library/Frameworks -F /Applications/Xcode-27.0.0-Release.Candidate.app/Contents/Developer/Platforms/WatchOS.platform/Developer/SDKs/WatchOS27.0.sdk/Developer/Library/Frameworks -module-cache-path /Users/admin/builder/spi-builder-workspace/.derivedData/Build/Intermediates.noindex/SwiftExplicitPrecompiledModules -no-color-diagnostics -Xcc -fno-color-diagnostics -enable-testing -g -debug-info-format\=dwarf -dwarf-version\=4 -suppress-warnings -swift-version 6 -Onone -D SWIFT_PACKAGE -D DEBUG -D SWIFT_MODULE_RESOURCE_BUNDLE_UNAVAILABLE -D Xcode -serialize-debugging-options -enable-experimental-feature DebugDescriptionMacro -empty-abi-descriptor -user-module-version 3.6.0 -validate-clang-modules-once -clang-build-session-file /Users/admin/builder/spi-builder-workspace/.derivedData/ModuleCache.noindex/Session.modulevalidation -Xcc -working-directory -Xcc /Users/admin/builder/spi-builder-workspace/.swiftpm/xcode -enable-anonymous-context-mangled-names -file-compilation-dir /Users/admin/builder/spi-builder-workspace/.swiftpm/xcode -Xcc -D_LIBCPP_HARDENING_MODE\=_LIBCPP_HARDENING_MODE_DEBUG -Xcc -ivfsstatcache -Xcc /Users/admin/builder/spi-builder-workspace/.derivedData/SDKStatCaches.noindex/watchos27.0-24R360-e829b21a6f8c9b70876ba0858053c04477534ef55a1706bf4c1112bbb242f0a2.sdkstatcache -Xcc -fmodules-prune-interval\=86400 -Xcc -fmodules-prune-after\=345600 -Xcc -I/Users/admin/builder/spi-builder-workspace/.derivedData/Build/Products/Debug-watchos/include -Xcc -I/Users/admin/builder/spi-builder-workspace/.derivedData/Build/Intermediates.noindex/Saga.build/Debug-watchos/Saga-t.build/DerivedSources-normal/arm64_32 -Xcc -I/Users/admin/builder/spi-builder-workspace/.derivedData/Build/Intermediates.noindex/Saga.build/Debug-watchos/Saga-t.build/DerivedSources/arm64_32 -Xcc -I/Users/admin/builder/spi-builder-workspace/.derivedData/Build/Intermediates.noindex/Saga.build/Debug-watchos/Saga-t.build/DerivedSources -Xcc -DSWIFT_PACKAGE -Xcc -DDEBUG\=1 -no-auto-bridging-header-chaining -module-name Saga -package-name saga -const-gather-protocols-file /Users/admin/builder/spi-builder-workspace/.derivedData/Build/Intermediates.noindex/Saga.build/Debug-watchos/Saga-t.build/Objects-normal/arm64_32/Saga_const_extract_protocols.json -disable-clang-spi -clang-target arm64_32-apple-watchos27.0 -target-sdk-version 27.0 -target-sdk-name watchos27.0 -in-process-plugin-server-path /Applications/Xcode-27.0.0-Release.Candidate.app/Contents/Developer/Toolchains/XcodeDefault.xctoolchain/usr/lib/swift/host/libSwiftInProcPluginServer.dylib -parse-as-library -o /Users/admin/builder/spi-builder-workspace/.derivedData/Build/Intermediates.noindex/Saga.build/Debug-watchos/Saga-t.build/Objects-normal/arm64_32/Saga+AtomFeed.o -o /Users/admin/builder/spi-builder-workspace/.derivedData/Build/Intermediates.noindex/Saga.build/Debug-watchos/Saga-t.build/Objects-normal/arm64_32/Saga+Build.o -debug-module-path /Users/admin/builder/spi-builder-workspace/.derivedData/Build/Intermediates.noindex/Saga.build/Debug-watchos/Saga-t.build/Objects-normal/arm64_32/Saga.swiftmodule -index-unit-output-path /Saga.build/Debug-watchos/Saga-t.build/Objects-normal/arm64_32/Saga+AtomFeed.o -index-unit-output-path /Saga.build/Debug-watchos/Saga-t.build/Objects-normal/arm64_32/Saga+Build.o -index-store-path /Users/admin/builder/spi-builder-workspace/.derivedData/Index.noindex/DataStore -index-system-modules
SwiftCompile normal arm64_32 /Users/admin/builder/spi-builder-workspace/.dependencies/checkouts/Saga/Sources/Saga/Saga+AtomFeed.swift (in target 'Saga' from project 'Saga')
    cd /Users/admin/builder/spi-builder-workspace/.swiftpm/xcode
    builtin-SwiftPerFileCompile Saga+AtomFeed.swift
SwiftCompile normal arm64_32 /Users/admin/builder/spi-builder-workspace/.dependencies/checkouts/Saga/Sources/Saga/Saga+Build.swift (in target 'Saga' from project 'Saga')
    cd /Users/admin/builder/spi-builder-workspace/.swiftpm/xcode
    builtin-SwiftPerFileCompile Saga+Build.swift
SwiftCompile normal arm64_32 Compiling\ Saga+I18n.swift,\ Saga+Pipeline.swift /Users/admin/builder/spi-builder-workspace/.dependencies/checkouts/Saga/Sources/Saga/Saga+I18n.swift /Users/admin/builder/spi-builder-workspace/.dependencies/checkouts/Saga/Sources/Saga/Saga+Pipeline.swift (in target 'Saga' from project 'Saga')
SwiftCompile normal arm64_32 /Users/admin/builder/spi-builder-workspace/.dependencies/checkouts/Saga/Sources/Saga/Saga+I18n.swift (in target 'Saga' from project 'Saga')
    cd /Users/admin/builder/spi-builder-workspace/.swiftpm/xcode
    builtin-SwiftPerFileCompile Saga+I18n.swift
SwiftCompile normal arm64_32 /Users/admin/builder/spi-builder-workspace/.dependencies/checkouts/Saga/Sources/Saga/Saga+Pipeline.swift (in target 'Saga' from project 'Saga')
    cd /Users/admin/builder/spi-builder-workspace/.swiftpm/xcode
    builtin-SwiftPerFileCompile Saga+Pipeline.swift
SwiftCompile normal arm64_32 Compiling\ Saga+FetchCache.swift,\ Saga+Hashed.swift /Users/admin/builder/spi-builder-workspace/.dependencies/checkouts/Saga/Sources/Saga/Saga+FetchCache.swift /Users/admin/builder/spi-builder-workspace/.dependencies/checkouts/Saga/Sources/Saga/Saga+Hashed.swift (in target 'Saga' from project 'Saga')
SwiftCompile normal arm64_32 /Users/admin/builder/spi-builder-workspace/.dependencies/checkouts/Saga/Sources/Saga/Saga+FetchCache.swift (in target 'Saga' from project 'Saga')
    cd /Users/admin/builder/spi-builder-workspace/.swiftpm/xcode
    builtin-SwiftPerFileCompile Saga+FetchCache.swift
SwiftCompile normal arm64_32 /Users/admin/builder/spi-builder-workspace/.dependencies/checkouts/Saga/Sources/Saga/Saga+Hashed.swift (in target 'Saga' from project 'Saga')
    cd /Users/admin/builder/spi-builder-workspace/.swiftpm/xcode
    builtin-SwiftPerFileCompile Saga+Hashed.swift
SwiftEmitModule normal arm64_32 Emitting\ module\ for\ Saga (in target 'Saga' from project 'Saga')
SwiftCompile normal arm64_32 (in target 'Saga' from project 'Saga')
    cd /Users/admin/builder/spi-builder-workspace/.swiftpm/xcode

SwiftCompile normal arm64_32 Compiling\ BuildReason.swift,\ FileIO.swift,\ FolderMonitor.swift /Users/admin/builder/spi-builder-workspace/.dependencies/checkouts/Saga/Sources/Saga/BuildReason.swift /Users/admin/builder/spi-builder-workspace/.dependencies/checkouts/Saga/Sources/Saga/FileIO.swift /Users/admin/builder/spi-builder-workspace/.dependencies/checkouts/Saga/Sources/Saga/FolderMonitor.swift (in target 'Saga' from project 'Saga')
SwiftCompile normal arm64_32 /Users/admin/builder/spi-builder-workspace/.dependencies/checkouts/Saga/Sources/Saga/BuildReason.swift (in target 'Saga' from project 'Saga')
    cd /Users/admin/builder/spi-builder-workspace/.swiftpm/xcode
    builtin-SwiftPerFileCompile BuildReason.swift
SwiftCompile normal arm64_32 /Users/admin/builder/spi-builder-workspace/.dependencies/checkouts/Saga/Sources/Saga/FileIO.swift (in target 'Saga' from project 'Saga')
    cd /Users/admin/builder/spi-builder-workspace/.swiftpm/xcode
    builtin-SwiftPerFileCompile FileIO.swift
SwiftCompile normal arm64_32 /Users/admin/builder/spi-builder-workspace/.dependencies/checkouts/Saga/Sources/Saga/FolderMonitor.swift (in target 'Saga' from project 'Saga')
    cd /Users/admin/builder/spi-builder-workspace/.swiftpm/xcode
    builtin-SwiftPerFileCompile FolderMonitor.swift
SwiftCompile normal arm64_32 Compiling\ I18NConfig.swift,\ Item.swift,\ ItemWriteMode.swift /Users/admin/builder/spi-builder-workspace/.dependencies/checkouts/Saga/Sources/Saga/I18NConfig.swift /Users/admin/builder/spi-builder-workspace/.dependencies/checkouts/Saga/Sources/Saga/Item.swift /Users/admin/builder/spi-builder-workspace/.dependencies/checkouts/Saga/Sources/Saga/ItemWriteMode.swift (in target 'Saga' from project 'Saga')
SwiftCompile normal arm64_32 /Users/admin/builder/spi-builder-workspace/.dependencies/checkouts/Saga/Sources/Saga/I18NConfig.swift (in target 'Saga' from project 'Saga')
    cd /Users/admin/builder/spi-builder-workspace/.swiftpm/xcode
    builtin-SwiftPerFileCompile I18NConfig.swift
SwiftCompile normal arm64_32 /Users/admin/builder/spi-builder-workspace/.dependencies/checkouts/Saga/Sources/Saga/Item.swift (in target 'Saga' from project 'Saga')
    cd /Users/admin/builder/spi-builder-workspace/.swiftpm/xcode
    builtin-SwiftPerFileCompile Item.swift
SwiftCompile normal arm64_32 /Users/admin/builder/spi-builder-workspace/.dependencies/checkouts/Saga/Sources/Saga/ItemWriteMode.swift (in target 'Saga' from project 'Saga')
    cd /Users/admin/builder/spi-builder-workspace/.swiftpm/xcode
    builtin-SwiftPerFileCompile ItemWriteMode.swift
SwiftEmitModule normal arm64 Emitting\ module\ for\ Saga (in target 'Saga' from project 'Saga')
SwiftCompile normal arm64 (in target 'Saga' from project 'Saga')
    cd /Users/admin/builder/spi-builder-workspace/.swiftpm/xcode

PruneExplicitPrecompiledModules /Users/admin/builder/spi-builder-workspace/.derivedData/SDKExplicitPrecompiledModules
PruneExplicitPrecompiledModules /Users/admin/builder/spi-builder-workspace/.derivedData/Build/Intermediates.noindex/ExplicitPrecompiledModules
PruneExplicitPrecompiledModules /Users/admin/builder/spi-builder-workspace/.derivedData/Build/Intermediates.noindex/SwiftExplicitPrecompiledModules
2026-09-24 12:46:21.685 xcodebuild[833:4918] [MT] IDERunDestination: Supported platforms for the buildables in the current scheme is empty.
** BUILD FAILED **
The following build commands failed:
	SwiftCompile normal arm64_32 Compiling\ Saga+AtomFeed.swift,\ Saga+Build.swift /Users/admin/builder/spi-builder-workspace/.dependencies/checkouts/Saga/Sources/Saga/Saga+AtomFeed.swift /Users/admin/builder/spi-builder-workspace/.dependencies/checkouts/Saga/Sources/Saga/Saga+Build.swift (in target 'Saga' from project 'Saga')
	SwiftCompile normal arm64_32 /Users/admin/builder/spi-builder-workspace/.dependencies/checkouts/Saga/Sources/Saga/Saga+AtomFeed.swift (in target 'Saga' from project 'Saga')
	Building workspace SagaImageReader with scheme SagaImageReader
(3 failures)
Command line invocation:
    /Applications/Xcode-27.0.0-Release.Candidate.app/Contents/Developer/usr/bin/xcodebuild -IDEClonedSourcePackagesDirPathOverride=/Users/admin/builder/spi-builder-workspace/.dependencies -resolvePackageDependencies
Resolve Package Graph
Resolved source packages:
  Saga: https://github.com/loopwerk/Saga.git @ 3.6.0
  SagaPathKit: https://github.com/loopwerk/SagaPathKit @ 1.6.1
  swift-crypto: https://github.com/apple/swift-crypto @ 3.15.1
  SagaImageReader: /Users/admin/builder/spi-builder-workspace
  Scry: https://github.com/loopwerk/Scry.git @ 1.1.0
  swift-asn1: https://github.com/apple/swift-asn1.git @ 1.7.3
resolved source packages: Saga, SagaPathKit, swift-crypto, SagaImageReader, Scry, swift-asn1
2026-09-24 12:46:30.926 xcodebuild[1038:5849] [MT] IDERunDestination: Supported platforms for the buildables in the current scheme is empty.
{
  "dependencies" : [
    {
      "identity" : "saga",
      "requirement" : {
        "range" : [
          {
            "lower_bound" : "2.0.3",
            "upper_bound" : "4.0.0"
          }
        ]
      },
      "type" : "sourceControl",
      "url" : "https://github.com/loopwerk/Saga.git"
    },
    {
      "identity" : "scry",
      "requirement" : {
        "range" : [
          {
            "lower_bound" : "1.0.0",
            "upper_bound" : "2.0.0"
          }
        ]
      },
      "type" : "sourceControl",
      "url" : "https://github.com/loopwerk/Scry.git"
    }
  ],
  "manifest_display_name" : "SagaImageReader",
  "name" : "SagaImageReader",
  "path" : "/Users/admin/builder/spi-builder-workspace",
  "platforms" : [
    {
      "name" : "macos",
      "version" : "14.0"
    }
  ],
  "products" : [
    {
      "name" : "SagaImageReader",
      "targets" : [
        "SagaImageReader"
      ],
      "type" : {
        "library" : [
          "automatic"
        ]
      }
    }
  ],
  "targets" : [
    {
      "c99name" : "SagaImageReader",
      "module_type" : "SwiftTarget",
      "name" : "SagaImageReader",
      "path" : "Sources/SagaImageReader",
      "product_dependencies" : [
        "Saga",
        "Scry"
      ],
      "product_memberships" : [
        "SagaImageReader"
      ],
      "sources" : [
        "SagaImageReader.swift"
      ],
      "type" : "library"
    }
  ],
  "tools_version" : "5.10"
}
{
  "workspace" : {
    "name" : "SagaImageReader",
    "schemes" : [
      "SagaImageReader"
    ]
  }
}
2026-09-24 12:46:32.381 xcodebuild[1046:5914] [MT] IDERunDestination: Supported platforms for the buildables in the current scheme is empty.
Running build ...
env DEVELOPER_DIR=/Applications/Xcode-27.0.0-Release.Candidate.app xcrun xcodebuild -IDEClonedSourcePackagesDirPathOverride=$PWD/.dependencies -skipMacroValidation -skipPackagePluginValidation -derivedDataPath $PWD/.derivedData build -scheme SagaImageReader -destination generic/platform=watchOS
Command line invocation:
    /Applications/Xcode-27.0.0-Release.Candidate.app/Contents/Developer/usr/bin/xcodebuild -IDEClonedSourcePackagesDirPathOverride=/Users/admin/builder/spi-builder-workspace/.dependencies -skipMacroValidation -skipPackagePluginValidation -derivedDataPath /Users/admin/builder/spi-builder-workspace/.derivedData build -scheme SagaImageReader -destination generic/platform=watchOS
Resolve Package Graph
Resolved source packages:
  SagaPathKit: https://github.com/loopwerk/SagaPathKit @ 1.6.1
  swift-crypto: https://github.com/apple/swift-crypto @ 3.15.1
  SagaImageReader: /Users/admin/builder/spi-builder-workspace
  swift-asn1: https://github.com/apple/swift-asn1.git @ 1.7.3
  Scry: https://github.com/loopwerk/Scry.git @ 1.1.0
  Saga: https://github.com/loopwerk/Saga.git @ 3.6.0
ComputePackagePrebuildTargetDependencyGraph
Prepare packages
CreateBuildRequest
SendProjectDescription
CreateBuildOperation
ComputeTargetDependencyGraph
note: Building targets in dependency order
note: Target dependency graph (8 targets)
    Target 'SagaImageReader-product' in project 'SagaImageReader'
        ➜ Explicit dependency on target 'SagaImageReader' in project 'SagaImageReader'
        ➜ Explicit dependency on target 'Saga-product' in project 'Saga'
        ➜ Explicit dependency on target 'Scry-product' in project 'Scry'
    Target 'SagaImageReader' in project 'SagaImageReader'
        ➜ Explicit dependency on target 'Saga-product' in project 'Saga'
        ➜ Explicit dependency on target 'Scry-product' in project 'Scry'
    Target 'Scry-product' in project 'Scry'
        ➜ Explicit dependency on target 'Scry' in project 'Scry'
    Target 'Scry' in project 'Scry' (no dependencies)
    Target 'Saga-product' in project 'Saga'
        ➜ Explicit dependency on target 'Saga' in project 'Saga'
        ➜ Explicit dependency on target 'SagaPathKit-product' in project 'SagaPathKit'
    Target 'Saga' in project 'Saga'
        ➜ Explicit dependency on target 'SagaPathKit-product' in project 'SagaPathKit'
    Target 'SagaPathKit-product' in project 'SagaPathKit'
        ➜ Explicit dependency on target 'SagaPathKit' in project 'SagaPathKit'
    Target 'SagaPathKit' in project 'SagaPathKit' (no dependencies)
GatherProvisioningInputs
CreateBuildDescription
ClangStatCache /Applications/Xcode-27.0.0-Release.Candidate.app/Contents/Developer/Toolchains/XcodeDefault.xctoolchain/usr/bin/clang-stat-cache /Applications/Xcode-27.0.0-Release.Candidate.app/Contents/Developer/Platforms/WatchOS.platform/Developer/SDKs/WatchOS27.0.sdk /Users/admin/builder/spi-builder-workspace/.derivedData/SDKStatCaches.noindex/watchos27.0-24R360-e829b21a6f8c9b70876ba0858053c04477534ef55a1706bf4c1112bbb242f0a2.sdkstatcache
    cd /Users/admin/builder/spi-builder-workspace/.swiftpm/xcode
    /Applications/Xcode-27.0.0-Release.Candidate.app/Contents/Developer/Toolchains/XcodeDefault.xctoolchain/usr/bin/clang-stat-cache /Applications/Xcode-27.0.0-Release.Candidate.app/Contents/Developer/Platforms/WatchOS.platform/Developer/SDKs/WatchOS27.0.sdk -o /Users/admin/builder/spi-builder-workspace/.derivedData/SDKStatCaches.noindex/watchos27.0-24R360-e829b21a6f8c9b70876ba0858053c04477534ef55a1706bf4c1112bbb242f0a2.sdkstatcache
SwiftDriver Saga normal arm64_32 com.apple.xcode.tools.swift.compiler (in target 'Saga' from project 'Saga')
    cd /Users/admin/builder/spi-builder-workspace/.swiftpm/xcode
    builtin-SwiftDriver -- /Applications/Xcode-27.0.0-Release.Candidate.app/Contents/Developer/Toolchains/XcodeDefault.xctoolchain/usr/bin/swiftc -parse-as-library -module-name Saga -Onone @/Users/admin/builder/spi-builder-workspace/.derivedData/Build/Intermediates.noindex/Saga.build/Debug-watchos/Saga-t.build/Objects-normal/arm64_32/Saga.SwiftFileList -DSWIFT_PACKAGE -DDEBUG -DSWIFT_MODULE_RESOURCE_BUNDLE_UNAVAILABLE -DXcode -plugin-path /Applications/Xcode-27.0.0-Release.Candidate.app/Contents/Developer/Toolchains/XcodeDefault.xctoolchain/usr/lib/swift/host/plugins/testing -enable-experimental-feature DebugDescriptionMacro -sdk /Applications/Xcode-27.0.0-Release.Candidate.app/Contents/Developer/Platforms/WatchOS.platform/Developer/SDKs/WatchOS27.0.sdk -target arm64_32-apple-watchos9.0 -g -module-cache-path /Users/admin/builder/spi-builder-workspace/.derivedData/ModuleCache.noindex -Xfrontend -serialize-debugging-options -enable-testing -suppress-warnings -index-store-path /Users/admin/builder/spi-builder-workspace/.derivedData/Index.noindex/DataStore -Xcc -D_LIBCPP_HARDENING_MODE\=_LIBCPP_HARDENING_MODE_DEBUG -swift-version 6 -I /Users/admin/builder/spi-builder-workspace/.derivedData/Build/Products/Debug-watchos -Isystem /Applications/Xcode-27.0.0-Release.Candidate.app/Contents/Developer/Platforms/WatchOS.platform/Developer/usr/lib -F /Users/admin/builder/spi-builder-workspace/.derivedData/Build/Products/Debug-watchos/PackageFrameworks -F /Users/admin/builder/spi-builder-workspace/.derivedData/Build/Products/Debug-watchos -F /Applications/Xcode-27.0.0-Release.Candidate.app/Contents/Developer/Platforms/WatchOS.platform/Developer/Library/Frameworks -F /Applications/Xcode-27.0.0-Release.Candidate.app/Contents/Developer/Platforms/WatchOS.platform/Developer/SDKs/WatchOS27.0.sdk/Developer/Library/Frameworks -c -j10 -enable-batch-mode -incremental -Xcc -ivfsstatcache -Xcc /Users/admin/builder/spi-builder-workspace/.derivedData/SDKStatCaches.noindex/watchos27.0-24R360-e829b21a6f8c9b70876ba0858053c04477534ef55a1706bf4c1112bbb242f0a2.sdkstatcache -output-file-map /Users/admin/builder/spi-builder-workspace/.derivedData/Build/Intermediates.noindex/Saga.build/Debug-watchos/Saga-t.build/Objects-normal/arm64_32/Saga-OutputFileMap.json -save-temps -no-color-diagnostics -explicit-module-build -module-cache-path /Users/admin/builder/spi-builder-workspace/.derivedData/Build/Intermediates.noindex/SwiftExplicitPrecompiledModules -clang-scanner-module-cache-path /Users/admin/builder/spi-builder-workspace/.derivedData/ModuleCache.noindex -sdk-module-cache-path /Users/admin/builder/spi-builder-workspace/.derivedData/SDKExplicitPrecompiledModules -emit-dependencies -emit-module -emit-module-path /Users/admin/builder/spi-builder-workspace/.derivedData/Build/Intermediates.noindex/Saga.build/Debug-watchos/Saga-t.build/Objects-normal/arm64_32/Saga.swiftmodule -serialize-diagnostics -dependency-scan-serialize-diagnostics-path /Users/admin/builder/spi-builder-workspace/.derivedData/Build/Intermediates.noindex/Saga.build/Debug-watchos/Saga-t.build/Objects-normal/arm64_32/Saga-dependency-scan.dia -user-module-version 3.6.0 -validate-clang-modules-once -clang-build-session-file /Users/admin/builder/spi-builder-workspace/.derivedData/ModuleCache.noindex/Session.modulevalidation -Xcc -fmodules-prune-interval\=86400 -Xcc -fmodules-prune-after\=345600 -package-name saga -emit-const-values -const-gather-protocols-list /Users/admin/builder/spi-builder-workspace/.derivedData/Build/Intermediates.noindex/Saga.build/Debug-watchos/Saga-t.build/Objects-normal/arm64_32/Saga_const_extract_protocols.json -Xcc -I/Users/admin/builder/spi-builder-workspace/.derivedData/Build/Products/Debug-watchos/include -Xcc -I/Users/admin/builder/spi-builder-workspace/.derivedData/Build/Intermediates.noindex/Saga.build/Debug-watchos/Saga-t.build/DerivedSources-normal/arm64_32 -Xcc -I/Users/admin/builder/spi-builder-workspace/.derivedData/Build/Intermediates.noindex/Saga.build/Debug-watchos/Saga-t.build/DerivedSources/arm64_32 -Xcc -I/Users/admin/builder/spi-builder-workspace/.derivedData/Build/Intermediates.noindex/Saga.build/Debug-watchos/Saga-t.build/DerivedSources -Xcc -DSWIFT_PACKAGE -Xcc -DDEBUG\=1 -emit-objc-header -emit-objc-header-path /Users/admin/builder/spi-builder-workspace/.derivedData/Build/Intermediates.noindex/Saga.build/Debug-watchos/Saga-t.build/Objects-normal/arm64_32/Saga-Swift.h -working-directory /Users/admin/builder/spi-builder-workspace/.swiftpm/xcode -experimental-emit-module-separately -disable-cmo
SwiftDriver Saga normal arm64 com.apple.xcode.tools.swift.compiler (in target 'Saga' from project 'Saga')
    cd /Users/admin/builder/spi-builder-workspace/.swiftpm/xcode
    builtin-SwiftDriver -- /Applications/Xcode-27.0.0-Release.Candidate.app/Contents/Developer/Toolchains/XcodeDefault.xctoolchain/usr/bin/swiftc -parse-as-library -module-name Saga -Onone @/Users/admin/builder/spi-builder-workspace/.derivedData/Build/Intermediates.noindex/Saga.build/Debug-watchos/Saga-t.build/Objects-normal/arm64/Saga.SwiftFileList -DSWIFT_PACKAGE -DDEBUG -DSWIFT_MODULE_RESOURCE_BUNDLE_UNAVAILABLE -DXcode -plugin-path /Applications/Xcode-27.0.0-Release.Candidate.app/Contents/Developer/Toolchains/XcodeDefault.xctoolchain/usr/lib/swift/host/plugins/testing -enable-experimental-feature DebugDescriptionMacro -sdk /Applications/Xcode-27.0.0-Release.Candidate.app/Contents/Developer/Platforms/WatchOS.platform/Developer/SDKs/WatchOS27.0.sdk -target arm64-apple-watchos9.0 -g -module-cache-path /Users/admin/builder/spi-builder-workspace/.derivedData/ModuleCache.noindex -Xfrontend -serialize-debugging-options -enable-testing -suppress-warnings -index-store-path /Users/admin/builder/spi-builder-workspace/.derivedData/Index.noindex/DataStore -Xcc -D_LIBCPP_HARDENING_MODE\=_LIBCPP_HARDENING_MODE_DEBUG -swift-version 6 -I /Users/admin/builder/spi-builder-workspace/.derivedData/Build/Products/Debug-watchos -Isystem /Applications/Xcode-27.0.0-Release.Candidate.app/Contents/Developer/Platforms/WatchOS.platform/Developer/usr/lib -F /Users/admin/builder/spi-builder-workspace/.derivedData/Build/Products/Debug-watchos/PackageFrameworks -F /Users/admin/builder/spi-builder-workspace/.derivedData/Build/Products/Debug-watchos -F /Applications/Xcode-27.0.0-Release.Candidate.app/Contents/Developer/Platforms/WatchOS.platform/Developer/Library/Frameworks -F /Applications/Xcode-27.0.0-Release.Candidate.app/Contents/Developer/Platforms/WatchOS.platform/Developer/SDKs/WatchOS27.0.sdk/Developer/Library/Frameworks -c -j10 -enable-batch-mode -incremental -Xcc -ivfsstatcache -Xcc /Users/admin/builder/spi-builder-workspace/.derivedData/SDKStatCaches.noindex/watchos27.0-24R360-e829b21a6f8c9b70876ba0858053c04477534ef55a1706bf4c1112bbb242f0a2.sdkstatcache -output-file-map /Users/admin/builder/spi-builder-workspace/.derivedData/Build/Intermediates.noindex/Saga.build/Debug-watchos/Saga-t.build/Objects-normal/arm64/Saga-OutputFileMap.json -save-temps -no-color-diagnostics -explicit-module-build -module-cache-path /Users/admin/builder/spi-builder-workspace/.derivedData/Build/Intermediates.noindex/SwiftExplicitPrecompiledModules -clang-scanner-module-cache-path /Users/admin/builder/spi-builder-workspace/.derivedData/ModuleCache.noindex -sdk-module-cache-path /Users/admin/builder/spi-builder-workspace/.derivedData/SDKExplicitPrecompiledModules -emit-dependencies -emit-module -emit-module-path /Users/admin/builder/spi-builder-workspace/.derivedData/Build/Intermediates.noindex/Saga.build/Debug-watchos/Saga-t.build/Objects-normal/arm64/Saga.swiftmodule -serialize-diagnostics -dependency-scan-serialize-diagnostics-path /Users/admin/builder/spi-builder-workspace/.derivedData/Build/Intermediates.noindex/Saga.build/Debug-watchos/Saga-t.build/Objects-normal/arm64/Saga-dependency-scan.dia -user-module-version 3.6.0 -validate-clang-modules-once -clang-build-session-file /Users/admin/builder/spi-builder-workspace/.derivedData/ModuleCache.noindex/Session.modulevalidation -Xcc -fmodules-prune-interval\=86400 -Xcc -fmodules-prune-after\=345600 -package-name saga -emit-const-values -const-gather-protocols-list /Users/admin/builder/spi-builder-workspace/.derivedData/Build/Intermediates.noindex/Saga.build/Debug-watchos/Saga-t.build/Objects-normal/arm64/Saga_const_extract_protocols.json -Xcc -I/Users/admin/builder/spi-builder-workspace/.derivedData/Build/Products/Debug-watchos/include -Xcc -I/Users/admin/builder/spi-builder-workspace/.derivedData/Build/Intermediates.noindex/Saga.build/Debug-watchos/Saga-t.build/DerivedSources-normal/arm64 -Xcc -I/Users/admin/builder/spi-builder-workspace/.derivedData/Build/Intermediates.noindex/Saga.build/Debug-watchos/Saga-t.build/DerivedSources/arm64 -Xcc -I/Users/admin/builder/spi-builder-workspace/.derivedData/Build/Intermediates.noindex/Saga.build/Debug-watchos/Saga-t.build/DerivedSources -Xcc -DSWIFT_PACKAGE -Xcc -DDEBUG\=1 -emit-objc-header -emit-objc-header-path /Users/admin/builder/spi-builder-workspace/.derivedData/Build/Intermediates.noindex/Saga.build/Debug-watchos/Saga-t.build/Objects-normal/arm64/Saga-Swift.h -working-directory /Users/admin/builder/spi-builder-workspace/.swiftpm/xcode -experimental-emit-module-separately -disable-cmo
SwiftEmitModule normal arm64_32 Emitting\ module\ for\ Saga (in target 'Saga' from project 'Saga')
SwiftCompile normal arm64_32 (in target 'Saga' from project 'Saga')
    cd /Users/admin/builder/spi-builder-workspace/.swiftpm/xcode

SwiftCompile normal arm64_32 Compiling\ MetadataDecoder.swift,\ Path+Extensions.swift /Users/admin/builder/spi-builder-workspace/.dependencies/checkouts/Saga/Sources/Saga/MetadataDecoder.swift /Users/admin/builder/spi-builder-workspace/.dependencies/checkouts/Saga/Sources/Saga/Path+Extensions.swift (in target 'Saga' from project 'Saga')
SwiftCompile normal arm64_32 /Users/admin/builder/spi-builder-workspace/.dependencies/checkouts/Saga/Sources/Saga/MetadataDecoder.swift (in target 'Saga' from project 'Saga')
    cd /Users/admin/builder/spi-builder-workspace/.swiftpm/xcode
    builtin-SwiftPerFileCompile MetadataDecoder.swift
SwiftCompile normal arm64_32 /Users/admin/builder/spi-builder-workspace/.dependencies/checkouts/Saga/Sources/Saga/Path+Extensions.swift (in target 'Saga' from project 'Saga')
    cd /Users/admin/builder/spi-builder-workspace/.swiftpm/xcode
    builtin-SwiftPerFileCompile Path+Extensions.swift
SwiftCompile normal arm64_32 Compiling\ Saga+Sitemap.swift,\ Saga+Utils.swift /Users/admin/builder/spi-builder-workspace/.dependencies/checkouts/Saga/Sources/Saga/Saga+Sitemap.swift /Users/admin/builder/spi-builder-workspace/.dependencies/checkouts/Saga/Sources/Saga/Saga+Utils.swift (in target 'Saga' from project 'Saga')
SwiftCompile normal arm64_32 /Users/admin/builder/spi-builder-workspace/.dependencies/checkouts/Saga/Sources/Saga/Saga+Sitemap.swift (in target 'Saga' from project 'Saga')
    cd /Users/admin/builder/spi-builder-workspace/.swiftpm/xcode
    builtin-SwiftPerFileCompile Saga+Sitemap.swift
SwiftCompile normal arm64_32 /Users/admin/builder/spi-builder-workspace/.dependencies/checkouts/Saga/Sources/Saga/Saga+Utils.swift (in target 'Saga' from project 'Saga')
    cd /Users/admin/builder/spi-builder-workspace/.swiftpm/xcode
    builtin-SwiftPerFileCompile Saga+Utils.swift
SwiftCompile normal arm64_32 Compiling\ Saga+AtomFeed.swift,\ Saga+Build.swift /Users/admin/builder/spi-builder-workspace/.dependencies/checkouts/Saga/Sources/Saga/Saga+AtomFeed.swift /Users/admin/builder/spi-builder-workspace/.dependencies/checkouts/Saga/Sources/Saga/Saga+Build.swift (in target 'Saga' from project 'Saga')
/Users/admin/builder/spi-builder-workspace/.dependencies/checkouts/Saga/Sources/Saga/Saga+AtomFeed.swift:36:25: error: cannot find 'XMLElement' in scope
 34 |
 35 |       // Create the root element
 36 |       let rootElement = XMLElement(name: "feed")
    |                         `- error: cannot find 'XMLElement' in scope
 37 |       rootElement.setAttributesWith([
 38 |         "xmlns": "http://www.w3.org/2005/Atom",
/Users/admin/builder/spi-builder-workspace/.dependencies/checkouts/Saga/Sources/Saga/Saga+AtomFeed.swift:43:17: error: cannot find 'XMLDocument' in scope
 41 |
 42 |       // Create the XML document
 43 |       let XML = XMLDocument(rootElement: rootElement)
    |                 `- error: cannot find 'XMLDocument' in scope
 44 |
 45 |       let idElement = XMLElement(name: "id")
/Users/admin/builder/spi-builder-workspace/.dependencies/checkouts/Saga/Sources/Saga/Saga+AtomFeed.swift:45:23: error: cannot find 'XMLElement' in scope
 43 |       let XML = XMLDocument(rootElement: rootElement)
 44 |
 45 |       let idElement = XMLElement(name: "id")
    |                       `- error: cannot find 'XMLElement' in scope
 46 |       idElement.stringValue = baseURL.appendingPathComponent(feedPath).absoluteString
 47 |       rootElement.addChild(idElement)
/Users/admin/builder/spi-builder-workspace/.dependencies/checkouts/Saga/Sources/Saga/Saga+AtomFeed.swift:49:28: error: cannot find 'XMLElement' in scope
 47 |       rootElement.addChild(idElement)
 48 |
 49 |       rootElement.addChild(XMLElement(name: "title", stringValue: title))
    |                            `- error: cannot find 'XMLElement' in scope
 50 |
 51 |       if let author {
/Users/admin/builder/spi-builder-workspace/.dependencies/checkouts/Saga/Sources/Saga/Saga+AtomFeed.swift:52:29: error: cannot find 'XMLElement' in scope
 50 |
 51 |       if let author {
 52 |         let authorElement = XMLElement(name: "author")
    |                             `- error: cannot find 'XMLElement' in scope
 53 |         authorElement.addChild(XMLElement(name: "name", stringValue: author))
 54 |         rootElement.addChild(authorElement)
/Users/admin/builder/spi-builder-workspace/.dependencies/checkouts/Saga/Sources/Saga/Saga+AtomFeed.swift:53:32: error: cannot find 'XMLElement' in scope
 51 |       if let author {
 52 |         let authorElement = XMLElement(name: "author")
 53 |         authorElement.addChild(XMLElement(name: "name", stringValue: author))
    |                                `- error: cannot find 'XMLElement' in scope
 54 |         rootElement.addChild(authorElement)
 55 |       }
/Users/admin/builder/spi-builder-workspace/.dependencies/checkouts/Saga/Sources/Saga/Saga+AtomFeed.swift:57:25: error: cannot find 'XMLElement' in scope
 55 |       }
 56 |
 57 |       let linkElement = XMLElement(name: "link")
    |                         `- error: cannot find 'XMLElement' in scope
 58 |       linkElement.setAttributesWith(["rel": "self", "href": baseURL.appendingPathComponent(feedPath).absoluteString])
 59 |       rootElement.addChild(linkElement)
/Users/admin/builder/spi-builder-workspace/.dependencies/checkouts/Saga/Sources/Saga/Saga+AtomFeed.swift:61:28: error: cannot find 'XMLElement' in scope
 59 |       rootElement.addChild(linkElement)
 60 |
 61 |       let updatedElement = XMLElement(name: "updated", stringValue: RFC3339_DF.string(from: Date()))
    |                            `- error: cannot find 'XMLElement' in scope
 62 |       rootElement.addChild(updatedElement)
 63 |
/Users/admin/builder/spi-builder-workspace/.dependencies/checkouts/Saga/Sources/Saga/Saga+AtomFeed.swift:67:28: error: cannot find 'XMLElement' in scope
 65 |       for item in context.items {
 66 |         // create entry element
 67 |         let entryElement = XMLElement(name: "entry")
    |                            `- error: cannot find 'XMLElement' in scope
 68 |
 69 |         let idElement = XMLElement(name: "id")
/Users/admin/builder/spi-builder-workspace/.dependencies/checkouts/Saga/Sources/Saga/Saga+AtomFeed.swift:69:25: error: cannot find 'XMLElement' in scope
 67 |         let entryElement = XMLElement(name: "entry")
 68 |
 69 |         let idElement = XMLElement(name: "id")
    |                         `- error: cannot find 'XMLElement' in scope
 70 |         idElement.stringValue = baseURL.appendingPathComponent(item.url).absoluteString
 71 |
/Users/admin/builder/spi-builder-workspace/.dependencies/checkouts/Saga/Sources/Saga/Saga+AtomFeed.swift:73:31: error: cannot find 'XMLElement' in scope
 71 |
 72 |         entryElement.addChild(idElement)
 73 |         entryElement.addChild(XMLElement(name: "title", stringValue: itemTitle?(item) ?? item.title))
    |                               `- error: cannot find 'XMLElement' in scope
 74 |         entryElement.addChild(XMLElement(name: "updated", stringValue: RFC3339_DF.string(from: item[keyPath: dateKeyPath])))
 75 |
/Users/admin/builder/spi-builder-workspace/.dependencies/checkouts/Saga/Sources/Saga/Saga+AtomFeed.swift:74:31: error: cannot find 'XMLElement' in scope
 72 |         entryElement.addChild(idElement)
 73 |         entryElement.addChild(XMLElement(name: "title", stringValue: itemTitle?(item) ?? item.title))
 74 |         entryElement.addChild(XMLElement(name: "updated", stringValue: RFC3339_DF.string(from: item[keyPath: dateKeyPath])))
    |                               `- error: cannot find 'XMLElement' in scope
 75 |
 76 |         if let summary, let summaryString = summary(item) {
/Users/admin/builder/spi-builder-workspace/.dependencies/checkouts/Saga/Sources/Saga/Saga+AtomFeed.swift:77:32: error: cannot find 'XMLElement' in scope
 75 |
 76 |         if let summary, let summaryString = summary(item) {
 77 |           let summaryElement = XMLElement(name: "summary", stringValue: summaryString)
    |                                `- error: cannot find 'XMLElement' in scope
 78 |           entryElement.addChild(summaryElement)
 79 |         }
/Users/admin/builder/spi-builder-workspace/.dependencies/checkouts/Saga/Sources/Saga/Saga+AtomFeed.swift:81:30: error: cannot find 'XMLElement' in scope
 79 |         }
 80 |
 81 |         let contentElement = XMLElement(name: "content", stringValue: item.body)
    |                              `- error: cannot find 'XMLElement' in scope
 82 |         contentElement.setAttributesWith(["type": "html"])
 83 |         entryElement.addChild(contentElement)
/Users/admin/builder/spi-builder-workspace/.dependencies/checkouts/Saga/Sources/Saga/Saga+AtomFeed.swift:85:32: error: cannot find 'XMLElement' in scope
 83 |         entryElement.addChild(contentElement)
 84 |
 85 |         let alternateElement = XMLElement(name: "link")
    |                                `- error: cannot find 'XMLElement' in scope
 86 |         alternateElement.setAttributesWith(["rel": "alternate", "href": baseURL.appendingPathComponent(item.url).absoluteString])
 87 |         entryElement.addChild(alternateElement)
/Users/admin/builder/spi-builder-workspace/.dependencies/checkouts/Saga/Sources/Saga/Saga+AtomFeed.swift:93:30: error: cannot find 'XMLElement' in scope
 91 |             ? imagePath
 92 |             : baseURL.appendingPathComponent(imagePath).absoluteString
 93 |           let imageElement = XMLElement(name: "media:content")
    |                              `- error: cannot find 'XMLElement' in scope
 94 |           imageElement.setAttributesWith(["url": absoluteImageURL, "medium": "image"])
 95 |           entryElement.addChild(imageElement)
Failed frontend command:
/Applications/Xcode-27.0.0-Release.Candidate.app/Contents/Developer/Toolchains/XcodeDefault.xctoolchain/usr/bin/swift-frontend -frontend -c /Users/admin/builder/spi-builder-workspace/.dependencies/checkouts/Saga/Sources/Saga/BuildReason.swift /Users/admin/builder/spi-builder-workspace/.dependencies/checkouts/Saga/Sources/Saga/FileIO.swift /Users/admin/builder/spi-builder-workspace/.dependencies/checkouts/Saga/Sources/Saga/FolderMonitor.swift /Users/admin/builder/spi-builder-workspace/.dependencies/checkouts/Saga/Sources/Saga/I18NConfig.swift /Users/admin/builder/spi-builder-workspace/.dependencies/checkouts/Saga/Sources/Saga/Item.swift /Users/admin/builder/spi-builder-workspace/.dependencies/checkouts/Saga/Sources/Saga/ItemWriteMode.swift /Users/admin/builder/spi-builder-workspace/.dependencies/checkouts/Saga/Sources/Saga/MetadataDecoder.swift /Users/admin/builder/spi-builder-workspace/.dependencies/checkouts/Saga/Sources/Saga/Path+Extensions.swift /Users/admin/builder/spi-builder-workspace/.dependencies/checkouts/Saga/Sources/Saga/Reader.swift /Users/admin/builder/spi-builder-workspace/.dependencies/checkouts/Saga/Sources/Saga/RenderingContexts.swift -primary-file /Users/admin/builder/spi-builder-workspace/.dependencies/checkouts/Saga/Sources/Saga/Saga+AtomFeed.swift -primary-file /Users/admin/builder/spi-builder-workspace/.dependencies/checkouts/Saga/Sources/Saga/Saga+Build.swift /Users/admin/builder/spi-builder-workspace/.dependencies/checkouts/Saga/Sources/Saga/Saga+FetchCache.swift /Users/admin/builder/spi-builder-workspace/.dependencies/checkouts/Saga/Sources/Saga/Saga+Hashed.swift /Users/admin/builder/spi-builder-workspace/.dependencies/checkouts/Saga/Sources/Saga/Saga+I18n.swift /Users/admin/builder/spi-builder-workspace/.dependencies/checkouts/Saga/Sources/Saga/Saga+Pipeline.swift /Users/admin/builder/spi-builder-workspace/.dependencies/checkouts/Saga/Sources/Saga/Saga+Sitemap.swift /Users/admin/builder/spi-builder-workspace/.dependencies/checkouts/Saga/Sources/Saga/Saga+Utils.swift /Users/admin/builder/spi-builder-workspace/.dependencies/checkouts/Saga/Sources/Saga/Saga.swift /Users/admin/builder/spi-builder-workspace/.dependencies/checkouts/Saga/Sources/Saga/StepBuilder.swift /Users/admin/builder/spi-builder-workspace/.dependencies/checkouts/Saga/Sources/Saga/String+Slugify.swift /Users/admin/builder/spi-builder-workspace/.dependencies/checkouts/Saga/Sources/Saga/Writer.swift -emit-dependencies-path /Users/admin/builder/spi-builder-workspace/.derivedData/Build/Intermediates.noindex/Saga.build/Debug-watchos/Saga-t.build/Objects-normal/arm64_32/Saga+AtomFeed.d -emit-const-values-path /Users/admin/builder/spi-builder-workspace/.derivedData/Build/Intermediates.noindex/Saga.build/Debug-watchos/Saga-t.build/Objects-normal/arm64_32/Saga+AtomFeed.swiftconstvalues -emit-reference-dependencies-path /Users/admin/builder/spi-builder-workspace/.derivedData/Build/Intermediates.noindex/Saga.build/Debug-watchos/Saga-t.build/Objects-normal/arm64_32/Saga+AtomFeed.swiftdeps -serialize-diagnostics-path /Users/admin/builder/spi-builder-workspace/.derivedData/Build/Intermediates.noindex/Saga.build/Debug-watchos/Saga-t.build/Objects-normal/arm64_32/Saga+AtomFeed.dia -emit-dependencies-path /Users/admin/builder/spi-builder-workspace/.derivedData/Build/Intermediates.noindex/Saga.build/Debug-watchos/Saga-t.build/Objects-normal/arm64_32/Saga+Build.d -emit-const-values-path /Users/admin/builder/spi-builder-workspace/.derivedData/Build/Intermediates.noindex/Saga.build/Debug-watchos/Saga-t.build/Objects-normal/arm64_32/Saga+Build.swiftconstvalues -emit-reference-dependencies-path /Users/admin/builder/spi-builder-workspace/.derivedData/Build/Intermediates.noindex/Saga.build/Debug-watchos/Saga-t.build/Objects-normal/arm64_32/Saga+Build.swiftdeps -serialize-diagnostics-path /Users/admin/builder/spi-builder-workspace/.derivedData/Build/Intermediates.noindex/Saga.build/Debug-watchos/Saga-t.build/Objects-normal/arm64_32/Saga+Build.dia -target arm64_32-apple-watchos9.0 -module-can-import-version CryptoKit 383.4.1 0 -disable-cross-import-overlay-search -load-resolved-plugin /Applications/Xcode-27.0.0-Release.Candidate.app/Contents/Developer/Platforms/WatchOS.platform/Developer/usr/lib/swift/host/plugins/libFoundationMacros.dylib\#/Applications/Xcode-27.0.0-Release.Candidate.app/Contents/Developer/Platforms/WatchOS.platform/Developer/usr/bin/swift-plugin-server\#FoundationMacros -load-resolved-plugin /Applications/Xcode-27.0.0-Release.Candidate.app/Contents/Developer/Platforms/WatchOS.platform/Developer/usr/lib/swift/host/plugins/libObservationMacros.dylib\#/Applications/Xcode-27.0.0-Release.Candidate.app/Contents/Developer/Platforms/WatchOS.platform/Developer/usr/bin/swift-plugin-server\#ObservationMacros -load-resolved-plugin /Applications/Xcode-27.0.0-Release.Candidate.app/Contents/Developer/Platforms/WatchOS.platform/Developer/usr/lib/swift/host/plugins/libSwiftMacros.dylib\#/Applications/Xcode-27.0.0-Release.Candidate.app/Contents/Developer/Platforms/WatchOS.platform/Developer/usr/bin/swift-plugin-server\#SwiftMacros -disable-implicit-swift-modules -Xcc -fno-implicit-modules -Xcc -fno-implicit-module-maps -explicit-swift-module-map-file /Users/admin/builder/spi-builder-workspace/.derivedData/Build/Intermediates.noindex/Saga.build/Debug-watchos/Saga-t.build/Objects-normal/arm64_32/Saga-dependencies-1.json -enable-objc-interop -sdk /Applications/Xcode-27.0.0-Release.Candidate.app/Contents/Developer/Platforms/WatchOS.platform/Developer/SDKs/WatchOS27.0.sdk -I /Users/admin/builder/spi-builder-workspace/.derivedData/Build/Products/Debug-watchos -Isystem /Applications/Xcode-27.0.0-Release.Candidate.app/Contents/Developer/Platforms/WatchOS.platform/Developer/usr/lib -F /Users/admin/builder/spi-builder-workspace/.derivedData/Build/Products/Debug-watchos/PackageFrameworks -F /Users/admin/builder/spi-builder-workspace/.derivedData/Build/Products/Debug-watchos -F /Applications/Xcode-27.0.0-Release.Candidate.app/Contents/Developer/Platforms/WatchOS.platform/Developer/Library/Frameworks -F /Applications/Xcode-27.0.0-Release.Candidate.app/Contents/Developer/Platforms/WatchOS.platform/Developer/SDKs/WatchOS27.0.sdk/Developer/Library/Frameworks -module-cache-path /Users/admin/builder/spi-builder-workspace/.derivedData/Build/Intermediates.noindex/SwiftExplicitPrecompiledModules -no-color-diagnostics -Xcc -fno-color-diagnostics -enable-testing -g -debug-info-format\=dwarf -dwarf-version\=4 -suppress-warnings -swift-version 6 -Onone -D SWIFT_PACKAGE -D DEBUG -D SWIFT_MODULE_RESOURCE_BUNDLE_UNAVAILABLE -D Xcode -serialize-debugging-options -enable-experimental-feature DebugDescriptionMacro -empty-abi-descriptor -user-module-version 3.6.0 -validate-clang-modules-once -clang-build-session-file /Users/admin/builder/spi-builder-workspace/.derivedData/ModuleCache.noindex/Session.modulevalidation -Xcc -working-directory -Xcc /Users/admin/builder/spi-builder-workspace/.swiftpm/xcode -enable-anonymous-context-mangled-names -file-compilation-dir /Users/admin/builder/spi-builder-workspace/.swiftpm/xcode -Xcc -D_LIBCPP_HARDENING_MODE\=_LIBCPP_HARDENING_MODE_DEBUG -Xcc -ivfsstatcache -Xcc /Users/admin/builder/spi-builder-workspace/.derivedData/SDKStatCaches.noindex/watchos27.0-24R360-e829b21a6f8c9b70876ba0858053c04477534ef55a1706bf4c1112bbb242f0a2.sdkstatcache -Xcc -fmodules-prune-interval\=86400 -Xcc -fmodules-prune-after\=345600 -Xcc -I/Users/admin/builder/spi-builder-workspace/.derivedData/Build/Products/Debug-watchos/include -Xcc -I/Users/admin/builder/spi-builder-workspace/.derivedData/Build/Intermediates.noindex/Saga.build/Debug-watchos/Saga-t.build/DerivedSources-normal/arm64_32 -Xcc -I/Users/admin/builder/spi-builder-workspace/.derivedData/Build/Intermediates.noindex/Saga.build/Debug-watchos/Saga-t.build/DerivedSources/arm64_32 -Xcc -I/Users/admin/builder/spi-builder-workspace/.derivedData/Build/Intermediates.noindex/Saga.build/Debug-watchos/Saga-t.build/DerivedSources -Xcc -DSWIFT_PACKAGE -Xcc -DDEBUG\=1 -no-auto-bridging-header-chaining -module-name Saga -package-name saga -const-gather-protocols-file /Users/admin/builder/spi-builder-workspace/.derivedData/Build/Intermediates.noindex/Saga.build/Debug-watchos/Saga-t.build/Objects-normal/arm64_32/Saga_const_extract_protocols.json -disable-clang-spi -clang-target arm64_32-apple-watchos27.0 -target-sdk-version 27.0 -target-sdk-name watchos27.0 -in-process-plugin-server-path /Applications/Xcode-27.0.0-Release.Candidate.app/Contents/Developer/Toolchains/XcodeDefault.xctoolchain/usr/lib/swift/host/libSwiftInProcPluginServer.dylib -parse-as-library -o /Users/admin/builder/spi-builder-workspace/.derivedData/Build/Intermediates.noindex/Saga.build/Debug-watchos/Saga-t.build/Objects-normal/arm64_32/Saga+AtomFeed.o -o /Users/admin/builder/spi-builder-workspace/.derivedData/Build/Intermediates.noindex/Saga.build/Debug-watchos/Saga-t.build/Objects-normal/arm64_32/Saga+Build.o -debug-module-path /Users/admin/builder/spi-builder-workspace/.derivedData/Build/Intermediates.noindex/Saga.build/Debug-watchos/Saga-t.build/Objects-normal/arm64_32/Saga.swiftmodule -index-unit-output-path /Saga.build/Debug-watchos/Saga-t.build/Objects-normal/arm64_32/Saga+AtomFeed.o -index-unit-output-path /Saga.build/Debug-watchos/Saga-t.build/Objects-normal/arm64_32/Saga+Build.o -index-store-path /Users/admin/builder/spi-builder-workspace/.derivedData/Index.noindex/DataStore -index-system-modules
SwiftCompile normal arm64_32 /Users/admin/builder/spi-builder-workspace/.dependencies/checkouts/Saga/Sources/Saga/Saga+AtomFeed.swift (in target 'Saga' from project 'Saga')
    cd /Users/admin/builder/spi-builder-workspace/.swiftpm/xcode
    builtin-SwiftPerFileCompile Saga+AtomFeed.swift
SwiftCompile normal arm64_32 /Users/admin/builder/spi-builder-workspace/.dependencies/checkouts/Saga/Sources/Saga/Saga+Build.swift (in target 'Saga' from project 'Saga')
    cd /Users/admin/builder/spi-builder-workspace/.swiftpm/xcode
    builtin-SwiftPerFileCompile Saga+Build.swift
SwiftCompile normal arm64_32 Compiling\ Saga.swift,\ StepBuilder.swift /Users/admin/builder/spi-builder-workspace/.dependencies/checkouts/Saga/Sources/Saga/Saga.swift /Users/admin/builder/spi-builder-workspace/.dependencies/checkouts/Saga/Sources/Saga/StepBuilder.swift (in target 'Saga' from project 'Saga')
SwiftCompile normal arm64_32 (in target 'Saga' from project 'Saga')
    cd /Users/admin/builder/spi-builder-workspace/.swiftpm/xcode

SwiftCompile normal arm64_32 /Users/admin/builder/spi-builder-workspace/.dependencies/checkouts/Saga/Sources/Saga/StepBuilder.swift (in target 'Saga' from project 'Saga')
    cd /Users/admin/builder/spi-builder-workspace/.swiftpm/xcode
    builtin-SwiftPerFileCompile StepBuilder.swift
SwiftCompile normal arm64_32 Compiling\ Saga+I18n.swift,\ Saga+Pipeline.swift /Users/admin/builder/spi-builder-workspace/.dependencies/checkouts/Saga/Sources/Saga/Saga+I18n.swift /Users/admin/builder/spi-builder-workspace/.dependencies/checkouts/Saga/Sources/Saga/Saga+Pipeline.swift (in target 'Saga' from project 'Saga')
SwiftCompile normal arm64_32 /Users/admin/builder/spi-builder-workspace/.dependencies/checkouts/Saga/Sources/Saga/Saga+I18n.swift (in target 'Saga' from project 'Saga')
    cd /Users/admin/builder/spi-builder-workspace/.swiftpm/xcode
    builtin-SwiftPerFileCompile Saga+I18n.swift
SwiftCompile normal arm64_32 /Users/admin/builder/spi-builder-workspace/.dependencies/checkouts/Saga/Sources/Saga/Saga+Pipeline.swift (in target 'Saga' from project 'Saga')
    cd /Users/admin/builder/spi-builder-workspace/.swiftpm/xcode
    builtin-SwiftPerFileCompile Saga+Pipeline.swift
SwiftCompile normal arm64_32 Compiling\ Reader.swift,\ RenderingContexts.swift /Users/admin/builder/spi-builder-workspace/.dependencies/checkouts/Saga/Sources/Saga/Reader.swift /Users/admin/builder/spi-builder-workspace/.dependencies/checkouts/Saga/Sources/Saga/RenderingContexts.swift (in target 'Saga' from project 'Saga')
SwiftCompile normal arm64_32 /Users/admin/builder/spi-builder-workspace/.dependencies/checkouts/Saga/Sources/Saga/Reader.swift (in target 'Saga' from project 'Saga')
    cd /Users/admin/builder/spi-builder-workspace/.swiftpm/xcode
    builtin-SwiftPerFileCompile Reader.swift
SwiftCompile normal arm64_32 /Users/admin/builder/spi-builder-workspace/.dependencies/checkouts/Saga/Sources/Saga/RenderingContexts.swift (in target 'Saga' from project 'Saga')
    cd /Users/admin/builder/spi-builder-workspace/.swiftpm/xcode
    builtin-SwiftPerFileCompile RenderingContexts.swift
SwiftCompile normal arm64_32 Compiling\ I18NConfig.swift,\ Item.swift,\ ItemWriteMode.swift /Users/admin/builder/spi-builder-workspace/.dependencies/checkouts/Saga/Sources/Saga/I18NConfig.swift /Users/admin/builder/spi-builder-workspace/.dependencies/checkouts/Saga/Sources/Saga/Item.swift /Users/admin/builder/spi-builder-workspace/.dependencies/checkouts/Saga/Sources/Saga/ItemWriteMode.swift (in target 'Saga' from project 'Saga')
SwiftCompile normal arm64_32 /Users/admin/builder/spi-builder-workspace/.dependencies/checkouts/Saga/Sources/Saga/I18NConfig.swift (in target 'Saga' from project 'Saga')
    cd /Users/admin/builder/spi-builder-workspace/.swiftpm/xcode
    builtin-SwiftPerFileCompile I18NConfig.swift
SwiftCompile normal arm64_32 /Users/admin/builder/spi-builder-workspace/.dependencies/checkouts/Saga/Sources/Saga/Item.swift (in target 'Saga' from project 'Saga')
    cd /Users/admin/builder/spi-builder-workspace/.swiftpm/xcode
    builtin-SwiftPerFileCompile Item.swift
SwiftCompile normal arm64_32 /Users/admin/builder/spi-builder-workspace/.dependencies/checkouts/Saga/Sources/Saga/ItemWriteMode.swift (in target 'Saga' from project 'Saga')
    cd /Users/admin/builder/spi-builder-workspace/.swiftpm/xcode
    builtin-SwiftPerFileCompile ItemWriteMode.swift
SwiftCompile normal arm64_32 Compiling\ String+Slugify.swift,\ Writer.swift /Users/admin/builder/spi-builder-workspace/.dependencies/checkouts/Saga/Sources/Saga/String+Slugify.swift /Users/admin/builder/spi-builder-workspace/.dependencies/checkouts/Saga/Sources/Saga/Writer.swift (in target 'Saga' from project 'Saga')
SwiftCompile normal arm64_32 /Users/admin/builder/spi-builder-workspace/.dependencies/checkouts/Saga/Sources/Saga/String+Slugify.swift (in target 'Saga' from project 'Saga')
    cd /Users/admin/builder/spi-builder-workspace/.swiftpm/xcode
    builtin-SwiftPerFileCompile String+Slugify.swift
SwiftCompile normal arm64_32 /Users/admin/builder/spi-builder-workspace/.dependencies/checkouts/Saga/Sources/Saga/Writer.swift (in target 'Saga' from project 'Saga')
    cd /Users/admin/builder/spi-builder-workspace/.swiftpm/xcode
    builtin-SwiftPerFileCompile Writer.swift
SwiftCompile normal arm64_32 Compiling\ Saga+FetchCache.swift,\ Saga+Hashed.swift /Users/admin/builder/spi-builder-workspace/.dependencies/checkouts/Saga/Sources/Saga/Saga+FetchCache.swift /Users/admin/builder/spi-builder-workspace/.dependencies/checkouts/Saga/Sources/Saga/Saga+Hashed.swift (in target 'Saga' from project 'Saga')
SwiftCompile normal arm64_32 /Users/admin/builder/spi-builder-workspace/.dependencies/checkouts/Saga/Sources/Saga/Saga+FetchCache.swift (in target 'Saga' from project 'Saga')
    cd /Users/admin/builder/spi-builder-workspace/.swiftpm/xcode
    builtin-SwiftPerFileCompile Saga+FetchCache.swift
SwiftCompile normal arm64_32 /Users/admin/builder/spi-builder-workspace/.dependencies/checkouts/Saga/Sources/Saga/Saga+Hashed.swift (in target 'Saga' from project 'Saga')
    cd /Users/admin/builder/spi-builder-workspace/.swiftpm/xcode
    builtin-SwiftPerFileCompile Saga+Hashed.swift
SwiftEmitModule normal arm64 Emitting\ module\ for\ Saga (in target 'Saga' from project 'Saga')
SwiftCompile normal arm64 (in target 'Saga' from project 'Saga')
    cd /Users/admin/builder/spi-builder-workspace/.swiftpm/xcode

SwiftDriverJobDiscovery normal arm64_32 Compiling Reader.swift, RenderingContexts.swift (in target 'Saga' from project 'Saga')
SwiftCompile normal arm64 Compiling\ Saga+Sitemap.swift,\ Saga+Utils.swift /Users/admin/builder/spi-builder-workspace/.dependencies/checkouts/Saga/Sources/Saga/Saga+Sitemap.swift /Users/admin/builder/spi-builder-workspace/.dependencies/checkouts/Saga/Sources/Saga/Saga+Utils.swift (in target 'Saga' from project 'Saga')
SwiftCompile normal arm64 /Users/admin/builder/spi-builder-workspace/.dependencies/checkouts/Saga/Sources/Saga/Saga+Sitemap.swift (in target 'Saga' from project 'Saga')
    cd /Users/admin/builder/spi-builder-workspace/.swiftpm/xcode
    builtin-SwiftPerFileCompile Saga+Sitemap.swift
SwiftCompile normal arm64 /Users/admin/builder/spi-builder-workspace/.dependencies/checkouts/Saga/Sources/Saga/Saga+Utils.swift (in target 'Saga' from project 'Saga')
    cd /Users/admin/builder/spi-builder-workspace/.swiftpm/xcode
    builtin-SwiftPerFileCompile Saga+Utils.swift
PruneExplicitPrecompiledModules /Users/admin/builder/spi-builder-workspace/.derivedData/Build/Intermediates.noindex/SwiftExplicitPrecompiledModules
PruneExplicitPrecompiledModules /Users/admin/builder/spi-builder-workspace/.derivedData/SDKExplicitPrecompiledModules
PruneExplicitPrecompiledModules /Users/admin/builder/spi-builder-workspace/.derivedData/Build/Intermediates.noindex/ExplicitPrecompiledModules
2026-09-24 12:46:33.622 xcodebuild[1047:5937] [MT] IDERunDestination: Supported platforms for the buildables in the current scheme is empty.
** BUILD FAILED **
The following build commands failed:
	SwiftCompile normal arm64_32 Compiling\ Saga+AtomFeed.swift,\ Saga+Build.swift /Users/admin/builder/spi-builder-workspace/.dependencies/checkouts/Saga/Sources/Saga/Saga+AtomFeed.swift /Users/admin/builder/spi-builder-workspace/.dependencies/checkouts/Saga/Sources/Saga/Saga+Build.swift (in target 'Saga' from project 'Saga')
	SwiftCompile normal arm64_32 /Users/admin/builder/spi-builder-workspace/.dependencies/checkouts/Saga/Sources/Saga/Saga+AtomFeed.swift (in target 'Saga' from project 'Saga')
	Building workspace SagaImageReader with scheme SagaImageReader
(3 failures)
BUILD FAILURE 6.4 watchOS