Build Information
Failed to build ImageScrollView, reference master (3b5bf7), with Swift 6.4 for watchOS using Xcode 27.0 on 19 Sep 2026 02:22:52 UTC.
Build Command
env DEVELOPER_DIR=/Applications/Xcode-27.0.0-Release.Candidate.app xcrun xcodebuild -IDEClonedSourcePackagesDirPathOverride=$PWD/.dependencies -skipMacroValidation -skipPackagePluginValidation -derivedDataPath $PWD/.derivedData build -scheme ImageScrollView -destination generic/platform=watchOSBuild Log
85 |
86 | UIKIT_EXTERN API_AVAILABLE(ios(2.0)) API_UNAVAILABLE(watchos) NS_SWIFT_UI_ACTOR
87 | @interface UIScrollView : UIView <NSCoding, UIFocusItemScrollableContainer>
| `- note: 'UIScrollView' has been explicitly marked unavailable here
88 |
89 | @property(nonatomic) CGPoint contentOffset; // default CGPointZero
/Users/admin/builder/spi-builder-workspace/Sources/ImageScrollView.swift:311:56: error: 'UIScrollView' is unavailable in watchOS
309 | }
310 |
311 | public func scrollViewDidEndDragging(_ scrollView: UIScrollView, willDecelerate decelerate: Bool) {
| `- error: 'UIScrollView' is unavailable in watchOS
312 | imageScrollViewDelegate?.scrollViewDidEndDragging?(scrollView, willDecelerate: decelerate)
313 | }
/Applications/Xcode-27.0.0-Release.Candidate.app/Contents/Developer/Platforms/WatchOS.platform/Developer/SDKs/WatchOS27.0.sdk/System/Library/Frameworks/UIKit.framework/Headers/UIScrollView.h:87:12: note: 'UIScrollView' has been explicitly marked unavailable here
85 |
86 | UIKIT_EXTERN API_AVAILABLE(ios(2.0)) API_UNAVAILABLE(watchos) NS_SWIFT_UI_ACTOR
87 | @interface UIScrollView : UIView <NSCoding, UIFocusItemScrollableContainer>
| `- note: 'UIScrollView' has been explicitly marked unavailable here
88 |
89 | @property(nonatomic) CGPoint contentOffset; // default CGPointZero
/Users/admin/builder/spi-builder-workspace/Sources/ImageScrollView.swift:315:63: error: 'UIScrollView' is unavailable in watchOS
313 | }
314 |
315 | public func scrollViewWillBeginDecelerating(_ scrollView: UIScrollView) {
| `- error: 'UIScrollView' is unavailable in watchOS
316 | imageScrollViewDelegate?.scrollViewWillBeginDecelerating?(scrollView)
317 | }
/Applications/Xcode-27.0.0-Release.Candidate.app/Contents/Developer/Platforms/WatchOS.platform/Developer/SDKs/WatchOS27.0.sdk/System/Library/Frameworks/UIKit.framework/Headers/UIScrollView.h:87:12: note: 'UIScrollView' has been explicitly marked unavailable here
85 |
86 | UIKIT_EXTERN API_AVAILABLE(ios(2.0)) API_UNAVAILABLE(watchos) NS_SWIFT_UI_ACTOR
87 | @interface UIScrollView : UIView <NSCoding, UIFocusItemScrollableContainer>
| `- note: 'UIScrollView' has been explicitly marked unavailable here
88 |
89 | @property(nonatomic) CGPoint contentOffset; // default CGPointZero
/Users/admin/builder/spi-builder-workspace/Sources/ImageScrollView.swift:319:60: error: 'UIScrollView' is unavailable in watchOS
317 | }
318 |
319 | public func scrollViewDidEndDecelerating(_ scrollView: UIScrollView) {
| `- error: 'UIScrollView' is unavailable in watchOS
320 | imageScrollViewDelegate?.scrollViewDidEndDecelerating?(scrollView)
321 | }
/Applications/Xcode-27.0.0-Release.Candidate.app/Contents/Developer/Platforms/WatchOS.platform/Developer/SDKs/WatchOS27.0.sdk/System/Library/Frameworks/UIKit.framework/Headers/UIScrollView.h:87:12: note: 'UIScrollView' has been explicitly marked unavailable here
85 |
86 | UIKIT_EXTERN API_AVAILABLE(ios(2.0)) API_UNAVAILABLE(watchos) NS_SWIFT_UI_ACTOR
87 | @interface UIScrollView : UIView <NSCoding, UIFocusItemScrollableContainer>
| `- note: 'UIScrollView' has been explicitly marked unavailable here
88 |
89 | @property(nonatomic) CGPoint contentOffset; // default CGPointZero
/Users/admin/builder/spi-builder-workspace/Sources/ImageScrollView.swift:323:66: error: 'UIScrollView' is unavailable in watchOS
321 | }
322 |
323 | public func scrollViewDidEndScrollingAnimation(_ scrollView: UIScrollView) {
| `- error: 'UIScrollView' is unavailable in watchOS
324 | imageScrollViewDelegate?.scrollViewDidEndScrollingAnimation?(scrollView)
325 | }
/Applications/Xcode-27.0.0-Release.Candidate.app/Contents/Developer/Platforms/WatchOS.platform/Developer/SDKs/WatchOS27.0.sdk/System/Library/Frameworks/UIKit.framework/Headers/UIScrollView.h:87:12: note: 'UIScrollView' has been explicitly marked unavailable here
85 |
86 | UIKIT_EXTERN API_AVAILABLE(ios(2.0)) API_UNAVAILABLE(watchos) NS_SWIFT_UI_ACTOR
87 | @interface UIScrollView : UIView <NSCoding, UIFocusItemScrollableContainer>
| `- note: 'UIScrollView' has been explicitly marked unavailable here
88 |
89 | @property(nonatomic) CGPoint contentOffset; // default CGPointZero
/Users/admin/builder/spi-builder-workspace/Sources/ImageScrollView.swift:327:58: error: 'UIScrollView' is unavailable in watchOS
325 | }
326 |
327 | public func scrollViewWillBeginZooming(_ scrollView: UIScrollView, with view: UIView?) {
| `- error: 'UIScrollView' is unavailable in watchOS
328 | imageScrollViewDelegate?.scrollViewWillBeginZooming?(scrollView, with: view)
329 | }
/Applications/Xcode-27.0.0-Release.Candidate.app/Contents/Developer/Platforms/WatchOS.platform/Developer/SDKs/WatchOS27.0.sdk/System/Library/Frameworks/UIKit.framework/Headers/UIScrollView.h:87:12: note: 'UIScrollView' has been explicitly marked unavailable here
85 |
86 | UIKIT_EXTERN API_AVAILABLE(ios(2.0)) API_UNAVAILABLE(watchos) NS_SWIFT_UI_ACTOR
87 | @interface UIScrollView : UIView <NSCoding, UIFocusItemScrollableContainer>
| `- note: 'UIScrollView' has been explicitly marked unavailable here
88 |
89 | @property(nonatomic) CGPoint contentOffset; // default CGPointZero
/Users/admin/builder/spi-builder-workspace/Sources/ImageScrollView.swift:327:83: error: 'UIView' is unavailable in watchOS
325 | }
326 |
327 | public func scrollViewWillBeginZooming(_ scrollView: UIScrollView, with view: UIView?) {
| `- error: 'UIView' is unavailable in watchOS
328 | imageScrollViewDelegate?.scrollViewWillBeginZooming?(scrollView, with: view)
329 | }
/Applications/Xcode-27.0.0-Release.Candidate.app/Contents/Developer/Platforms/WatchOS.platform/Developer/SDKs/WatchOS27.0.sdk/System/Library/Frameworks/UIKit.framework/Headers/UIView.h:152:12: note: 'UIView' has been explicitly marked unavailable here
150 |
151 | UIKIT_EXTERN API_AVAILABLE(ios(2.0)) API_UNAVAILABLE(watchos) NS_SWIFT_UI_ACTOR
152 | @interface UIView : UIResponder <NSCoding, UIAppearance, UIAppearanceContainer, UIDynamicItem, UITraitEnvironment, UICoordinateSpace, UIFocusItem, UIFocusItemContainer, CALayerDelegate>
| `- note: 'UIView' has been explicitly marked unavailable here
153 |
154 | @property(class, nonatomic, readonly) Class layerClass; // default is [CALayer class]. Used when creating the underlying layer for the view.
/Users/admin/builder/spi-builder-workspace/Sources/ImageScrollView.swift:331:55: error: 'UIScrollView' is unavailable in watchOS
329 | }
330 |
331 | public func scrollViewDidEndZooming(_ scrollView: UIScrollView, with view: UIView?, atScale scale: CGFloat) {
| `- error: 'UIScrollView' is unavailable in watchOS
332 | imageScrollViewDelegate?.scrollViewDidEndZooming?(scrollView, with: view, atScale: scale)
333 | }
/Applications/Xcode-27.0.0-Release.Candidate.app/Contents/Developer/Platforms/WatchOS.platform/Developer/SDKs/WatchOS27.0.sdk/System/Library/Frameworks/UIKit.framework/Headers/UIScrollView.h:87:12: note: 'UIScrollView' has been explicitly marked unavailable here
85 |
86 | UIKIT_EXTERN API_AVAILABLE(ios(2.0)) API_UNAVAILABLE(watchos) NS_SWIFT_UI_ACTOR
87 | @interface UIScrollView : UIView <NSCoding, UIFocusItemScrollableContainer>
| `- note: 'UIScrollView' has been explicitly marked unavailable here
88 |
89 | @property(nonatomic) CGPoint contentOffset; // default CGPointZero
/Users/admin/builder/spi-builder-workspace/Sources/ImageScrollView.swift:331:80: error: 'UIView' is unavailable in watchOS
329 | }
330 |
331 | public func scrollViewDidEndZooming(_ scrollView: UIScrollView, with view: UIView?, atScale scale: CGFloat) {
| `- error: 'UIView' is unavailable in watchOS
332 | imageScrollViewDelegate?.scrollViewDidEndZooming?(scrollView, with: view, atScale: scale)
333 | }
/Applications/Xcode-27.0.0-Release.Candidate.app/Contents/Developer/Platforms/WatchOS.platform/Developer/SDKs/WatchOS27.0.sdk/System/Library/Frameworks/UIKit.framework/Headers/UIView.h:152:12: note: 'UIView' has been explicitly marked unavailable here
150 |
151 | UIKIT_EXTERN API_AVAILABLE(ios(2.0)) API_UNAVAILABLE(watchos) NS_SWIFT_UI_ACTOR
152 | @interface UIView : UIResponder <NSCoding, UIAppearance, UIAppearanceContainer, UIDynamicItem, UITraitEnvironment, UICoordinateSpace, UIFocusItem, UIFocusItemContainer, CALayerDelegate>
| `- note: 'UIView' has been explicitly marked unavailable here
153 |
154 | @property(class, nonatomic, readonly) Class layerClass; // default is [CALayer class]. Used when creating the underlying layer for the view.
/Users/admin/builder/spi-builder-workspace/Sources/ImageScrollView.swift:335:59: error: 'UIScrollView' is unavailable in watchOS
333 | }
334 |
335 | public func scrollViewShouldScrollToTop(_ scrollView: UIScrollView) -> Bool {
| `- error: 'UIScrollView' is unavailable in watchOS
336 | return false
337 | }
/Applications/Xcode-27.0.0-Release.Candidate.app/Contents/Developer/Platforms/WatchOS.platform/Developer/SDKs/WatchOS27.0.sdk/System/Library/Frameworks/UIKit.framework/Headers/UIScrollView.h:87:12: note: 'UIScrollView' has been explicitly marked unavailable here
85 |
86 | UIKIT_EXTERN API_AVAILABLE(ios(2.0)) API_UNAVAILABLE(watchos) NS_SWIFT_UI_ACTOR
87 | @interface UIScrollView : UIView <NSCoding, UIFocusItemScrollableContainer>
| `- note: 'UIScrollView' has been explicitly marked unavailable here
88 |
89 | @property(nonatomic) CGPoint contentOffset; // default CGPointZero
/Users/admin/builder/spi-builder-workspace/Sources/ImageScrollView.swift:340:71: error: 'UIScrollView' is unavailable in watchOS
338 |
339 | @available(iOS 11.0, *)
340 | public func scrollViewDidChangeAdjustedContentInset(_ scrollView: UIScrollView) {
| `- error: 'UIScrollView' is unavailable in watchOS
341 | imageScrollViewDelegate?.scrollViewDidChangeAdjustedContentInset?(scrollView)
342 | }
/Applications/Xcode-27.0.0-Release.Candidate.app/Contents/Developer/Platforms/WatchOS.platform/Developer/SDKs/WatchOS27.0.sdk/System/Library/Frameworks/UIKit.framework/Headers/UIScrollView.h:87:12: note: 'UIScrollView' has been explicitly marked unavailable here
85 |
86 | UIKIT_EXTERN API_AVAILABLE(ios(2.0)) API_UNAVAILABLE(watchos) NS_SWIFT_UI_ACTOR
87 | @interface UIScrollView : UIView <NSCoding, UIFocusItemScrollableContainer>
| `- note: 'UIScrollView' has been explicitly marked unavailable here
88 |
89 | @property(nonatomic) CGPoint contentOffset; // default CGPointZero
SwiftCompile normal arm64_32 /Users/admin/builder/spi-builder-workspace/Sources/ImageScrollView.swift (in target 'ImageScrollView' from project 'ImageScrollView')
cd /Users/admin/builder/spi-builder-workspace/.swiftpm/xcode
builtin-SwiftPerFileCompile ImageScrollView.swift
/Users/admin/builder/spi-builder-workspace/Sources/ImageScrollView.swift:344:47: error: 'UIScrollView' is unavailable in watchOS
342 | }
343 |
344 | public func viewForZooming(in scrollView: UIScrollView) -> UIView? {
| `- error: 'UIScrollView' is unavailable in watchOS
345 | return zoomView
346 | }
/Applications/Xcode-27.0.0-Release.Candidate.app/Contents/Developer/Platforms/WatchOS.platform/Developer/SDKs/WatchOS27.0.sdk/System/Library/Frameworks/UIKit.framework/Headers/UIScrollView.h:87:12: note: 'UIScrollView' has been explicitly marked unavailable here
85 |
86 | UIKIT_EXTERN API_AVAILABLE(ios(2.0)) API_UNAVAILABLE(watchos) NS_SWIFT_UI_ACTOR
87 | @interface UIScrollView : UIView <NSCoding, UIFocusItemScrollableContainer>
| `- note: 'UIScrollView' has been explicitly marked unavailable here
88 |
89 | @property(nonatomic) CGPoint contentOffset; // default CGPointZero
/Users/admin/builder/spi-builder-workspace/Sources/ImageScrollView.swift:344:64: error: 'UIView' is unavailable in watchOS
342 | }
343 |
344 | public func viewForZooming(in scrollView: UIScrollView) -> UIView? {
| `- error: 'UIView' is unavailable in watchOS
345 | return zoomView
346 | }
/Applications/Xcode-27.0.0-Release.Candidate.app/Contents/Developer/Platforms/WatchOS.platform/Developer/SDKs/WatchOS27.0.sdk/System/Library/Frameworks/UIKit.framework/Headers/UIView.h:152:12: note: 'UIView' has been explicitly marked unavailable here
150 |
151 | UIKIT_EXTERN API_AVAILABLE(ios(2.0)) API_UNAVAILABLE(watchos) NS_SWIFT_UI_ACTOR
152 | @interface UIView : UIResponder <NSCoding, UIAppearance, UIAppearanceContainer, UIDynamicItem, UITraitEnvironment, UICoordinateSpace, UIFocusItem, UIFocusItemContainer, CALayerDelegate>
| `- note: 'UIView' has been explicitly marked unavailable here
153 |
154 | @property(class, nonatomic, readonly) Class layerClass; // default is [CALayer class]. Used when creating the underlying layer for the view.
/Users/admin/builder/spi-builder-workspace/Sources/ImageScrollView.swift:348:49: error: 'UIScrollView' is unavailable in watchOS
346 | }
347 |
348 | public func scrollViewDidZoom(_ scrollView: UIScrollView) {
| `- error: 'UIScrollView' is unavailable in watchOS
349 | adjustFrameToCenter()
350 | imageScrollViewDelegate?.scrollViewDidZoom?(scrollView)
/Applications/Xcode-27.0.0-Release.Candidate.app/Contents/Developer/Platforms/WatchOS.platform/Developer/SDKs/WatchOS27.0.sdk/System/Library/Frameworks/UIKit.framework/Headers/UIScrollView.h:87:12: note: 'UIScrollView' has been explicitly marked unavailable here
85 |
86 | UIKIT_EXTERN API_AVAILABLE(ios(2.0)) API_UNAVAILABLE(watchos) NS_SWIFT_UI_ACTOR
87 | @interface UIScrollView : UIView <NSCoding, UIFocusItemScrollableContainer>
| `- note: 'UIScrollView' has been explicitly marked unavailable here
88 |
89 | @property(nonatomic) CGPoint contentOffset; // default CGPointZero
/Users/admin/builder/spi-builder-workspace/Sources/ImageScrollView.swift:340:17: error: cannot override 'scrollViewDidChangeAdjustedContentInset' which has been marked unavailable
338 |
339 | @available(iOS 11.0, *)
340 | public func scrollViewDidChangeAdjustedContentInset(_ scrollView: UIScrollView) {
| `- error: cannot override 'scrollViewDidChangeAdjustedContentInset' which has been marked unavailable
341 | imageScrollViewDelegate?.scrollViewDidChangeAdjustedContentInset?(scrollView)
342 | }
/Applications/Xcode-27.0.0-Release.Candidate.app/Contents/Developer/Platforms/WatchOS.platform/Developer/SDKs/WatchOS27.0.sdk/System/Library/Frameworks/UIKit.framework/Headers/UIScrollView.h:340:1: note: 'scrollViewDidChangeAdjustedContentInset' has been explicitly marked unavailable here
338 | /* Also see -[UIScrollView adjustedContentInsetDidChange]
339 | */
340 | - (void)scrollViewDidChangeAdjustedContentInset:(UIScrollView *)scrollView API_AVAILABLE(ios(11.0), tvos(11.0)) API_UNAVAILABLE(watchos);
| `- note: 'scrollViewDidChangeAdjustedContentInset' has been explicitly marked unavailable here
341 |
342 | @end
SwiftEmitModule normal arm64_32 Emitting\ module\ for\ ImageScrollView (in target 'ImageScrollView' from project 'ImageScrollView')
/Users/admin/builder/spi-builder-workspace/Sources/ImageScrollView.swift:11:48: error: 'UIScrollViewDelegate' is unavailable in watchOS
9 | import UIKit
10 |
11 | @objc public protocol ImageScrollViewDelegate: UIScrollViewDelegate {
| `- error: 'UIScrollViewDelegate' is unavailable in watchOS
12 | func imageScrollViewDidChangeOrientation(imageScrollView: ImageScrollView)
13 | }
/Applications/Xcode-27.0.0-Release.Candidate.app/Contents/Developer/Platforms/WatchOS.platform/Developer/SDKs/WatchOS27.0.sdk/System/Library/Frameworks/UIKit.framework/Headers/UIScrollView.h:312:11: note: 'UIScrollViewDelegate' has been explicitly marked unavailable here
310 |
311 | API_UNAVAILABLE(watchos) NS_SWIFT_UI_ACTOR
312 | @protocol UIScrollViewDelegate<NSObject>
| `- note: 'UIScrollViewDelegate' has been explicitly marked unavailable here
313 |
314 | @optional
/Users/admin/builder/spi-builder-workspace/Sources/ImageScrollView.swift:34:45: error: 'UIImageView' is unavailable in watchOS
32 | @objc open var initialOffset: Offset = .begining
33 |
34 | @objc public private(set) var zoomView: UIImageView? = nil
| `- error: 'UIImageView' is unavailable in watchOS
35 |
36 | @objc open weak var imageScrollViewDelegate: ImageScrollViewDelegate?
/Applications/Xcode-27.0.0-Release.Candidate.app/Contents/Developer/Platforms/WatchOS.platform/Developer/SDKs/WatchOS27.0.sdk/System/Library/Frameworks/UIKit.framework/Headers/UIImageView.h:21:12: note: 'UIImageView' has been explicitly marked unavailable here
19 |
20 | UIKIT_EXTERN API_AVAILABLE(ios(2.0)) API_UNAVAILABLE(watchos) NS_SWIFT_UI_ACTOR
21 | @interface UIImageView : UIView
| `- note: 'UIImageView' has been explicitly marked unavailable here
22 |
23 | - (instancetype)initWithImage:(nullable UIImage *)image;
/Users/admin/builder/spi-builder-workspace/Sources/ImageScrollView.swift:253:64: error: 'UIGestureRecognizer' is unavailable in watchOS
251 | // MARK: - Gesture
252 |
253 | @objc func doubleTapGestureRecognizer(_ gestureRecognizer: UIGestureRecognizer) {
| `- error: 'UIGestureRecognizer' is unavailable in watchOS
254 | // zoom out if it bigger than the scale factor after double-tap scaling. Else, zoom in
255 | if zoomScale >= minimumZoomScale * ImageScrollView.kZoomInFactorFromMinWhenDoubleTap - 0.01 {
/Applications/Xcode-27.0.0-Release.Candidate.app/Contents/Developer/Platforms/WatchOS.platform/Developer/SDKs/WatchOS27.0.sdk/System/Library/Frameworks/UIKit.framework/Headers/UIGestureRecognizer.h:35:12: note: 'UIGestureRecognizer' has been explicitly marked unavailable here
33 |
34 | UIKIT_EXTERN API_AVAILABLE(ios(3.2)) API_UNAVAILABLE(watchos) NS_SWIFT_UI_ACTOR
35 | @interface UIGestureRecognizer : NSObject
| `- note: 'UIGestureRecognizer' has been explicitly marked unavailable here
36 |
37 | // Valid action method signatures:
/Users/admin/builder/spi-builder-workspace/Sources/ImageScrollView.swift:15:29: error: 'UIScrollView' is unavailable in watchOS
13 | }
14 |
15 | open class ImageScrollView: UIScrollView {
| `- error: 'UIScrollView' is unavailable in watchOS
16 |
17 | @objc public enum ScaleMode: Int {
/Applications/Xcode-27.0.0-Release.Candidate.app/Contents/Developer/Platforms/WatchOS.platform/Developer/SDKs/WatchOS27.0.sdk/System/Library/Frameworks/UIKit.framework/Headers/UIScrollView.h:87:12: note: 'UIScrollView' has been explicitly marked unavailable here
85 |
86 | UIKIT_EXTERN API_AVAILABLE(ios(2.0)) API_UNAVAILABLE(watchos) NS_SWIFT_UI_ACTOR
87 | @interface UIScrollView : UIView <NSCoding, UIFocusItemScrollableContainer>
| `- note: 'UIScrollView' has been explicitly marked unavailable here
88 |
89 | @property(nonatomic) CGPoint contentOffset; // default CGPointZero
/Users/admin/builder/spi-builder-workspace/Sources/ImageScrollView.swift:299:51: error: 'UIScrollView' is unavailable in watchOS
297 | extension ImageScrollView: UIScrollViewDelegate {
298 |
299 | public func scrollViewDidScroll(_ scrollView: UIScrollView) {
| `- error: 'UIScrollView' is unavailable in watchOS
300 | imageScrollViewDelegate?.scrollViewDidScroll?(scrollView)
301 | }
/Applications/Xcode-27.0.0-Release.Candidate.app/Contents/Developer/Platforms/WatchOS.platform/Developer/SDKs/WatchOS27.0.sdk/System/Library/Frameworks/UIKit.framework/Headers/UIScrollView.h:87:12: note: 'UIScrollView' has been explicitly marked unavailable here
85 |
86 | UIKIT_EXTERN API_AVAILABLE(ios(2.0)) API_UNAVAILABLE(watchos) NS_SWIFT_UI_ACTOR
87 | @interface UIScrollView : UIView <NSCoding, UIFocusItemScrollableContainer>
| `- note: 'UIScrollView' has been explicitly marked unavailable here
88 |
89 | @property(nonatomic) CGPoint contentOffset; // default CGPointZero
/Users/admin/builder/spi-builder-workspace/Sources/ImageScrollView.swift:303:59: error: 'UIScrollView' is unavailable in watchOS
301 | }
302 |
303 | public func scrollViewWillBeginDragging(_ scrollView: UIScrollView) {
| `- error: 'UIScrollView' is unavailable in watchOS
304 | imageScrollViewDelegate?.scrollViewWillBeginDragging?(scrollView)
305 | }
/Applications/Xcode-27.0.0-Release.Candidate.app/Contents/Developer/Platforms/WatchOS.platform/Developer/SDKs/WatchOS27.0.sdk/System/Library/Frameworks/UIKit.framework/Headers/UIScrollView.h:87:12: note: 'UIScrollView' has been explicitly marked unavailable here
85 |
86 | UIKIT_EXTERN API_AVAILABLE(ios(2.0)) API_UNAVAILABLE(watchos) NS_SWIFT_UI_ACTOR
87 | @interface UIScrollView : UIView <NSCoding, UIFocusItemScrollableContainer>
| `- note: 'UIScrollView' has been explicitly marked unavailable here
88 |
89 | @property(nonatomic) CGPoint contentOffset; // default CGPointZero
/Users/admin/builder/spi-builder-workspace/Sources/ImageScrollView.swift:307:57: error: 'UIScrollView' is unavailable in watchOS
305 | }
306 |
307 | public func scrollViewWillEndDragging(_ scrollView: UIScrollView, withVelocity velocity: CGPoint, targetContentOffset: UnsafeMutablePointer<CGPoint>) {
| `- error: 'UIScrollView' is unavailable in watchOS
308 | imageScrollViewDelegate?.scrollViewWillEndDragging?(scrollView, withVelocity: velocity, targetContentOffset: targetContentOffset)
309 | }
/Applications/Xcode-27.0.0-Release.Candidate.app/Contents/Developer/Platforms/WatchOS.platform/Developer/SDKs/WatchOS27.0.sdk/System/Library/Frameworks/UIKit.framework/Headers/UIScrollView.h:87:12: note: 'UIScrollView' has been explicitly marked unavailable here
85 |
86 | UIKIT_EXTERN API_AVAILABLE(ios(2.0)) API_UNAVAILABLE(watchos) NS_SWIFT_UI_ACTOR
87 | @interface UIScrollView : UIView <NSCoding, UIFocusItemScrollableContainer>
| `- note: 'UIScrollView' has been explicitly marked unavailable here
88 |
89 | @property(nonatomic) CGPoint contentOffset; // default CGPointZero
/Users/admin/builder/spi-builder-workspace/Sources/ImageScrollView.swift:311:56: error: 'UIScrollView' is unavailable in watchOS
309 | }
310 |
311 | public func scrollViewDidEndDragging(_ scrollView: UIScrollView, willDecelerate decelerate: Bool) {
| `- error: 'UIScrollView' is unavailable in watchOS
312 | imageScrollViewDelegate?.scrollViewDidEndDragging?(scrollView, willDecelerate: decelerate)
313 | }
/Applications/Xcode-27.0.0-Release.Candidate.app/Contents/Developer/Platforms/WatchOS.platform/Developer/SDKs/WatchOS27.0.sdk/System/Library/Frameworks/UIKit.framework/Headers/UIScrollView.h:87:12: note: 'UIScrollView' has been explicitly marked unavailable here
85 |
86 | UIKIT_EXTERN API_AVAILABLE(ios(2.0)) API_UNAVAILABLE(watchos) NS_SWIFT_UI_ACTOR
87 | @interface UIScrollView : UIView <NSCoding, UIFocusItemScrollableContainer>
| `- note: 'UIScrollView' has been explicitly marked unavailable here
88 |
89 | @property(nonatomic) CGPoint contentOffset; // default CGPointZero
/Users/admin/builder/spi-builder-workspace/Sources/ImageScrollView.swift:315:63: error: 'UIScrollView' is unavailable in watchOS
313 | }
314 |
315 | public func scrollViewWillBeginDecelerating(_ scrollView: UIScrollView) {
| `- error: 'UIScrollView' is unavailable in watchOS
316 | imageScrollViewDelegate?.scrollViewWillBeginDecelerating?(scrollView)
317 | }
/Applications/Xcode-27.0.0-Release.Candidate.app/Contents/Developer/Platforms/WatchOS.platform/Developer/SDKs/WatchOS27.0.sdk/System/Library/Frameworks/UIKit.framework/Headers/UIScrollView.h:87:12: note: 'UIScrollView' has been explicitly marked unavailable here
85 |
86 | UIKIT_EXTERN API_AVAILABLE(ios(2.0)) API_UNAVAILABLE(watchos) NS_SWIFT_UI_ACTOR
87 | @interface UIScrollView : UIView <NSCoding, UIFocusItemScrollableContainer>
| `- note: 'UIScrollView' has been explicitly marked unavailable here
88 |
89 | @property(nonatomic) CGPoint contentOffset; // default CGPointZero
/Users/admin/builder/spi-builder-workspace/Sources/ImageScrollView.swift:319:60: error: 'UIScrollView' is unavailable in watchOS
317 | }
318 |
319 | public func scrollViewDidEndDecelerating(_ scrollView: UIScrollView) {
| `- error: 'UIScrollView' is unavailable in watchOS
320 | imageScrollViewDelegate?.scrollViewDidEndDecelerating?(scrollView)
321 | }
/Applications/Xcode-27.0.0-Release.Candidate.app/Contents/Developer/Platforms/WatchOS.platform/Developer/SDKs/WatchOS27.0.sdk/System/Library/Frameworks/UIKit.framework/Headers/UIScrollView.h:87:12: note: 'UIScrollView' has been explicitly marked unavailable here
85 |
86 | UIKIT_EXTERN API_AVAILABLE(ios(2.0)) API_UNAVAILABLE(watchos) NS_SWIFT_UI_ACTOR
87 | @interface UIScrollView : UIView <NSCoding, UIFocusItemScrollableContainer>
| `- note: 'UIScrollView' has been explicitly marked unavailable here
88 |
89 | @property(nonatomic) CGPoint contentOffset; // default CGPointZero
/Users/admin/builder/spi-builder-workspace/Sources/ImageScrollView.swift:323:66: error: 'UIScrollView' is unavailable in watchOS
321 | }
322 |
323 | public func scrollViewDidEndScrollingAnimation(_ scrollView: UIScrollView) {
| `- error: 'UIScrollView' is unavailable in watchOS
324 | imageScrollViewDelegate?.scrollViewDidEndScrollingAnimation?(scrollView)
325 | }
/Applications/Xcode-27.0.0-Release.Candidate.app/Contents/Developer/Platforms/WatchOS.platform/Developer/SDKs/WatchOS27.0.sdk/System/Library/Frameworks/UIKit.framework/Headers/UIScrollView.h:87:12: note: 'UIScrollView' has been explicitly marked unavailable here
85 |
86 | UIKIT_EXTERN API_AVAILABLE(ios(2.0)) API_UNAVAILABLE(watchos) NS_SWIFT_UI_ACTOR
87 | @interface UIScrollView : UIView <NSCoding, UIFocusItemScrollableContainer>
| `- note: 'UIScrollView' has been explicitly marked unavailable here
88 |
89 | @property(nonatomic) CGPoint contentOffset; // default CGPointZero
/Users/admin/builder/spi-builder-workspace/Sources/ImageScrollView.swift:327:58: error: 'UIScrollView' is unavailable in watchOS
325 | }
326 |
327 | public func scrollViewWillBeginZooming(_ scrollView: UIScrollView, with view: UIView?) {
| `- error: 'UIScrollView' is unavailable in watchOS
328 | imageScrollViewDelegate?.scrollViewWillBeginZooming?(scrollView, with: view)
329 | }
/Applications/Xcode-27.0.0-Release.Candidate.app/Contents/Developer/Platforms/WatchOS.platform/Developer/SDKs/WatchOS27.0.sdk/System/Library/Frameworks/UIKit.framework/Headers/UIScrollView.h:87:12: note: 'UIScrollView' has been explicitly marked unavailable here
85 |
86 | UIKIT_EXTERN API_AVAILABLE(ios(2.0)) API_UNAVAILABLE(watchos) NS_SWIFT_UI_ACTOR
87 | @interface UIScrollView : UIView <NSCoding, UIFocusItemScrollableContainer>
| `- note: 'UIScrollView' has been explicitly marked unavailable here
88 |
89 | @property(nonatomic) CGPoint contentOffset; // default CGPointZero
/Users/admin/builder/spi-builder-workspace/Sources/ImageScrollView.swift:327:83: error: 'UIView' is unavailable in watchOS
325 | }
326 |
327 | public func scrollViewWillBeginZooming(_ scrollView: UIScrollView, with view: UIView?) {
| `- error: 'UIView' is unavailable in watchOS
328 | imageScrollViewDelegate?.scrollViewWillBeginZooming?(scrollView, with: view)
329 | }
/Applications/Xcode-27.0.0-Release.Candidate.app/Contents/Developer/Platforms/WatchOS.platform/Developer/SDKs/WatchOS27.0.sdk/System/Library/Frameworks/UIKit.framework/Headers/UIView.h:152:12: note: 'UIView' has been explicitly marked unavailable here
150 |
151 | UIKIT_EXTERN API_AVAILABLE(ios(2.0)) API_UNAVAILABLE(watchos) NS_SWIFT_UI_ACTOR
152 | @interface UIView : UIResponder <NSCoding, UIAppearance, UIAppearanceContainer, UIDynamicItem, UITraitEnvironment, UICoordinateSpace, UIFocusItem, UIFocusItemContainer, CALayerDelegate>
| `- note: 'UIView' has been explicitly marked unavailable here
153 |
154 | @property(class, nonatomic, readonly) Class layerClass; // default is [CALayer class]. Used when creating the underlying layer for the view.
/Users/admin/builder/spi-builder-workspace/Sources/ImageScrollView.swift:331:55: error: 'UIScrollView' is unavailable in watchOS
329 | }
330 |
331 | public func scrollViewDidEndZooming(_ scrollView: UIScrollView, with view: UIView?, atScale scale: CGFloat) {
| `- error: 'UIScrollView' is unavailable in watchOS
332 | imageScrollViewDelegate?.scrollViewDidEndZooming?(scrollView, with: view, atScale: scale)
333 | }
/Applications/Xcode-27.0.0-Release.Candidate.app/Contents/Developer/Platforms/WatchOS.platform/Developer/SDKs/WatchOS27.0.sdk/System/Library/Frameworks/UIKit.framework/Headers/UIScrollView.h:87:12: note: 'UIScrollView' has been explicitly marked unavailable here
85 |
86 | UIKIT_EXTERN API_AVAILABLE(ios(2.0)) API_UNAVAILABLE(watchos) NS_SWIFT_UI_ACTOR
87 | @interface UIScrollView : UIView <NSCoding, UIFocusItemScrollableContainer>
| `- note: 'UIScrollView' has been explicitly marked unavailable here
88 |
89 | @property(nonatomic) CGPoint contentOffset; // default CGPointZero
/Users/admin/builder/spi-builder-workspace/Sources/ImageScrollView.swift:331:80: error: 'UIView' is unavailable in watchOS
329 | }
330 |
331 | public func scrollViewDidEndZooming(_ scrollView: UIScrollView, with view: UIView?, atScale scale: CGFloat) {
| `- error: 'UIView' is unavailable in watchOS
332 | imageScrollViewDelegate?.scrollViewDidEndZooming?(scrollView, with: view, atScale: scale)
333 | }
/Applications/Xcode-27.0.0-Release.Candidate.app/Contents/Developer/Platforms/WatchOS.platform/Developer/SDKs/WatchOS27.0.sdk/System/Library/Frameworks/UIKit.framework/Headers/UIView.h:152:12: note: 'UIView' has been explicitly marked unavailable here
150 |
151 | UIKIT_EXTERN API_AVAILABLE(ios(2.0)) API_UNAVAILABLE(watchos) NS_SWIFT_UI_ACTOR
152 | @interface UIView : UIResponder <NSCoding, UIAppearance, UIAppearanceContainer, UIDynamicItem, UITraitEnvironment, UICoordinateSpace, UIFocusItem, UIFocusItemContainer, CALayerDelegate>
| `- note: 'UIView' has been explicitly marked unavailable here
153 |
154 | @property(class, nonatomic, readonly) Class layerClass; // default is [CALayer class]. Used when creating the underlying layer for the view.
/Users/admin/builder/spi-builder-workspace/Sources/ImageScrollView.swift:335:59: error: 'UIScrollView' is unavailable in watchOS
333 | }
334 |
335 | public func scrollViewShouldScrollToTop(_ scrollView: UIScrollView) -> Bool {
| `- error: 'UIScrollView' is unavailable in watchOS
336 | return false
337 | }
/Applications/Xcode-27.0.0-Release.Candidate.app/Contents/Developer/Platforms/WatchOS.platform/Developer/SDKs/WatchOS27.0.sdk/System/Library/Frameworks/UIKit.framework/Headers/UIScrollView.h:87:12: note: 'UIScrollView' has been explicitly marked unavailable here
85 |
86 | UIKIT_EXTERN API_AVAILABLE(ios(2.0)) API_UNAVAILABLE(watchos) NS_SWIFT_UI_ACTOR
87 | @interface UIScrollView : UIView <NSCoding, UIFocusItemScrollableContainer>
| `- note: 'UIScrollView' has been explicitly marked unavailable here
88 |
89 | @property(nonatomic) CGPoint contentOffset; // default CGPointZero
/Users/admin/builder/spi-builder-workspace/Sources/ImageScrollView.swift:340:71: error: 'UIScrollView' is unavailable in watchOS
338 |
339 | @available(iOS 11.0, *)
340 | public func scrollViewDidChangeAdjustedContentInset(_ scrollView: UIScrollView) {
| `- error: 'UIScrollView' is unavailable in watchOS
341 | imageScrollViewDelegate?.scrollViewDidChangeAdjustedContentInset?(scrollView)
342 | }
/Applications/Xcode-27.0.0-Release.Candidate.app/Contents/Developer/Platforms/WatchOS.platform/Developer/SDKs/WatchOS27.0.sdk/System/Library/Frameworks/UIKit.framework/Headers/UIScrollView.h:87:12: note: 'UIScrollView' has been explicitly marked unavailable here
85 |
86 | UIKIT_EXTERN API_AVAILABLE(ios(2.0)) API_UNAVAILABLE(watchos) NS_SWIFT_UI_ACTOR
87 | @interface UIScrollView : UIView <NSCoding, UIFocusItemScrollableContainer>
| `- note: 'UIScrollView' has been explicitly marked unavailable here
88 |
89 | @property(nonatomic) CGPoint contentOffset; // default CGPointZero
/Users/admin/builder/spi-builder-workspace/Sources/ImageScrollView.swift:344:47: error: 'UIScrollView' is unavailable in watchOS
342 | }
343 |
344 | public func viewForZooming(in scrollView: UIScrollView) -> UIView? {
| `- error: 'UIScrollView' is unavailable in watchOS
345 | return zoomView
346 | }
/Applications/Xcode-27.0.0-Release.Candidate.app/Contents/Developer/Platforms/WatchOS.platform/Developer/SDKs/WatchOS27.0.sdk/System/Library/Frameworks/UIKit.framework/Headers/UIScrollView.h:87:12: note: 'UIScrollView' has been explicitly marked unavailable here
85 |
86 | UIKIT_EXTERN API_AVAILABLE(ios(2.0)) API_UNAVAILABLE(watchos) NS_SWIFT_UI_ACTOR
87 | @interface UIScrollView : UIView <NSCoding, UIFocusItemScrollableContainer>
| `- note: 'UIScrollView' has been explicitly marked unavailable here
88 |
89 | @property(nonatomic) CGPoint contentOffset; // default CGPointZero
/Users/admin/builder/spi-builder-workspace/Sources/ImageScrollView.swift:344:64: error: 'UIView' is unavailable in watchOS
342 | }
343 |
344 | public func viewForZooming(in scrollView: UIScrollView) -> UIView? {
| `- error: 'UIView' is unavailable in watchOS
345 | return zoomView
346 | }
/Applications/Xcode-27.0.0-Release.Candidate.app/Contents/Developer/Platforms/WatchOS.platform/Developer/SDKs/WatchOS27.0.sdk/System/Library/Frameworks/UIKit.framework/Headers/UIView.h:152:12: note: 'UIView' has been explicitly marked unavailable here
150 |
151 | UIKIT_EXTERN API_AVAILABLE(ios(2.0)) API_UNAVAILABLE(watchos) NS_SWIFT_UI_ACTOR
152 | @interface UIView : UIResponder <NSCoding, UIAppearance, UIAppearanceContainer, UIDynamicItem, UITraitEnvironment, UICoordinateSpace, UIFocusItem, UIFocusItemContainer, CALayerDelegate>
| `- note: 'UIView' has been explicitly marked unavailable here
153 |
154 | @property(class, nonatomic, readonly) Class layerClass; // default is [CALayer class]. Used when creating the underlying layer for the view.
/Users/admin/builder/spi-builder-workspace/Sources/ImageScrollView.swift:348:49: error: 'UIScrollView' is unavailable in watchOS
346 | }
347 |
348 | public func scrollViewDidZoom(_ scrollView: UIScrollView) {
| `- error: 'UIScrollView' is unavailable in watchOS
349 | adjustFrameToCenter()
350 | imageScrollViewDelegate?.scrollViewDidZoom?(scrollView)
/Applications/Xcode-27.0.0-Release.Candidate.app/Contents/Developer/Platforms/WatchOS.platform/Developer/SDKs/WatchOS27.0.sdk/System/Library/Frameworks/UIKit.framework/Headers/UIScrollView.h:87:12: note: 'UIScrollView' has been explicitly marked unavailable here
85 |
86 | UIKIT_EXTERN API_AVAILABLE(ios(2.0)) API_UNAVAILABLE(watchos) NS_SWIFT_UI_ACTOR
87 | @interface UIScrollView : UIView <NSCoding, UIFocusItemScrollableContainer>
| `- note: 'UIScrollView' has been explicitly marked unavailable here
88 |
89 | @property(nonatomic) CGPoint contentOffset; // default CGPointZero
/Users/admin/builder/spi-builder-workspace/Sources/ImageScrollView.swift:340:17: error: cannot override 'scrollViewDidChangeAdjustedContentInset' which has been marked unavailable
338 |
339 | @available(iOS 11.0, *)
340 | public func scrollViewDidChangeAdjustedContentInset(_ scrollView: UIScrollView) {
| `- error: cannot override 'scrollViewDidChangeAdjustedContentInset' which has been marked unavailable
341 | imageScrollViewDelegate?.scrollViewDidChangeAdjustedContentInset?(scrollView)
342 | }
/Applications/Xcode-27.0.0-Release.Candidate.app/Contents/Developer/Platforms/WatchOS.platform/Developer/SDKs/WatchOS27.0.sdk/System/Library/Frameworks/UIKit.framework/Headers/UIScrollView.h:340:1: note: 'scrollViewDidChangeAdjustedContentInset' has been explicitly marked unavailable here
338 | /* Also see -[UIScrollView adjustedContentInsetDidChange]
339 | */
340 | - (void)scrollViewDidChangeAdjustedContentInset:(UIScrollView *)scrollView API_AVAILABLE(ios(11.0), tvos(11.0)) API_UNAVAILABLE(watchos);
| `- note: 'scrollViewDidChangeAdjustedContentInset' has been explicitly marked unavailable here
341 |
342 | @end
/Users/admin/builder/spi-builder-workspace/Sources/ImageScrollView.swift:297:28: error: 'UIScrollViewDelegate' is unavailable in watchOS
295 | }
296 |
297 | extension ImageScrollView: UIScrollViewDelegate {
| `- error: 'UIScrollViewDelegate' is unavailable in watchOS
298 |
299 | public func scrollViewDidScroll(_ scrollView: UIScrollView) {
/Applications/Xcode-27.0.0-Release.Candidate.app/Contents/Developer/Platforms/WatchOS.platform/Developer/SDKs/WatchOS27.0.sdk/System/Library/Frameworks/UIKit.framework/Headers/UIScrollView.h:312:11: note: 'UIScrollViewDelegate' has been explicitly marked unavailable here
310 |
311 | API_UNAVAILABLE(watchos) NS_SWIFT_UI_ACTOR
312 | @protocol UIScrollViewDelegate<NSObject>
| `- note: 'UIScrollViewDelegate' has been explicitly marked unavailable here
313 |
314 | @optional
Failed frontend command:
/Applications/Xcode-27.0.0-Release.Candidate.app/Contents/Developer/Toolchains/XcodeDefault.xctoolchain/usr/bin/swift-frontend -frontend -emit-module -experimental-skip-non-inlinable-function-bodies-without-types /Users/admin/builder/spi-builder-workspace/Sources/ImageScrollView.swift -target arm64_32-apple-watchos9.0 -disable-cross-import-overlay-search -load-resolved-plugin /Applications/Xcode-27.0.0-Release.Candidate.app/Contents/Developer/Platforms/WatchOS.platform/Developer/usr/lib/swift/host/plugins/libFoundationMacros.dylib\#/Applications/Xcode-27.0.0-Release.Candidate.app/Contents/Developer/Platforms/WatchOS.platform/Developer/usr/bin/swift-plugin-server\#FoundationMacros -load-resolved-plugin /Applications/Xcode-27.0.0-Release.Candidate.app/Contents/Developer/Platforms/WatchOS.platform/Developer/usr/lib/swift/host/plugins/libObservationMacros.dylib\#/Applications/Xcode-27.0.0-Release.Candidate.app/Contents/Developer/Platforms/WatchOS.platform/Developer/usr/bin/swift-plugin-server\#ObservationMacros -load-resolved-plugin /Applications/Xcode-27.0.0-Release.Candidate.app/Contents/Developer/Platforms/WatchOS.platform/Developer/usr/lib/swift/host/plugins/libSwiftMacros.dylib\#/Applications/Xcode-27.0.0-Release.Candidate.app/Contents/Developer/Platforms/WatchOS.platform/Developer/usr/bin/swift-plugin-server\#SwiftMacros -load-resolved-plugin /Applications/Xcode-27.0.0-Release.Candidate.app/Contents/Developer/Platforms/WatchOS.platform/Developer/usr/lib/swift/host/plugins/libSwiftUIMacros.dylib\#/Applications/Xcode-27.0.0-Release.Candidate.app/Contents/Developer/Platforms/WatchOS.platform/Developer/usr/bin/swift-plugin-server\#SwiftUIMacros -disable-implicit-swift-modules -Xcc -fno-implicit-modules -Xcc -fno-implicit-module-maps -explicit-swift-module-map-file /Users/admin/builder/spi-builder-workspace/.derivedData/Build/Intermediates.noindex/ImageScrollView.build/Debug-watchos/ImageScrollView-t.build/Objects-normal/arm64_32/ImageScrollView-dependencies-2.json -enable-objc-interop -sdk /Applications/Xcode-27.0.0-Release.Candidate.app/Contents/Developer/Platforms/WatchOS.platform/Developer/SDKs/WatchOS27.0.sdk -I /Users/admin/builder/spi-builder-workspace/.derivedData/Build/Products/Debug-watchos -Isystem /Applications/Xcode-27.0.0-Release.Candidate.app/Contents/Developer/Platforms/WatchOS.platform/Developer/usr/lib -F /Users/admin/builder/spi-builder-workspace/.derivedData/Build/Products/Debug-watchos -F /Applications/Xcode-27.0.0-Release.Candidate.app/Contents/Developer/Platforms/WatchOS.platform/Developer/Library/Frameworks -F /Applications/Xcode-27.0.0-Release.Candidate.app/Contents/Developer/Platforms/WatchOS.platform/Developer/SDKs/WatchOS27.0.sdk/Developer/Library/Frameworks -module-cache-path /Users/admin/builder/spi-builder-workspace/.derivedData/Build/Intermediates.noindex/SwiftExplicitPrecompiledModules -no-color-diagnostics -Xcc -fno-color-diagnostics -enable-testing -g -debug-info-format\=dwarf -dwarf-version\=4 -swift-version 5 -Onone -D SWIFT_PACKAGE -D DEBUG -D SWIFT_MODULE_RESOURCE_BUNDLE_UNAVAILABLE -D Xcode -serialize-debugging-options -enable-experimental-feature DebugDescriptionMacro -empty-abi-descriptor -validate-clang-modules-once -clang-build-session-file /Users/admin/builder/spi-builder-workspace/.derivedData/ModuleCache.noindex/Session.modulevalidation -Xcc -working-directory -Xcc /Users/admin/builder/spi-builder-workspace/.swiftpm/xcode -enable-anonymous-context-mangled-names -file-compilation-dir /Users/admin/builder/spi-builder-workspace/.swiftpm/xcode -Xcc -D_LIBCPP_HARDENING_MODE\=_LIBCPP_HARDENING_MODE_DEBUG -Xcc -ivfsstatcache -Xcc /Users/admin/builder/spi-builder-workspace/.derivedData/SDKStatCaches.noindex/watchos27.0-24R360-e829b21a6f8c9b70876ba0858053c04477534ef55a1706bf4c1112bbb242f0a2.sdkstatcache -Xcc -fmodules-prune-interval\=86400 -Xcc -fmodules-prune-after\=345600 -Xcc -I/Users/admin/builder/spi-builder-workspace/.derivedData/Build/Products/Debug-watchos/include -Xcc -I/Users/admin/builder/spi-builder-workspace/.derivedData/Build/Intermediates.noindex/ImageScrollView.build/Debug-watchos/ImageScrollView-t.build/DerivedSources-normal/arm64_32 -Xcc -I/Users/admin/builder/spi-builder-workspace/.derivedData/Build/Intermediates.noindex/ImageScrollView.build/Debug-watchos/ImageScrollView-t.build/DerivedSources/arm64_32 -Xcc -I/Users/admin/builder/spi-builder-workspace/.derivedData/Build/Intermediates.noindex/ImageScrollView.build/Debug-watchos/ImageScrollView-t.build/DerivedSources -Xcc -DSWIFT_PACKAGE -Xcc -DDEBUG\=1 -no-auto-bridging-header-chaining -module-name ImageScrollView -const-gather-protocols-file /Users/admin/builder/spi-builder-workspace/.derivedData/Build/Intermediates.noindex/ImageScrollView.build/Debug-watchos/ImageScrollView-t.build/Objects-normal/arm64_32/ImageScrollView_const_extract_protocols.json -disable-clang-spi -clang-target arm64_32-apple-watchos27.0 -target-sdk-version 27.0 -target-sdk-name watchos27.0 -in-process-plugin-server-path /Applications/Xcode-27.0.0-Release.Candidate.app/Contents/Developer/Toolchains/XcodeDefault.xctoolchain/usr/lib/swift/host/libSwiftInProcPluginServer.dylib -emit-module-doc-path /Users/admin/builder/spi-builder-workspace/.derivedData/Build/Intermediates.noindex/ImageScrollView.build/Debug-watchos/ImageScrollView-t.build/Objects-normal/arm64_32/ImageScrollView.swiftdoc -emit-module-source-info-path /Users/admin/builder/spi-builder-workspace/.derivedData/Build/Intermediates.noindex/ImageScrollView.build/Debug-watchos/ImageScrollView-t.build/Objects-normal/arm64_32/ImageScrollView.swiftsourceinfo -emit-objc-header-path /Users/admin/builder/spi-builder-workspace/.derivedData/Build/Intermediates.noindex/ImageScrollView.build/Debug-watchos/ImageScrollView-t.build/Objects-normal/arm64_32/ImageScrollView-Swift.h -serialize-diagnostics-path /Users/admin/builder/spi-builder-workspace/.derivedData/Build/Intermediates.noindex/ImageScrollView.build/Debug-watchos/ImageScrollView-t.build/Objects-normal/arm64_32/ImageScrollView-primary-emit-module.dia -emit-dependencies-path /Users/admin/builder/spi-builder-workspace/.derivedData/Build/Intermediates.noindex/ImageScrollView.build/Debug-watchos/ImageScrollView-t.build/Objects-normal/arm64_32/ImageScrollView-primary-emit-module.d -parse-as-library -o /Users/admin/builder/spi-builder-workspace/.derivedData/Build/Intermediates.noindex/ImageScrollView.build/Debug-watchos/ImageScrollView-t.build/Objects-normal/arm64_32/ImageScrollView.swiftmodule -emit-abi-descriptor-path /Users/admin/builder/spi-builder-workspace/.derivedData/Build/Intermediates.noindex/ImageScrollView.build/Debug-watchos/ImageScrollView-t.build/Objects-normal/arm64_32/ImageScrollView.abi.json
SwiftCompile normal arm64_32 (in target 'ImageScrollView' from project 'ImageScrollView')
cd /Users/admin/builder/spi-builder-workspace/.swiftpm/xcode
SwiftEmitModule normal arm64 Emitting\ module\ for\ ImageScrollView (in target 'ImageScrollView' from project 'ImageScrollView')
/Users/admin/builder/spi-builder-workspace/Sources/ImageScrollView.swift:11:48: error: 'UIScrollViewDelegate' is unavailable in watchOS
9 | import UIKit
10 |
11 | @objc public protocol ImageScrollViewDelegate: UIScrollViewDelegate {
| `- error: 'UIScrollViewDelegate' is unavailable in watchOS
12 | func imageScrollViewDidChangeOrientation(imageScrollView: ImageScrollView)
13 | }
/Applications/Xcode-27.0.0-Release.Candidate.app/Contents/Developer/Platforms/WatchOS.platform/Developer/SDKs/WatchOS27.0.sdk/System/Library/Frameworks/UIKit.framework/Headers/UIScrollView.h:312:11: note: 'UIScrollViewDelegate' has been explicitly marked unavailable here
310 |
311 | API_UNAVAILABLE(watchos) NS_SWIFT_UI_ACTOR
312 | @protocol UIScrollViewDelegate<NSObject>
| `- note: 'UIScrollViewDelegate' has been explicitly marked unavailable here
313 |
314 | @optional
/Users/admin/builder/spi-builder-workspace/Sources/ImageScrollView.swift:34:45: error: 'UIImageView' is unavailable in watchOS
32 | @objc open var initialOffset: Offset = .begining
33 |
34 | @objc public private(set) var zoomView: UIImageView? = nil
| `- error: 'UIImageView' is unavailable in watchOS
35 |
36 | @objc open weak var imageScrollViewDelegate: ImageScrollViewDelegate?
/Applications/Xcode-27.0.0-Release.Candidate.app/Contents/Developer/Platforms/WatchOS.platform/Developer/SDKs/WatchOS27.0.sdk/System/Library/Frameworks/UIKit.framework/Headers/UIImageView.h:21:12: note: 'UIImageView' has been explicitly marked unavailable here
19 |
20 | UIKIT_EXTERN API_AVAILABLE(ios(2.0)) API_UNAVAILABLE(watchos) NS_SWIFT_UI_ACTOR
21 | @interface UIImageView : UIView
| `- note: 'UIImageView' has been explicitly marked unavailable here
22 |
23 | - (instancetype)initWithImage:(nullable UIImage *)image;
/Users/admin/builder/spi-builder-workspace/Sources/ImageScrollView.swift:253:64: error: 'UIGestureRecognizer' is unavailable in watchOS
251 | // MARK: - Gesture
252 |
253 | @objc func doubleTapGestureRecognizer(_ gestureRecognizer: UIGestureRecognizer) {
| `- error: 'UIGestureRecognizer' is unavailable in watchOS
254 | // zoom out if it bigger than the scale factor after double-tap scaling. Else, zoom in
255 | if zoomScale >= minimumZoomScale * ImageScrollView.kZoomInFactorFromMinWhenDoubleTap - 0.01 {
/Applications/Xcode-27.0.0-Release.Candidate.app/Contents/Developer/Platforms/WatchOS.platform/Developer/SDKs/WatchOS27.0.sdk/System/Library/Frameworks/UIKit.framework/Headers/UIGestureRecognizer.h:35:12: note: 'UIGestureRecognizer' has been explicitly marked unavailable here
33 |
34 | UIKIT_EXTERN API_AVAILABLE(ios(3.2)) API_UNAVAILABLE(watchos) NS_SWIFT_UI_ACTOR
35 | @interface UIGestureRecognizer : NSObject
| `- note: 'UIGestureRecognizer' has been explicitly marked unavailable here
36 |
37 | // Valid action method signatures:
/Users/admin/builder/spi-builder-workspace/Sources/ImageScrollView.swift:15:29: error: 'UIScrollView' is unavailable in watchOS
13 | }
14 |
15 | open class ImageScrollView: UIScrollView {
| `- error: 'UIScrollView' is unavailable in watchOS
16 |
17 | @objc public enum ScaleMode: Int {
/Applications/Xcode-27.0.0-Release.Candidate.app/Contents/Developer/Platforms/WatchOS.platform/Developer/SDKs/WatchOS27.0.sdk/System/Library/Frameworks/UIKit.framework/Headers/UIScrollView.h:87:12: note: 'UIScrollView' has been explicitly marked unavailable here
85 |
86 | UIKIT_EXTERN API_AVAILABLE(ios(2.0)) API_UNAVAILABLE(watchos) NS_SWIFT_UI_ACTOR
87 | @interface UIScrollView : UIView <NSCoding, UIFocusItemScrollableContainer>
| `- note: 'UIScrollView' has been explicitly marked unavailable here
88 |
89 | @property(nonatomic) CGPoint contentOffset; // default CGPointZero
/Users/admin/builder/spi-builder-workspace/Sources/ImageScrollView.swift:299:51: error: 'UIScrollView' is unavailable in watchOS
297 | extension ImageScrollView: UIScrollViewDelegate {
298 |
299 | public func scrollViewDidScroll(_ scrollView: UIScrollView) {
| `- error: 'UIScrollView' is unavailable in watchOS
300 | imageScrollViewDelegate?.scrollViewDidScroll?(scrollView)
301 | }
/Applications/Xcode-27.0.0-Release.Candidate.app/Contents/Developer/Platforms/WatchOS.platform/Developer/SDKs/WatchOS27.0.sdk/System/Library/Frameworks/UIKit.framework/Headers/UIScrollView.h:87:12: note: 'UIScrollView' has been explicitly marked unavailable here
85 |
86 | UIKIT_EXTERN API_AVAILABLE(ios(2.0)) API_UNAVAILABLE(watchos) NS_SWIFT_UI_ACTOR
87 | @interface UIScrollView : UIView <NSCoding, UIFocusItemScrollableContainer>
| `- note: 'UIScrollView' has been explicitly marked unavailable here
88 |
89 | @property(nonatomic) CGPoint contentOffset; // default CGPointZero
/Users/admin/builder/spi-builder-workspace/Sources/ImageScrollView.swift:303:59: error: 'UIScrollView' is unavailable in watchOS
301 | }
302 |
303 | public func scrollViewWillBeginDragging(_ scrollView: UIScrollView) {
| `- error: 'UIScrollView' is unavailable in watchOS
304 | imageScrollViewDelegate?.scrollViewWillBeginDragging?(scrollView)
305 | }
/Applications/Xcode-27.0.0-Release.Candidate.app/Contents/Developer/Platforms/WatchOS.platform/Developer/SDKs/WatchOS27.0.sdk/System/Library/Frameworks/UIKit.framework/Headers/UIScrollView.h:87:12: note: 'UIScrollView' has been explicitly marked unavailable here
85 |
86 | UIKIT_EXTERN API_AVAILABLE(ios(2.0)) API_UNAVAILABLE(watchos) NS_SWIFT_UI_ACTOR
87 | @interface UIScrollView : UIView <NSCoding, UIFocusItemScrollableContainer>
| `- note: 'UIScrollView' has been explicitly marked unavailable here
88 |
89 | @property(nonatomic) CGPoint contentOffset; // default CGPointZero
/Users/admin/builder/spi-builder-workspace/Sources/ImageScrollView.swift:307:57: error: 'UIScrollView' is unavailable in watchOS
305 | }
306 |
307 | public func scrollViewWillEndDragging(_ scrollView: UIScrollView, withVelocity velocity: CGPoint, targetContentOffset: UnsafeMutablePointer<CGPoint>) {
| `- error: 'UIScrollView' is unavailable in watchOS
308 | imageScrollViewDelegate?.scrollViewWillEndDragging?(scrollView, withVelocity: velocity, targetContentOffset: targetContentOffset)
309 | }
/Applications/Xcode-27.0.0-Release.Candidate.app/Contents/Developer/Platforms/WatchOS.platform/Developer/SDKs/WatchOS27.0.sdk/System/Library/Frameworks/UIKit.framework/Headers/UIScrollView.h:87:12: note: 'UIScrollView' has been explicitly marked unavailable here
85 |
86 | UIKIT_EXTERN API_AVAILABLE(ios(2.0)) API_UNAVAILABLE(watchos) NS_SWIFT_UI_ACTOR
87 | @interface UIScrollView : UIView <NSCoding, UIFocusItemScrollableContainer>
| `- note: 'UIScrollView' has been explicitly marked unavailable here
88 |
89 | @property(nonatomic) CGPoint contentOffset; // default CGPointZero
/Users/admin/builder/spi-builder-workspace/Sources/ImageScrollView.swift:311:56: error: 'UIScrollView' is unavailable in watchOS
309 | }
310 |
311 | public func scrollViewDidEndDragging(_ scrollView: UIScrollView, willDecelerate decelerate: Bool) {
| `- error: 'UIScrollView' is unavailable in watchOS
312 | imageScrollViewDelegate?.scrollViewDidEndDragging?(scrollView, willDecelerate: decelerate)
313 | }
/Applications/Xcode-27.0.0-Release.Candidate.app/Contents/Developer/Platforms/WatchOS.platform/Developer/SDKs/WatchOS27.0.sdk/System/Library/Frameworks/UIKit.framework/Headers/UIScrollView.h:87:12: note: 'UIScrollView' has been explicitly marked unavailable here
85 |
86 | UIKIT_EXTERN API_AVAILABLE(ios(2.0)) API_UNAVAILABLE(watchos) NS_SWIFT_UI_ACTOR
87 | @interface UIScrollView : UIView <NSCoding, UIFocusItemScrollableContainer>
| `- note: 'UIScrollView' has been explicitly marked unavailable here
88 |
89 | @property(nonatomic) CGPoint contentOffset; // default CGPointZero
/Users/admin/builder/spi-builder-workspace/Sources/ImageScrollView.swift:315:63: error: 'UIScrollView' is unavailable in watchOS
313 | }
314 |
315 | public func scrollViewWillBeginDecelerating(_ scrollView: UIScrollView) {
| `- error: 'UIScrollView' is unavailable in watchOS
316 | imageScrollViewDelegate?.scrollViewWillBeginDecelerating?(scrollView)
317 | }
/Applications/Xcode-27.0.0-Release.Candidate.app/Contents/Developer/Platforms/WatchOS.platform/Developer/SDKs/WatchOS27.0.sdk/System/Library/Frameworks/UIKit.framework/Headers/UIScrollView.h:87:12: note: 'UIScrollView' has been explicitly marked unavailable here
85 |
86 | UIKIT_EXTERN API_AVAILABLE(ios(2.0)) API_UNAVAILABLE(watchos) NS_SWIFT_UI_ACTOR
87 | @interface UIScrollView : UIView <NSCoding, UIFocusItemScrollableContainer>
| `- note: 'UIScrollView' has been explicitly marked unavailable here
88 |
89 | @property(nonatomic) CGPoint contentOffset; // default CGPointZero
/Users/admin/builder/spi-builder-workspace/Sources/ImageScrollView.swift:319:60: error: 'UIScrollView' is unavailable in watchOS
317 | }
318 |
319 | public func scrollViewDidEndDecelerating(_ scrollView: UIScrollView) {
| `- error: 'UIScrollView' is unavailable in watchOS
320 | imageScrollViewDelegate?.scrollViewDidEndDecelerating?(scrollView)
321 | }
/Applications/Xcode-27.0.0-Release.Candidate.app/Contents/Developer/Platforms/WatchOS.platform/Developer/SDKs/WatchOS27.0.sdk/System/Library/Frameworks/UIKit.framework/Headers/UIScrollView.h:87:12: note: 'UIScrollView' has been explicitly marked unavailable here
85 |
86 | UIKIT_EXTERN API_AVAILABLE(ios(2.0)) API_UNAVAILABLE(watchos) NS_SWIFT_UI_ACTOR
87 | @interface UIScrollView : UIView <NSCoding, UIFocusItemScrollableContainer>
| `- note: 'UIScrollView' has been explicitly marked unavailable here
88 |
89 | @property(nonatomic) CGPoint contentOffset; // default CGPointZero
/Users/admin/builder/spi-builder-workspace/Sources/ImageScrollView.swift:323:66: error: 'UIScrollView' is unavailable in watchOS
321 | }
322 |
323 | public func scrollViewDidEndScrollingAnimation(_ scrollView: UIScrollView) {
| `- error: 'UIScrollView' is unavailable in watchOS
324 | imageScrollViewDelegate?.scrollViewDidEndScrollingAnimation?(scrollView)
325 | }
/Applications/Xcode-27.0.0-Release.Candidate.app/Contents/Developer/Platforms/WatchOS.platform/Developer/SDKs/WatchOS27.0.sdk/System/Library/Frameworks/UIKit.framework/Headers/UIScrollView.h:87:12: note: 'UIScrollView' has been explicitly marked unavailable here
85 |
86 | UIKIT_EXTERN API_AVAILABLE(ios(2.0)) API_UNAVAILABLE(watchos) NS_SWIFT_UI_ACTOR
87 | @interface UIScrollView : UIView <NSCoding, UIFocusItemScrollableContainer>
| `- note: 'UIScrollView' has been explicitly marked unavailable here
88 |
89 | @property(nonatomic) CGPoint contentOffset; // default CGPointZero
/Users/admin/builder/spi-builder-workspace/Sources/ImageScrollView.swift:327:58: error: 'UIScrollView' is unavailable in watchOS
325 | }
326 |
327 | public func scrollViewWillBeginZooming(_ scrollView: UIScrollView, with view: UIView?) {
| `- error: 'UIScrollView' is unavailable in watchOS
328 | imageScrollViewDelegate?.scrollViewWillBeginZooming?(scrollView, with: view)
329 | }
/Applications/Xcode-27.0.0-Release.Candidate.app/Contents/Developer/Platforms/WatchOS.platform/Developer/SDKs/WatchOS27.0.sdk/System/Library/Frameworks/UIKit.framework/Headers/UIScrollView.h:87:12: note: 'UIScrollView' has been explicitly marked unavailable here
85 |
86 | UIKIT_EXTERN API_AVAILABLE(ios(2.0)) API_UNAVAILABLE(watchos) NS_SWIFT_UI_ACTOR
87 | @interface UIScrollView : UIView <NSCoding, UIFocusItemScrollableContainer>
| `- note: 'UIScrollView' has been explicitly marked unavailable here
88 |
89 | @property(nonatomic) CGPoint contentOffset; // default CGPointZero
SwiftCompile normal arm64 (in target 'ImageScrollView' from project 'ImageScrollView')
cd /Users/admin/builder/spi-builder-workspace/.swiftpm/xcode
SwiftCompile normal arm64 Compiling\ ImageScrollView.swift /Users/admin/builder/spi-builder-workspace/Sources/ImageScrollView.swift (in target 'ImageScrollView' from project 'ImageScrollView')
/Users/admin/builder/spi-builder-workspace/Sources/ImageScrollView.swift:11:48: error: 'UIScrollViewDelegate' is unavailable in watchOS
9 | import UIKit
10 |
11 | @objc public protocol ImageScrollViewDelegate: UIScrollViewDelegate {
| `- error: 'UIScrollViewDelegate' is unavailable in watchOS
12 | func imageScrollViewDidChangeOrientation(imageScrollView: ImageScrollView)
13 | }
/Applications/Xcode-27.0.0-Release.Candidate.app/Contents/Developer/Platforms/WatchOS.platform/Developer/SDKs/WatchOS27.0.sdk/System/Library/Frameworks/UIKit.framework/Headers/UIScrollView.h:312:11: note: 'UIScrollViewDelegate' has been explicitly marked unavailable here
310 |
311 | API_UNAVAILABLE(watchos) NS_SWIFT_UI_ACTOR
312 | @protocol UIScrollViewDelegate<NSObject>
| `- note: 'UIScrollViewDelegate' has been explicitly marked unavailable here
313 |
314 | @optional
/Users/admin/builder/spi-builder-workspace/Sources/ImageScrollView.swift:34:45: error: 'UIImageView' is unavailable in watchOS
32 | @objc open var initialOffset: Offset = .begining
33 |
34 | @objc public private(set) var zoomView: UIImageView? = nil
| `- error: 'UIImageView' is unavailable in watchOS
35 |
36 | @objc open weak var imageScrollViewDelegate: ImageScrollViewDelegate?
/Applications/Xcode-27.0.0-Release.Candidate.app/Contents/Developer/Platforms/WatchOS.platform/Developer/SDKs/WatchOS27.0.sdk/System/Library/Frameworks/UIKit.framework/Headers/UIImageView.h:21:12: note: 'UIImageView' has been explicitly marked unavailable here
19 |
20 | UIKIT_EXTERN API_AVAILABLE(ios(2.0)) API_UNAVAILABLE(watchos) NS_SWIFT_UI_ACTOR
21 | @interface UIImageView : UIView
| `- note: 'UIImageView' has been explicitly marked unavailable here
22 |
23 | - (instancetype)initWithImage:(nullable UIImage *)image;
/Users/admin/builder/spi-builder-workspace/Sources/ImageScrollView.swift:253:64: error: 'UIGestureRecognizer' is unavailable in watchOS
251 | // MARK: - Gesture
252 |
253 | @objc func doubleTapGestureRecognizer(_ gestureRecognizer: UIGestureRecognizer) {
| `- error: 'UIGestureRecognizer' is unavailable in watchOS
254 | // zoom out if it bigger than the scale factor after double-tap scaling. Else, zoom in
255 | if zoomScale >= minimumZoomScale * ImageScrollView.kZoomInFactorFromMinWhenDoubleTap - 0.01 {
/Applications/Xcode-27.0.0-Release.Candidate.app/Contents/Developer/Platforms/WatchOS.platform/Developer/SDKs/WatchOS27.0.sdk/System/Library/Frameworks/UIKit.framework/Headers/UIGestureRecognizer.h:35:12: note: 'UIGestureRecognizer' has been explicitly marked unavailable here
33 |
34 | UIKIT_EXTERN API_AVAILABLE(ios(3.2)) API_UNAVAILABLE(watchos) NS_SWIFT_UI_ACTOR
35 | @interface UIGestureRecognizer : NSObject
| `- note: 'UIGestureRecognizer' has been explicitly marked unavailable here
36 |
37 | // Valid action method signatures:
/Users/admin/builder/spi-builder-workspace/Sources/ImageScrollView.swift:15:29: error: 'UIScrollView' is unavailable in watchOS
13 | }
14 |
15 | open class ImageScrollView: UIScrollView {
| `- error: 'UIScrollView' is unavailable in watchOS
16 |
17 | @objc public enum ScaleMode: Int {
/Applications/Xcode-27.0.0-Release.Candidate.app/Contents/Developer/Platforms/WatchOS.platform/Developer/SDKs/WatchOS27.0.sdk/System/Library/Frameworks/UIKit.framework/Headers/UIScrollView.h:87:12: note: 'UIScrollView' has been explicitly marked unavailable here
85 |
86 | UIKIT_EXTERN API_AVAILABLE(ios(2.0)) API_UNAVAILABLE(watchos) NS_SWIFT_UI_ACTOR
87 | @interface UIScrollView : UIView <NSCoding, UIFocusItemScrollableContainer>
| `- note: 'UIScrollView' has been explicitly marked unavailable here
88 |
89 | @property(nonatomic) CGPoint contentOffset; // default CGPointZero
/Users/admin/builder/spi-builder-workspace/Sources/ImageScrollView.swift:299:51: error: 'UIScrollView' is unavailable in watchOS
297 | extension ImageScrollView: UIScrollViewDelegate {
298 |
299 | public func scrollViewDidScroll(_ scrollView: UIScrollView) {
| `- error: 'UIScrollView' is unavailable in watchOS
300 | imageScrollViewDelegate?.scrollViewDidScroll?(scrollView)
301 | }
/Applications/Xcode-27.0.0-Release.Candidate.app/Contents/Developer/Platforms/WatchOS.platform/Developer/SDKs/WatchOS27.0.sdk/System/Library/Frameworks/UIKit.framework/Headers/UIScrollView.h:87:12: note: 'UIScrollView' has been explicitly marked unavailable here
85 |
86 | UIKIT_EXTERN API_AVAILABLE(ios(2.0)) API_UNAVAILABLE(watchos) NS_SWIFT_UI_ACTOR
87 | @interface UIScrollView : UIView <NSCoding, UIFocusItemScrollableContainer>
| `- note: 'UIScrollView' has been explicitly marked unavailable here
88 |
89 | @property(nonatomic) CGPoint contentOffset; // default CGPointZero
/Users/admin/builder/spi-builder-workspace/Sources/ImageScrollView.swift:303:59: error: 'UIScrollView' is unavailable in watchOS
301 | }
302 |
303 | public func scrollViewWillBeginDragging(_ scrollView: UIScrollView) {
| `- error: 'UIScrollView' is unavailable in watchOS
304 | imageScrollViewDelegate?.scrollViewWillBeginDragging?(scrollView)
305 | }
/Applications/Xcode-27.0.0-Release.Candidate.app/Contents/Developer/Platforms/WatchOS.platform/Developer/SDKs/WatchOS27.0.sdk/System/Library/Frameworks/UIKit.framework/Headers/UIScrollView.h:87:12: note: 'UIScrollView' has been explicitly marked unavailable here
85 |
86 | UIKIT_EXTERN API_AVAILABLE(ios(2.0)) API_UNAVAILABLE(watchos) NS_SWIFT_UI_ACTOR
87 | @interface UIScrollView : UIView <NSCoding, UIFocusItemScrollableContainer>
| `- note: 'UIScrollView' has been explicitly marked unavailable here
88 |
89 | @property(nonatomic) CGPoint contentOffset; // default CGPointZero
/Users/admin/builder/spi-builder-workspace/Sources/ImageScrollView.swift:307:57: error: 'UIScrollView' is unavailable in watchOS
305 | }
306 |
307 | public func scrollViewWillEndDragging(_ scrollView: UIScrollView, withVelocity velocity: CGPoint, targetContentOffset: UnsafeMutablePointer<CGPoint>) {
| `- error: 'UIScrollView' is unavailable in watchOS
308 | imageScrollViewDelegate?.scrollViewWillEndDragging?(scrollView, withVelocity: velocity, targetContentOffset: targetContentOffset)
309 | }
/Applications/Xcode-27.0.0-Release.Candidate.app/Contents/Developer/Platforms/WatchOS.platform/Developer/SDKs/WatchOS27.0.sdk/System/Library/Frameworks/UIKit.framework/Headers/UIScrollView.h:87:12: note: 'UIScrollView' has been explicitly marked unavailable here
85 |
86 | UIKIT_EXTERN API_AVAILABLE(ios(2.0)) API_UNAVAILABLE(watchos) NS_SWIFT_UI_ACTOR
87 | @interface UIScrollView : UIView <NSCoding, UIFocusItemScrollableContainer>
| `- note: 'UIScrollView' has been explicitly marked unavailable here
88 |
89 | @property(nonatomic) CGPoint contentOffset; // default CGPointZero
/Users/admin/builder/spi-builder-workspace/Sources/ImageScrollView.swift:311:56: error: 'UIScrollView' is unavailable in watchOS
309 | }
310 |
311 | public func scrollViewDidEndDragging(_ scrollView: UIScrollView, willDecelerate decelerate: Bool) {
| `- error: 'UIScrollView' is unavailable in watchOS
312 | imageScrollViewDelegate?.scrollViewDidEndDragging?(scrollView, willDecelerate: decelerate)
313 | }
/Applications/Xcode-27.0.0-Release.Candidate.app/Contents/Developer/Platforms/WatchOS.platform/Developer/SDKs/WatchOS27.0.sdk/System/Library/Frameworks/UIKit.framework/Headers/UIScrollView.h:87:12: note: 'UIScrollView' has been explicitly marked unavailable here
85 |
86 | UIKIT_EXTERN API_AVAILABLE(ios(2.0)) API_UNAVAILABLE(watchos) NS_SWIFT_UI_ACTOR
87 | @interface UIScrollView : UIView <NSCoding, UIFocusItemScrollableContainer>
| `- note: 'UIScrollView' has been explicitly marked unavailable here
88 |
89 | @property(nonatomic) CGPoint contentOffset; // default CGPointZero
/Users/admin/builder/spi-builder-workspace/Sources/ImageScrollView.swift:315:63: error: 'UIScrollView' is unavailable in watchOS
313 | }
314 |
315 | public func scrollViewWillBeginDecelerating(_ scrollView: UIScrollView) {
| `- error: 'UIScrollView' is unavailable in watchOS
316 | imageScrollViewDelegate?.scrollViewWillBeginDecelerating?(scrollView)
317 | }
/Applications/Xcode-27.0.0-Release.Candidate.app/Contents/Developer/Platforms/WatchOS.platform/Developer/SDKs/WatchOS27.0.sdk/System/Library/Frameworks/UIKit.framework/Headers/UIScrollView.h:87:12: note: 'UIScrollView' has been explicitly marked unavailable here
85 |
86 | UIKIT_EXTERN API_AVAILABLE(ios(2.0)) API_UNAVAILABLE(watchos) NS_SWIFT_UI_ACTOR
87 | @interface UIScrollView : UIView <NSCoding, UIFocusItemScrollableContainer>
| `- note: 'UIScrollView' has been explicitly marked unavailable here
88 |
89 | @property(nonatomic) CGPoint contentOffset; // default CGPointZero
/Users/admin/builder/spi-builder-workspace/Sources/ImageScrollView.swift:319:60: error: 'UIScrollView' is unavailable in watchOS
317 | }
318 |
319 | public func scrollViewDidEndDecelerating(_ scrollView: UIScrollView) {
| `- error: 'UIScrollView' is unavailable in watchOS
320 | imageScrollViewDelegate?.scrollViewDidEndDecelerating?(scrollView)
321 | }
/Applications/Xcode-27.0.0-Release.Candidate.app/Contents/Developer/Platforms/WatchOS.platform/Developer/SDKs/WatchOS27.0.sdk/System/Library/Frameworks/UIKit.framework/Headers/UIScrollView.h:87:12: note: 'UIScrollView' has been explicitly marked unavailable here
85 |
86 | UIKIT_EXTERN API_AVAILABLE(ios(2.0)) API_UNAVAILABLE(watchos) NS_SWIFT_UI_ACTOR
87 | @interface UIScrollView : UIView <NSCoding, UIFocusItemScrollableContainer>
| `- note: 'UIScrollView' has been explicitly marked unavailable here
88 |
89 | @property(nonatomic) CGPoint contentOffset; // default CGPointZero
/Users/admin/builder/spi-builder-workspace/Sources/ImageScrollView.swift:323:66: error: 'UIScrollView' is unavailable in watchOS
321 | }
322 |
323 | public func scrollViewDidEndScrollingAnimation(_ scrollView: UIScrollView) {
| `- error: 'UIScrollView' is unavailable in watchOS
324 | imageScrollViewDelegate?.scrollViewDidEndScrollingAnimation?(scrollView)
325 | }
/Applications/Xcode-27.0.0-Release.Candidate.app/Contents/Developer/Platforms/WatchOS.platform/Developer/SDKs/WatchOS27.0.sdk/System/Library/Frameworks/UIKit.framework/Headers/UIScrollView.h:87:12: note: 'UIScrollView' has been explicitly marked unavailable here
85 |
86 | UIKIT_EXTERN API_AVAILABLE(ios(2.0)) API_UNAVAILABLE(watchos) NS_SWIFT_UI_ACTOR
87 | @interface UIScrollView : UIView <NSCoding, UIFocusItemScrollableContainer>
| `- note: 'UIScrollView' has been explicitly marked unavailable here
88 |
89 | @property(nonatomic) CGPoint contentOffset; // default CGPointZero
/Users/admin/builder/spi-builder-workspace/Sources/ImageScrollView.swift:327:58: error: 'UIScrollView' is unavailable in watchOS
325 | }
326 |
327 | public func scrollViewWillBeginZooming(_ scrollView: UIScrollView, with view: UIView?) {
| `- error: 'UIScrollView' is unavailable in watchOS
328 | imageScrollViewDelegate?.scrollViewWillBeginZooming?(scrollView, with: view)
329 | }
/Applications/Xcode-27.0.0-Release.Candidate.app/Contents/Developer/Platforms/WatchOS.platform/Developer/SDKs/WatchOS27.0.sdk/System/Library/Frameworks/UIKit.framework/Headers/UIScrollView.h:87:12: note: 'UIScrollView' has been explicitly marked unavailable here
85 |
86 | UIKIT_EXTERN API_AVAILABLE(ios(2.0)) API_UNAVAILABLE(watchos) NS_SWIFT_UI_ACTOR
87 | @interface UIScrollView : UIView <NSCoding, UIFocusItemScrollableContainer>
| `- note: 'UIScrollView' has been explicitly marked unavailable here
88 |
89 | @property(nonatomic) CGPoint contentOffset; // default CGPointZero
SwiftCompile normal arm64 /Users/admin/builder/spi-builder-workspace/Sources/ImageScrollView.swift (in target 'ImageScrollView' from project 'ImageScrollView')
cd /Users/admin/builder/spi-builder-workspace/.swiftpm/xcode
builtin-SwiftPerFileCompile ImageScrollView.swift
PruneExplicitPrecompiledModules /Users/admin/builder/spi-builder-workspace/.derivedData/Build/Intermediates.noindex/SwiftExplicitPrecompiledModules
PruneExplicitPrecompiledModules /Users/admin/builder/spi-builder-workspace/.derivedData/SDKExplicitPrecompiledModules
PruneExplicitPrecompiledModules /Users/admin/builder/spi-builder-workspace/.derivedData/Build/Intermediates.noindex/ExplicitPrecompiledModules
2026-09-18 22:22:43.191 xcodebuild[658:4232] [MT] IDERunDestination: Supported platforms for the buildables in the current scheme is empty.
** BUILD FAILED **
The following build commands failed:
SwiftEmitModule normal arm64_32 Emitting\ module\ for\ ImageScrollView (in target 'ImageScrollView' from project 'ImageScrollView')
SwiftCompile normal arm64_32 (in target 'ImageScrollView' from project 'ImageScrollView')
Building workspace ImageScrollView with scheme ImageScrollView
(3 failures)
Command line invocation:
/Applications/Xcode-27.0.0-Release.Candidate.app/Contents/Developer/usr/bin/xcodebuild -IDEClonedSourcePackagesDirPathOverride=/Users/admin/builder/spi-builder-workspace/.dependencies -resolvePackageDependencies
Resolve Package Graph
Resolved source packages:
ImageScrollView: /Users/admin/builder/spi-builder-workspace
resolved source packages: ImageScrollView
2026-09-18 22:22:49.052 xcodebuild[779:4703] [MT] IDERunDestination: Supported platforms for the buildables in the current scheme is empty.
{
"dependencies" : [
],
"manifest_display_name" : "ImageScrollView",
"name" : "ImageScrollView",
"path" : "/Users/admin/builder/spi-builder-workspace",
"platforms" : [
],
"products" : [
{
"name" : "ImageScrollView",
"targets" : [
"ImageScrollView"
],
"type" : {
"library" : [
"automatic"
]
}
}
],
"targets" : [
{
"c99name" : "ImageScrollView",
"module_type" : "SwiftTarget",
"name" : "ImageScrollView",
"path" : "Sources",
"product_memberships" : [
"ImageScrollView"
],
"sources" : [
"ImageScrollView.swift"
],
"type" : "library"
}
],
"tools_version" : "5.2"
}
{
"workspace" : {
"name" : "ImageScrollView",
"schemes" : [
"ImageScrollView"
]
}
}
2026-09-18 22:22:50.363 xcodebuild[787:4770] [MT] IDERunDestination: Supported platforms for the buildables in the current scheme is empty.
Running build ...
env DEVELOPER_DIR=/Applications/Xcode-27.0.0-Release.Candidate.app xcrun xcodebuild -IDEClonedSourcePackagesDirPathOverride=$PWD/.dependencies -skipMacroValidation -skipPackagePluginValidation -derivedDataPath $PWD/.derivedData build -scheme ImageScrollView -destination generic/platform=watchOS
Command line invocation:
/Applications/Xcode-27.0.0-Release.Candidate.app/Contents/Developer/usr/bin/xcodebuild -IDEClonedSourcePackagesDirPathOverride=/Users/admin/builder/spi-builder-workspace/.dependencies -skipMacroValidation -skipPackagePluginValidation -derivedDataPath /Users/admin/builder/spi-builder-workspace/.derivedData build -scheme ImageScrollView -destination generic/platform=watchOS
Resolve Package Graph
Resolved source packages:
ImageScrollView: /Users/admin/builder/spi-builder-workspace
ComputePackagePrebuildTargetDependencyGraph
Prepare packages
CreateBuildRequest
SendProjectDescription
CreateBuildOperation
ComputeTargetDependencyGraph
note: Building targets in dependency order
note: Target dependency graph (2 targets)
Target 'ImageScrollView-product' in project 'ImageScrollView'
➜ Explicit dependency on target 'ImageScrollView' in project 'ImageScrollView'
Target 'ImageScrollView' in project 'ImageScrollView' (no dependencies)
GatherProvisioningInputs
CreateBuildDescription
ClangStatCache /Applications/Xcode-27.0.0-Release.Candidate.app/Contents/Developer/Toolchains/XcodeDefault.xctoolchain/usr/bin/clang-stat-cache /Applications/Xcode-27.0.0-Release.Candidate.app/Contents/Developer/Platforms/WatchOS.platform/Developer/SDKs/WatchOS27.0.sdk /Users/admin/builder/spi-builder-workspace/.derivedData/SDKStatCaches.noindex/watchos27.0-24R360-e829b21a6f8c9b70876ba0858053c04477534ef55a1706bf4c1112bbb242f0a2.sdkstatcache
cd /Users/admin/builder/spi-builder-workspace/.swiftpm/xcode
/Applications/Xcode-27.0.0-Release.Candidate.app/Contents/Developer/Toolchains/XcodeDefault.xctoolchain/usr/bin/clang-stat-cache /Applications/Xcode-27.0.0-Release.Candidate.app/Contents/Developer/Platforms/WatchOS.platform/Developer/SDKs/WatchOS27.0.sdk -o /Users/admin/builder/spi-builder-workspace/.derivedData/SDKStatCaches.noindex/watchos27.0-24R360-e829b21a6f8c9b70876ba0858053c04477534ef55a1706bf4c1112bbb242f0a2.sdkstatcache
SwiftDriver ImageScrollView normal arm64 com.apple.xcode.tools.swift.compiler (in target 'ImageScrollView' from project 'ImageScrollView')
cd /Users/admin/builder/spi-builder-workspace/.swiftpm/xcode
builtin-SwiftDriver -- /Applications/Xcode-27.0.0-Release.Candidate.app/Contents/Developer/Toolchains/XcodeDefault.xctoolchain/usr/bin/swiftc -parse-as-library -module-name ImageScrollView -Onone @/Users/admin/builder/spi-builder-workspace/.derivedData/Build/Intermediates.noindex/ImageScrollView.build/Debug-watchos/ImageScrollView-t.build/Objects-normal/arm64/ImageScrollView.SwiftFileList -DSWIFT_PACKAGE -DDEBUG -DSWIFT_MODULE_RESOURCE_BUNDLE_UNAVAILABLE -DXcode -plugin-path /Applications/Xcode-27.0.0-Release.Candidate.app/Contents/Developer/Toolchains/XcodeDefault.xctoolchain/usr/lib/swift/host/plugins/testing -enable-experimental-feature DebugDescriptionMacro -sdk /Applications/Xcode-27.0.0-Release.Candidate.app/Contents/Developer/Platforms/WatchOS.platform/Developer/SDKs/WatchOS27.0.sdk -target arm64-apple-watchos9.0 -g -module-cache-path /Users/admin/builder/spi-builder-workspace/.derivedData/ModuleCache.noindex -Xfrontend -serialize-debugging-options -enable-testing -index-store-path /Users/admin/builder/spi-builder-workspace/.derivedData/Index.noindex/DataStore -Xcc -D_LIBCPP_HARDENING_MODE\=_LIBCPP_HARDENING_MODE_DEBUG -swift-version 5 -I /Users/admin/builder/spi-builder-workspace/.derivedData/Build/Products/Debug-watchos -Isystem /Applications/Xcode-27.0.0-Release.Candidate.app/Contents/Developer/Platforms/WatchOS.platform/Developer/usr/lib -F /Users/admin/builder/spi-builder-workspace/.derivedData/Build/Products/Debug-watchos -F /Applications/Xcode-27.0.0-Release.Candidate.app/Contents/Developer/Platforms/WatchOS.platform/Developer/Library/Frameworks -F /Applications/Xcode-27.0.0-Release.Candidate.app/Contents/Developer/Platforms/WatchOS.platform/Developer/SDKs/WatchOS27.0.sdk/Developer/Library/Frameworks -c -j10 -enable-batch-mode -incremental -Xcc -ivfsstatcache -Xcc /Users/admin/builder/spi-builder-workspace/.derivedData/SDKStatCaches.noindex/watchos27.0-24R360-e829b21a6f8c9b70876ba0858053c04477534ef55a1706bf4c1112bbb242f0a2.sdkstatcache -output-file-map /Users/admin/builder/spi-builder-workspace/.derivedData/Build/Intermediates.noindex/ImageScrollView.build/Debug-watchos/ImageScrollView-t.build/Objects-normal/arm64/ImageScrollView-OutputFileMap.json -save-temps -no-color-diagnostics -explicit-module-build -module-cache-path /Users/admin/builder/spi-builder-workspace/.derivedData/Build/Intermediates.noindex/SwiftExplicitPrecompiledModules -clang-scanner-module-cache-path /Users/admin/builder/spi-builder-workspace/.derivedData/ModuleCache.noindex -sdk-module-cache-path /Users/admin/builder/spi-builder-workspace/.derivedData/SDKExplicitPrecompiledModules -emit-dependencies -emit-module -emit-module-path /Users/admin/builder/spi-builder-workspace/.derivedData/Build/Intermediates.noindex/ImageScrollView.build/Debug-watchos/ImageScrollView-t.build/Objects-normal/arm64/ImageScrollView.swiftmodule -serialize-diagnostics -dependency-scan-serialize-diagnostics-path /Users/admin/builder/spi-builder-workspace/.derivedData/Build/Intermediates.noindex/ImageScrollView.build/Debug-watchos/ImageScrollView-t.build/Objects-normal/arm64/ImageScrollView-dependency-scan.dia -validate-clang-modules-once -clang-build-session-file /Users/admin/builder/spi-builder-workspace/.derivedData/ModuleCache.noindex/Session.modulevalidation -Xcc -fmodules-prune-interval\=86400 -Xcc -fmodules-prune-after\=345600 -emit-const-values -const-gather-protocols-list /Users/admin/builder/spi-builder-workspace/.derivedData/Build/Intermediates.noindex/ImageScrollView.build/Debug-watchos/ImageScrollView-t.build/Objects-normal/arm64/ImageScrollView_const_extract_protocols.json -Xcc -I/Users/admin/builder/spi-builder-workspace/.derivedData/Build/Products/Debug-watchos/include -Xcc -I/Users/admin/builder/spi-builder-workspace/.derivedData/Build/Intermediates.noindex/ImageScrollView.build/Debug-watchos/ImageScrollView-t.build/DerivedSources-normal/arm64 -Xcc -I/Users/admin/builder/spi-builder-workspace/.derivedData/Build/Intermediates.noindex/ImageScrollView.build/Debug-watchos/ImageScrollView-t.build/DerivedSources/arm64 -Xcc -I/Users/admin/builder/spi-builder-workspace/.derivedData/Build/Intermediates.noindex/ImageScrollView.build/Debug-watchos/ImageScrollView-t.build/DerivedSources -Xcc -DSWIFT_PACKAGE -Xcc -DDEBUG\=1 -emit-objc-header -emit-objc-header-path /Users/admin/builder/spi-builder-workspace/.derivedData/Build/Intermediates.noindex/ImageScrollView.build/Debug-watchos/ImageScrollView-t.build/Objects-normal/arm64/ImageScrollView-Swift.h -working-directory /Users/admin/builder/spi-builder-workspace/.swiftpm/xcode -experimental-emit-module-separately -disable-cmo
SwiftDriver ImageScrollView normal arm64_32 com.apple.xcode.tools.swift.compiler (in target 'ImageScrollView' from project 'ImageScrollView')
cd /Users/admin/builder/spi-builder-workspace/.swiftpm/xcode
builtin-SwiftDriver -- /Applications/Xcode-27.0.0-Release.Candidate.app/Contents/Developer/Toolchains/XcodeDefault.xctoolchain/usr/bin/swiftc -parse-as-library -module-name ImageScrollView -Onone @/Users/admin/builder/spi-builder-workspace/.derivedData/Build/Intermediates.noindex/ImageScrollView.build/Debug-watchos/ImageScrollView-t.build/Objects-normal/arm64_32/ImageScrollView.SwiftFileList -DSWIFT_PACKAGE -DDEBUG -DSWIFT_MODULE_RESOURCE_BUNDLE_UNAVAILABLE -DXcode -plugin-path /Applications/Xcode-27.0.0-Release.Candidate.app/Contents/Developer/Toolchains/XcodeDefault.xctoolchain/usr/lib/swift/host/plugins/testing -enable-experimental-feature DebugDescriptionMacro -sdk /Applications/Xcode-27.0.0-Release.Candidate.app/Contents/Developer/Platforms/WatchOS.platform/Developer/SDKs/WatchOS27.0.sdk -target arm64_32-apple-watchos9.0 -g -module-cache-path /Users/admin/builder/spi-builder-workspace/.derivedData/ModuleCache.noindex -Xfrontend -serialize-debugging-options -enable-testing -index-store-path /Users/admin/builder/spi-builder-workspace/.derivedData/Index.noindex/DataStore -Xcc -D_LIBCPP_HARDENING_MODE\=_LIBCPP_HARDENING_MODE_DEBUG -swift-version 5 -I /Users/admin/builder/spi-builder-workspace/.derivedData/Build/Products/Debug-watchos -Isystem /Applications/Xcode-27.0.0-Release.Candidate.app/Contents/Developer/Platforms/WatchOS.platform/Developer/usr/lib -F /Users/admin/builder/spi-builder-workspace/.derivedData/Build/Products/Debug-watchos -F /Applications/Xcode-27.0.0-Release.Candidate.app/Contents/Developer/Platforms/WatchOS.platform/Developer/Library/Frameworks -F /Applications/Xcode-27.0.0-Release.Candidate.app/Contents/Developer/Platforms/WatchOS.platform/Developer/SDKs/WatchOS27.0.sdk/Developer/Library/Frameworks -c -j10 -enable-batch-mode -incremental -Xcc -ivfsstatcache -Xcc /Users/admin/builder/spi-builder-workspace/.derivedData/SDKStatCaches.noindex/watchos27.0-24R360-e829b21a6f8c9b70876ba0858053c04477534ef55a1706bf4c1112bbb242f0a2.sdkstatcache -output-file-map /Users/admin/builder/spi-builder-workspace/.derivedData/Build/Intermediates.noindex/ImageScrollView.build/Debug-watchos/ImageScrollView-t.build/Objects-normal/arm64_32/ImageScrollView-OutputFileMap.json -save-temps -no-color-diagnostics -explicit-module-build -module-cache-path /Users/admin/builder/spi-builder-workspace/.derivedData/Build/Intermediates.noindex/SwiftExplicitPrecompiledModules -clang-scanner-module-cache-path /Users/admin/builder/spi-builder-workspace/.derivedData/ModuleCache.noindex -sdk-module-cache-path /Users/admin/builder/spi-builder-workspace/.derivedData/SDKExplicitPrecompiledModules -emit-dependencies -emit-module -emit-module-path /Users/admin/builder/spi-builder-workspace/.derivedData/Build/Intermediates.noindex/ImageScrollView.build/Debug-watchos/ImageScrollView-t.build/Objects-normal/arm64_32/ImageScrollView.swiftmodule -serialize-diagnostics -dependency-scan-serialize-diagnostics-path /Users/admin/builder/spi-builder-workspace/.derivedData/Build/Intermediates.noindex/ImageScrollView.build/Debug-watchos/ImageScrollView-t.build/Objects-normal/arm64_32/ImageScrollView-dependency-scan.dia -validate-clang-modules-once -clang-build-session-file /Users/admin/builder/spi-builder-workspace/.derivedData/ModuleCache.noindex/Session.modulevalidation -Xcc -fmodules-prune-interval\=86400 -Xcc -fmodules-prune-after\=345600 -emit-const-values -const-gather-protocols-list /Users/admin/builder/spi-builder-workspace/.derivedData/Build/Intermediates.noindex/ImageScrollView.build/Debug-watchos/ImageScrollView-t.build/Objects-normal/arm64_32/ImageScrollView_const_extract_protocols.json -Xcc -I/Users/admin/builder/spi-builder-workspace/.derivedData/Build/Products/Debug-watchos/include -Xcc -I/Users/admin/builder/spi-builder-workspace/.derivedData/Build/Intermediates.noindex/ImageScrollView.build/Debug-watchos/ImageScrollView-t.build/DerivedSources-normal/arm64_32 -Xcc -I/Users/admin/builder/spi-builder-workspace/.derivedData/Build/Intermediates.noindex/ImageScrollView.build/Debug-watchos/ImageScrollView-t.build/DerivedSources/arm64_32 -Xcc -I/Users/admin/builder/spi-builder-workspace/.derivedData/Build/Intermediates.noindex/ImageScrollView.build/Debug-watchos/ImageScrollView-t.build/DerivedSources -Xcc -DSWIFT_PACKAGE -Xcc -DDEBUG\=1 -emit-objc-header -emit-objc-header-path /Users/admin/builder/spi-builder-workspace/.derivedData/Build/Intermediates.noindex/ImageScrollView.build/Debug-watchos/ImageScrollView-t.build/Objects-normal/arm64_32/ImageScrollView-Swift.h -working-directory /Users/admin/builder/spi-builder-workspace/.swiftpm/xcode -experimental-emit-module-separately -disable-cmo
SwiftEmitModule normal arm64 Emitting\ module\ for\ ImageScrollView (in target 'ImageScrollView' from project 'ImageScrollView')
/Users/admin/builder/spi-builder-workspace/Sources/ImageScrollView.swift:11:48: error: 'UIScrollViewDelegate' is unavailable in watchOS
9 | import UIKit
10 |
11 | @objc public protocol ImageScrollViewDelegate: UIScrollViewDelegate {
| `- error: 'UIScrollViewDelegate' is unavailable in watchOS
12 | func imageScrollViewDidChangeOrientation(imageScrollView: ImageScrollView)
13 | }
/Applications/Xcode-27.0.0-Release.Candidate.app/Contents/Developer/Platforms/WatchOS.platform/Developer/SDKs/WatchOS27.0.sdk/System/Library/Frameworks/UIKit.framework/Headers/UIScrollView.h:312:11: note: 'UIScrollViewDelegate' has been explicitly marked unavailable here
310 |
311 | API_UNAVAILABLE(watchos) NS_SWIFT_UI_ACTOR
312 | @protocol UIScrollViewDelegate<NSObject>
| `- note: 'UIScrollViewDelegate' has been explicitly marked unavailable here
313 |
314 | @optional
/Users/admin/builder/spi-builder-workspace/Sources/ImageScrollView.swift:34:45: error: 'UIImageView' is unavailable in watchOS
32 | @objc open var initialOffset: Offset = .begining
33 |
34 | @objc public private(set) var zoomView: UIImageView? = nil
| `- error: 'UIImageView' is unavailable in watchOS
35 |
36 | @objc open weak var imageScrollViewDelegate: ImageScrollViewDelegate?
/Applications/Xcode-27.0.0-Release.Candidate.app/Contents/Developer/Platforms/WatchOS.platform/Developer/SDKs/WatchOS27.0.sdk/System/Library/Frameworks/UIKit.framework/Headers/UIImageView.h:21:12: note: 'UIImageView' has been explicitly marked unavailable here
19 |
20 | UIKIT_EXTERN API_AVAILABLE(ios(2.0)) API_UNAVAILABLE(watchos) NS_SWIFT_UI_ACTOR
21 | @interface UIImageView : UIView
| `- note: 'UIImageView' has been explicitly marked unavailable here
22 |
23 | - (instancetype)initWithImage:(nullable UIImage *)image;
/Users/admin/builder/spi-builder-workspace/Sources/ImageScrollView.swift:253:64: error: 'UIGestureRecognizer' is unavailable in watchOS
251 | // MARK: - Gesture
252 |
253 | @objc func doubleTapGestureRecognizer(_ gestureRecognizer: UIGestureRecognizer) {
| `- error: 'UIGestureRecognizer' is unavailable in watchOS
254 | // zoom out if it bigger than the scale factor after double-tap scaling. Else, zoom in
255 | if zoomScale >= minimumZoomScale * ImageScrollView.kZoomInFactorFromMinWhenDoubleTap - 0.01 {
/Applications/Xcode-27.0.0-Release.Candidate.app/Contents/Developer/Platforms/WatchOS.platform/Developer/SDKs/WatchOS27.0.sdk/System/Library/Frameworks/UIKit.framework/Headers/UIGestureRecognizer.h:35:12: note: 'UIGestureRecognizer' has been explicitly marked unavailable here
33 |
34 | UIKIT_EXTERN API_AVAILABLE(ios(3.2)) API_UNAVAILABLE(watchos) NS_SWIFT_UI_ACTOR
35 | @interface UIGestureRecognizer : NSObject
| `- note: 'UIGestureRecognizer' has been explicitly marked unavailable here
36 |
37 | // Valid action method signatures:
/Users/admin/builder/spi-builder-workspace/Sources/ImageScrollView.swift:15:29: error: 'UIScrollView' is unavailable in watchOS
13 | }
14 |
15 | open class ImageScrollView: UIScrollView {
| `- error: 'UIScrollView' is unavailable in watchOS
16 |
17 | @objc public enum ScaleMode: Int {
/Applications/Xcode-27.0.0-Release.Candidate.app/Contents/Developer/Platforms/WatchOS.platform/Developer/SDKs/WatchOS27.0.sdk/System/Library/Frameworks/UIKit.framework/Headers/UIScrollView.h:87:12: note: 'UIScrollView' has been explicitly marked unavailable here
85 |
86 | UIKIT_EXTERN API_AVAILABLE(ios(2.0)) API_UNAVAILABLE(watchos) NS_SWIFT_UI_ACTOR
87 | @interface UIScrollView : UIView <NSCoding, UIFocusItemScrollableContainer>
| `- note: 'UIScrollView' has been explicitly marked unavailable here
88 |
89 | @property(nonatomic) CGPoint contentOffset; // default CGPointZero
/Users/admin/builder/spi-builder-workspace/Sources/ImageScrollView.swift:299:51: error: 'UIScrollView' is unavailable in watchOS
297 | extension ImageScrollView: UIScrollViewDelegate {
298 |
299 | public func scrollViewDidScroll(_ scrollView: UIScrollView) {
| `- error: 'UIScrollView' is unavailable in watchOS
300 | imageScrollViewDelegate?.scrollViewDidScroll?(scrollView)
301 | }
/Applications/Xcode-27.0.0-Release.Candidate.app/Contents/Developer/Platforms/WatchOS.platform/Developer/SDKs/WatchOS27.0.sdk/System/Library/Frameworks/UIKit.framework/Headers/UIScrollView.h:87:12: note: 'UIScrollView' has been explicitly marked unavailable here
85 |
86 | UIKIT_EXTERN API_AVAILABLE(ios(2.0)) API_UNAVAILABLE(watchos) NS_SWIFT_UI_ACTOR
87 | @interface UIScrollView : UIView <NSCoding, UIFocusItemScrollableContainer>
| `- note: 'UIScrollView' has been explicitly marked unavailable here
88 |
89 | @property(nonatomic) CGPoint contentOffset; // default CGPointZero
/Users/admin/builder/spi-builder-workspace/Sources/ImageScrollView.swift:303:59: error: 'UIScrollView' is unavailable in watchOS
301 | }
302 |
303 | public func scrollViewWillBeginDragging(_ scrollView: UIScrollView) {
| `- error: 'UIScrollView' is unavailable in watchOS
304 | imageScrollViewDelegate?.scrollViewWillBeginDragging?(scrollView)
305 | }
/Applications/Xcode-27.0.0-Release.Candidate.app/Contents/Developer/Platforms/WatchOS.platform/Developer/SDKs/WatchOS27.0.sdk/System/Library/Frameworks/UIKit.framework/Headers/UIScrollView.h:87:12: note: 'UIScrollView' has been explicitly marked unavailable here
85 |
86 | UIKIT_EXTERN API_AVAILABLE(ios(2.0)) API_UNAVAILABLE(watchos) NS_SWIFT_UI_ACTOR
87 | @interface UIScrollView : UIView <NSCoding, UIFocusItemScrollableContainer>
| `- note: 'UIScrollView' has been explicitly marked unavailable here
88 |
89 | @property(nonatomic) CGPoint contentOffset; // default CGPointZero
/Users/admin/builder/spi-builder-workspace/Sources/ImageScrollView.swift:307:57: error: 'UIScrollView' is unavailable in watchOS
305 | }
306 |
307 | public func scrollViewWillEndDragging(_ scrollView: UIScrollView, withVelocity velocity: CGPoint, targetContentOffset: UnsafeMutablePointer<CGPoint>) {
| `- error: 'UIScrollView' is unavailable in watchOS
308 | imageScrollViewDelegate?.scrollViewWillEndDragging?(scrollView, withVelocity: velocity, targetContentOffset: targetContentOffset)
309 | }
/Applications/Xcode-27.0.0-Release.Candidate.app/Contents/Developer/Platforms/WatchOS.platform/Developer/SDKs/WatchOS27.0.sdk/System/Library/Frameworks/UIKit.framework/Headers/UIScrollView.h:87:12: note: 'UIScrollView' has been explicitly marked unavailable here
85 |
86 | UIKIT_EXTERN API_AVAILABLE(ios(2.0)) API_UNAVAILABLE(watchos) NS_SWIFT_UI_ACTOR
87 | @interface UIScrollView : UIView <NSCoding, UIFocusItemScrollableContainer>
| `- note: 'UIScrollView' has been explicitly marked unavailable here
88 |
89 | @property(nonatomic) CGPoint contentOffset; // default CGPointZero
/Users/admin/builder/spi-builder-workspace/Sources/ImageScrollView.swift:311:56: error: 'UIScrollView' is unavailable in watchOS
309 | }
310 |
311 | public func scrollViewDidEndDragging(_ scrollView: UIScrollView, willDecelerate decelerate: Bool) {
| `- error: 'UIScrollView' is unavailable in watchOS
312 | imageScrollViewDelegate?.scrollViewDidEndDragging?(scrollView, willDecelerate: decelerate)
313 | }
/Applications/Xcode-27.0.0-Release.Candidate.app/Contents/Developer/Platforms/WatchOS.platform/Developer/SDKs/WatchOS27.0.sdk/System/Library/Frameworks/UIKit.framework/Headers/UIScrollView.h:87:12: note: 'UIScrollView' has been explicitly marked unavailable here
85 |
86 | UIKIT_EXTERN API_AVAILABLE(ios(2.0)) API_UNAVAILABLE(watchos) NS_SWIFT_UI_ACTOR
87 | @interface UIScrollView : UIView <NSCoding, UIFocusItemScrollableContainer>
| `- note: 'UIScrollView' has been explicitly marked unavailable here
88 |
89 | @property(nonatomic) CGPoint contentOffset; // default CGPointZero
/Users/admin/builder/spi-builder-workspace/Sources/ImageScrollView.swift:315:63: error: 'UIScrollView' is unavailable in watchOS
313 | }
314 |
315 | public func scrollViewWillBeginDecelerating(_ scrollView: UIScrollView) {
| `- error: 'UIScrollView' is unavailable in watchOS
316 | imageScrollViewDelegate?.scrollViewWillBeginDecelerating?(scrollView)
317 | }
/Applications/Xcode-27.0.0-Release.Candidate.app/Contents/Developer/Platforms/WatchOS.platform/Developer/SDKs/WatchOS27.0.sdk/System/Library/Frameworks/UIKit.framework/Headers/UIScrollView.h:87:12: note: 'UIScrollView' has been explicitly marked unavailable here
85 |
86 | UIKIT_EXTERN API_AVAILABLE(ios(2.0)) API_UNAVAILABLE(watchos) NS_SWIFT_UI_ACTOR
87 | @interface UIScrollView : UIView <NSCoding, UIFocusItemScrollableContainer>
| `- note: 'UIScrollView' has been explicitly marked unavailable here
88 |
89 | @property(nonatomic) CGPoint contentOffset; // default CGPointZero
/Users/admin/builder/spi-builder-workspace/Sources/ImageScrollView.swift:319:60: error: 'UIScrollView' is unavailable in watchOS
317 | }
318 |
319 | public func scrollViewDidEndDecelerating(_ scrollView: UIScrollView) {
| `- error: 'UIScrollView' is unavailable in watchOS
320 | imageScrollViewDelegate?.scrollViewDidEndDecelerating?(scrollView)
321 | }
/Applications/Xcode-27.0.0-Release.Candidate.app/Contents/Developer/Platforms/WatchOS.platform/Developer/SDKs/WatchOS27.0.sdk/System/Library/Frameworks/UIKit.framework/Headers/UIScrollView.h:87:12: note: 'UIScrollView' has been explicitly marked unavailable here
85 |
86 | UIKIT_EXTERN API_AVAILABLE(ios(2.0)) API_UNAVAILABLE(watchos) NS_SWIFT_UI_ACTOR
87 | @interface UIScrollView : UIView <NSCoding, UIFocusItemScrollableContainer>
| `- note: 'UIScrollView' has been explicitly marked unavailable here
88 |
89 | @property(nonatomic) CGPoint contentOffset; // default CGPointZero
/Users/admin/builder/spi-builder-workspace/Sources/ImageScrollView.swift:323:66: error: 'UIScrollView' is unavailable in watchOS
321 | }
322 |
323 | public func scrollViewDidEndScrollingAnimation(_ scrollView: UIScrollView) {
| `- error: 'UIScrollView' is unavailable in watchOS
324 | imageScrollViewDelegate?.scrollViewDidEndScrollingAnimation?(scrollView)
325 | }
/Applications/Xcode-27.0.0-Release.Candidate.app/Contents/Developer/Platforms/WatchOS.platform/Developer/SDKs/WatchOS27.0.sdk/System/Library/Frameworks/UIKit.framework/Headers/UIScrollView.h:87:12: note: 'UIScrollView' has been explicitly marked unavailable here
85 |
86 | UIKIT_EXTERN API_AVAILABLE(ios(2.0)) API_UNAVAILABLE(watchos) NS_SWIFT_UI_ACTOR
87 | @interface UIScrollView : UIView <NSCoding, UIFocusItemScrollableContainer>
| `- note: 'UIScrollView' has been explicitly marked unavailable here
88 |
89 | @property(nonatomic) CGPoint contentOffset; // default CGPointZero
/Users/admin/builder/spi-builder-workspace/Sources/ImageScrollView.swift:327:58: error: 'UIScrollView' is unavailable in watchOS
325 | }
326 |
327 | public func scrollViewWillBeginZooming(_ scrollView: UIScrollView, with view: UIView?) {
| `- error: 'UIScrollView' is unavailable in watchOS
328 | imageScrollViewDelegate?.scrollViewWillBeginZooming?(scrollView, with: view)
329 | }
/Applications/Xcode-27.0.0-Release.Candidate.app/Contents/Developer/Platforms/WatchOS.platform/Developer/SDKs/WatchOS27.0.sdk/System/Library/Frameworks/UIKit.framework/Headers/UIScrollView.h:87:12: note: 'UIScrollView' has been explicitly marked unavailable here
85 |
86 | UIKIT_EXTERN API_AVAILABLE(ios(2.0)) API_UNAVAILABLE(watchos) NS_SWIFT_UI_ACTOR
87 | @interface UIScrollView : UIView <NSCoding, UIFocusItemScrollableContainer>
| `- note: 'UIScrollView' has been explicitly marked unavailable here
88 |
89 | @property(nonatomic) CGPoint contentOffset; // default CGPointZero
/Users/admin/builder/spi-builder-workspace/Sources/ImageScrollView.swift:327:83: error: 'UIView' is unavailable in watchOS
325 | }
326 |
327 | public func scrollViewWillBeginZooming(_ scrollView: UIScrollView, with view: UIView?) {
| `- error: 'UIView' is unavailable in watchOS
328 | imageScrollViewDelegate?.scrollViewWillBeginZooming?(scrollView, with: view)
329 | }
/Applications/Xcode-27.0.0-Release.Candidate.app/Contents/Developer/Platforms/WatchOS.platform/Developer/SDKs/WatchOS27.0.sdk/System/Library/Frameworks/UIKit.framework/Headers/UIView.h:152:12: note: 'UIView' has been explicitly marked unavailable here
150 |
151 | UIKIT_EXTERN API_AVAILABLE(ios(2.0)) API_UNAVAILABLE(watchos) NS_SWIFT_UI_ACTOR
152 | @interface UIView : UIResponder <NSCoding, UIAppearance, UIAppearanceContainer, UIDynamicItem, UITraitEnvironment, UICoordinateSpace, UIFocusItem, UIFocusItemContainer, CALayerDelegate>
| `- note: 'UIView' has been explicitly marked unavailable here
153 |
154 | @property(class, nonatomic, readonly) Class layerClass; // default is [CALayer class]. Used when creating the underlying layer for the view.
/Users/admin/builder/spi-builder-workspace/Sources/ImageScrollView.swift:331:55: error: 'UIScrollView' is unavailable in watchOS
329 | }
330 |
331 | public func scrollViewDidEndZooming(_ scrollView: UIScrollView, with view: UIView?, atScale scale: CGFloat) {
| `- error: 'UIScrollView' is unavailable in watchOS
332 | imageScrollViewDelegate?.scrollViewDidEndZooming?(scrollView, with: view, atScale: scale)
333 | }
/Applications/Xcode-27.0.0-Release.Candidate.app/Contents/Developer/Platforms/WatchOS.platform/Developer/SDKs/WatchOS27.0.sdk/System/Library/Frameworks/UIKit.framework/Headers/UIScrollView.h:87:12: note: 'UIScrollView' has been explicitly marked unavailable here
85 |
86 | UIKIT_EXTERN API_AVAILABLE(ios(2.0)) API_UNAVAILABLE(watchos) NS_SWIFT_UI_ACTOR
87 | @interface UIScrollView : UIView <NSCoding, UIFocusItemScrollableContainer>
| `- note: 'UIScrollView' has been explicitly marked unavailable here
88 |
89 | @property(nonatomic) CGPoint contentOffset; // default CGPointZero
/Users/admin/builder/spi-builder-workspace/Sources/ImageScrollView.swift:331:80: error: 'UIView' is unavailable in watchOS
329 | }
330 |
331 | public func scrollViewDidEndZooming(_ scrollView: UIScrollView, with view: UIView?, atScale scale: CGFloat) {
| `- error: 'UIView' is unavailable in watchOS
332 | imageScrollViewDelegate?.scrollViewDidEndZooming?(scrollView, with: view, atScale: scale)
333 | }
/Applications/Xcode-27.0.0-Release.Candidate.app/Contents/Developer/Platforms/WatchOS.platform/Developer/SDKs/WatchOS27.0.sdk/System/Library/Frameworks/UIKit.framework/Headers/UIView.h:152:12: note: 'UIView' has been explicitly marked unavailable here
150 |
151 | UIKIT_EXTERN API_AVAILABLE(ios(2.0)) API_UNAVAILABLE(watchos) NS_SWIFT_UI_ACTOR
152 | @interface UIView : UIResponder <NSCoding, UIAppearance, UIAppearanceContainer, UIDynamicItem, UITraitEnvironment, UICoordinateSpace, UIFocusItem, UIFocusItemContainer, CALayerDelegate>
| `- note: 'UIView' has been explicitly marked unavailable here
153 |
154 | @property(class, nonatomic, readonly) Class layerClass; // default is [CALayer class]. Used when creating the underlying layer for the view.
/Users/admin/builder/spi-builder-workspace/Sources/ImageScrollView.swift:335:59: error: 'UIScrollView' is unavailable in watchOS
333 | }
334 |
335 | public func scrollViewShouldScrollToTop(_ scrollView: UIScrollView) -> Bool {
| `- error: 'UIScrollView' is unavailable in watchOS
336 | return false
337 | }
/Applications/Xcode-27.0.0-Release.Candidate.app/Contents/Developer/Platforms/WatchOS.platform/Developer/SDKs/WatchOS27.0.sdk/System/Library/Frameworks/UIKit.framework/Headers/UIScrollView.h:87:12: note: 'UIScrollView' has been explicitly marked unavailable here
85 |
86 | UIKIT_EXTERN API_AVAILABLE(ios(2.0)) API_UNAVAILABLE(watchos) NS_SWIFT_UI_ACTOR
87 | @interface UIScrollView : UIView <NSCoding, UIFocusItemScrollableContainer>
| `- note: 'UIScrollView' has been explicitly marked unavailable here
88 |
89 | @property(nonatomic) CGPoint contentOffset; // default CGPointZero
/Users/admin/builder/spi-builder-workspace/Sources/ImageScrollView.swift:340:71: error: 'UIScrollView' is unavailable in watchOS
338 |
339 | @available(iOS 11.0, *)
340 | public func scrollViewDidChangeAdjustedContentInset(_ scrollView: UIScrollView) {
| `- error: 'UIScrollView' is unavailable in watchOS
341 | imageScrollViewDelegate?.scrollViewDidChangeAdjustedContentInset?(scrollView)
342 | }
/Applications/Xcode-27.0.0-Release.Candidate.app/Contents/Developer/Platforms/WatchOS.platform/Developer/SDKs/WatchOS27.0.sdk/System/Library/Frameworks/UIKit.framework/Headers/UIScrollView.h:87:12: note: 'UIScrollView' has been explicitly marked unavailable here
85 |
86 | UIKIT_EXTERN API_AVAILABLE(ios(2.0)) API_UNAVAILABLE(watchos) NS_SWIFT_UI_ACTOR
87 | @interface UIScrollView : UIView <NSCoding, UIFocusItemScrollableContainer>
| `- note: 'UIScrollView' has been explicitly marked unavailable here
88 |
89 | @property(nonatomic) CGPoint contentOffset; // default CGPointZero
/Users/admin/builder/spi-builder-workspace/Sources/ImageScrollView.swift:344:47: error: 'UIScrollView' is unavailable in watchOS
342 | }
343 |
344 | public func viewForZooming(in scrollView: UIScrollView) -> UIView? {
| `- error: 'UIScrollView' is unavailable in watchOS
345 | return zoomView
346 | }
/Applications/Xcode-27.0.0-Release.Candidate.app/Contents/Developer/Platforms/WatchOS.platform/Developer/SDKs/WatchOS27.0.sdk/System/Library/Frameworks/UIKit.framework/Headers/UIScrollView.h:87:12: note: 'UIScrollView' has been explicitly marked unavailable here
85 |
86 | UIKIT_EXTERN API_AVAILABLE(ios(2.0)) API_UNAVAILABLE(watchos) NS_SWIFT_UI_ACTOR
87 | @interface UIScrollView : UIView <NSCoding, UIFocusItemScrollableContainer>
| `- note: 'UIScrollView' has been explicitly marked unavailable here
88 |
89 | @property(nonatomic) CGPoint contentOffset; // default CGPointZero
/Users/admin/builder/spi-builder-workspace/Sources/ImageScrollView.swift:344:64: error: 'UIView' is unavailable in watchOS
342 | }
343 |
344 | public func viewForZooming(in scrollView: UIScrollView) -> UIView? {
| `- error: 'UIView' is unavailable in watchOS
345 | return zoomView
346 | }
/Applications/Xcode-27.0.0-Release.Candidate.app/Contents/Developer/Platforms/WatchOS.platform/Developer/SDKs/WatchOS27.0.sdk/System/Library/Frameworks/UIKit.framework/Headers/UIView.h:152:12: note: 'UIView' has been explicitly marked unavailable here
150 |
151 | UIKIT_EXTERN API_AVAILABLE(ios(2.0)) API_UNAVAILABLE(watchos) NS_SWIFT_UI_ACTOR
152 | @interface UIView : UIResponder <NSCoding, UIAppearance, UIAppearanceContainer, UIDynamicItem, UITraitEnvironment, UICoordinateSpace, UIFocusItem, UIFocusItemContainer, CALayerDelegate>
| `- note: 'UIView' has been explicitly marked unavailable here
153 |
154 | @property(class, nonatomic, readonly) Class layerClass; // default is [CALayer class]. Used when creating the underlying layer for the view.
/Users/admin/builder/spi-builder-workspace/Sources/ImageScrollView.swift:348:49: error: 'UIScrollView' is unavailable in watchOS
346 | }
347 |
348 | public func scrollViewDidZoom(_ scrollView: UIScrollView) {
| `- error: 'UIScrollView' is unavailable in watchOS
349 | adjustFrameToCenter()
350 | imageScrollViewDelegate?.scrollViewDidZoom?(scrollView)
/Applications/Xcode-27.0.0-Release.Candidate.app/Contents/Developer/Platforms/WatchOS.platform/Developer/SDKs/WatchOS27.0.sdk/System/Library/Frameworks/UIKit.framework/Headers/UIScrollView.h:87:12: note: 'UIScrollView' has been explicitly marked unavailable here
85 |
86 | UIKIT_EXTERN API_AVAILABLE(ios(2.0)) API_UNAVAILABLE(watchos) NS_SWIFT_UI_ACTOR
87 | @interface UIScrollView : UIView <NSCoding, UIFocusItemScrollableContainer>
| `- note: 'UIScrollView' has been explicitly marked unavailable here
88 |
89 | @property(nonatomic) CGPoint contentOffset; // default CGPointZero
/Users/admin/builder/spi-builder-workspace/Sources/ImageScrollView.swift:340:17: error: cannot override 'scrollViewDidChangeAdjustedContentInset' which has been marked unavailable
338 |
339 | @available(iOS 11.0, *)
340 | public func scrollViewDidChangeAdjustedContentInset(_ scrollView: UIScrollView) {
| `- error: cannot override 'scrollViewDidChangeAdjustedContentInset' which has been marked unavailable
341 | imageScrollViewDelegate?.scrollViewDidChangeAdjustedContentInset?(scrollView)
342 | }
/Applications/Xcode-27.0.0-Release.Candidate.app/Contents/Developer/Platforms/WatchOS.platform/Developer/SDKs/WatchOS27.0.sdk/System/Library/Frameworks/UIKit.framework/Headers/UIScrollView.h:340:1: note: 'scrollViewDidChangeAdjustedContentInset' has been explicitly marked unavailable here
338 | /* Also see -[UIScrollView adjustedContentInsetDidChange]
339 | */
340 | - (void)scrollViewDidChangeAdjustedContentInset:(UIScrollView *)scrollView API_AVAILABLE(ios(11.0), tvos(11.0)) API_UNAVAILABLE(watchos);
| `- note: 'scrollViewDidChangeAdjustedContentInset' has been explicitly marked unavailable here
341 |
342 | @end
/Users/admin/builder/spi-builder-workspace/Sources/ImageScrollView.swift:297:28: error: 'UIScrollViewDelegate' is unavailable in watchOS
295 | }
296 |
297 | extension ImageScrollView: UIScrollViewDelegate {
| `- error: 'UIScrollViewDelegate' is unavailable in watchOS
298 |
299 | public func scrollViewDidScroll(_ scrollView: UIScrollView) {
/Applications/Xcode-27.0.0-Release.Candidate.app/Contents/Developer/Platforms/WatchOS.platform/Developer/SDKs/WatchOS27.0.sdk/System/Library/Frameworks/UIKit.framework/Headers/UIScrollView.h:312:11: note: 'UIScrollViewDelegate' has been explicitly marked unavailable here
310 |
311 | API_UNAVAILABLE(watchos) NS_SWIFT_UI_ACTOR
312 | @protocol UIScrollViewDelegate<NSObject>
| `- note: 'UIScrollViewDelegate' has been explicitly marked unavailable here
313 |
314 | @optional
Failed frontend command:
SwiftCompile normal arm64 (in target 'ImageScrollView' from project 'ImageScrollView')
cd /Users/admin/builder/spi-builder-workspace/.swiftpm/xcode
/Applications/Xcode-27.0.0-Release.Candidate.app/Contents/Developer/Toolchains/XcodeDefault.xctoolchain/usr/bin/swift-frontend -frontend -emit-module -experimental-skip-non-inlinable-function-bodies-without-types /Users/admin/builder/spi-builder-workspace/Sources/ImageScrollView.swift -target arm64-apple-watchos9.0 -disable-cross-import-overlay-search -load-resolved-plugin /Applications/Xcode-27.0.0-Release.Candidate.app/Contents/Developer/Platforms/WatchOS.platform/Developer/usr/lib/swift/host/plugins/libFoundationMacros.dylib\#/Applications/Xcode-27.0.0-Release.Candidate.app/Contents/Developer/Platforms/WatchOS.platform/Developer/usr/bin/swift-plugin-server\#FoundationMacros -load-resolved-plugin /Applications/Xcode-27.0.0-Release.Candidate.app/Contents/Developer/Platforms/WatchOS.platform/Developer/usr/lib/swift/host/plugins/libObservationMacros.dylib\#/Applications/Xcode-27.0.0-Release.Candidate.app/Contents/Developer/Platforms/WatchOS.platform/Developer/usr/bin/swift-plugin-server\#ObservationMacros -load-resolved-plugin /Applications/Xcode-27.0.0-Release.Candidate.app/Contents/Developer/Platforms/WatchOS.platform/Developer/usr/lib/swift/host/plugins/libSwiftMacros.dylib\#/Applications/Xcode-27.0.0-Release.Candidate.app/Contents/Developer/Platforms/WatchOS.platform/Developer/usr/bin/swift-plugin-server\#SwiftMacros -load-resolved-plugin /Applications/Xcode-27.0.0-Release.Candidate.app/Contents/Developer/Platforms/WatchOS.platform/Developer/usr/lib/swift/host/plugins/libSwiftUIMacros.dylib\#/Applications/Xcode-27.0.0-Release.Candidate.app/Contents/Developer/Platforms/WatchOS.platform/Developer/usr/bin/swift-plugin-server\#SwiftUIMacros -disable-implicit-swift-modules -Xcc -fno-implicit-modules -Xcc -fno-implicit-module-maps -explicit-swift-module-map-file /Users/admin/builder/spi-builder-workspace/.derivedData/Build/Intermediates.noindex/ImageScrollView.build/Debug-watchos/ImageScrollView-t.build/Objects-normal/arm64/ImageScrollView-dependencies-1.json -Xllvm -aarch64-use-tbi -enable-objc-interop -stack-check -sdk /Applications/Xcode-27.0.0-Release.Candidate.app/Contents/Developer/Platforms/WatchOS.platform/Developer/SDKs/WatchOS27.0.sdk -I /Users/admin/builder/spi-builder-workspace/.derivedData/Build/Products/Debug-watchos -Isystem /Applications/Xcode-27.0.0-Release.Candidate.app/Contents/Developer/Platforms/WatchOS.platform/Developer/usr/lib -F /Users/admin/builder/spi-builder-workspace/.derivedData/Build/Products/Debug-watchos -F /Applications/Xcode-27.0.0-Release.Candidate.app/Contents/Developer/Platforms/WatchOS.platform/Developer/Library/Frameworks -F /Applications/Xcode-27.0.0-Release.Candidate.app/Contents/Developer/Platforms/WatchOS.platform/Developer/SDKs/WatchOS27.0.sdk/Developer/Library/Frameworks -module-cache-path /Users/admin/builder/spi-builder-workspace/.derivedData/Build/Intermediates.noindex/SwiftExplicitPrecompiledModules -no-color-diagnostics -Xcc -fno-color-diagnostics -enable-testing -g -debug-info-format\=dwarf -dwarf-version\=4 -swift-version 5 -Onone -D SWIFT_PACKAGE -D DEBUG -D SWIFT_MODULE_RESOURCE_BUNDLE_UNAVAILABLE -D Xcode -serialize-debugging-options -enable-experimental-feature DebugDescriptionMacro -empty-abi-descriptor -validate-clang-modules-once -clang-build-session-file /Users/admin/builder/spi-builder-workspace/.derivedData/ModuleCache.noindex/Session.modulevalidation -Xcc -working-directory -Xcc /Users/admin/builder/spi-builder-workspace/.swiftpm/xcode -enable-anonymous-context-mangled-names -file-compilation-dir /Users/admin/builder/spi-builder-workspace/.swiftpm/xcode -Xcc -D_LIBCPP_HARDENING_MODE\=_LIBCPP_HARDENING_MODE_DEBUG -Xcc -ivfsstatcache -Xcc /Users/admin/builder/spi-builder-workspace/.derivedData/SDKStatCaches.noindex/watchos27.0-24R360-e829b21a6f8c9b70876ba0858053c04477534ef55a1706bf4c1112bbb242f0a2.sdkstatcache -Xcc -fmodules-prune-interval\=86400 -Xcc -fmodules-prune-after\=345600 -Xcc -I/Users/admin/builder/spi-builder-workspace/.derivedData/Build/Products/Debug-watchos/include -Xcc -I/Users/admin/builder/spi-builder-workspace/.derivedData/Build/Intermediates.noindex/ImageScrollView.build/Debug-watchos/ImageScrollView-t.build/DerivedSources-normal/arm64 -Xcc -I/Users/admin/builder/spi-builder-workspace/.derivedData/Build/Intermediates.noindex/ImageScrollView.build/Debug-watchos/ImageScrollView-t.build/DerivedSources/arm64 -Xcc -I/Users/admin/builder/spi-builder-workspace/.derivedData/Build/Intermediates.noindex/ImageScrollView.build/Debug-watchos/ImageScrollView-t.build/DerivedSources -Xcc -DSWIFT_PACKAGE -Xcc -DDEBUG\=1 -no-auto-bridging-header-chaining -module-name ImageScrollView -const-gather-protocols-file /Users/admin/builder/spi-builder-workspace/.derivedData/Build/Intermediates.noindex/ImageScrollView.build/Debug-watchos/ImageScrollView-t.build/Objects-normal/arm64/ImageScrollView_const_extract_protocols.json -disable-clang-spi -clang-target arm64-apple-watchos27.0 -target-sdk-version 27.0 -target-sdk-name watchos27.0 -in-process-plugin-server-path /Applications/Xcode-27.0.0-Release.Candidate.app/Contents/Developer/Toolchains/XcodeDefault.xctoolchain/usr/lib/swift/host/libSwiftInProcPluginServer.dylib -emit-module-doc-path /Users/admin/builder/spi-builder-workspace/.derivedData/Build/Intermediates.noindex/ImageScrollView.build/Debug-watchos/ImageScrollView-t.build/Objects-normal/arm64/ImageScrollView.swiftdoc -emit-module-source-info-path /Users/admin/builder/spi-builder-workspace/.derivedData/Build/Intermediates.noindex/ImageScrollView.build/Debug-watchos/ImageScrollView-t.build/Objects-normal/arm64/ImageScrollView.swiftsourceinfo -emit-objc-header-path /Users/admin/builder/spi-builder-workspace/.derivedData/Build/Intermediates.noindex/ImageScrollView.build/Debug-watchos/ImageScrollView-t.build/Objects-normal/arm64/ImageScrollView-Swift.h -serialize-diagnostics-path /Users/admin/builder/spi-builder-workspace/.derivedData/Build/Intermediates.noindex/ImageScrollView.build/Debug-watchos/ImageScrollView-t.build/Objects-normal/arm64/ImageScrollView-primary-emit-module.dia -emit-dependencies-path /Users/admin/builder/spi-builder-workspace/.derivedData/Build/Intermediates.noindex/ImageScrollView.build/Debug-watchos/ImageScrollView-t.build/Objects-normal/arm64/ImageScrollView-primary-emit-module.d -parse-as-library -o /Users/admin/builder/spi-builder-workspace/.derivedData/Build/Intermediates.noindex/ImageScrollView.build/Debug-watchos/ImageScrollView-t.build/Objects-normal/arm64/ImageScrollView.swiftmodule -emit-abi-descriptor-path /Users/admin/builder/spi-builder-workspace/.derivedData/Build/Intermediates.noindex/ImageScrollView.build/Debug-watchos/ImageScrollView-t.build/Objects-normal/arm64/ImageScrollView.abi.json
SwiftEmitModule normal arm64_32 Emitting\ module\ for\ ImageScrollView (in target 'ImageScrollView' from project 'ImageScrollView')
/Users/admin/builder/spi-builder-workspace/Sources/ImageScrollView.swift:11:48: error: 'UIScrollViewDelegate' is unavailable in watchOS
9 | import UIKit
10 |
11 | @objc public protocol ImageScrollViewDelegate: UIScrollViewDelegate {
| `- error: 'UIScrollViewDelegate' is unavailable in watchOS
12 | func imageScrollViewDidChangeOrientation(imageScrollView: ImageScrollView)
13 | }
/Applications/Xcode-27.0.0-Release.Candidate.app/Contents/Developer/Platforms/WatchOS.platform/Developer/SDKs/WatchOS27.0.sdk/System/Library/Frameworks/UIKit.framework/Headers/UIScrollView.h:312:11: note: 'UIScrollViewDelegate' has been explicitly marked unavailable here
310 |
311 | API_UNAVAILABLE(watchos) NS_SWIFT_UI_ACTOR
312 | @protocol UIScrollViewDelegate<NSObject>
| `- note: 'UIScrollViewDelegate' has been explicitly marked unavailable here
313 |
314 | @optional
/Users/admin/builder/spi-builder-workspace/Sources/ImageScrollView.swift:34:45: error: 'UIImageView' is unavailable in watchOS
32 | @objc open var initialOffset: Offset = .begining
33 |
34 | @objc public private(set) var zoomView: UIImageView? = nil
| `- error: 'UIImageView' is unavailable in watchOS
35 |
36 | @objc open weak var imageScrollViewDelegate: ImageScrollViewDelegate?
/Applications/Xcode-27.0.0-Release.Candidate.app/Contents/Developer/Platforms/WatchOS.platform/Developer/SDKs/WatchOS27.0.sdk/System/Library/Frameworks/UIKit.framework/Headers/UIImageView.h:21:12: note: 'UIImageView' has been explicitly marked unavailable here
19 |
20 | UIKIT_EXTERN API_AVAILABLE(ios(2.0)) API_UNAVAILABLE(watchos) NS_SWIFT_UI_ACTOR
21 | @interface UIImageView : UIView
| `- note: 'UIImageView' has been explicitly marked unavailable here
22 |
23 | - (instancetype)initWithImage:(nullable UIImage *)image;
/Users/admin/builder/spi-builder-workspace/Sources/ImageScrollView.swift:253:64: error: 'UIGestureRecognizer' is unavailable in watchOS
251 | // MARK: - Gesture
252 |
253 | @objc func doubleTapGestureRecognizer(_ gestureRecognizer: UIGestureRecognizer) {
| `- error: 'UIGestureRecognizer' is unavailable in watchOS
254 | // zoom out if it bigger than the scale factor after double-tap scaling. Else, zoom in
255 | if zoomScale >= minimumZoomScale * ImageScrollView.kZoomInFactorFromMinWhenDoubleTap - 0.01 {
/Applications/Xcode-27.0.0-Release.Candidate.app/Contents/Developer/Platforms/WatchOS.platform/Developer/SDKs/WatchOS27.0.sdk/System/Library/Frameworks/UIKit.framework/Headers/UIGestureRecognizer.h:35:12: note: 'UIGestureRecognizer' has been explicitly marked unavailable here
33 |
34 | UIKIT_EXTERN API_AVAILABLE(ios(3.2)) API_UNAVAILABLE(watchos) NS_SWIFT_UI_ACTOR
35 | @interface UIGestureRecognizer : NSObject
| `- note: 'UIGestureRecognizer' has been explicitly marked unavailable here
36 |
37 | // Valid action method signatures:
/Users/admin/builder/spi-builder-workspace/Sources/ImageScrollView.swift:15:29: error: 'UIScrollView' is unavailable in watchOS
13 | }
14 |
15 | open class ImageScrollView: UIScrollView {
| `- error: 'UIScrollView' is unavailable in watchOS
16 |
17 | @objc public enum ScaleMode: Int {
/Applications/Xcode-27.0.0-Release.Candidate.app/Contents/Developer/Platforms/WatchOS.platform/Developer/SDKs/WatchOS27.0.sdk/System/Library/Frameworks/UIKit.framework/Headers/UIScrollView.h:87:12: note: 'UIScrollView' has been explicitly marked unavailable here
85 |
86 | UIKIT_EXTERN API_AVAILABLE(ios(2.0)) API_UNAVAILABLE(watchos) NS_SWIFT_UI_ACTOR
87 | @interface UIScrollView : UIView <NSCoding, UIFocusItemScrollableContainer>
| `- note: 'UIScrollView' has been explicitly marked unavailable here
88 |
89 | @property(nonatomic) CGPoint contentOffset; // default CGPointZero
/Users/admin/builder/spi-builder-workspace/Sources/ImageScrollView.swift:299:51: error: 'UIScrollView' is unavailable in watchOS
297 | extension ImageScrollView: UIScrollViewDelegate {
298 |
299 | public func scrollViewDidScroll(_ scrollView: UIScrollView) {
| `- error: 'UIScrollView' is unavailable in watchOS
300 | imageScrollViewDelegate?.scrollViewDidScroll?(scrollView)
301 | }
/Applications/Xcode-27.0.0-Release.Candidate.app/Contents/Developer/Platforms/WatchOS.platform/Developer/SDKs/WatchOS27.0.sdk/System/Library/Frameworks/UIKit.framework/Headers/UIScrollView.h:87:12: note: 'UIScrollView' has been explicitly marked unavailable here
85 |
86 | UIKIT_EXTERN API_AVAILABLE(ios(2.0)) API_UNAVAILABLE(watchos) NS_SWIFT_UI_ACTOR
87 | @interface UIScrollView : UIView <NSCoding, UIFocusItemScrollableContainer>
| `- note: 'UIScrollView' has been explicitly marked unavailable here
88 |
89 | @property(nonatomic) CGPoint contentOffset; // default CGPointZero
/Users/admin/builder/spi-builder-workspace/Sources/ImageScrollView.swift:303:59: error: 'UIScrollView' is unavailable in watchOS
301 | }
302 |
303 | public func scrollViewWillBeginDragging(_ scrollView: UIScrollView) {
| `- error: 'UIScrollView' is unavailable in watchOS
304 | imageScrollViewDelegate?.scrollViewWillBeginDragging?(scrollView)
305 | }
/Applications/Xcode-27.0.0-Release.Candidate.app/Contents/Developer/Platforms/WatchOS.platform/Developer/SDKs/WatchOS27.0.sdk/System/Library/Frameworks/UIKit.framework/Headers/UIScrollView.h:87:12: note: 'UIScrollView' has been explicitly marked unavailable here
85 |
86 | UIKIT_EXTERN API_AVAILABLE(ios(2.0)) API_UNAVAILABLE(watchos) NS_SWIFT_UI_ACTOR
87 | @interface UIScrollView : UIView <NSCoding, UIFocusItemScrollableContainer>
| `- note: 'UIScrollView' has been explicitly marked unavailable here
88 |
89 | @property(nonatomic) CGPoint contentOffset; // default CGPointZero
/Users/admin/builder/spi-builder-workspace/Sources/ImageScrollView.swift:307:57: error: 'UIScrollView' is unavailable in watchOS
305 | }
306 |
307 | public func scrollViewWillEndDragging(_ scrollView: UIScrollView, withVelocity velocity: CGPoint, targetContentOffset: UnsafeMutablePointer<CGPoint>) {
| `- error: 'UIScrollView' is unavailable in watchOS
308 | imageScrollViewDelegate?.scrollViewWillEndDragging?(scrollView, withVelocity: velocity, targetContentOffset: targetContentOffset)
309 | }
/Applications/Xcode-27.0.0-Release.Candidate.app/Contents/Developer/Platforms/WatchOS.platform/Developer/SDKs/WatchOS27.0.sdk/System/Library/Frameworks/UIKit.framework/Headers/UIScrollView.h:87:12: note: 'UIScrollView' has been explicitly marked unavailable here
85 |
86 | UIKIT_EXTERN API_AVAILABLE(ios(2.0)) API_UNAVAILABLE(watchos) NS_SWIFT_UI_ACTOR
87 | @interface UIScrollView : UIView <NSCoding, UIFocusItemScrollableContainer>
| `- note: 'UIScrollView' has been explicitly marked unavailable here
88 |
89 | @property(nonatomic) CGPoint contentOffset; // default CGPointZero
/Users/admin/builder/spi-builder-workspace/Sources/ImageScrollView.swift:311:56: error: 'UIScrollView' is unavailable in watchOS
309 | }
310 |
311 | public func scrollViewDidEndDragging(_ scrollView: UIScrollView, willDecelerate decelerate: Bool) {
| `- error: 'UIScrollView' is unavailable in watchOS
312 | imageScrollViewDelegate?.scrollViewDidEndDragging?(scrollView, willDecelerate: decelerate)
313 | }
/Applications/Xcode-27.0.0-Release.Candidate.app/Contents/Developer/Platforms/WatchOS.platform/Developer/SDKs/WatchOS27.0.sdk/System/Library/Frameworks/UIKit.framework/Headers/UIScrollView.h:87:12: note: 'UIScrollView' has been explicitly marked unavailable here
85 |
86 | UIKIT_EXTERN API_AVAILABLE(ios(2.0)) API_UNAVAILABLE(watchos) NS_SWIFT_UI_ACTOR
87 | @interface UIScrollView : UIView <NSCoding, UIFocusItemScrollableContainer>
| `- note: 'UIScrollView' has been explicitly marked unavailable here
88 |
89 | @property(nonatomic) CGPoint contentOffset; // default CGPointZero
/Users/admin/builder/spi-builder-workspace/Sources/ImageScrollView.swift:315:63: error: 'UIScrollView' is unavailable in watchOS
313 | }
314 |
315 | public func scrollViewWillBeginDecelerating(_ scrollView: UIScrollView) {
| `- error: 'UIScrollView' is unavailable in watchOS
316 | imageScrollViewDelegate?.scrollViewWillBeginDecelerating?(scrollView)
317 | }
/Applications/Xcode-27.0.0-Release.Candidate.app/Contents/Developer/Platforms/WatchOS.platform/Developer/SDKs/WatchOS27.0.sdk/System/Library/Frameworks/UIKit.framework/Headers/UIScrollView.h:87:12: note: 'UIScrollView' has been explicitly marked unavailable here
85 |
86 | UIKIT_EXTERN API_AVAILABLE(ios(2.0)) API_UNAVAILABLE(watchos) NS_SWIFT_UI_ACTOR
87 | @interface UIScrollView : UIView <NSCoding, UIFocusItemScrollableContainer>
| `- note: 'UIScrollView' has been explicitly marked unavailable here
88 |
89 | @property(nonatomic) CGPoint contentOffset; // default CGPointZero
/Users/admin/builder/spi-builder-workspace/Sources/ImageScrollView.swift:319:60: error: 'UIScrollView' is unavailable in watchOS
317 | }
318 |
319 | public func scrollViewDidEndDecelerating(_ scrollView: UIScrollView) {
| `- error: 'UIScrollView' is unavailable in watchOS
320 | imageScrollViewDelegate?.scrollViewDidEndDecelerating?(scrollView)
321 | }
/Applications/Xcode-27.0.0-Release.Candidate.app/Contents/Developer/Platforms/WatchOS.platform/Developer/SDKs/WatchOS27.0.sdk/System/Library/Frameworks/UIKit.framework/Headers/UIScrollView.h:87:12: note: 'UIScrollView' has been explicitly marked unavailable here
85 |
86 | UIKIT_EXTERN API_AVAILABLE(ios(2.0)) API_UNAVAILABLE(watchos) NS_SWIFT_UI_ACTOR
87 | @interface UIScrollView : UIView <NSCoding, UIFocusItemScrollableContainer>
| `- note: 'UIScrollView' has been explicitly marked unavailable here
88 |
89 | @property(nonatomic) CGPoint contentOffset; // default CGPointZero
/Users/admin/builder/spi-builder-workspace/Sources/ImageScrollView.swift:323:66: error: 'UIScrollView' is unavailable in watchOS
321 | }
322 |
323 | public func scrollViewDidEndScrollingAnimation(_ scrollView: UIScrollView) {
| `- error: 'UIScrollView' is unavailable in watchOS
324 | imageScrollViewDelegate?.scrollViewDidEndScrollingAnimation?(scrollView)
325 | }
/Applications/Xcode-27.0.0-Release.Candidate.app/Contents/Developer/Platforms/WatchOS.platform/Developer/SDKs/WatchOS27.0.sdk/System/Library/Frameworks/UIKit.framework/Headers/UIScrollView.h:87:12: note: 'UIScrollView' has been explicitly marked unavailable here
85 |
86 | UIKIT_EXTERN API_AVAILABLE(ios(2.0)) API_UNAVAILABLE(watchos) NS_SWIFT_UI_ACTOR
87 | @interface UIScrollView : UIView <NSCoding, UIFocusItemScrollableContainer>
| `- note: 'UIScrollView' has been explicitly marked unavailable here
88 |
89 | @property(nonatomic) CGPoint contentOffset; // default CGPointZero
/Users/admin/builder/spi-builder-workspace/Sources/ImageScrollView.swift:327:58: error: 'UIScrollView' is unavailable in watchOS
325 | }
326 |
327 | public func scrollViewWillBeginZooming(_ scrollView: UIScrollView, with view: UIView?) {
| `- error: 'UIScrollView' is unavailable in watchOS
328 | imageScrollViewDelegate?.scrollViewWillBeginZooming?(scrollView, with: view)
329 | }
/Applications/Xcode-27.0.0-Release.Candidate.app/Contents/Developer/Platforms/WatchOS.platform/Developer/SDKs/WatchOS27.0.sdk/System/Library/Frameworks/UIKit.framework/Headers/UIScrollView.h:87:12: note: 'UIScrollView' has been explicitly marked unavailable here
85 |
86 | UIKIT_EXTERN API_AVAILABLE(ios(2.0)) API_UNAVAILABLE(watchos) NS_SWIFT_UI_ACTOR
87 | @interface UIScrollView : UIView <NSCoding, UIFocusItemScrollableContainer>
| `- note: 'UIScrollView' has been explicitly marked unavailable here
88 |
89 | @property(nonatomic) CGPoint contentOffset; // default CGPointZero
/Users/admin/builder/spi-builder-workspace/Sources/ImageScrollView.swift:327:83: error: 'UIView' is unavailable in watchOS
325 | }
326 |
327 | public func scrollViewWillBeginZooming(_ scrollView: UIScrollView, with view: UIView?) {
| `- error: 'UIView' is unavailable in watchOS
328 | imageScrollViewDelegate?.scrollViewWillBeginZooming?(scrollView, with: view)
329 | }
/Applications/Xcode-27.0.0-Release.Candidate.app/Contents/Developer/Platforms/WatchOS.platform/Developer/SDKs/WatchOS27.0.sdk/System/Library/Frameworks/UIKit.framework/Headers/UIView.h:152:12: note: 'UIView' has been explicitly marked unavailable here
150 |
151 | UIKIT_EXTERN API_AVAILABLE(ios(2.0)) API_UNAVAILABLE(watchos) NS_SWIFT_UI_ACTOR
152 | @interface UIView : UIResponder <NSCoding, UIAppearance, UIAppearanceContainer, UIDynamicItem, UITraitEnvironment, UICoordinateSpace, UIFocusItem, UIFocusItemContainer, CALayerDelegate>
| `- note: 'UIView' has been explicitly marked unavailable here
153 |
154 | @property(class, nonatomic, readonly) Class layerClass; // default is [CALayer class]. Used when creating the underlying layer for the view.
/Users/admin/builder/spi-builder-workspace/Sources/ImageScrollView.swift:331:55: error: 'UIScrollView' is unavailable in watchOS
329 | }
330 |
331 | public func scrollViewDidEndZooming(_ scrollView: UIScrollView, with view: UIView?, atScale scale: CGFloat) {
| `- error: 'UIScrollView' is unavailable in watchOS
332 | imageScrollViewDelegate?.scrollViewDidEndZooming?(scrollView, with: view, atScale: scale)
333 | }
/Applications/Xcode-27.0.0-Release.Candidate.app/Contents/Developer/Platforms/WatchOS.platform/Developer/SDKs/WatchOS27.0.sdk/System/Library/Frameworks/UIKit.framework/Headers/UIScrollView.h:87:12: note: 'UIScrollView' has been explicitly marked unavailable here
85 |
86 | UIKIT_EXTERN API_AVAILABLE(ios(2.0)) API_UNAVAILABLE(watchos) NS_SWIFT_UI_ACTOR
87 | @interface UIScrollView : UIView <NSCoding, UIFocusItemScrollableContainer>
| `- note: 'UIScrollView' has been explicitly marked unavailable here
88 |
89 | @property(nonatomic) CGPoint contentOffset; // default CGPointZero
/Users/admin/builder/spi-builder-workspace/Sources/ImageScrollView.swift:331:80: error: 'UIView' is unavailable in watchOS
329 | }
330 |
331 | public func scrollViewDidEndZooming(_ scrollView: UIScrollView, with view: UIView?, atScale scale: CGFloat) {
| `- error: 'UIView' is unavailable in watchOS
332 | imageScrollViewDelegate?.scrollViewDidEndZooming?(scrollView, with: view, atScale: scale)
333 | }
/Applications/Xcode-27.0.0-Release.Candidate.app/Contents/Developer/Platforms/WatchOS.platform/Developer/SDKs/WatchOS27.0.sdk/System/Library/Frameworks/UIKit.framework/Headers/UIView.h:152:12: note: 'UIView' has been explicitly marked unavailable here
150 |
151 | UIKIT_EXTERN API_AVAILABLE(ios(2.0)) API_UNAVAILABLE(watchos) NS_SWIFT_UI_ACTOR
152 | @interface UIView : UIResponder <NSCoding, UIAppearance, UIAppearanceContainer, UIDynamicItem, UITraitEnvironment, UICoordinateSpace, UIFocusItem, UIFocusItemContainer, CALayerDelegate>
| `- note: 'UIView' has been explicitly marked unavailable here
153 |
154 | @property(class, nonatomic, readonly) Class layerClass; // default is [CALayer class]. Used when creating the underlying layer for the view.
/Users/admin/builder/spi-builder-workspace/Sources/ImageScrollView.swift:335:59: error: 'UIScrollView' is unavailable in watchOS
333 | }
334 |
335 | public func scrollViewShouldScrollToTop(_ scrollView: UIScrollView) -> Bool {
| `- error: 'UIScrollView' is unavailable in watchOS
336 | return false
337 | }
/Applications/Xcode-27.0.0-Release.Candidate.app/Contents/Developer/Platforms/WatchOS.platform/Developer/SDKs/WatchOS27.0.sdk/System/Library/Frameworks/UIKit.framework/Headers/UIScrollView.h:87:12: note: 'UIScrollView' has been explicitly marked unavailable here
85 |
86 | UIKIT_EXTERN API_AVAILABLE(ios(2.0)) API_UNAVAILABLE(watchos) NS_SWIFT_UI_ACTOR
87 | @interface UIScrollView : UIView <NSCoding, UIFocusItemScrollableContainer>
| `- note: 'UIScrollView' has been explicitly marked unavailable here
88 |
89 | @property(nonatomic) CGPoint contentOffset; // default CGPointZero
/Users/admin/builder/spi-builder-workspace/Sources/ImageScrollView.swift:340:71: error: 'UIScrollView' is unavailable in watchOS
338 |
339 | @available(iOS 11.0, *)
340 | public func scrollViewDidChangeAdjustedContentInset(_ scrollView: UIScrollView) {
| `- error: 'UIScrollView' is unavailable in watchOS
341 | imageScrollViewDelegate?.scrollViewDidChangeAdjustedContentInset?(scrollView)
342 | }
/Applications/Xcode-27.0.0-Release.Candidate.app/Contents/Developer/Platforms/WatchOS.platform/Developer/SDKs/WatchOS27.0.sdk/System/Library/Frameworks/UIKit.framework/Headers/UIScrollView.h:87:12: note: 'UIScrollView' has been explicitly marked unavailable here
85 |
86 | UIKIT_EXTERN API_AVAILABLE(ios(2.0)) API_UNAVAILABLE(watchos) NS_SWIFT_UI_ACTOR
87 | @interface UIScrollView : UIView <NSCoding, UIFocusItemScrollableContainer>
| `- note: 'UIScrollView' has been explicitly marked unavailable here
88 |
89 | @property(nonatomic) CGPoint contentOffset; // default CGPointZero
/Users/admin/builder/spi-builder-workspace/Sources/ImageScrollView.swift:344:47: error: 'UIScrollView' is unavailable in watchOS
342 | }
343 |
344 | public func viewForZooming(in scrollView: UIScrollView) -> UIView? {
| `- error: 'UIScrollView' is unavailable in watchOS
345 | return zoomView
346 | }
/Applications/Xcode-27.0.0-Release.Candidate.app/Contents/Developer/Platforms/WatchOS.platform/Developer/SDKs/WatchOS27.0.sdk/System/Library/Frameworks/UIKit.framework/Headers/UIScrollView.h:87:12: note: 'UIScrollView' has been explicitly marked unavailable here
85 |
86 | UIKIT_EXTERN API_AVAILABLE(ios(2.0)) API_UNAVAILABLE(watchos) NS_SWIFT_UI_ACTOR
87 | @interface UIScrollView : UIView <NSCoding, UIFocusItemScrollableContainer>
| `- note: 'UIScrollView' has been explicitly marked unavailable here
88 |
89 | @property(nonatomic) CGPoint contentOffset; // default CGPointZero
/Users/admin/builder/spi-builder-workspace/Sources/ImageScrollView.swift:344:64: error: 'UIView' is unavailable in watchOS
342 | }
343 |
344 | public func viewForZooming(in scrollView: UIScrollView) -> UIView? {
| `- error: 'UIView' is unavailable in watchOS
345 | return zoomView
346 | }
/Applications/Xcode-27.0.0-Release.Candidate.app/Contents/Developer/Platforms/WatchOS.platform/Developer/SDKs/WatchOS27.0.sdk/System/Library/Frameworks/UIKit.framework/Headers/UIView.h:152:12: note: 'UIView' has been explicitly marked unavailable here
150 |
151 | UIKIT_EXTERN API_AVAILABLE(ios(2.0)) API_UNAVAILABLE(watchos) NS_SWIFT_UI_ACTOR
152 | @interface UIView : UIResponder <NSCoding, UIAppearance, UIAppearanceContainer, UIDynamicItem, UITraitEnvironment, UICoordinateSpace, UIFocusItem, UIFocusItemContainer, CALayerDelegate>
| `- note: 'UIView' has been explicitly marked unavailable here
153 |
154 | @property(class, nonatomic, readonly) Class layerClass; // default is [CALayer class]. Used when creating the underlying layer for the view.
/Users/admin/builder/spi-builder-workspace/Sources/ImageScrollView.swift:348:49: error: 'UIScrollView' is unavailable in watchOS
346 | }
347 |
348 | public func scrollViewDidZoom(_ scrollView: UIScrollView) {
| `- error: 'UIScrollView' is unavailable in watchOS
349 | adjustFrameToCenter()
350 | imageScrollViewDelegate?.scrollViewDidZoom?(scrollView)
/Applications/Xcode-27.0.0-Release.Candidate.app/Contents/Developer/Platforms/WatchOS.platform/Developer/SDKs/WatchOS27.0.sdk/System/Library/Frameworks/UIKit.framework/Headers/UIScrollView.h:87:12: note: 'UIScrollView' has been explicitly marked unavailable here
85 |
86 | UIKIT_EXTERN API_AVAILABLE(ios(2.0)) API_UNAVAILABLE(watchos) NS_SWIFT_UI_ACTOR
87 | @interface UIScrollView : UIView <NSCoding, UIFocusItemScrollableContainer>
| `- note: 'UIScrollView' has been explicitly marked unavailable here
88 |
89 | @property(nonatomic) CGPoint contentOffset; // default CGPointZero
/Users/admin/builder/spi-builder-workspace/Sources/ImageScrollView.swift:340:17: error: cannot override 'scrollViewDidChangeAdjustedContentInset' which has been marked unavailable
338 |
339 | @available(iOS 11.0, *)
340 | public func scrollViewDidChangeAdjustedContentInset(_ scrollView: UIScrollView) {
| `- error: cannot override 'scrollViewDidChangeAdjustedContentInset' which has been marked unavailable
341 | imageScrollViewDelegate?.scrollViewDidChangeAdjustedContentInset?(scrollView)
342 | }
/Applications/Xcode-27.0.0-Release.Candidate.app/Contents/Developer/Platforms/WatchOS.platform/Developer/SDKs/WatchOS27.0.sdk/System/Library/Frameworks/UIKit.framework/Headers/UIScrollView.h:340:1: note: 'scrollViewDidChangeAdjustedContentInset' has been explicitly marked unavailable here
338 | /* Also see -[UIScrollView adjustedContentInsetDidChange]
339 | */
340 | - (void)scrollViewDidChangeAdjustedContentInset:(UIScrollView *)scrollView API_AVAILABLE(ios(11.0), tvos(11.0)) API_UNAVAILABLE(watchos);
| `- note: 'scrollViewDidChangeAdjustedContentInset' has been explicitly marked unavailable here
341 |
342 | @end
/Users/admin/builder/spi-builder-workspace/Sources/ImageScrollView.swift:297:28: error: 'UIScrollViewDelegate' is unavailable in watchOS
295 | }
296 |
297 | extension ImageScrollView: UIScrollViewDelegate {
| `- error: 'UIScrollViewDelegate' is unavailable in watchOS
298 |
299 | public func scrollViewDidScroll(_ scrollView: UIScrollView) {
/Applications/Xcode-27.0.0-Release.Candidate.app/Contents/Developer/Platforms/WatchOS.platform/Developer/SDKs/WatchOS27.0.sdk/System/Library/Frameworks/UIKit.framework/Headers/UIScrollView.h:312:11: note: 'UIScrollViewDelegate' has been explicitly marked unavailable here
310 |
311 | API_UNAVAILABLE(watchos) NS_SWIFT_UI_ACTOR
312 | @protocol UIScrollViewDelegate<NSObject>
| `- note: 'UIScrollViewDelegate' has been explicitly marked unavailable here
313 |
314 | @optional
Failed frontend command:
/Applications/Xcode-27.0.0-Release.Candidate.app/Contents/Developer/Toolchains/XcodeDefault.xctoolchain/usr/bin/swift-frontend -frontend -emit-module -experimental-skip-non-inlinable-function-bodies-without-types /Users/admin/builder/spi-builder-workspace/Sources/ImageScrollView.swift -target arm64_32-apple-watchos9.0 -disable-cross-import-overlay-search -load-resolved-plugin /Applications/Xcode-27.0.0-Release.Candidate.app/Contents/Developer/Platforms/WatchOS.platform/Developer/usr/lib/swift/host/plugins/libFoundationMacros.dylib\#/Applications/Xcode-27.0.0-Release.Candidate.app/Contents/Developer/Platforms/WatchOS.platform/Developer/usr/bin/swift-plugin-server\#FoundationMacros -load-resolved-plugin /Applications/Xcode-27.0.0-Release.Candidate.app/Contents/Developer/Platforms/WatchOS.platform/Developer/usr/lib/swift/host/plugins/libObservationMacros.dylib\#/Applications/Xcode-27.0.0-Release.Candidate.app/Contents/Developer/Platforms/WatchOS.platform/Developer/usr/bin/swift-plugin-server\#ObservationMacros -load-resolved-plugin /Applications/Xcode-27.0.0-Release.Candidate.app/Contents/Developer/Platforms/WatchOS.platform/Developer/usr/lib/swift/host/plugins/libSwiftMacros.dylib\#/Applications/Xcode-27.0.0-Release.Candidate.app/Contents/Developer/Platforms/WatchOS.platform/Developer/usr/bin/swift-plugin-server\#SwiftMacros -load-resolved-plugin /Applications/Xcode-27.0.0-Release.Candidate.app/Contents/Developer/Platforms/WatchOS.platform/Developer/usr/lib/swift/host/plugins/libSwiftUIMacros.dylib\#/Applications/Xcode-27.0.0-Release.Candidate.app/Contents/Developer/Platforms/WatchOS.platform/Developer/usr/bin/swift-plugin-server\#SwiftUIMacros -disable-implicit-swift-modules -Xcc -fno-implicit-modules -Xcc -fno-implicit-module-maps -explicit-swift-module-map-file /Users/admin/builder/spi-builder-workspace/.derivedData/Build/Intermediates.noindex/ImageScrollView.build/Debug-watchos/ImageScrollView-t.build/Objects-normal/arm64_32/ImageScrollView-dependencies-2.json -enable-objc-interop -sdk /Applications/Xcode-27.0.0-Release.Candidate.app/Contents/Developer/Platforms/WatchOS.platform/Developer/SDKs/WatchOS27.0.sdk -I /Users/admin/builder/spi-builder-workspace/.derivedData/Build/Products/Debug-watchos -Isystem /Applications/Xcode-27.0.0-Release.Candidate.app/Contents/Developer/Platforms/WatchOS.platform/Developer/usr/lib -F /Users/admin/builder/spi-builder-workspace/.derivedData/Build/Products/Debug-watchos -F /Applications/Xcode-27.0.0-Release.Candidate.app/Contents/Developer/Platforms/WatchOS.platform/Developer/Library/Frameworks -F /Applications/Xcode-27.0.0-Release.Candidate.app/Contents/Developer/Platforms/WatchOS.platform/Developer/SDKs/WatchOS27.0.sdk/Developer/Library/Frameworks -module-cache-path /Users/admin/builder/spi-builder-workspace/.derivedData/Build/Intermediates.noindex/SwiftExplicitPrecompiledModules -no-color-diagnostics -Xcc -fno-color-diagnostics -enable-testing -g -debug-info-format\=dwarf -dwarf-version\=4 -swift-version 5 -Onone -D SWIFT_PACKAGE -D DEBUG -D SWIFT_MODULE_RESOURCE_BUNDLE_UNAVAILABLE -D Xcode -serialize-debugging-options -enable-experimental-feature DebugDescriptionMacro -empty-abi-descriptor -validate-clang-modules-once -clang-build-session-file /Users/admin/builder/spi-builder-workspace/.derivedData/ModuleCache.noindex/Session.modulevalidation -Xcc -working-directory -Xcc /Users/admin/builder/spi-builder-workspace/.swiftpm/xcode -enable-anonymous-context-mangled-names -file-compilation-dir /Users/admin/builder/spi-builder-workspace/.swiftpm/xcode -Xcc -D_LIBCPP_HARDENING_MODE\=_LIBCPP_HARDENING_MODE_DEBUG -Xcc -ivfsstatcache -Xcc /Users/admin/builder/spi-builder-workspace/.derivedData/SDKStatCaches.noindex/watchos27.0-24R360-e829b21a6f8c9b70876ba0858053c04477534ef55a1706bf4c1112bbb242f0a2.sdkstatcache -Xcc -fmodules-prune-interval\=86400 -Xcc -fmodules-prune-after\=345600 -Xcc -I/Users/admin/builder/spi-builder-workspace/.derivedData/Build/Products/Debug-watchos/include -Xcc -I/Users/admin/builder/spi-builder-workspace/.derivedData/Build/Intermediates.noindex/ImageScrollView.build/Debug-watchos/ImageScrollView-t.build/DerivedSources-normal/arm64_32 -Xcc -I/Users/admin/builder/spi-builder-workspace/.derivedData/Build/Intermediates.noindex/ImageScrollView.build/Debug-watchos/ImageScrollView-t.build/DerivedSources/arm64_32 -Xcc -I/Users/admin/builder/spi-builder-workspace/.derivedData/Build/Intermediates.noindex/ImageScrollView.build/Debug-watchos/ImageScrollView-t.build/DerivedSources -Xcc -DSWIFT_PACKAGE -Xcc -DDEBUG\=1 -no-auto-bridging-header-chaining -module-name ImageScrollView -const-gather-protocols-file /Users/admin/builder/spi-builder-workspace/.derivedData/Build/Intermediates.noindex/ImageScrollView.build/Debug-watchos/ImageScrollView-t.build/Objects-normal/arm64_32/ImageScrollView_const_extract_protocols.json -disable-clang-spi -clang-target arm64_32-apple-watchos27.0 -target-sdk-version 27.0 -target-sdk-name watchos27.0 -in-process-plugin-server-path /Applications/Xcode-27.0.0-Release.Candidate.app/Contents/Developer/Toolchains/XcodeDefault.xctoolchain/usr/lib/swift/host/libSwiftInProcPluginServer.dylib -emit-module-doc-path /Users/admin/builder/spi-builder-workspace/.derivedData/Build/Intermediates.noindex/ImageScrollView.build/Debug-watchos/ImageScrollView-t.build/Objects-normal/arm64_32/ImageScrollView.swiftdoc -emit-module-source-info-path /Users/admin/builder/spi-builder-workspace/.derivedData/Build/Intermediates.noindex/ImageScrollView.build/Debug-watchos/ImageScrollView-t.build/Objects-normal/arm64_32/ImageScrollView.swiftsourceinfo -emit-objc-header-path /Users/admin/builder/spi-builder-workspace/.derivedData/Build/Intermediates.noindex/ImageScrollView.build/Debug-watchos/ImageScrollView-t.build/Objects-normal/arm64_32/ImageScrollView-Swift.h -serialize-diagnostics-path /Users/admin/builder/spi-builder-workspace/.derivedData/Build/Intermediates.noindex/ImageScrollView.build/Debug-watchos/ImageScrollView-t.build/Objects-normal/arm64_32/ImageScrollView-primary-emit-module.dia -emit-dependencies-path /Users/admin/builder/spi-builder-workspace/.derivedData/Build/Intermediates.noindex/ImageScrollView.build/Debug-watchos/ImageScrollView-t.build/Objects-normal/arm64_32/ImageScrollView-primary-emit-module.d -parse-as-library -o /Users/admin/builder/spi-builder-workspace/.derivedData/Build/Intermediates.noindex/ImageScrollView.build/Debug-watchos/ImageScrollView-t.build/Objects-normal/arm64_32/ImageScrollView.swiftmodule -emit-abi-descriptor-path /Users/admin/builder/spi-builder-workspace/.derivedData/Build/Intermediates.noindex/ImageScrollView.build/Debug-watchos/ImageScrollView-t.build/Objects-normal/arm64_32/ImageScrollView.abi.json
SwiftCompile normal arm64_32 (in target 'ImageScrollView' from project 'ImageScrollView')
cd /Users/admin/builder/spi-builder-workspace/.swiftpm/xcode
SwiftCompile normal arm64 Compiling\ ImageScrollView.swift /Users/admin/builder/spi-builder-workspace/Sources/ImageScrollView.swift (in target 'ImageScrollView' from project 'ImageScrollView')
/Users/admin/builder/spi-builder-workspace/Sources/ImageScrollView.swift:11:48: error: 'UIScrollViewDelegate' is unavailable in watchOS
9 | import UIKit
10 |
11 | @objc public protocol ImageScrollViewDelegate: UIScrollViewDelegate {
| `- error: 'UIScrollViewDelegate' is unavailable in watchOS
12 | func imageScrollViewDidChangeOrientation(imageScrollView: ImageScrollView)
13 | }
/Applications/Xcode-27.0.0-Release.Candidate.app/Contents/Developer/Platforms/WatchOS.platform/Developer/SDKs/WatchOS27.0.sdk/System/Library/Frameworks/UIKit.framework/Headers/UIScrollView.h:312:11: note: 'UIScrollViewDelegate' has been explicitly marked unavailable here
310 |
311 | API_UNAVAILABLE(watchos) NS_SWIFT_UI_ACTOR
312 | @protocol UIScrollViewDelegate<NSObject>
| `- note: 'UIScrollViewDelegate' has been explicitly marked unavailable here
313 |
314 | @optional
/Users/admin/builder/spi-builder-workspace/Sources/ImageScrollView.swift:34:45: error: 'UIImageView' is unavailable in watchOS
32 | @objc open var initialOffset: Offset = .begining
33 |
34 | @objc public private(set) var zoomView: UIImageView? = nil
| `- error: 'UIImageView' is unavailable in watchOS
35 |
36 | @objc open weak var imageScrollViewDelegate: ImageScrollViewDelegate?
/Applications/Xcode-27.0.0-Release.Candidate.app/Contents/Developer/Platforms/WatchOS.platform/Developer/SDKs/WatchOS27.0.sdk/System/Library/Frameworks/UIKit.framework/Headers/UIImageView.h:21:12: note: 'UIImageView' has been explicitly marked unavailable here
19 |
20 | UIKIT_EXTERN API_AVAILABLE(ios(2.0)) API_UNAVAILABLE(watchos) NS_SWIFT_UI_ACTOR
21 | @interface UIImageView : UIView
| `- note: 'UIImageView' has been explicitly marked unavailable here
22 |
23 | - (instancetype)initWithImage:(nullable UIImage *)image;
/Users/admin/builder/spi-builder-workspace/Sources/ImageScrollView.swift:253:64: error: 'UIGestureRecognizer' is unavailable in watchOS
251 | // MARK: - Gesture
252 |
253 | @objc func doubleTapGestureRecognizer(_ gestureRecognizer: UIGestureRecognizer) {
| `- error: 'UIGestureRecognizer' is unavailable in watchOS
254 | // zoom out if it bigger than the scale factor after double-tap scaling. Else, zoom in
255 | if zoomScale >= minimumZoomScale * ImageScrollView.kZoomInFactorFromMinWhenDoubleTap - 0.01 {
/Applications/Xcode-27.0.0-Release.Candidate.app/Contents/Developer/Platforms/WatchOS.platform/Developer/SDKs/WatchOS27.0.sdk/System/Library/Frameworks/UIKit.framework/Headers/UIGestureRecognizer.h:35:12: note: 'UIGestureRecognizer' has been explicitly marked unavailable here
33 |
34 | UIKIT_EXTERN API_AVAILABLE(ios(3.2)) API_UNAVAILABLE(watchos) NS_SWIFT_UI_ACTOR
35 | @interface UIGestureRecognizer : NSObject
| `- note: 'UIGestureRecognizer' has been explicitly marked unavailable here
36 |
37 | // Valid action method signatures:
/Users/admin/builder/spi-builder-workspace/Sources/ImageScrollView.swift:15:29: error: 'UIScrollView' is unavailable in watchOS
13 | }
14 |
15 | open class ImageScrollView: UIScrollView {
| `- error: 'UIScrollView' is unavailable in watchOS
16 |
17 | @objc public enum ScaleMode: Int {
/Applications/Xcode-27.0.0-Release.Candidate.app/Contents/Developer/Platforms/WatchOS.platform/Developer/SDKs/WatchOS27.0.sdk/System/Library/Frameworks/UIKit.framework/Headers/UIScrollView.h:87:12: note: 'UIScrollView' has been explicitly marked unavailable here
85 |
86 | UIKIT_EXTERN API_AVAILABLE(ios(2.0)) API_UNAVAILABLE(watchos) NS_SWIFT_UI_ACTOR
87 | @interface UIScrollView : UIView <NSCoding, UIFocusItemScrollableContainer>
| `- note: 'UIScrollView' has been explicitly marked unavailable here
88 |
89 | @property(nonatomic) CGPoint contentOffset; // default CGPointZero
/Users/admin/builder/spi-builder-workspace/Sources/ImageScrollView.swift:299:51: error: 'UIScrollView' is unavailable in watchOS
297 | extension ImageScrollView: UIScrollViewDelegate {
298 |
299 | public func scrollViewDidScroll(_ scrollView: UIScrollView) {
| `- error: 'UIScrollView' is unavailable in watchOS
300 | imageScrollViewDelegate?.scrollViewDidScroll?(scrollView)
301 | }
/Applications/Xcode-27.0.0-Release.Candidate.app/Contents/Developer/Platforms/WatchOS.platform/Developer/SDKs/WatchOS27.0.sdk/System/Library/Frameworks/UIKit.framework/Headers/UIScrollView.h:87:12: note: 'UIScrollView' has been explicitly marked unavailable here
85 |
86 | UIKIT_EXTERN API_AVAILABLE(ios(2.0)) API_UNAVAILABLE(watchos) NS_SWIFT_UI_ACTOR
87 | @interface UIScrollView : UIView <NSCoding, UIFocusItemScrollableContainer>
| `- note: 'UIScrollView' has been explicitly marked unavailable here
88 |
89 | @property(nonatomic) CGPoint contentOffset; // default CGPointZero
/Users/admin/builder/spi-builder-workspace/Sources/ImageScrollView.swift:303:59: error: 'UIScrollView' is unavailable in watchOS
301 | }
302 |
303 | public func scrollViewWillBeginDragging(_ scrollView: UIScrollView) {
| `- error: 'UIScrollView' is unavailable in watchOS
304 | imageScrollViewDelegate?.scrollViewWillBeginDragging?(scrollView)
305 | }
/Applications/Xcode-27.0.0-Release.Candidate.app/Contents/Developer/Platforms/WatchOS.platform/Developer/SDKs/WatchOS27.0.sdk/System/Library/Frameworks/UIKit.framework/Headers/UIScrollView.h:87:12: note: 'UIScrollView' has been explicitly marked unavailable here
85 |
86 | UIKIT_EXTERN API_AVAILABLE(ios(2.0)) API_UNAVAILABLE(watchos) NS_SWIFT_UI_ACTOR
87 | @interface UIScrollView : UIView <NSCoding, UIFocusItemScrollableContainer>
| `- note: 'UIScrollView' has been explicitly marked unavailable here
88 |
89 | @property(nonatomic) CGPoint contentOffset; // default CGPointZero
/Users/admin/builder/spi-builder-workspace/Sources/ImageScrollView.swift:307:57: error: 'UIScrollView' is unavailable in watchOS
305 | }
306 |
307 | public func scrollViewWillEndDragging(_ scrollView: UIScrollView, withVelocity velocity: CGPoint, targetContentOffset: UnsafeMutablePointer<CGPoint>) {
| `- error: 'UIScrollView' is unavailable in watchOS
308 | imageScrollViewDelegate?.scrollViewWillEndDragging?(scrollView, withVelocity: velocity, targetContentOffset: targetContentOffset)
309 | }
/Applications/Xcode-27.0.0-Release.Candidate.app/Contents/Developer/Platforms/WatchOS.platform/Developer/SDKs/WatchOS27.0.sdk/System/Library/Frameworks/UIKit.framework/Headers/UIScrollView.h:87:12: note: 'UIScrollView' has been explicitly marked unavailable here
85 |
86 | UIKIT_EXTERN API_AVAILABLE(ios(2.0)) API_UNAVAILABLE(watchos) NS_SWIFT_UI_ACTOR
87 | @interface UIScrollView : UIView <NSCoding, UIFocusItemScrollableContainer>
| `- note: 'UIScrollView' has been explicitly marked unavailable here
88 |
89 | @property(nonatomic) CGPoint contentOffset; // default CGPointZero
/Users/admin/builder/spi-builder-workspace/Sources/ImageScrollView.swift:311:56: error: 'UIScrollView' is unavailable in watchOS
309 | }
310 |
311 | public func scrollViewDidEndDragging(_ scrollView: UIScrollView, willDecelerate decelerate: Bool) {
| `- error: 'UIScrollView' is unavailable in watchOS
312 | imageScrollViewDelegate?.scrollViewDidEndDragging?(scrollView, willDecelerate: decelerate)
313 | }
/Applications/Xcode-27.0.0-Release.Candidate.app/Contents/Developer/Platforms/WatchOS.platform/Developer/SDKs/WatchOS27.0.sdk/System/Library/Frameworks/UIKit.framework/Headers/UIScrollView.h:87:12: note: 'UIScrollView' has been explicitly marked unavailable here
85 |
86 | UIKIT_EXTERN API_AVAILABLE(ios(2.0)) API_UNAVAILABLE(watchos) NS_SWIFT_UI_ACTOR
87 | @interface UIScrollView : UIView <NSCoding, UIFocusItemScrollableContainer>
| `- note: 'UIScrollView' has been explicitly marked unavailable here
88 |
89 | @property(nonatomic) CGPoint contentOffset; // default CGPointZero
/Users/admin/builder/spi-builder-workspace/Sources/ImageScrollView.swift:315:63: error: 'UIScrollView' is unavailable in watchOS
313 | }
314 |
315 | public func scrollViewWillBeginDecelerating(_ scrollView: UIScrollView) {
| `- error: 'UIScrollView' is unavailable in watchOS
316 | imageScrollViewDelegate?.scrollViewWillBeginDecelerating?(scrollView)
317 | }
/Applications/Xcode-27.0.0-Release.Candidate.app/Contents/Developer/Platforms/WatchOS.platform/Developer/SDKs/WatchOS27.0.sdk/System/Library/Frameworks/UIKit.framework/Headers/UIScrollView.h:87:12: note: 'UIScrollView' has been explicitly marked unavailable here
85 |
86 | UIKIT_EXTERN API_AVAILABLE(ios(2.0)) API_UNAVAILABLE(watchos) NS_SWIFT_UI_ACTOR
87 | @interface UIScrollView : UIView <NSCoding, UIFocusItemScrollableContainer>
| `- note: 'UIScrollView' has been explicitly marked unavailable here
88 |
89 | @property(nonatomic) CGPoint contentOffset; // default CGPointZero
/Users/admin/builder/spi-builder-workspace/Sources/ImageScrollView.swift:319:60: error: 'UIScrollView' is unavailable in watchOS
317 | }
318 |
319 | public func scrollViewDidEndDecelerating(_ scrollView: UIScrollView) {
| `- error: 'UIScrollView' is unavailable in watchOS
320 | imageScrollViewDelegate?.scrollViewDidEndDecelerating?(scrollView)
321 | }
/Applications/Xcode-27.0.0-Release.Candidate.app/Contents/Developer/Platforms/WatchOS.platform/Developer/SDKs/WatchOS27.0.sdk/System/Library/Frameworks/UIKit.framework/Headers/UIScrollView.h:87:12: note: 'UIScrollView' has been explicitly marked unavailable here
85 |
86 | UIKIT_EXTERN API_AVAILABLE(ios(2.0)) API_UNAVAILABLE(watchos) NS_SWIFT_UI_ACTOR
87 | @interface UIScrollView : UIView <NSCoding, UIFocusItemScrollableContainer>
| `- note: 'UIScrollView' has been explicitly marked unavailable here
88 |
89 | @property(nonatomic) CGPoint contentOffset; // default CGPointZero
/Users/admin/builder/spi-builder-workspace/Sources/ImageScrollView.swift:323:66: error: 'UIScrollView' is unavailable in watchOS
321 | }
322 |
323 | public func scrollViewDidEndScrollingAnimation(_ scrollView: UIScrollView) {
| `- error: 'UIScrollView' is unavailable in watchOS
324 | imageScrollViewDelegate?.scrollViewDidEndScrollingAnimation?(scrollView)
325 | }
/Applications/Xcode-27.0.0-Release.Candidate.app/Contents/Developer/Platforms/WatchOS.platform/Developer/SDKs/WatchOS27.0.sdk/System/Library/Frameworks/UIKit.framework/Headers/UIScrollView.h:87:12: note: 'UIScrollView' has been explicitly marked unavailable here
85 |
86 | UIKIT_EXTERN API_AVAILABLE(ios(2.0)) API_UNAVAILABLE(watchos) NS_SWIFT_UI_ACTOR
87 | @interface UIScrollView : UIView <NSCoding, UIFocusItemScrollableContainer>
| `- note: 'UIScrollView' has been explicitly marked unavailable here
88 |
89 | @property(nonatomic) CGPoint contentOffset; // default CGPointZero
/Users/admin/builder/spi-builder-workspace/Sources/ImageScrollView.swift:327:58: error: 'UIScrollView' is unavailable in watchOS
325 | }
326 |
327 | public func scrollViewWillBeginZooming(_ scrollView: UIScrollView, with view: UIView?) {
| `- error: 'UIScrollView' is unavailable in watchOS
328 | imageScrollViewDelegate?.scrollViewWillBeginZooming?(scrollView, with: view)
329 | }
/Applications/Xcode-27.0.0-Release.Candidate.app/Contents/Developer/Platforms/WatchOS.platform/Developer/SDKs/WatchOS27.0.sdk/System/Library/Frameworks/UIKit.framework/Headers/UIScrollView.h:87:12: note: 'UIScrollView' has been explicitly marked unavailable here
85 |
86 | UIKIT_EXTERN API_AVAILABLE(ios(2.0)) API_UNAVAILABLE(watchos) NS_SWIFT_UI_ACTOR
87 | @interface UIScrollView : UIView <NSCoding, UIFocusItemScrollableContainer>
| `- note: 'UIScrollView' has been explicitly marked unavailable here
88 |
89 | @property(nonatomic) CGPoint contentOffset; // default CGPointZero
/Users/admin/builder/spi-builder-workspace/Sources/ImageScrollView.swift:327:83: error: 'UIView' is unavailable in watchOS
325 | }
326 |
327 | public func scrollViewWillBeginZooming(_ scrollView: UIScrollView, with view: UIView?) {
| `- error: 'UIView' is unavailable in watchOS
328 | imageScrollViewDelegate?.scrollViewWillBeginZooming?(scrollView, with: view)
329 | }
/Applications/Xcode-27.0.0-Release.Candidate.app/Contents/Developer/Platforms/WatchOS.platform/Developer/SDKs/WatchOS27.0.sdk/System/Library/Frameworks/UIKit.framework/Headers/UIView.h:152:12: note: 'UIView' has been explicitly marked unavailable here
150 |
151 | UIKIT_EXTERN API_AVAILABLE(ios(2.0)) API_UNAVAILABLE(watchos) NS_SWIFT_UI_ACTOR
152 | @interface UIView : UIResponder <NSCoding, UIAppearance, UIAppearanceContainer, UIDynamicItem, UITraitEnvironment, UICoordinateSpace, UIFocusItem, UIFocusItemContainer, CALayerDelegate>
| `- note: 'UIView' has been explicitly marked unavailable here
153 |
154 | @property(class, nonatomic, readonly) Class layerClass; // default is [CALayer class]. Used when creating the underlying layer for the view.
/Users/admin/builder/spi-builder-workspace/Sources/ImageScrollView.swift:331:55: error: 'UIScrollView' is unavailable in watchOS
329 | }
330 |
331 | public func scrollViewDidEndZooming(_ scrollView: UIScrollView, with view: UIView?, atScale scale: CGFloat) {
| `- error: 'UIScrollView' is unavailable in watchOS
332 | imageScrollViewDelegate?.scrollViewDidEndZooming?(scrollView, with: view, atScale: scale)
333 | }
/Applications/Xcode-27.0.0-Release.Candidate.app/Contents/Developer/Platforms/WatchOS.platform/Developer/SDKs/WatchOS27.0.sdk/System/Library/Frameworks/UIKit.framework/Headers/UIScrollView.h:87:12: note: 'UIScrollView' has been explicitly marked unavailable here
85 |
86 | UIKIT_EXTERN API_AVAILABLE(ios(2.0)) API_UNAVAILABLE(watchos) NS_SWIFT_UI_ACTOR
87 | @interface UIScrollView : UIView <NSCoding, UIFocusItemScrollableContainer>
| `- note: 'UIScrollView' has been explicitly marked unavailable here
88 |
89 | @property(nonatomic) CGPoint contentOffset; // default CGPointZero
/Users/admin/builder/spi-builder-workspace/Sources/ImageScrollView.swift:331:80: error: 'UIView' is unavailable in watchOS
329 | }
330 |
331 | public func scrollViewDidEndZooming(_ scrollView: UIScrollView, with view: UIView?, atScale scale: CGFloat) {
| `- error: 'UIView' is unavailable in watchOS
332 | imageScrollViewDelegate?.scrollViewDidEndZooming?(scrollView, with: view, atScale: scale)
333 | }
/Applications/Xcode-27.0.0-Release.Candidate.app/Contents/Developer/Platforms/WatchOS.platform/Developer/SDKs/WatchOS27.0.sdk/System/Library/Frameworks/UIKit.framework/Headers/UIView.h:152:12: note: 'UIView' has been explicitly marked unavailable here
150 |
151 | UIKIT_EXTERN API_AVAILABLE(ios(2.0)) API_UNAVAILABLE(watchos) NS_SWIFT_UI_ACTOR
152 | @interface UIView : UIResponder <NSCoding, UIAppearance, UIAppearanceContainer, UIDynamicItem, UITraitEnvironment, UICoordinateSpace, UIFocusItem, UIFocusItemContainer, CALayerDelegate>
| `- note: 'UIView' has been explicitly marked unavailable here
153 |
154 | @property(class, nonatomic, readonly) Class layerClass; // default is [CALayer class]. Used when creating the underlying layer for the view.
/Users/admin/builder/spi-builder-workspace/Sources/ImageScrollView.swift:335:59: error: 'UIScrollView' is unavailable in watchOS
333 | }
334 |
335 | public func scrollViewShouldScrollToTop(_ scrollView: UIScrollView) -> Bool {
| `- error: 'UIScrollView' is unavailable in watchOS
336 | return false
337 | }
/Applications/Xcode-27.0.0-Release.Candidate.app/Contents/Developer/Platforms/WatchOS.platform/Developer/SDKs/WatchOS27.0.sdk/System/Library/Frameworks/UIKit.framework/Headers/UIScrollView.h:87:12: note: 'UIScrollView' has been explicitly marked unavailable here
85 |
86 | UIKIT_EXTERN API_AVAILABLE(ios(2.0)) API_UNAVAILABLE(watchos) NS_SWIFT_UI_ACTOR
87 | @interface UIScrollView : UIView <NSCoding, UIFocusItemScrollableContainer>
| `- note: 'UIScrollView' has been explicitly marked unavailable here
88 |
89 | @property(nonatomic) CGPoint contentOffset; // default CGPointZero
/Users/admin/builder/spi-builder-workspace/Sources/ImageScrollView.swift:340:71: error: 'UIScrollView' is unavailable in watchOS
338 |
339 | @available(iOS 11.0, *)
340 | public func scrollViewDidChangeAdjustedContentInset(_ scrollView: UIScrollView) {
| `- error: 'UIScrollView' is unavailable in watchOS
341 | imageScrollViewDelegate?.scrollViewDidChangeAdjustedContentInset?(scrollView)
342 | }
/Applications/Xcode-27.0.0-Release.Candidate.app/Contents/Developer/Platforms/WatchOS.platform/Developer/SDKs/WatchOS27.0.sdk/System/Library/Frameworks/UIKit.framework/Headers/UIScrollView.h:87:12: note: 'UIScrollView' has been explicitly marked unavailable here
85 |
86 | UIKIT_EXTERN API_AVAILABLE(ios(2.0)) API_UNAVAILABLE(watchos) NS_SWIFT_UI_ACTOR
87 | @interface UIScrollView : UIView <NSCoding, UIFocusItemScrollableContainer>
| `- note: 'UIScrollView' has been explicitly marked unavailable here
88 |
89 | @property(nonatomic) CGPoint contentOffset; // default CGPointZero
SwiftCompile normal arm64 /Users/admin/builder/spi-builder-workspace/Sources/ImageScrollView.swift (in target 'ImageScrollView' from project 'ImageScrollView')
cd /Users/admin/builder/spi-builder-workspace/.swiftpm/xcode
builtin-SwiftPerFileCompile ImageScrollView.swift
/Users/admin/builder/spi-builder-workspace/Sources/ImageScrollView.swift:344:47: error: 'UIScrollView' is unavailable in watchOS
342 | }
343 |
344 | public func viewForZooming(in scrollView: UIScrollView) -> UIView? {
| `- error: 'UIScrollView' is unavailable in watchOS
345 | return zoomView
346 | }
/Applications/Xcode-27.0.0-Release.Candidate.app/Contents/Developer/Platforms/WatchOS.platform/Developer/SDKs/WatchOS27.0.sdk/System/Library/Frameworks/UIKit.framework/Headers/UIScrollView.h:87:12: note: 'UIScrollView' has been explicitly marked unavailable here
85 |
86 | UIKIT_EXTERN API_AVAILABLE(ios(2.0)) API_UNAVAILABLE(watchos) NS_SWIFT_UI_ACTOR
87 | @interface UIScrollView : UIView <NSCoding, UIFocusItemScrollableContainer>
| `- note: 'UIScrollView' has been explicitly marked unavailable here
88 |
89 | @property(nonatomic) CGPoint contentOffset; // default CGPointZero
/Users/admin/builder/spi-builder-workspace/Sources/ImageScrollView.swift:344:64: error: 'UIView' is unavailable in watchOS
342 | }
343 |
344 | public func viewForZooming(in scrollView: UIScrollView) -> UIView? {
| `- error: 'UIView' is unavailable in watchOS
345 | return zoomView
346 | }
/Applications/Xcode-27.0.0-Release.Candidate.app/Contents/Developer/Platforms/WatchOS.platform/Developer/SDKs/WatchOS27.0.sdk/System/Library/Frameworks/UIKit.framework/Headers/UIView.h:152:12: note: 'UIView' has been explicitly marked unavailable here
150 |
151 | UIKIT_EXTERN API_AVAILABLE(ios(2.0)) API_UNAVAILABLE(watchos) NS_SWIFT_UI_ACTOR
152 | @interface UIView : UIResponder <NSCoding, UIAppearance, UIAppearanceContainer, UIDynamicItem, UITraitEnvironment, UICoordinateSpace, UIFocusItem, UIFocusItemContainer, CALayerDelegate>
| `- note: 'UIView' has been explicitly marked unavailable here
153 |
154 | @property(class, nonatomic, readonly) Class layerClass; // default is [CALayer class]. Used when creating the underlying layer for the view.
/Users/admin/builder/spi-builder-workspace/Sources/ImageScrollView.swift:348:49: error: 'UIScrollView' is unavailable in watchOS
346 | }
347 |
348 | public func scrollViewDidZoom(_ scrollView: UIScrollView) {
| `- error: 'UIScrollView' is unavailable in watchOS
349 | adjustFrameToCenter()
350 | imageScrollViewDelegate?.scrollViewDidZoom?(scrollView)
/Applications/Xcode-27.0.0-Release.Candidate.app/Contents/Developer/Platforms/WatchOS.platform/Developer/SDKs/WatchOS27.0.sdk/System/Library/Frameworks/UIKit.framework/Headers/UIScrollView.h:87:12: note: 'UIScrollView' has been explicitly marked unavailable here
85 |
86 | UIKIT_EXTERN API_AVAILABLE(ios(2.0)) API_UNAVAILABLE(watchos) NS_SWIFT_UI_ACTOR
87 | @interface UIScrollView : UIView <NSCoding, UIFocusItemScrollableContainer>
| `- note: 'UIScrollView' has been explicitly marked unavailable here
88 |
89 | @property(nonatomic) CGPoint contentOffset; // default CGPointZero
/Users/admin/builder/spi-builder-workspace/Sources/ImageScrollView.swift:340:17: error: cannot override 'scrollViewDidChangeAdjustedContentInset' which has been marked unavailable
338 |
339 | @available(iOS 11.0, *)
340 | public func scrollViewDidChangeAdjustedContentInset(_ scrollView: UIScrollView) {
| `- error: cannot override 'scrollViewDidChangeAdjustedContentInset' which has been marked unavailable
341 | imageScrollViewDelegate?.scrollViewDidChangeAdjustedContentInset?(scrollView)
342 | }
/Applications/Xcode-27.0.0-Release.Candidate.app/Contents/Developer/Platforms/WatchOS.platform/Developer/SDKs/WatchOS27.0.sdk/System/Library/Frameworks/UIKit.framework/Headers/UIScrollView.h:340:1: note: 'scrollViewDidChangeAdjustedContentInset' has been explicitly marked unavailable here
338 | /* Also see -[UIScrollView adjustedContentInsetDidChange]
339 | */
340 | - (void)scrollViewDidChangeAdjustedContentInset:(UIScrollView *)scrollView API_AVAILABLE(ios(11.0), tvos(11.0)) API_UNAVAILABLE(watchos);
| `- note: 'scrollViewDidChangeAdjustedContentInset' has been explicitly marked unavailable here
341 |
342 | @end
SwiftCompile normal arm64_32 Compiling\ ImageScrollView.swift /Users/admin/builder/spi-builder-workspace/Sources/ImageScrollView.swift (in target 'ImageScrollView' from project 'ImageScrollView')
/Users/admin/builder/spi-builder-workspace/Sources/ImageScrollView.swift:11:48: error: 'UIScrollViewDelegate' is unavailable in watchOS
9 | import UIKit
10 |
11 | @objc public protocol ImageScrollViewDelegate: UIScrollViewDelegate {
| `- error: 'UIScrollViewDelegate' is unavailable in watchOS
12 | func imageScrollViewDidChangeOrientation(imageScrollView: ImageScrollView)
13 | }
/Applications/Xcode-27.0.0-Release.Candidate.app/Contents/Developer/Platforms/WatchOS.platform/Developer/SDKs/WatchOS27.0.sdk/System/Library/Frameworks/UIKit.framework/Headers/UIScrollView.h:312:11: note: 'UIScrollViewDelegate' has been explicitly marked unavailable here
310 |
311 | API_UNAVAILABLE(watchos) NS_SWIFT_UI_ACTOR
312 | @protocol UIScrollViewDelegate<NSObject>
| `- note: 'UIScrollViewDelegate' has been explicitly marked unavailable here
313 |
314 | @optional
/Users/admin/builder/spi-builder-workspace/Sources/ImageScrollView.swift:34:45: error: 'UIImageView' is unavailable in watchOS
32 | @objc open var initialOffset: Offset = .begining
33 |
34 | @objc public private(set) var zoomView: UIImageView? = nil
| `- error: 'UIImageView' is unavailable in watchOS
35 |
36 | @objc open weak var imageScrollViewDelegate: ImageScrollViewDelegate?
/Applications/Xcode-27.0.0-Release.Candidate.app/Contents/Developer/Platforms/WatchOS.platform/Developer/SDKs/WatchOS27.0.sdk/System/Library/Frameworks/UIKit.framework/Headers/UIImageView.h:21:12: note: 'UIImageView' has been explicitly marked unavailable here
19 |
20 | UIKIT_EXTERN API_AVAILABLE(ios(2.0)) API_UNAVAILABLE(watchos) NS_SWIFT_UI_ACTOR
21 | @interface UIImageView : UIView
| `- note: 'UIImageView' has been explicitly marked unavailable here
22 |
23 | - (instancetype)initWithImage:(nullable UIImage *)image;
/Users/admin/builder/spi-builder-workspace/Sources/ImageScrollView.swift:253:64: error: 'UIGestureRecognizer' is unavailable in watchOS
251 | // MARK: - Gesture
252 |
253 | @objc func doubleTapGestureRecognizer(_ gestureRecognizer: UIGestureRecognizer) {
| `- error: 'UIGestureRecognizer' is unavailable in watchOS
254 | // zoom out if it bigger than the scale factor after double-tap scaling. Else, zoom in
255 | if zoomScale >= minimumZoomScale * ImageScrollView.kZoomInFactorFromMinWhenDoubleTap - 0.01 {
/Applications/Xcode-27.0.0-Release.Candidate.app/Contents/Developer/Platforms/WatchOS.platform/Developer/SDKs/WatchOS27.0.sdk/System/Library/Frameworks/UIKit.framework/Headers/UIGestureRecognizer.h:35:12: note: 'UIGestureRecognizer' has been explicitly marked unavailable here
33 |
34 | UIKIT_EXTERN API_AVAILABLE(ios(3.2)) API_UNAVAILABLE(watchos) NS_SWIFT_UI_ACTOR
35 | @interface UIGestureRecognizer : NSObject
| `- note: 'UIGestureRecognizer' has been explicitly marked unavailable here
36 |
37 | // Valid action method signatures:
/Users/admin/builder/spi-builder-workspace/Sources/ImageScrollView.swift:15:29: error: 'UIScrollView' is unavailable in watchOS
13 | }
14 |
15 | open class ImageScrollView: UIScrollView {
| `- error: 'UIScrollView' is unavailable in watchOS
16 |
17 | @objc public enum ScaleMode: Int {
/Applications/Xcode-27.0.0-Release.Candidate.app/Contents/Developer/Platforms/WatchOS.platform/Developer/SDKs/WatchOS27.0.sdk/System/Library/Frameworks/UIKit.framework/Headers/UIScrollView.h:87:12: note: 'UIScrollView' has been explicitly marked unavailable here
85 |
86 | UIKIT_EXTERN API_AVAILABLE(ios(2.0)) API_UNAVAILABLE(watchos) NS_SWIFT_UI_ACTOR
87 | @interface UIScrollView : UIView <NSCoding, UIFocusItemScrollableContainer>
| `- note: 'UIScrollView' has been explicitly marked unavailable here
88 |
89 | @property(nonatomic) CGPoint contentOffset; // default CGPointZero
/Users/admin/builder/spi-builder-workspace/Sources/ImageScrollView.swift:299:51: error: 'UIScrollView' is unavailable in watchOS
297 | extension ImageScrollView: UIScrollViewDelegate {
298 |
299 | public func scrollViewDidScroll(_ scrollView: UIScrollView) {
| `- error: 'UIScrollView' is unavailable in watchOS
300 | imageScrollViewDelegate?.scrollViewDidScroll?(scrollView)
301 | }
/Applications/Xcode-27.0.0-Release.Candidate.app/Contents/Developer/Platforms/WatchOS.platform/Developer/SDKs/WatchOS27.0.sdk/System/Library/Frameworks/UIKit.framework/Headers/UIScrollView.h:87:12: note: 'UIScrollView' has been explicitly marked unavailable here
85 |
86 | UIKIT_EXTERN API_AVAILABLE(ios(2.0)) API_UNAVAILABLE(watchos) NS_SWIFT_UI_ACTOR
87 | @interface UIScrollView : UIView <NSCoding, UIFocusItemScrollableContainer>
| `- note: 'UIScrollView' has been explicitly marked unavailable here
88 |
89 | @property(nonatomic) CGPoint contentOffset; // default CGPointZero
/Users/admin/builder/spi-builder-workspace/Sources/ImageScrollView.swift:303:59: error: 'UIScrollView' is unavailable in watchOS
301 | }
302 |
303 | public func scrollViewWillBeginDragging(_ scrollView: UIScrollView) {
| `- error: 'UIScrollView' is unavailable in watchOS
304 | imageScrollViewDelegate?.scrollViewWillBeginDragging?(scrollView)
305 | }
/Applications/Xcode-27.0.0-Release.Candidate.app/Contents/Developer/Platforms/WatchOS.platform/Developer/SDKs/WatchOS27.0.sdk/System/Library/Frameworks/UIKit.framework/Headers/UIScrollView.h:87:12: note: 'UIScrollView' has been explicitly marked unavailable here
85 |
86 | UIKIT_EXTERN API_AVAILABLE(ios(2.0)) API_UNAVAILABLE(watchos) NS_SWIFT_UI_ACTOR
87 | @interface UIScrollView : UIView <NSCoding, UIFocusItemScrollableContainer>
| `- note: 'UIScrollView' has been explicitly marked unavailable here
88 |
89 | @property(nonatomic) CGPoint contentOffset; // default CGPointZero
/Users/admin/builder/spi-builder-workspace/Sources/ImageScrollView.swift:307:57: error: 'UIScrollView' is unavailable in watchOS
305 | }
306 |
307 | public func scrollViewWillEndDragging(_ scrollView: UIScrollView, withVelocity velocity: CGPoint, targetContentOffset: UnsafeMutablePointer<CGPoint>) {
| `- error: 'UIScrollView' is unavailable in watchOS
308 | imageScrollViewDelegate?.scrollViewWillEndDragging?(scrollView, withVelocity: velocity, targetContentOffset: targetContentOffset)
309 | }
/Applications/Xcode-27.0.0-Release.Candidate.app/Contents/Developer/Platforms/WatchOS.platform/Developer/SDKs/WatchOS27.0.sdk/System/Library/Frameworks/UIKit.framework/Headers/UIScrollView.h:87:12: note: 'UIScrollView' has been explicitly marked unavailable here
85 |
86 | UIKIT_EXTERN API_AVAILABLE(ios(2.0)) API_UNAVAILABLE(watchos) NS_SWIFT_UI_ACTOR
87 | @interface UIScrollView : UIView <NSCoding, UIFocusItemScrollableContainer>
| `- note: 'UIScrollView' has been explicitly marked unavailable here
88 |
89 | @property(nonatomic) CGPoint contentOffset; // default CGPointZero
/Users/admin/builder/spi-builder-workspace/Sources/ImageScrollView.swift:311:56: error: 'UIScrollView' is unavailable in watchOS
309 | }
310 |
311 | public func scrollViewDidEndDragging(_ scrollView: UIScrollView, willDecelerate decelerate: Bool) {
| `- error: 'UIScrollView' is unavailable in watchOS
312 | imageScrollViewDelegate?.scrollViewDidEndDragging?(scrollView, willDecelerate: decelerate)
313 | }
/Applications/Xcode-27.0.0-Release.Candidate.app/Contents/Developer/Platforms/WatchOS.platform/Developer/SDKs/WatchOS27.0.sdk/System/Library/Frameworks/UIKit.framework/Headers/UIScrollView.h:87:12: note: 'UIScrollView' has been explicitly marked unavailable here
85 |
86 | UIKIT_EXTERN API_AVAILABLE(ios(2.0)) API_UNAVAILABLE(watchos) NS_SWIFT_UI_ACTOR
87 | @interface UIScrollView : UIView <NSCoding, UIFocusItemScrollableContainer>
| `- note: 'UIScrollView' has been explicitly marked unavailable here
88 |
89 | @property(nonatomic) CGPoint contentOffset; // default CGPointZero
/Users/admin/builder/spi-builder-workspace/Sources/ImageScrollView.swift:315:63: error: 'UIScrollView' is unavailable in watchOS
313 | }
314 |
315 | public func scrollViewWillBeginDecelerating(_ scrollView: UIScrollView) {
| `- error: 'UIScrollView' is unavailable in watchOS
316 | imageScrollViewDelegate?.scrollViewWillBeginDecelerating?(scrollView)
317 | }
/Applications/Xcode-27.0.0-Release.Candidate.app/Contents/Developer/Platforms/WatchOS.platform/Developer/SDKs/WatchOS27.0.sdk/System/Library/Frameworks/UIKit.framework/Headers/UIScrollView.h:87:12: note: 'UIScrollView' has been explicitly marked unavailable here
85 |
86 | UIKIT_EXTERN API_AVAILABLE(ios(2.0)) API_UNAVAILABLE(watchos) NS_SWIFT_UI_ACTOR
87 | @interface UIScrollView : UIView <NSCoding, UIFocusItemScrollableContainer>
| `- note: 'UIScrollView' has been explicitly marked unavailable here
88 |
89 | @property(nonatomic) CGPoint contentOffset; // default CGPointZero
/Users/admin/builder/spi-builder-workspace/Sources/ImageScrollView.swift:319:60: error: 'UIScrollView' is unavailable in watchOS
317 | }
318 |
319 | public func scrollViewDidEndDecelerating(_ scrollView: UIScrollView) {
| `- error: 'UIScrollView' is unavailable in watchOS
320 | imageScrollViewDelegate?.scrollViewDidEndDecelerating?(scrollView)
321 | }
/Applications/Xcode-27.0.0-Release.Candidate.app/Contents/Developer/Platforms/WatchOS.platform/Developer/SDKs/WatchOS27.0.sdk/System/Library/Frameworks/UIKit.framework/Headers/UIScrollView.h:87:12: note: 'UIScrollView' has been explicitly marked unavailable here
85 |
86 | UIKIT_EXTERN API_AVAILABLE(ios(2.0)) API_UNAVAILABLE(watchos) NS_SWIFT_UI_ACTOR
87 | @interface UIScrollView : UIView <NSCoding, UIFocusItemScrollableContainer>
| `- note: 'UIScrollView' has been explicitly marked unavailable here
88 |
89 | @property(nonatomic) CGPoint contentOffset; // default CGPointZero
/Users/admin/builder/spi-builder-workspace/Sources/ImageScrollView.swift:323:66: error: 'UIScrollView' is unavailable in watchOS
321 | }
322 |
323 | public func scrollViewDidEndScrollingAnimation(_ scrollView: UIScrollView) {
| `- error: 'UIScrollView' is unavailable in watchOS
324 | imageScrollViewDelegate?.scrollViewDidEndScrollingAnimation?(scrollView)
325 | }
/Applications/Xcode-27.0.0-Release.Candidate.app/Contents/Developer/Platforms/WatchOS.platform/Developer/SDKs/WatchOS27.0.sdk/System/Library/Frameworks/UIKit.framework/Headers/UIScrollView.h:87:12: note: 'UIScrollView' has been explicitly marked unavailable here
85 |
86 | UIKIT_EXTERN API_AVAILABLE(ios(2.0)) API_UNAVAILABLE(watchos) NS_SWIFT_UI_ACTOR
87 | @interface UIScrollView : UIView <NSCoding, UIFocusItemScrollableContainer>
| `- note: 'UIScrollView' has been explicitly marked unavailable here
88 |
89 | @property(nonatomic) CGPoint contentOffset; // default CGPointZero
/Users/admin/builder/spi-builder-workspace/Sources/ImageScrollView.swift:327:58: error: 'UIScrollView' is unavailable in watchOS
325 | }
326 |
327 | public func scrollViewWillBeginZooming(_ scrollView: UIScrollView, with view: UIView?) {
| `- error: 'UIScrollView' is unavailable in watchOS
328 | imageScrollViewDelegate?.scrollViewWillBeginZooming?(scrollView, with: view)
329 | }
/Applications/Xcode-27.0.0-Release.Candidate.app/Contents/Developer/Platforms/WatchOS.platform/Developer/SDKs/WatchOS27.0.sdk/System/Library/Frameworks/UIKit.framework/Headers/UIScrollView.h:87:12: note: 'UIScrollView' has been explicitly marked unavailable here
85 |
86 | UIKIT_EXTERN API_AVAILABLE(ios(2.0)) API_UNAVAILABLE(watchos) NS_SWIFT_UI_ACTOR
87 | @interface UIScrollView : UIView <NSCoding, UIFocusItemScrollableContainer>
| `- note: 'UIScrollView' has been explicitly marked unavailable here
88 |
89 | @property(nonatomic) CGPoint contentOffset; // default CGPointZero
/Users/admin/builder/spi-builder-workspace/Sources/ImageScrollView.swift:327:83: error: 'UIView' is unavailable in watchOS
325 | }
326 |
327 | public func scrollViewWillBeginZooming(_ scrollView: UIScrollView, with view: UIView?) {
| `- error: 'UIView' is unavailable in watchOS
328 | imageScrollViewDelegate?.scrollViewWillBeginZooming?(scrollView, with: view)
329 | }
/Applications/Xcode-27.0.0-Release.Candidate.app/Contents/Developer/Platforms/WatchOS.platform/Developer/SDKs/WatchOS27.0.sdk/System/Library/Frameworks/UIKit.framework/Headers/UIView.h:152:12: note: 'UIView' has been explicitly marked unavailable here
150 |
151 | UIKIT_EXTERN API_AVAILABLE(ios(2.0)) API_UNAVAILABLE(watchos) NS_SWIFT_UI_ACTOR
152 | @interface UIView : UIResponder <NSCoding, UIAppearance, UIAppearanceContainer, UIDynamicItem, UITraitEnvironment, UICoordinateSpace, UIFocusItem, UIFocusItemContainer, CALayerDelegate>
| `- note: 'UIView' has been explicitly marked unavailable here
153 |
154 | @property(class, nonatomic, readonly) Class layerClass; // default is [CALayer class]. Used when creating the underlying layer for the view.
/Users/admin/builder/spi-builder-workspace/Sources/ImageScrollView.swift:331:55: error: 'UIScrollView' is unavailable in watchOS
329 | }
330 |
331 | public func scrollViewDidEndZooming(_ scrollView: UIScrollView, with view: UIView?, atScale scale: CGFloat) {
| `- error: 'UIScrollView' is unavailable in watchOS
332 | imageScrollViewDelegate?.scrollViewDidEndZooming?(scrollView, with: view, atScale: scale)
333 | }
/Applications/Xcode-27.0.0-Release.Candidate.app/Contents/Developer/Platforms/WatchOS.platform/Developer/SDKs/WatchOS27.0.sdk/System/Library/Frameworks/UIKit.framework/Headers/UIScrollView.h:87:12: note: 'UIScrollView' has been explicitly marked unavailable here
85 |
86 | UIKIT_EXTERN API_AVAILABLE(ios(2.0)) API_UNAVAILABLE(watchos) NS_SWIFT_UI_ACTOR
87 | @interface UIScrollView : UIView <NSCoding, UIFocusItemScrollableContainer>
| `- note: 'UIScrollView' has been explicitly marked unavailable here
88 |
89 | @property(nonatomic) CGPoint contentOffset; // default CGPointZero
/Users/admin/builder/spi-builder-workspace/Sources/ImageScrollView.swift:331:80: error: 'UIView' is unavailable in watchOS
329 | }
330 |
331 | public func scrollViewDidEndZooming(_ scrollView: UIScrollView, with view: UIView?, atScale scale: CGFloat) {
| `- error: 'UIView' is unavailable in watchOS
332 | imageScrollViewDelegate?.scrollViewDidEndZooming?(scrollView, with: view, atScale: scale)
333 | }
/Applications/Xcode-27.0.0-Release.Candidate.app/Contents/Developer/Platforms/WatchOS.platform/Developer/SDKs/WatchOS27.0.sdk/System/Library/Frameworks/UIKit.framework/Headers/UIView.h:152:12: note: 'UIView' has been explicitly marked unavailable here
150 |
151 | UIKIT_EXTERN API_AVAILABLE(ios(2.0)) API_UNAVAILABLE(watchos) NS_SWIFT_UI_ACTOR
152 | @interface UIView : UIResponder <NSCoding, UIAppearance, UIAppearanceContainer, UIDynamicItem, UITraitEnvironment, UICoordinateSpace, UIFocusItem, UIFocusItemContainer, CALayerDelegate>
| `- note: 'UIView' has been explicitly marked unavailable here
153 |
154 | @property(class, nonatomic, readonly) Class layerClass; // default is [CALayer class]. Used when creating the underlying layer for the view.
/Users/admin/builder/spi-builder-workspace/Sources/ImageScrollView.swift:335:59: error: 'UIScrollView' is unavailable in watchOS
333 | }
334 |
335 | public func scrollViewShouldScrollToTop(_ scrollView: UIScrollView) -> Bool {
| `- error: 'UIScrollView' is unavailable in watchOS
336 | return false
337 | }
/Applications/Xcode-27.0.0-Release.Candidate.app/Contents/Developer/Platforms/WatchOS.platform/Developer/SDKs/WatchOS27.0.sdk/System/Library/Frameworks/UIKit.framework/Headers/UIScrollView.h:87:12: note: 'UIScrollView' has been explicitly marked unavailable here
85 |
86 | UIKIT_EXTERN API_AVAILABLE(ios(2.0)) API_UNAVAILABLE(watchos) NS_SWIFT_UI_ACTOR
87 | @interface UIScrollView : UIView <NSCoding, UIFocusItemScrollableContainer>
| `- note: 'UIScrollView' has been explicitly marked unavailable here
88 |
89 | @property(nonatomic) CGPoint contentOffset; // default CGPointZero
/Users/admin/builder/spi-builder-workspace/Sources/ImageScrollView.swift:340:71: error: 'UIScrollView' is unavailable in watchOS
338 |
339 | @available(iOS 11.0, *)
340 | public func scrollViewDidChangeAdjustedContentInset(_ scrollView: UIScrollView) {
| `- error: 'UIScrollView' is unavailable in watchOS
341 | imageScrollViewDelegate?.scrollViewDidChangeAdjustedContentInset?(scrollView)
342 | }
/Applications/Xcode-27.0.0-Release.Candidate.app/Contents/Developer/Platforms/WatchOS.platform/Developer/SDKs/WatchOS27.0.sdk/System/Library/Frameworks/UIKit.framework/Headers/UIScrollView.h:87:12: note: 'UIScrollView' has been explicitly marked unavailable here
85 |
86 | UIKIT_EXTERN API_AVAILABLE(ios(2.0)) API_UNAVAILABLE(watchos) NS_SWIFT_UI_ACTOR
87 | @interface UIScrollView : UIView <NSCoding, UIFocusItemScrollableContainer>
| `- note: 'UIScrollView' has been explicitly marked unavailable here
88 |
89 | @property(nonatomic) CGPoint contentOffset; // default CGPointZero
SwiftCompile normal arm64_32 /Users/admin/builder/spi-builder-workspace/Sources/ImageScrollView.swift (in target 'ImageScrollView' from project 'ImageScrollView')
cd /Users/admin/builder/spi-builder-workspace/.swiftpm/xcode
builtin-SwiftPerFileCompile ImageScrollView.swift
/Users/admin/builder/spi-builder-workspace/Sources/ImageScrollView.swift:344:47: error: 'UIScrollView' is unavailable in watchOS
342 | }
343 |
344 | public func viewForZooming(in scrollView: UIScrollView) -> UIView? {
| `- error: 'UIScrollView' is unavailable in watchOS
345 | return zoomView
346 | }
/Applications/Xcode-27.0.0-Release.Candidate.app/Contents/Developer/Platforms/WatchOS.platform/Developer/SDKs/WatchOS27.0.sdk/System/Library/Frameworks/UIKit.framework/Headers/UIScrollView.h:87:12: note: 'UIScrollView' has been explicitly marked unavailable here
85 |
86 | UIKIT_EXTERN API_AVAILABLE(ios(2.0)) API_UNAVAILABLE(watchos) NS_SWIFT_UI_ACTOR
87 | @interface UIScrollView : UIView <NSCoding, UIFocusItemScrollableContainer>
| `- note: 'UIScrollView' has been explicitly marked unavailable here
88 |
89 | @property(nonatomic) CGPoint contentOffset; // default CGPointZero
/Users/admin/builder/spi-builder-workspace/Sources/ImageScrollView.swift:344:64: error: 'UIView' is unavailable in watchOS
342 | }
343 |
344 | public func viewForZooming(in scrollView: UIScrollView) -> UIView? {
| `- error: 'UIView' is unavailable in watchOS
345 | return zoomView
346 | }
/Applications/Xcode-27.0.0-Release.Candidate.app/Contents/Developer/Platforms/WatchOS.platform/Developer/SDKs/WatchOS27.0.sdk/System/Library/Frameworks/UIKit.framework/Headers/UIView.h:152:12: note: 'UIView' has been explicitly marked unavailable here
150 |
151 | UIKIT_EXTERN API_AVAILABLE(ios(2.0)) API_UNAVAILABLE(watchos) NS_SWIFT_UI_ACTOR
152 | @interface UIView : UIResponder <NSCoding, UIAppearance, UIAppearanceContainer, UIDynamicItem, UITraitEnvironment, UICoordinateSpace, UIFocusItem, UIFocusItemContainer, CALayerDelegate>
| `- note: 'UIView' has been explicitly marked unavailable here
153 |
154 | @property(class, nonatomic, readonly) Class layerClass; // default is [CALayer class]. Used when creating the underlying layer for the view.
/Users/admin/builder/spi-builder-workspace/Sources/ImageScrollView.swift:348:49: error: 'UIScrollView' is unavailable in watchOS
346 | }
347 |
348 | public func scrollViewDidZoom(_ scrollView: UIScrollView) {
| `- error: 'UIScrollView' is unavailable in watchOS
349 | adjustFrameToCenter()
350 | imageScrollViewDelegate?.scrollViewDidZoom?(scrollView)
/Applications/Xcode-27.0.0-Release.Candidate.app/Contents/Developer/Platforms/WatchOS.platform/Developer/SDKs/WatchOS27.0.sdk/System/Library/Frameworks/UIKit.framework/Headers/UIScrollView.h:87:12: note: 'UIScrollView' has been explicitly marked unavailable here
85 |
86 | UIKIT_EXTERN API_AVAILABLE(ios(2.0)) API_UNAVAILABLE(watchos) NS_SWIFT_UI_ACTOR
87 | @interface UIScrollView : UIView <NSCoding, UIFocusItemScrollableContainer>
| `- note: 'UIScrollView' has been explicitly marked unavailable here
88 |
89 | @property(nonatomic) CGPoint contentOffset; // default CGPointZero
/Users/admin/builder/spi-builder-workspace/Sources/ImageScrollView.swift:340:17: error: cannot override 'scrollViewDidChangeAdjustedContentInset' which has been marked unavailable
338 |
339 | @available(iOS 11.0, *)
340 | public func scrollViewDidChangeAdjustedContentInset(_ scrollView: UIScrollView) {
| `- error: cannot override 'scrollViewDidChangeAdjustedContentInset' which has been marked unavailable
341 | imageScrollViewDelegate?.scrollViewDidChangeAdjustedContentInset?(scrollView)
342 | }
/Applications/Xcode-27.0.0-Release.Candidate.app/Contents/Developer/Platforms/WatchOS.platform/Developer/SDKs/WatchOS27.0.sdk/System/Library/Frameworks/UIKit.framework/Headers/UIScrollView.h:340:1: note: 'scrollViewDidChangeAdjustedContentInset' has been explicitly marked unavailable here
338 | /* Also see -[UIScrollView adjustedContentInsetDidChange]
339 | */
340 | - (void)scrollViewDidChangeAdjustedContentInset:(UIScrollView *)scrollView API_AVAILABLE(ios(11.0), tvos(11.0)) API_UNAVAILABLE(watchos);
| `- note: 'scrollViewDidChangeAdjustedContentInset' has been explicitly marked unavailable here
341 |
342 | @end
PruneExplicitPrecompiledModules /Users/admin/builder/spi-builder-workspace/.derivedData/SDKExplicitPrecompiledModules
PruneExplicitPrecompiledModules /Users/admin/builder/spi-builder-workspace/.derivedData/Build/Intermediates.noindex/ExplicitPrecompiledModules
PruneExplicitPrecompiledModules /Users/admin/builder/spi-builder-workspace/.derivedData/Build/Intermediates.noindex/SwiftExplicitPrecompiledModules
2026-09-18 22:22:51.378 xcodebuild[788:4798] [MT] IDERunDestination: Supported platforms for the buildables in the current scheme is empty.
** BUILD FAILED **
The following build commands failed:
SwiftCompile normal arm64 (in target 'ImageScrollView' from project 'ImageScrollView')
SwiftEmitModule normal arm64 Emitting\ module\ for\ ImageScrollView (in target 'ImageScrollView' from project 'ImageScrollView')
SwiftEmitModule normal arm64_32 Emitting\ module\ for\ ImageScrollView (in target 'ImageScrollView' from project 'ImageScrollView')
SwiftCompile normal arm64_32 (in target 'ImageScrollView' from project 'ImageScrollView')
Building workspace ImageScrollView with scheme ImageScrollView
(5 failures)
BUILD FAILURE 6.4 watchOS