The Swift Package Index logo.Swift Package Index

Build Information

Failed to build HandySwift, reference main (f30a47), with Swift 6.4 for Android on 22 Sep 2026 20:38:44 UTC.

Build Command

bash -c docker run --pull=always --rm -v "checkouts-54344845-0":/host -w "$PWD" -e JAVA_HOME="/root/.sdkman/candidates/java/current" -e SPI_BUILD="1" -e SPI_PROCESSING="1" registry.gitlab.com/saguaro1/spi-images:android-6.4-latest swift build --swift-sdk aarch64-unknown-linux-android28 2>&1

Build Log

========================================
RunAll
========================================
Builder version: 5.1.0
Interrupt handler set up.
========================================
Checkout
========================================
Clone URL: https://github.com/FlineDev/HandySwift.git
Reference: main
Initialized empty Git repository in /host/spi-builder-workspace/.git/
hint: Using 'master' as the name for the initial branch. This default branch name
hint: is subject to change. To configure the initial branch name to use in all
hint: of your new repositories, which will suppress this warning, call:
hint:
hint: 	git config --global init.defaultBranch <name>
hint:
hint: Names commonly chosen instead of 'master' are 'main', 'trunk' and
hint: 'development'. The just-created branch can be renamed via this command:
hint:
hint: 	git branch -m <name>
From https://github.com/FlineDev/HandySwift
 * branch            main       -> FETCH_HEAD
 * [new branch]      main       -> origin/main
HEAD is now at f30a47c Remove ContextKit artifacts during Indie workspace cleanup in favor of shared skills
Cloned https://github.com/FlineDev/HandySwift.git
Revision (git rev-parse @):
f30a47c7a1c5ae7bd5d3be9a25a6a259e030cc96
SPI manifest file found: $PWD/.spi.yml
SUCCESS checkout https://github.com/FlineDev/HandySwift.git at main
========================================
Build
========================================
Selected platform:         android
Swift version:             6.4
Building package at path:  $PWD
https://github.com/FlineDev/HandySwift.git
Running build ...
bash -c docker run --pull=always --rm -v "checkouts-54344845-0":/host -w "$PWD" -e JAVA_HOME="/root/.sdkman/candidates/java/current" -e SPI_BUILD="1" -e SPI_PROCESSING="1" registry.gitlab.com/saguaro1/spi-images:android-6.4-latest swift build --swift-sdk aarch64-unknown-linux-android28 2>&1
android-6.4-latest: Pulling from saguaro1/spi-images
Digest: sha256:abadcff584c273feba50641b454858d377ba30b35ea7287a94f45ebd8afd0ea0
Status: Image is up to date for registry.gitlab.com/saguaro1/spi-images:android-6.4-latest
Building for debugging...
[Planning deferred tasks]
[28 / 36] HandySwift
[29 / 36] HandySwift
error: SwiftCompile normal aarch64 /host/spi-builder-workspace/Sources/HandySwift/Extensions/FloatExt.swift failed with a nonzero exit code. Command line:     cd /host
    builtin-SwiftPerFileCompile FloatExt.swift
/host/spi-builder-workspace/Sources/HandySwift/Extensions/FloatExt.swift:23:31: error: cannot convert value of type 'Float' to expected argument type 'Double'
21 |    /// - Note: Dropping the `rule` parameter will default to “schoolbook rounding”.
22 |    public mutating func round(fractionDigits: Int, rule: FloatingPointRoundingRule = .toNearestOrAwayFromZero) {
23 |       let divisor = pow(10.0, Float(fractionDigits))
   |                               `- error: cannot convert value of type 'Float' to expected argument type 'Double'
24 |       self = (self * divisor).rounded(rule) / divisor
25 |    }
/host/spi-builder-workspace/Sources/HandySwift/Extensions/FloatExt.swift:46:31: error: cannot convert value of type 'Float' to expected argument type 'Double'
44 |    /// - Note: Dropping the `rule` parameter will default to “schoolbook rounding”.
45 |    public func rounded(fractionDigits: Int, rule: FloatingPointRoundingRule = .toNearestOrAwayFromZero) -> Float {
46 |       let divisor = pow(10.0, Float(fractionDigits))
   |                               `- error: cannot convert value of type 'Float' to expected argument type 'Double'
47 |       return (self * divisor).rounded(rule) / divisor
48 |    }
Failed frontend command:
/root/.local/share/swiftly/toolchains/6.4.x-snapshot-2026-09-04/usr/bin/swift-frontend -frontend -c /host/spi-builder-workspace/Sources/HandySwift/Extensions/ArrayExt.swift /host/spi-builder-workspace/Sources/HandySwift/Extensions/CaseIterableExt.swift /host/spi-builder-workspace/Sources/HandySwift/Extensions/CollectionExt.swift /host/spi-builder-workspace/Sources/HandySwift/Extensions/ComparableExt.swift /host/spi-builder-workspace/Sources/HandySwift/Extensions/DataExt.swift /host/spi-builder-workspace/Sources/HandySwift/Extensions/DateExt.swift /host/spi-builder-workspace/Sources/HandySwift/Extensions/DictionaryExt.swift /host/spi-builder-workspace/Sources/HandySwift/Extensions/DispatchTimeIntervalExt.swift /host/spi-builder-workspace/Sources/HandySwift/Extensions/DoubleExt.swift /host/spi-builder-workspace/Sources/HandySwift/Extensions/DurationExt.swift -primary-file /host/spi-builder-workspace/Sources/HandySwift/Extensions/FloatExt.swift -primary-file /host/spi-builder-workspace/Sources/HandySwift/Extensions/IntExt.swift -primary-file /host/spi-builder-workspace/Sources/HandySwift/Extensions/JSONDecoderExt.swift -primary-file /host/spi-builder-workspace/Sources/HandySwift/Extensions/JSONEncoderExt.swift -primary-file /host/spi-builder-workspace/Sources/HandySwift/Extensions/NSRangeExt.swift /host/spi-builder-workspace/Sources/HandySwift/Extensions/RandomAccessCollectionExt.swift /host/spi-builder-workspace/Sources/HandySwift/Extensions/SequenceExt.swift /host/spi-builder-workspace/Sources/HandySwift/Extensions/StringExt.swift /host/spi-builder-workspace/Sources/HandySwift/Extensions/StringProtocolExt.swift /host/spi-builder-workspace/Sources/HandySwift/Extensions/SymmetricKeyExt.swift /host/spi-builder-workspace/Sources/HandySwift/Extensions/TimeIntervalExt.swift /host/spi-builder-workspace/Sources/HandySwift/Globals.swift /host/spi-builder-workspace/Sources/HandySwift/Protocols/AutoConforming.swift /host/spi-builder-workspace/Sources/HandySwift/Protocols/DivisibleArithmetic.swift /host/spi-builder-workspace/Sources/HandySwift/Protocols/Withable.swift /host/spi-builder-workspace/Sources/HandySwift/Types/Debouncer.swift /host/spi-builder-workspace/Sources/HandySwift/Types/FrequencyTable.swift /host/spi-builder-workspace/Sources/HandySwift/Types/GregorianDay.swift /host/spi-builder-workspace/Sources/HandySwift/Types/GregorianTime.swift /host/spi-builder-workspace/Sources/HandySwift/Types/HandyRegex.swift /host/spi-builder-workspace/Sources/HandySwift/Types/LogRequestPlugin.swift /host/spi-builder-workspace/Sources/HandySwift/Types/LogResponsePlugin.swift /host/spi-builder-workspace/Sources/HandySwift/Types/OperatingSystem.swift /host/spi-builder-workspace/Sources/HandySwift/Types/PrintRequestPlugin.swift /host/spi-builder-workspace/Sources/HandySwift/Types/PrintResponsePlugin.swift /host/spi-builder-workspace/Sources/HandySwift/Types/RESTClient.swift /host/spi-builder-workspace/Sources/HandySwift/Types/SortedArray.swift -supplementary-output-file-map /host/spi-builder-workspace/.build/out/Intermediates.noindex/HandySwift.build/Debug-android-aarch64/HandySwift-t.build/Objects-normal/aarch64/supplementaryOutputs-3 -target aarch64-unknown-linux-android28 -Xllvm -aarch64-use-tbi -disable-objc-interop -sdk /android-ndk/android-ndk-r27d/toolchains/llvm/prebuilt/linux-x86_64/sysroot -sysroot /android-ndk/android-ndk-r27d/toolchains/llvm/prebuilt/linux-x86_64/sysroot -I /host/spi-builder-workspace/.build/out/Products/Debug-android-aarch64 -module-cache-path /host/spi-builder-workspace/.build/out/ModuleCache.noindex -color-diagnostics -Xcc -fcolor-diagnostics -enable-testing -g -debug-info-format\=dwarf -dwarf-version\=4 -swift-version 6 -Onone -D SWIFT_PACKAGE -D DEBUG -D SWIFT_MODULE_RESOURCE_BUNDLE_UNAVAILABLE -D Xcode -serialize-debugging-options -enable-experimental-feature DebugDescriptionMacro -empty-abi-descriptor -external-plugin-path /root/.local/share/swiftly/toolchains/6.4.x-snapshot-2026-09-04/usr/lib/swift/host/plugins/testing\#/root/.local/share/swiftly/toolchains/6.4.x-snapshot-2026-09-04/usr/bin/swift-plugin-server -validate-clang-modules-once -clang-build-session-file /host/spi-builder-workspace/.build/out/ModuleCache.noindex/Session.modulevalidation -Xcc -working-directory -Xcc /host -resource-dir /root/.swiftpm/swift-sdks/swift-6.4.x-DEVELOPMENT-SNAPSHOT-2026-09-04-a_android.artifactbundle/swift-android/swift-resources/usr/lib/swift-aarch64 -enable-anonymous-context-mangled-names -file-compilation-dir /host -Xcc -resource-dir -Xcc /android-ndk/android-ndk-r27d/toolchains/llvm/prebuilt/linux-x86_64/lib/clang/18 -Xcc -fno-omit-frame-pointer -Xcc -D_LIBCPP_HARDENING_MODE\=_LIBCPP_HARDENING_MODE_DEBUG -Xcc -fmodules-prune-interval\=86400 -Xcc -fmodules-prune-after\=345600 -Xcc -I/host/spi-builder-workspace/.build/out/Products/Debug-android-aarch64/include -Xcc -I/host/spi-builder-workspace/.build/out/Intermediates.noindex/HandySwift.build/Debug-android-aarch64/HandySwift-t.build/DerivedSources-normal/aarch64 -Xcc -I/host/spi-builder-workspace/.build/out/Intermediates.noindex/HandySwift.build/Debug-android-aarch64/HandySwift-t.build/DerivedSources/aarch64 -Xcc -I/host/spi-builder-workspace/.build/out/Intermediates.noindex/HandySwift.build/Debug-android-aarch64/HandySwift-t.build/DerivedSources -Xcc -DSWIFT_PACKAGE -Xcc -DDEBUG\=1 -no-auto-bridging-header-chaining -module-name HandySwift -package-name spi_builder_workspace -const-gather-protocols-file /host/spi-builder-workspace/.build/out/Intermediates.noindex/HandySwift.build/Debug-android-aarch64/HandySwift-t.build/Objects-normal/aarch64/HandySwift_const_extract_protocols.json -in-process-plugin-server-path /root/.local/share/swiftly/toolchains/6.4.x-snapshot-2026-09-04/usr/lib/swift/host/libSwiftInProcPluginServer.so -plugin-path /root/.local/share/swiftly/toolchains/6.4.x-snapshot-2026-09-04/usr/lib/swift/host/plugins -plugin-path /root/.local/share/swiftly/toolchains/6.4.x-snapshot-2026-09-04/usr/local/lib/swift/host/plugins -parse-as-library -o /host/spi-builder-workspace/.build/out/Intermediates.noindex/HandySwift.build/Debug-android-aarch64/HandySwift-t.build/Objects-normal/aarch64/FloatExt.o -o /host/spi-builder-workspace/.build/out/Intermediates.noindex/HandySwift.build/Debug-android-aarch64/HandySwift-t.build/Objects-normal/aarch64/IntExt.o -o /host/spi-builder-workspace/.build/out/Intermediates.noindex/HandySwift.build/Debug-android-aarch64/HandySwift-t.build/Objects-normal/aarch64/JSONDecoderExt.o -o /host/spi-builder-workspace/.build/out/Intermediates.noindex/HandySwift.build/Debug-android-aarch64/HandySwift-t.build/Objects-normal/aarch64/JSONEncoderExt.o -o /host/spi-builder-workspace/.build/out/Intermediates.noindex/HandySwift.build/Debug-android-aarch64/HandySwift-t.build/Objects-normal/aarch64/NSRangeExt.o -index-unit-output-path /HandySwift.build/Debug-android-aarch64/HandySwift-t.build/Objects-normal/aarch64/FloatExt.o -index-unit-output-path /HandySwift.build/Debug-android-aarch64/HandySwift-t.build/Objects-normal/aarch64/IntExt.o -index-unit-output-path /HandySwift.build/Debug-android-aarch64/HandySwift-t.build/Objects-normal/aarch64/JSONDecoderExt.o -index-unit-output-path /HandySwift.build/Debug-android-aarch64/HandySwift-t.build/Objects-normal/aarch64/JSONEncoderExt.o -index-unit-output-path /HandySwift.build/Debug-android-aarch64/HandySwift-t.build/Objects-normal/aarch64/NSRangeExt.o -index-store-path /host/spi-builder-workspace/.build/out -index-system-modules
error: Build failed
BUILD FAILURE 6.4 android