The Swift Package Index logo.Swift Package Index

Build Information

Failed to build Strix, reference main (0f4ebc), with Swift 6.4 for Android on 22 Sep 2026 16:57:53 UTC.

Build Command

bash -c docker run --pull=always --rm -v "checkouts-53886769-0":/host -w "$PWD" -e JAVA_HOME="/root/.sdkman/candidates/java/current" -e SPI_BUILD="1" -e SPI_PROCESSING="1" registry.gitlab.com/saguaro1/spi-images:android-6.4-latest swift build --swift-sdk aarch64-unknown-linux-android28 2>&1

Build Log

========================================
RunAll
========================================
Builder version: 5.1.0
Interrupt handler set up.
========================================
Checkout
========================================
Clone URL: https://github.com/nearfri/Strix.git
Reference: main
Initialized empty Git repository in /host/spi-builder-workspace/.git/
hint: Using 'master' as the name for the initial branch. This default branch name
hint: is subject to change. To configure the initial branch name to use in all
hint: of your new repositories, which will suppress this warning, call:
hint:
hint: 	git config --global init.defaultBranch <name>
hint:
hint: Names commonly chosen instead of 'master' are 'main', 'trunk' and
hint: 'development'. The just-created branch can be renamed via this command:
hint:
hint: 	git branch -m <name>
From https://github.com/nearfri/Strix
 * branch            main       -> FETCH_HEAD
 * [new branch]      main       -> origin/main
HEAD is now at 0f4ebc2 Add resolvedName property to FormatPlaceholder
Cloned https://github.com/nearfri/Strix.git
Revision (git rev-parse @):
0f4ebc2180e3504d02f5884b2d6a8d1db69ece29
SPI manifest file found: $PWD/.spi.yml
SUCCESS checkout https://github.com/nearfri/Strix.git at main
========================================
Build
========================================
Selected platform:         android
Swift version:             6.4
Building package at path:  $PWD
https://github.com/nearfri/Strix.git
Running build ...
bash -c docker run --pull=always --rm -v "checkouts-53886769-0":/host -w "$PWD" -e JAVA_HOME="/root/.sdkman/candidates/java/current" -e SPI_BUILD="1" -e SPI_PROCESSING="1" registry.gitlab.com/saguaro1/spi-images:android-6.4-latest swift build --swift-sdk aarch64-unknown-linux-android28 2>&1
android-6.4-latest: Pulling from saguaro1/spi-images
Digest: sha256:abadcff584c273feba50641b454858d377ba30b35ea7287a94f45ebd8afd0ea0
Status: Image is up to date for registry.gitlab.com/saguaro1/spi-images:android-6.4-latest
Building for debugging...
[Pre-planning 1 / 124]
[Starting]
[35 / 51] Strix
[36 / 51] Strix
[49 / 61] StrixParsers
error: SwiftCompile normal aarch64 /host/spi-builder-workspace/Sources/StrixParsers/FormatPlaceholder.swift failed with a nonzero exit code. Command line:     cd /host
    builtin-SwiftPerFileCompile FormatPlaceholder.swift
/host/spi-builder-workspace/Sources/StrixParsers/FormatPlaceholder.swift:147:40: error: cannot find 'quad_t' in scope
145 |             case .long:         return CLong.self
146 |             case .longLong:     return CLongLong.self
147 |             case .quadword:     return quad_t.self
    |                                        `- error: cannot find 'quad_t' in scope
148 |             case .longDouble:   return CInt.self // invalid length
149 |             case .size:         return ssize_t.self
/host/spi-builder-workspace/Sources/StrixParsers/FormatPlaceholder.swift:160:40: error: cannot find 'u_quad_t' in scope
158 |             case .long:         return CUnsignedLong.self
159 |             case .longLong:     return CUnsignedLongLong.self
160 |             case .quadword:     return u_quad_t.self
    |                                        `- error: cannot find 'u_quad_t' in scope
161 |             case .longDouble:   return CUnsignedInt.self // invalid length
162 |             case .size:         return size_t.self
/host/spi-builder-workspace/Sources/StrixParsers/FormatPlaceholder.swift:171:40: error: cannot find 'CLongDouble' in scope
169 |             case nil:           return CDouble.self
170 |             case .long:         return CDouble.self
171 |             case .longDouble:   return CLongDouble.self
    |                                        `- error: cannot find 'CLongDouble' in scope
172 |             default:            return CDouble.self // invalid length
173 |             }
/host/spi-builder-workspace/Sources/StrixParsers/FormatPlaceholder.swift:181:61: error: cannot find type 'quad_t' in scope
179 |             case .long:         return UnsafeMutablePointer<CLong>.self
180 |             case .longLong:     return UnsafeMutablePointer<CLongLong>.self
181 |             case .quadword:     return UnsafeMutablePointer<quad_t>.self
    |                                                             `- error: cannot find type 'quad_t' in scope
182 |             case .longDouble:   return UnsafeMutablePointer<CInt>.self // invalid length
183 |             case .size:         return UnsafeMutablePointer<ssize_t>.self
Failed frontend command:
/root/.local/share/swiftly/toolchains/6.4.x-snapshot-2026-09-04/usr/bin/swift-frontend -frontend -c /host/spi-builder-workspace/Sources/StrixParsers/ASCIIPlist.swift /host/spi-builder-workspace/Sources/StrixParsers/ASCIIPlistParser.swift /host/spi-builder-workspace/Sources/StrixParsers/CSVParser.swift /host/spi-builder-workspace/Sources/StrixParsers/Calculator.swift /host/spi-builder-workspace/Sources/StrixParsers/Extensions/Data+.swift /host/spi-builder-workspace/Sources/StrixParsers/Extensions/String+.swift -primary-file /host/spi-builder-workspace/Sources/StrixParsers/FormatPlaceholder.swift -primary-file /host/spi-builder-workspace/Sources/StrixParsers/FormatSpecifier.swift /host/spi-builder-workspace/Sources/StrixParsers/FormatSpecifierParser.swift /host/spi-builder-workspace/Sources/StrixParsers/Indent.swift /host/spi-builder-workspace/Sources/StrixParsers/JSON.swift /host/spi-builder-workspace/Sources/StrixParsers/JSONConvertibleValue.swift /host/spi-builder-workspace/Sources/StrixParsers/JSONParser.swift /host/spi-builder-workspace/Sources/StrixParsers/PrattParser.swift -emit-dependencies-path /host/spi-builder-workspace/.build/out/Intermediates.noindex/Strix.build/Debug-android-aarch64/StrixParsers-t.build/Objects-normal/aarch64/FormatPlaceholder.d -emit-const-values-path /host/spi-builder-workspace/.build/out/Intermediates.noindex/Strix.build/Debug-android-aarch64/StrixParsers-t.build/Objects-normal/aarch64/FormatPlaceholder.swiftconstvalues -emit-reference-dependencies-path /host/spi-builder-workspace/.build/out/Intermediates.noindex/Strix.build/Debug-android-aarch64/StrixParsers-t.build/Objects-normal/aarch64/FormatPlaceholder.swiftdeps -serialize-diagnostics-path /host/spi-builder-workspace/.build/out/Intermediates.noindex/Strix.build/Debug-android-aarch64/StrixParsers-t.build/Objects-normal/aarch64/FormatPlaceholder.dia -emit-dependencies-path /host/spi-builder-workspace/.build/out/Intermediates.noindex/Strix.build/Debug-android-aarch64/StrixParsers-t.build/Objects-normal/aarch64/FormatSpecifier.d -emit-const-values-path /host/spi-builder-workspace/.build/out/Intermediates.noindex/Strix.build/Debug-android-aarch64/StrixParsers-t.build/Objects-normal/aarch64/FormatSpecifier.swiftconstvalues -emit-reference-dependencies-path /host/spi-builder-workspace/.build/out/Intermediates.noindex/Strix.build/Debug-android-aarch64/StrixParsers-t.build/Objects-normal/aarch64/FormatSpecifier.swiftdeps -serialize-diagnostics-path /host/spi-builder-workspace/.build/out/Intermediates.noindex/Strix.build/Debug-android-aarch64/StrixParsers-t.build/Objects-normal/aarch64/FormatSpecifier.dia -target aarch64-unknown-linux-android28 -Xllvm -aarch64-use-tbi -disable-objc-interop -sdk /android-ndk/android-ndk-r27d/toolchains/llvm/prebuilt/linux-x86_64/sysroot -sysroot /android-ndk/android-ndk-r27d/toolchains/llvm/prebuilt/linux-x86_64/sysroot -I /host/spi-builder-workspace/.build/out/Products/Debug-android-aarch64 -module-cache-path /host/spi-builder-workspace/.build/out/ModuleCache.noindex -color-diagnostics -Xcc -fcolor-diagnostics -enable-testing -g -debug-info-format\=dwarf -dwarf-version\=4 -swift-version 6 -Onone -D SWIFT_PACKAGE -D DEBUG -D SWIFT_MODULE_RESOURCE_BUNDLE_UNAVAILABLE -D Xcode -serialize-debugging-options -enable-experimental-feature DebugDescriptionMacro -empty-abi-descriptor -external-plugin-path /root/.local/share/swiftly/toolchains/6.4.x-snapshot-2026-09-04/usr/lib/swift/host/plugins/testing\#/root/.local/share/swiftly/toolchains/6.4.x-snapshot-2026-09-04/usr/bin/swift-plugin-server -validate-clang-modules-once -clang-build-session-file /host/spi-builder-workspace/.build/out/ModuleCache.noindex/Session.modulevalidation -Xcc -working-directory -Xcc /host -resource-dir /root/.swiftpm/swift-sdks/swift-6.4.x-DEVELOPMENT-SNAPSHOT-2026-09-04-a_android.artifactbundle/swift-android/swift-resources/usr/lib/swift-aarch64 -enable-anonymous-context-mangled-names -file-compilation-dir /host -Xcc -resource-dir -Xcc /android-ndk/android-ndk-r27d/toolchains/llvm/prebuilt/linux-x86_64/lib/clang/18 -Xcc -fno-omit-frame-pointer -Xcc -D_LIBCPP_HARDENING_MODE\=_LIBCPP_HARDENING_MODE_DEBUG -Xcc -fmodules-prune-interval\=86400 -Xcc -fmodules-prune-after\=345600 -Xcc -I/host/spi-builder-workspace/.build/out/Products/Debug-android-aarch64/include -Xcc -I/host/spi-builder-workspace/.build/out/Intermediates.noindex/Strix.build/Debug-android-aarch64/StrixParsers-t.build/DerivedSources-normal/aarch64 -Xcc -I/host/spi-builder-workspace/.build/out/Intermediates.noindex/Strix.build/Debug-android-aarch64/StrixParsers-t.build/DerivedSources/aarch64 -Xcc -I/host/spi-builder-workspace/.build/out/Intermediates.noindex/Strix.build/Debug-android-aarch64/StrixParsers-t.build/DerivedSources -Xcc -DSWIFT_PACKAGE -Xcc -DDEBUG\=1 -no-auto-bridging-header-chaining -module-name StrixParsers -package-name spi_builder_workspace -const-gather-protocols-file /host/spi-builder-workspace/.build/out/Intermediates.noindex/Strix.build/Debug-android-aarch64/StrixParsers-t.build/Objects-normal/aarch64/StrixParsers_const_extract_protocols.json -in-process-plugin-server-path /root/.local/share/swiftly/toolchains/6.4.x-snapshot-2026-09-04/usr/lib/swift/host/libSwiftInProcPluginServer.so -plugin-path /root/.local/share/swiftly/toolchains/6.4.x-snapshot-2026-09-04/usr/lib/swift/host/plugins -plugin-path /root/.local/share/swiftly/toolchains/6.4.x-snapshot-2026-09-04/usr/local/lib/swift/host/plugins -parse-as-library -o /host/spi-builder-workspace/.build/out/Intermediates.noindex/Strix.build/Debug-android-aarch64/StrixParsers-t.build/Objects-normal/aarch64/FormatPlaceholder.o -o /host/spi-builder-workspace/.build/out/Intermediates.noindex/Strix.build/Debug-android-aarch64/StrixParsers-t.build/Objects-normal/aarch64/FormatSpecifier.o -index-unit-output-path /Strix.build/Debug-android-aarch64/StrixParsers-t.build/Objects-normal/aarch64/FormatPlaceholder.o -index-unit-output-path /Strix.build/Debug-android-aarch64/StrixParsers-t.build/Objects-normal/aarch64/FormatSpecifier.o -index-store-path /host/spi-builder-workspace/.build/out -index-system-modules
error: Build failed
BUILD FAILURE 6.4 android